[INFO] fetching crate summer-web 0.7.3...
[INFO] testing summer-web-0.7.3 against 1.99.0-beta.8+cargoflags=--release for beta-release-1.100-2
[INFO] extracting crate summer-web 0.7.3 into /workspace/builds/worker-6-tc1/source
[INFO] started tweaking crates.io crate summer-web 0.7.3
[INFO] removed 0 missing tests
[INFO] finished tweaking crates.io crate summer-web 0.7.3
[INFO] tweaked toml for crates.io crate summer-web 0.7.3 written to /workspace/builds/worker-6-tc1/source/Cargo.toml
[INFO] validating manifest of crates.io crate summer-web 0.7.3 on toolchain 1.99.0-beta.8
[INFO] running `Command { std: CARGO_HOME="/workspace/cargo-home" RUSTUP_HOME="/workspace/rustup-home" "/workspace/cargo-home/bin/cargo" "+1.99.0-beta.8" "metadata" "--manifest-path" "Cargo.toml" "--no-deps", kill_on_drop: false }`
[INFO] crate crates.io crate summer-web 0.7.3 already has a lockfile, it will not be regenerated
[INFO] running `Command { std: CARGO_HOME="/workspace/cargo-home" RUSTUP_HOME="/workspace/rustup-home" "/workspace/cargo-home/bin/cargo" "+1.99.0-beta.8" "fetch" "--manifest-path" "Cargo.toml", kill_on_drop: false }`
[INFO] [stderr]     Updating crates.io index
[INFO] [stderr]  Downloading crates ...
[INFO] [stderr]   Downloaded http-range-header v0.4.2
[INFO] [stderr]   Downloaded compression-core v0.4.32
[INFO] [stderr]   Downloaded rend v0.4.2
[INFO] [stderr]   Downloaded engineioxide-core v0.2.1
[INFO] [stderr]   Downloaded bytecheck v0.6.12
[INFO] [stderr]   Downloaded ptr_meta v0.1.4
[INFO] [stderr]   Downloaded ptr_meta_derive v0.1.4
[INFO] [stderr]   Downloaded unicase v2.9.0
[INFO] [stderr]   Downloaded compression-codecs v0.4.38
[INFO] [stderr]   Downloaded headers-core v0.3.0
[INFO] [stderr]   Downloaded ghash v0.5.1
[INFO] [stderr]   Downloaded universal-hash v0.5.1
[INFO] [stderr]   Downloaded aead v0.5.2
[INFO] [stderr]   Downloaded aide-macros v0.16.0-alpha.4
[INFO] [stderr]   Downloaded symlink v0.1.0
[INFO] [stderr]   Downloaded derive_arbitrary v1.4.2
[INFO] [stderr]   Downloaded bytecheck_derive v0.6.12
[INFO] [stderr]   Downloaded proc-macro-crate v3.5.0
[INFO] [stderr]   Downloaded serde-toml-merge v0.3.11
[INFO] [stderr]   Downloaded socketioxide-parser-common v0.17.1
[INFO] [stderr]   Downloaded socketioxide-core v0.18.1
[INFO] [stderr]   Downloaded rkyv_derive v0.7.46
[INFO] [stderr]   Downloaded rmpv v1.3.1
[INFO] [stderr]   Downloaded inventory v0.3.24
[INFO] [stderr]   Downloaded utf8-width v0.1.8
[INFO] [stderr]   Downloaded alloc-stdlib v0.2.4
[INFO] [stderr]   Downloaded tracing-error v0.2.1
[INFO] [stderr]   Downloaded multer v3.1.0
[INFO] [stderr]   Downloaded ctr v0.9.2
[INFO] [stderr]   Downloaded simd-adler32 v0.3.9
[INFO] [stderr]   Downloaded seahash v4.1.0
[INFO] [stderr]   Downloaded serde_spanned v1.1.1
[INFO] [stderr]   Downloaded byte-unit v5.2.5
[INFO] [stderr]   Downloaded borsh-derive v1.7.0
[INFO] [stderr]   Downloaded toml_datetime v1.1.1+spec-1.1.0
[INFO] [stderr]   Downloaded matchit v0.9.2
[INFO] [stderr]   Downloaded schemars_derive v1.2.1
[INFO] [stderr]   Downloaded arrayvec v0.7.8
[INFO] [stderr]   Downloaded toml v0.9.12+spec-1.1.0
[INFO] [stderr]   Downloaded toml_writer v1.1.1+spec-1.1.0
[INFO] [stderr]   Downloaded toml_datetime v0.7.5+spec-1.1.0
[INFO] [stderr]   Downloaded arbitrary v1.4.2
[INFO] [stderr]   Downloaded engineioxide v0.17.5
[INFO] [stderr]   Downloaded serde_html_form v0.2.8
[INFO] [stderr]   Downloaded cookie v0.18.1
[INFO] [stderr]   Downloaded polyval v0.6.2
[INFO] [stderr]   Downloaded summer-macros v0.7.1
[INFO] [stderr]   Downloaded tracing-appender v0.2.5
[INFO] [stderr]   Downloaded time-macros v0.2.31
[INFO] [stderr]   Downloaded toml_parser v1.1.2+spec-1.1.0
[INFO] [stderr]   Downloaded dashmap v6.2.1
[INFO] [stderr]   Downloaded rmp v0.8.15
[INFO] [stderr]   Downloaded ahash v0.7.8
[INFO] [stderr]   Downloaded toml_edit v0.25.12+spec-1.1.0
[INFO] [stderr]   Downloaded axum-macros v0.5.1
[INFO] [stderr]   Downloaded headers v0.4.1
[INFO] [stderr]   Downloaded summer v0.7.1
[INFO] [stderr]   Downloaded socketioxide v0.18.4
[INFO] [stderr]   Downloaded rand v0.8.6
[INFO] [stderr]   Downloaded borsh v1.7.0
[INFO] [stderr]   Downloaded axum-extra v0.12.6
[INFO] [stderr]   Downloaded async-compression v0.4.42
[INFO] [stderr]   Downloaded schemars v1.2.1
[INFO] [stderr]   Downloaded serde_qs v1.1.2
[INFO] [stderr]   Downloaded aes-gcm v0.10.3
[INFO] [stderr]   Downloaded rkyv v0.7.46
[INFO] [stderr]   Downloaded axum v0.8.9
[INFO] [stderr]   Downloaded winnow v0.7.15
[INFO] [stderr]   Downloaded rust_decimal v1.42.1
[INFO] [stderr]   Downloaded brotli-decompressor v5.0.3
[INFO] [stderr]   Downloaded winnow v1.0.3
[INFO] [stderr]   Downloaded time v0.3.53
[INFO] [stderr]   Downloaded brotli v8.0.4
[INFO] [stderr]   Downloaded aide v0.16.0-alpha.4
[INFO] running `Command { std: "docker" "create" "-v" "/var/lib/crater-agent-workspace/builds/worker-6-tc1/source:/opt/rustwide/workdir:ro,Z" "-v" "/var/lib/crater-agent-workspace/builds/worker-6-tc1/target:/opt/rustwide/target:rw,Z" "-v" "/var/lib/crater-agent-workspace/cargo-home:/opt/rustwide/cargo-home:ro,Z" "-v" "/var/lib/crater-agent-workspace/rustup-home:/opt/rustwide/rustup-home:ro,Z" "-m" "1610612736" "--network" "none" "ghcr.io/rust-lang/crates-build-env/linux@sha256:77db811e55d90add9212f6832c23229e3de5f1c1f9905e8cb07319ea15df73ac" "sleep" "infinity", kill_on_drop: false }`
[INFO] [stdout] cc2792a93abc41561e4d2acfac4a9b7b24115409adaeb1d9d3c9b09852b960e9
[INFO] running `Command { std: "docker" "start" "cc2792a93abc41561e4d2acfac4a9b7b24115409adaeb1d9d3c9b09852b960e9", kill_on_drop: false }`
[INFO] running `Command { std: "docker" "inspect" "cc2792a93abc41561e4d2acfac4a9b7b24115409adaeb1d9d3c9b09852b960e9", kill_on_drop: false }`
[INFO] running `Command { std: "docker" "exec" "-e" "SOURCE_DIR=/opt/rustwide/workdir" "-e" "CARGO_HOME=/opt/rustwide/cargo-home" "-e" "RUSTUP_HOME=/opt/rustwide/rustup-home" "-e" "CARGO_TARGET_DIR=/opt/rustwide/target" "-w" "/opt/rustwide/workdir" "--user" "0:0" "cc2792a93abc41561e4d2acfac4a9b7b24115409adaeb1d9d3c9b09852b960e9" "/opt/rustwide/cargo-home/bin/cargo" "+1.99.0-beta.8" "metadata" "--no-deps" "--format-version=1", kill_on_drop: false }`
[INFO] running `Command { std: "docker" "inspect" "cc2792a93abc41561e4d2acfac4a9b7b24115409adaeb1d9d3c9b09852b960e9", kill_on_drop: false }`
[INFO] running `Command { std: "docker" "exec" "-e" "SOURCE_DIR=/opt/rustwide/workdir" "-e" "CARGO_HOME=/opt/rustwide/cargo-home" "-e" "RUSTUP_HOME=/opt/rustwide/rustup-home" "-e" "CARGO_TARGET_DIR=/opt/rustwide/target" "-e" "CARGO_INCREMENTAL=0" "-e" "RUST_BACKTRACE=full" "-e" "RUSTFLAGS=--cap-lints=warn" "-e" "RUSTDOCFLAGS=--cap-lints=warn" "-w" "/opt/rustwide/workdir" "--user" "0:0" "cc2792a93abc41561e4d2acfac4a9b7b24115409adaeb1d9d3c9b09852b960e9" "/opt/rustwide/cargo-home/bin/cargo" "+1.99.0-beta.8" "build" "--frozen" "--message-format=json" "--release", kill_on_drop: false }`
[INFO] [stderr]    Compiling quote v1.0.46
[INFO] [stderr]    Compiling libc v0.2.186
[INFO] [stderr]    Compiling smallvec v1.15.2
[INFO] [stderr]    Compiling tracing-core v0.1.36
[INFO] [stderr]    Compiling stable_deref_trait v1.2.1
[INFO] [stderr]    Compiling bytes v1.12.0
[INFO] [stderr]    Compiling num-traits v0.2.19
[INFO] [stderr]    Compiling log v0.4.33
[INFO] [stderr]    Compiling find-msvc-tools v0.1.9
[INFO] [stderr]    Compiling memchr v2.8.2
[INFO] [stderr]    Compiling shlex v2.0.1
[INFO] [stderr]    Compiling pkg-config v0.3.33
[INFO] [stderr]    Compiling syn v2.0.118
[INFO] [stderr]    Compiling http v1.4.2
[INFO] [stderr]    Compiling serde_json v1.0.150
[INFO] [stderr]    Compiling writeable v0.6.3
[INFO] [stderr]    Compiling parking_lot_core v0.9.12
[INFO] [stderr]    Compiling errno v0.3.14
[INFO] [stderr]    Compiling socket2 v0.6.4
[INFO] [stderr]    Compiling signal-hook-registry v1.4.8
[INFO] [stderr]    Compiling mio v1.2.1
[INFO] [stderr]    Compiling litemap v0.8.2
[INFO] [stderr]    Compiling parking_lot v0.12.5
[INFO] [stderr]    Compiling jobserver v0.1.34
[INFO] [stderr]    Compiling icu_normalizer_data v2.2.0
[INFO] [stderr]    Compiling slab v0.4.12
[INFO] [stderr]    Compiling hashbrown v0.17.1
[INFO] [stderr]    Compiling cc v1.2.65
[INFO] [stderr]    Compiling utf8_iter v1.0.4
[INFO] [stderr]    Compiling icu_properties_data v2.2.0
[INFO] [stderr]    Compiling futures-sink v0.3.32
[INFO] [stderr]    Compiling http-body v1.0.1
[INFO] [stderr]    Compiling zstd-safe v7.2.4
[INFO] [stderr]    Compiling crc32fast v1.5.0
[INFO] [stderr]    Compiling indexmap v2.14.0
[INFO] [stderr]    Compiling regex-syntax v0.8.11
[INFO] [stderr]    Compiling alloc-no-stdlib v2.0.4
[INFO] [stderr]    Compiling alloc-stdlib v0.2.4
[INFO] [stderr]    Compiling lazy_static v1.5.0
[INFO] [stderr]    Compiling simd-adler32 v0.3.9
[INFO] [stderr]    Compiling chrono v0.4.45
[INFO] [stderr]    Compiling miniz_oxide v0.8.9
[INFO] [stderr]    Compiling sharded-slab v0.1.7
[INFO] [stderr]    Compiling brotli-decompressor v5.0.3
[INFO] [stderr]    Compiling zstd-sys v2.0.16+zstd.1.5.7
[INFO] [stderr]    Compiling regex-automata v0.4.14
[INFO] [stderr]    Compiling synstructure v0.13.2
[INFO] [stderr]    Compiling tracing-log v0.2.0
[INFO] [stderr]    Compiling thread_local v1.1.9
[INFO] [stderr]    Compiling ref-cast v1.0.25
[INFO] [stderr]    Compiling getrandom v0.4.3
[INFO] [stderr]    Compiling byteorder v1.5.0
[INFO] [stderr]    Compiling unicase v2.9.0
[INFO] [stderr]    Compiling nu-ansi-term v0.50.3
[INFO] [stderr]    Compiling zerofrom-derive v0.1.7
[INFO] [stderr]    Compiling yoke-derive v0.8.2
[INFO] [stderr]    Compiling tracing-attributes v0.1.31
[INFO] [stderr]    Compiling zerovec-derive v0.11.3
[INFO] [stderr]    Compiling zerofrom v0.1.8
[INFO] [stderr]    Compiling displaydoc v0.2.6
[INFO] [stderr]    Compiling yoke v0.8.3
[INFO] [stderr]    Compiling serde_derive v1.0.228
[INFO] [stderr]    Compiling tokio-macros v2.7.0
[INFO] [stderr]    Compiling zerovec v0.11.6
[INFO] [stderr]    Compiling tracing v0.1.44
[INFO] [stderr]    Compiling tokio v1.52.3
[INFO] [stderr]    Compiling zerotrie v0.2.4
[INFO] [stderr]    Compiling tinystr v0.8.3
[INFO] [stderr]    Compiling icu_locale_core v2.2.0
[INFO] [stderr]    Compiling potential_utf v0.1.5
[INFO] [stderr]    Compiling icu_collections v2.2.0
[INFO] [stderr]    Compiling matchers v0.2.0
[INFO] [stderr]    Compiling winnow v1.0.3
[INFO] [stderr]    Compiling icu_provider v2.2.0
[INFO] [stderr]    Compiling toml_parser v1.1.2+spec-1.1.0
[INFO] [stderr]    Compiling icu_normalizer v2.2.0
[INFO] [stderr]    Compiling icu_properties v2.2.0
[INFO] [stderr]    Compiling serde v1.0.228
[INFO] [stderr]    Compiling tracing-serde v0.2.0
[INFO] [stderr]    Compiling hdrhistogram v7.5.4
[INFO] [stderr]    Compiling tracing-subscriber v0.3.23
[INFO] [stderr]    Compiling thiserror-impl v2.0.18
[INFO] [stderr]    Compiling idna_adapter v1.2.2
[INFO] [stderr]    Compiling ref-cast-impl v1.0.25
[INFO] [stderr]    Compiling mime_guess v2.0.5
[INFO] [stderr]    Compiling futures-util v0.3.32
[INFO] [stderr]    Compiling flate2 v1.1.9
[INFO] [stderr]    Compiling serde_derive_internals v0.29.1
[INFO] [stderr]    Compiling brotli v8.0.4
[INFO] [stderr]    Compiling http-body-util v0.1.3
[INFO] [stderr]    Compiling futures-channel v0.3.32
[INFO] [stderr]    Compiling serde_spanned v1.1.1
[INFO] [stderr]    Compiling toml_datetime v0.7.5+spec-1.1.0
[INFO] [stderr]    Compiling winnow v0.7.15
[INFO] [stderr]    Compiling toml_writer v1.1.1+spec-1.1.0
[INFO] [stderr]    Compiling time-core v0.1.9
[INFO] [stderr]    Compiling powerfmt v0.2.0
[INFO] [stderr]    Compiling num-conv v0.2.2
[INFO] [stderr]    Compiling compression-core v0.4.32
[INFO] [stderr]    Compiling rust_decimal v1.42.1
[INFO] [stderr]    Compiling anyhow v1.0.103
[INFO] [stderr]    Compiling deranged v0.5.8
[INFO] [stderr]    Compiling schemars_derive v1.2.1
[INFO] [stderr]    Compiling thiserror v2.0.18
[INFO] [stderr]    Compiling tokio-util v0.7.18
[INFO] [stderr]    Compiling h2 v0.4.15
[INFO] [stderr]    Compiling time v0.3.53
[INFO] [stderr]    Compiling tower v0.5.3
[INFO] [stderr]    Compiling toml v0.9.12+spec-1.1.0
[INFO] [stderr]    Compiling idna v1.1.0
[INFO] [stderr]    Compiling crossbeam-channel v0.5.15
[INFO] [stderr]    Compiling symlink v0.1.0
[INFO] [stderr]    Compiling arrayvec v0.7.8
[INFO] [stderr]    Compiling hashbrown v0.14.5
[INFO] [stderr]    Compiling dashmap v6.2.1
[INFO] [stderr]    Compiling serde_urlencoded v0.7.1
[INFO] [stderr]    Compiling tracing-appender v0.2.5
[INFO] [stderr]    Compiling schemars v1.2.1
[INFO] [stderr]    Compiling hyper v1.10.1
[INFO] [stderr]    Compiling url v2.5.8
[INFO] [stderr]    Compiling serde-toml-merge v0.3.11
[INFO] [stderr]    Compiling uuid v1.23.4
[INFO] [stderr]    Compiling hyper-util v0.1.20
[INFO] [stderr]    Compiling tracing-error v0.2.1
[INFO] [stderr]    Compiling axum-core v0.5.6
[INFO] [stderr]    Compiling summer-macros v0.7.1
[INFO] [stderr]    Compiling axum-macros v0.5.1
[INFO] [stderr]    Compiling async-trait v0.1.89
[INFO] [stderr]    Compiling inventory v0.3.24
[INFO] [stderr]    Compiling http-range-header v0.4.2
[INFO] [stderr]    Compiling utf8-width v0.1.8
[INFO] [stderr]    Compiling bitflags v2.13.0
[INFO] [stderr]    Compiling base64 v0.22.1
[INFO] [stderr]    Compiling dotenvy v0.15.7
[INFO] [stderr]    Compiling byte-unit v5.2.5
[INFO] [stderr]    Compiling axum v0.8.9
[INFO] [stderr]    Compiling summer v0.7.1
[INFO] [stderr]    Compiling zstd v0.13.3
[INFO] [stderr]    Compiling compression-codecs v0.4.38
[INFO] [stderr]    Compiling async-compression v0.4.42
[INFO] [stderr]    Compiling tower-http v0.6.11
[INFO] [stderr]    Compiling summer-web v0.7.3 (/opt/rustwide/workdir)
[INFO] [stderr]     Finished `release` profile [optimized] target(s) in 4m 54s
[INFO] running `Command { std: "docker" "inspect" "cc2792a93abc41561e4d2acfac4a9b7b24115409adaeb1d9d3c9b09852b960e9", kill_on_drop: false }`
[INFO] running `Command { std: "docker" "exec" "-e" "SOURCE_DIR=/opt/rustwide/workdir" "-e" "CARGO_HOME=/opt/rustwide/cargo-home" "-e" "RUSTUP_HOME=/opt/rustwide/rustup-home" "-e" "CARGO_TARGET_DIR=/opt/rustwide/target" "-e" "CARGO_INCREMENTAL=0" "-e" "RUST_BACKTRACE=full" "-e" "RUSTFLAGS=--cap-lints=warn" "-e" "RUSTDOCFLAGS=--cap-lints=warn" "-w" "/opt/rustwide/workdir" "--user" "0:0" "cc2792a93abc41561e4d2acfac4a9b7b24115409adaeb1d9d3c9b09852b960e9" "/opt/rustwide/cargo-home/bin/cargo" "+1.99.0-beta.8" "test" "--frozen" "--no-run" "--message-format=json" "--release", kill_on_drop: false }`
[INFO] [stderr]    Compiling summer-web v0.7.3 (/opt/rustwide/workdir)
[INFO] [stderr]     Finished `release` profile [optimized] target(s) in 32.42s
[INFO] running `Command { std: "docker" "inspect" "cc2792a93abc41561e4d2acfac4a9b7b24115409adaeb1d9d3c9b09852b960e9", kill_on_drop: false }`
[INFO] running `Command { std: "docker" "exec" "-e" "SOURCE_DIR=/opt/rustwide/workdir" "-e" "CARGO_HOME=/opt/rustwide/cargo-home" "-e" "RUSTUP_HOME=/opt/rustwide/rustup-home" "-e" "CARGO_TARGET_DIR=/opt/rustwide/target" "-e" "CARGO_INCREMENTAL=0" "-e" "RUST_BACKTRACE=full" "-e" "RUSTFLAGS=--cap-lints=warn" "-e" "RUSTDOCFLAGS=--cap-lints=warn" "-w" "/opt/rustwide/workdir" "--user" "0:0" "cc2792a93abc41561e4d2acfac4a9b7b24115409adaeb1d9d3c9b09852b960e9" "/opt/rustwide/cargo-home/bin/cargo" "+1.99.0-beta.8" "test" "--frozen" "--release", kill_on_drop: false }`
[INFO] [stderr]     Finished `release` profile [optimized] target(s) in 0.23s
[INFO] [stderr]      Running unittests src/lib.rs (/opt/rustwide/target/release/deps/summer_web-6eb68c904c061393)
[INFO] [stdout] 
[INFO] [stdout] running 8 tests
[INFO] [stderr] [2m2026-10-18T17:59:31.006405Z[0m [33m WARN[0m [2msummer::config::toml[0m[2m:[0m Failed to read configuration file "./config/app.toml": No such file or directory (os error 2)
[INFO] [stdout] test problem_details::tests::test_problem_details_creation ... ok
[INFO] [stdout] test problem_details::tests::test_into_response ... ok
[INFO] [stdout] [2m2026-10-18T17:59:31[0m [32m INFO[0m [2msummer::app[0m[2m:[0m summer_web::WebPlugin plugin registered
[INFO] [stdout] [2m2026-10-18T17:59:31[0m [33m WARN[0m [2msummer::config::toml[0m[2m:[0m Failed to read configuration file "./config/app.toml": No such file or directory (os error 2)
[INFO] [stdout] [2m2026-10-18T17:59:31[0m [32m INFO[0m [2msummer::app[0m[2m:[0m summer_web::WebPlugin plugin registered
[INFO] [stdout] [2m2026-10-18T17:59:31[0m [33m WARN[0m [2msummer::config::toml[0m[2m:[0m Failed to read configuration file "./config/app.toml": No such file or directory (os error 2)
[INFO] [stdout] [2m2026-10-18T17:59:31[0m [32m INFO[0m [2msummer::app[0m[2m:[0m summer_web::WebPlugin plugin registered
[INFO] [stdout] test middleware::tests::test_configured_body_limit_allows_within_limit ... ok
[INFO] [stdout] test middleware::tests::test_configured_body_limit_rejects_oversized ... ok
[INFO] [stdout] test problem_details::tests::test_automatic_uri_capture ... ok
[INFO] [stdout] test problem_details::tests::test_status_code ... ok
[INFO] [stdout] test problem_details::tests::test_validation_error ... ok
[INFO] [stdout] test middleware::tests::test_configured_body_limit_allows_large_upload ... ok
[INFO] [stdout] 
[INFO] [stdout] test result: ok. 8 passed; 0 failed; 0 ignored; 0 measured; 0 filtered out; finished in 0.01s
[INFO] [stdout] 
[INFO] [stderr]      Running tests/integration_test.rs (/opt/rustwide/target/release/deps/integration_test-3e13b45a44328239)
[INFO] [stdout] 
[INFO] [stdout] running 13 tests
[INFO] [stderr] [2m2026-10-18T17:59:31.016133Z[0m [33m WARN[0m [2msummer::config::toml[0m[2m:[0m Failed to read configuration file "./config/app.toml": No such file or directory (os error 2)
[INFO] [stdout] test test_404_not_found ... ok
[INFO] [stdout] test test_error_handling::test_known_web_error_creation ... ok
[INFO] [stderr] [2m2026-10-18T17:59:31.017697Z[0m [33m WARN[0m [2msummer::config::toml[0m[2m:[0m Failed to read configuration file "./config/app.toml": No such file or directory (os error 2)
[INFO] [stdout] test test_error_handling::test_known_web_error_internal_server_error ... ok
[INFO] [stdout] test test_error_handling::test_known_web_error_not_found ... ok
[INFO] [stderr] [2m2026-10-18T17:59:31.020198Z[0m [33m WARN[0m [2msummer::config::toml[0m[2m:[0m Failed to read configuration file "./config/app.toml": No such file or directory (os error 2)
[INFO] [stdout] test test_error_handling::test_web_error_from_known_error ... ok
[INFO] [stdout] test test_json_response ... ok
[INFO] [stdout] test test_path_extractor ... ok
[INFO] [stdout] test test_router_merge ... ok
[INFO] [stdout] test test_multiple_routers ... ok
[INFO] [stdout] test test_router_registration ... ok
[INFO] [stdout] test test_simple_handler ... ok
[INFO] [stdout] test test_web_configurator ... ok
[INFO] [stdout] test test_with_extension ... ok
[INFO] [stdout] 
[INFO] [stdout] test result: ok. 13 passed; 0 failed; 0 ignored; 0 measured; 0 filtered out; finished in 0.01s
[INFO] [stdout] 
[INFO] [stderr]    Doc-tests summer_web
[INFO] [stderr] warning: unexpected character `=`
[INFO] [stderr]   |
[INFO] [stderr]   = note: `#[warn(rustdoc::invalid_codeblock_attributes)]` on by default
[INFO] [stderr] 
[INFO] [stderr] warning: 1 warning emitted
[INFO] [stderr] 
[INFO] [stdout] 
[INFO] [stdout] running 14 tests
[INFO] [stdout] test src/lib.rs - (line 271) ... ignored
[INFO] [stdout] test src/lib.rs - (line 293) ... ignored
[INFO] [stdout] test src/lib.rs - (line 327) ... ignored
[INFO] [stdout] test src/lib.rs - (line 370) ... ignored
[INFO] [stdout] test src/lib.rs - (line 410) ... ignored
[INFO] [stdout] test src/lib.rs - (line 450) ... ignored
[INFO] [stdout] test src/lib.rs - (line 462) ... ignored
[INFO] [stdout] test src/lib.rs - LayerConfigurator::add_router_layer (line 154) ... ignored
[INFO] [stdout] test src/lib.rs - RouterLayer (line 133) ... ignored
[INFO] [stdout] test src/lib.rs - (line 153) ... FAILED
[INFO] [stdout] test src/lib.rs - (line 212) ... FAILED
[INFO] [stdout] test src/lib.rs - (line 136) ... ok
[INFO] [stdout] test src/lib.rs - (line 177) ... ok
[INFO] [stdout] test src/lib.rs - (line 124) ... ok
[INFO] [stdout] 
[INFO] [stdout] failures:
[INFO] [stdout] 
[INFO] [stdout] ---- src/lib.rs - (line 153) stdout ----
[INFO] [stdout] error[E0433]: cannot find module or crate `summer_sqlx` in this scope
[INFO] [stdout]    --> src/lib.rs:158:5
[INFO] [stdout]     |
[INFO] [stdout] 158 | use summer_sqlx::{ConnectPool, sqlx::{self, Row}};
[INFO] [stdout]     |     ^^^^^^^^^^^ use of unresolved module or unlinked crate `summer_sqlx`
[INFO] [stdout]     |
[INFO] [stdout]     = help: if you wanted to use a crate named `summer_sqlx`, use `cargo add summer_sqlx` to add it to your `Cargo.toml`
[INFO] [stdout] 
[INFO] [stdout] error[E0432]: unresolved import `summer_sqlx`
[INFO] [stdout]    --> src/lib.rs:158:5
[INFO] [stdout]     |
[INFO] [stdout] 158 | use summer_sqlx::{ConnectPool, sqlx::{self, Row}};
[INFO] [stdout]     |     ^^^^^^^^^^^ use of unresolved module or unlinked crate `summer_sqlx`
[INFO] [stdout]     |
[INFO] [stdout]     = help: if you wanted to use a crate named `summer_sqlx`, use `cargo add summer_sqlx` to add it to your `Cargo.toml`
[INFO] [stdout] 
[INFO] [stdout] error: aborting due to 2 previous errors
[INFO] [stdout] 
[INFO] [stdout] Some errors have detailed explanations: E0432, E0433.
[INFO] [stdout] For more information about an error, try `rustc --explain E0432`.
[INFO] [stdout] Couldn't compile the test.
[INFO] [stdout] ---- src/lib.rs - (line 212) stdout ----
[INFO] [stdout] error[E0432]: unresolved import `summer_sqlx`
[INFO] [stdout]    --> src/lib.rs:222:9
[INFO] [stdout]     |
[INFO] [stdout] 222 |     use summer_sqlx::ConnectPool;
[INFO] [stdout]     |         ^^^^^^^^^^^ use of unresolved module or unlinked crate `summer_sqlx`
[INFO] [stdout]     |
[INFO] [stdout]     = help: if you wanted to use a crate named `summer_sqlx`, use `cargo add summer_sqlx` to add it to your `Cargo.toml`
[INFO] [stdout] 
[INFO] [stdout] error: aborting due to 1 previous error
[INFO] [stdout] 
[INFO] [stdout] For more information about this error, try `rustc --explain E0432`.
[INFO] [stdout] Couldn't compile the test.
[INFO] [stdout] 
[INFO] [stdout] failures:
[INFO] [stdout]     src/lib.rs - (line 153)
[INFO] [stdout]     src/lib.rs - (line 212)
[INFO] [stdout] 
[INFO] [stdout] test result: FAILED. 3 passed; 2 failed; 9 ignored; 0 measured; 0 filtered out; finished in 1.59s
[INFO] [stdout] 
[INFO] [stderr] error: doctest failed, to rerun pass `--doc`
[INFO] running `Command { std: "docker" "inspect" "cc2792a93abc41561e4d2acfac4a9b7b24115409adaeb1d9d3c9b09852b960e9", kill_on_drop: false }`
[INFO] running `Command { std: "docker" "rm" "-f" "cc2792a93abc41561e4d2acfac4a9b7b24115409adaeb1d9d3c9b09852b960e9", kill_on_drop: false }`
[INFO] [stdout] cc2792a93abc41561e4d2acfac4a9b7b24115409adaeb1d9d3c9b09852b960e9
