[INFO] fetching crate summer-lsp 0.5.0...
[INFO] testing summer-lsp-0.5.0 against 1.100.0-beta.1+cargoflags=--release for beta-release-1.100-2
[INFO] extracting crate summer-lsp 0.5.0 into /workspace/builds/worker-3-tc2/source
[INFO] started tweaking crates.io crate summer-lsp 0.5.0
[INFO] removed 0 missing examples
[INFO] finished tweaking crates.io crate summer-lsp 0.5.0
[INFO] tweaked toml for crates.io crate summer-lsp 0.5.0 written to /workspace/builds/worker-3-tc2/source/Cargo.toml
[INFO] validating manifest of crates.io crate summer-lsp 0.5.0 on toolchain 1.100.0-beta.1
[INFO] running `Command { std: CARGO_HOME="/workspace/cargo-home" RUSTUP_HOME="/workspace/rustup-home" "/workspace/cargo-home/bin/cargo" "+1.100.0-beta.1" "metadata" "--manifest-path" "Cargo.toml" "--no-deps", kill_on_drop: false }`
[INFO] crate crates.io crate summer-lsp 0.5.0 already has a lockfile, it will not be regenerated
[INFO] running `Command { std: CARGO_HOME="/workspace/cargo-home" RUSTUP_HOME="/workspace/rustup-home" "/workspace/cargo-home/bin/cargo" "+1.100.0-beta.1" "fetch" "--manifest-path" "Cargo.toml", kill_on_drop: false }`
[INFO] running `Command { std: "docker" "create" "-v" "/var/lib/crater-agent-workspace/builds/worker-3-tc2/source:/opt/rustwide/workdir:ro,Z" "-v" "/var/lib/crater-agent-workspace/builds/worker-3-tc2/target:/opt/rustwide/target:rw,Z" "-v" "/var/lib/crater-agent-workspace/cargo-home:/opt/rustwide/cargo-home:ro,Z" "-v" "/var/lib/crater-agent-workspace/rustup-home:/opt/rustwide/rustup-home:ro,Z" "-m" "1610612736" "--network" "none" "ghcr.io/rust-lang/crates-build-env/linux@sha256:77db811e55d90add9212f6832c23229e3de5f1c1f9905e8cb07319ea15df73ac" "sleep" "infinity", kill_on_drop: false }`
[INFO] [stdout] fcd9d70a069d04c6e126732513f6969903ff19868a1cf9e5765bcbbf8bbe079b
[INFO] running `Command { std: "docker" "start" "fcd9d70a069d04c6e126732513f6969903ff19868a1cf9e5765bcbbf8bbe079b", kill_on_drop: false }`
[INFO] running `Command { std: "docker" "inspect" "fcd9d70a069d04c6e126732513f6969903ff19868a1cf9e5765bcbbf8bbe079b", kill_on_drop: false }`
[INFO] running `Command { std: "docker" "exec" "-e" "SOURCE_DIR=/opt/rustwide/workdir" "-e" "CARGO_HOME=/opt/rustwide/cargo-home" "-e" "RUSTUP_HOME=/opt/rustwide/rustup-home" "-e" "CARGO_TARGET_DIR=/opt/rustwide/target" "-w" "/opt/rustwide/workdir" "--user" "0:0" "fcd9d70a069d04c6e126732513f6969903ff19868a1cf9e5765bcbbf8bbe079b" "/opt/rustwide/cargo-home/bin/cargo" "+1.100.0-beta.1" "metadata" "--no-deps" "--format-version=1", kill_on_drop: false }`
[INFO] running `Command { std: "docker" "inspect" "fcd9d70a069d04c6e126732513f6969903ff19868a1cf9e5765bcbbf8bbe079b", kill_on_drop: false }`
[INFO] running `Command { std: "docker" "exec" "-e" "SOURCE_DIR=/opt/rustwide/workdir" "-e" "CARGO_HOME=/opt/rustwide/cargo-home" "-e" "RUSTUP_HOME=/opt/rustwide/rustup-home" "-e" "CARGO_TARGET_DIR=/opt/rustwide/target" "-e" "CARGO_INCREMENTAL=0" "-e" "RUST_BACKTRACE=full" "-e" "RUSTFLAGS=--cap-lints=warn" "-e" "RUSTDOCFLAGS=--cap-lints=warn" "-w" "/opt/rustwide/workdir" "--user" "0:0" "fcd9d70a069d04c6e126732513f6969903ff19868a1cf9e5765bcbbf8bbe079b" "/opt/rustwide/cargo-home/bin/cargo" "+1.100.0-beta.1" "build" "--frozen" "--message-format=json" "--release", kill_on_drop: false }`
[INFO] [stderr]    Compiling cc v1.2.57
[INFO] [stderr]    Compiling aho-corasick v1.1.4
[INFO] [stderr]    Compiling parking_lot_core v0.9.12
[INFO] [stderr]    Compiling getrandom v0.2.17
[INFO] [stderr]    Compiling http v0.2.12
[INFO] [stderr]    Compiling futures-task v0.3.32
[INFO] [stderr]    Compiling rustls v0.21.12
[INFO] [stderr]    Compiling zerovec-derive v0.11.2
[INFO] [stderr]    Compiling tokio-macros v2.6.1
[INFO] [stderr]    Compiling zerofrom-derive v0.1.6
[INFO] [stderr]    Compiling yoke-derive v0.8.1
[INFO] [stderr]    Compiling tracing v0.1.44
[INFO] [stderr]    Compiling proc-macro2 v1.0.106
[INFO] [stderr]    Compiling syn v1.0.109
[INFO] [stderr]    Compiling socket2 v0.5.10
[INFO] [stderr]    Compiling num-conv v0.2.0
[INFO] [stderr]    Compiling hashbrown v0.14.5
[INFO] [stderr]    Compiling parking_lot v0.12.5
[INFO] [stderr]    Compiling futures-util v0.3.32
[INFO] [stderr]    Compiling beef v0.5.2
[INFO] [stderr]    Compiling time-macros v0.2.27
[INFO] [stderr]    Compiling getrandom v0.3.4
[INFO] [stderr]    Compiling toml_datetime v0.6.11
[INFO] [stderr]    Compiling serde_spanned v0.6.9
[INFO] [stderr]    Compiling serde_derive_internals v0.29.1
[INFO] [stderr]    Compiling tokio v1.50.0
[INFO] [stderr]    Compiling thiserror-impl v1.0.69
[INFO] [stderr]    Compiling bstr v1.12.1
[INFO] [stderr]    Compiling text-size v1.1.1
[INFO] [stderr]    Compiling either v1.15.0
[INFO] [stderr]    Compiling countme v3.0.1
[INFO] [stderr]    Compiling toml_edit v0.22.27
[INFO] [stderr]    Compiling schemars_derive v0.8.22
[INFO] [stderr]    Compiling rowan v0.15.17
[INFO] [stderr]    Compiling zerofrom v0.1.6
[INFO] [stderr]    Compiling itertools v0.10.5
[INFO] [stderr]    Compiling yoke v0.8.1
[INFO] [stderr]    Compiling sharded-slab v0.1.7
[INFO] [stderr]    Compiling time v0.3.47
[INFO] [stderr]    Compiling zerovec v0.11.5
[INFO] [stderr]    Compiling ring v0.17.14
[INFO] [stderr]    Compiling zerotrie v0.2.3
[INFO] [stderr]    Compiling http-body v0.4.6
[INFO] [stderr]    Compiling regex-automata v0.4.14
[INFO] [stderr]    Compiling thiserror v1.0.69
[INFO] [stderr]    Compiling quote v1.0.45
[INFO] [stderr]    Compiling ahash v0.8.12
[INFO] [stderr]    Compiling crossbeam-channel v0.5.15
[INFO] [stderr]    Compiling tinystr v0.8.2
[INFO] [stderr]    Compiling icu_locale_core v2.1.1
[INFO] [stderr]    Compiling potential_utf v0.1.4
[INFO] [stderr]    Compiling tracing-serde v0.2.0
[INFO] [stderr]    Compiling serde_repr v0.1.20
[INFO] [stderr]    Compiling icu_collections v2.1.1
[INFO] [stderr]    Compiling tracing-log v0.2.0
[INFO] [stderr]    Compiling thread_local v1.1.9
[INFO] [stderr]    Compiling schemars v0.8.22
[INFO] [stderr]    Compiling lsp-server v0.7.9
[INFO] [stderr]    Compiling syn v2.0.117
[INFO] [stderr]    Compiling dashmap v5.5.3
[INFO] [stderr]    Compiling atty v0.2.14
[INFO] [stderr]    Compiling icu_provider v2.1.1
[INFO] [stderr]    Compiling icu_properties v2.1.2
[INFO] [stderr]    Compiling icu_normalizer v2.1.1
[INFO] [stderr]    Compiling logos-derive v0.12.1
[INFO] [stderr]    Compiling toml v0.8.23
[INFO] [stderr]    Compiling idna_adapter v1.2.1
[INFO] [stderr]    Compiling idna v1.1.0
[INFO] [stderr]    Compiling logos v0.12.1
[INFO] [stderr]    Compiling url v2.5.8
[INFO] [stderr]    Compiling lsp-types v0.95.1
[INFO] [stderr]    Compiling tokio-util v0.7.18
[INFO] [stderr]    Compiling globset v0.4.18
[INFO] [stderr]    Compiling matchers v0.2.0
[INFO] [stderr]    Compiling regex v1.12.3
[INFO] [stderr]    Compiling tracing-subscriber v0.3.23
[INFO] [stderr]    Compiling h2 v0.3.27
[INFO] [stderr]    Compiling taplo v0.13.2
[INFO] [stderr]    Compiling hyper v0.14.32
[INFO] [stderr]    Compiling sct v0.7.1
[INFO] [stderr]    Compiling rustls-webpki v0.101.7
[INFO] [stderr]    Compiling tokio-rustls v0.24.1
[INFO] [stderr]    Compiling hyper-rustls v0.24.2
[INFO] [stderr]    Compiling reqwest v0.11.27
[INFO] [stderr]    Compiling summer-lsp v0.5.0 (/opt/rustwide/workdir)
[INFO] [stderr] warning: unused dependency `regex`
[INFO] [stderr]   --> Cargo.toml:30:15
[INFO] [stderr]    |
[INFO] [stderr] 30 | [dependencies.regex]
[INFO] [stderr]    |               ^^^^^^
[INFO] [stderr]    |
[INFO] [stderr]    = note: `cargo::unused_dependencies` is set to `warn` by default
[INFO] [stderr] help: consider removing the dependency on `regex`
[INFO] [stderr] warning: unused dependency `schemars`
[INFO] [stderr]   --> Cargo.toml:38:15
[INFO] [stderr]    |
[INFO] [stderr] 38 | [dependencies.schemars]
[INFO] [stderr]    |               ^^^^^^^^^
[INFO] [stderr]    |
[INFO] [stderr] help: consider removing the dependency on `schemars`
[INFO] [stderr] warning: `summer-lsp` (manifest) generated 2 warnings
[INFO] [stderr]     Finished `release` profile [optimized] target(s) in 2m 45s
[INFO] running `Command { std: "docker" "inspect" "fcd9d70a069d04c6e126732513f6969903ff19868a1cf9e5765bcbbf8bbe079b", kill_on_drop: false }`
[INFO] running `Command { std: "docker" "exec" "-e" "SOURCE_DIR=/opt/rustwide/workdir" "-e" "CARGO_HOME=/opt/rustwide/cargo-home" "-e" "RUSTUP_HOME=/opt/rustwide/rustup-home" "-e" "CARGO_TARGET_DIR=/opt/rustwide/target" "-e" "CARGO_INCREMENTAL=0" "-e" "RUST_BACKTRACE=full" "-e" "RUSTFLAGS=--cap-lints=warn" "-e" "RUSTDOCFLAGS=--cap-lints=warn" "-w" "/opt/rustwide/workdir" "--user" "0:0" "fcd9d70a069d04c6e126732513f6969903ff19868a1cf9e5765bcbbf8bbe079b" "/opt/rustwide/cargo-home/bin/cargo" "+1.100.0-beta.1" "test" "--frozen" "--no-run" "--message-format=json" "--release", kill_on_drop: false }`
[INFO] [stderr]    Compiling getrandom v0.3.4
[INFO] [stderr]    Compiling futures-util v0.3.32
[INFO] [stderr]    Compiling tempfile v3.27.0
[INFO] [stderr]    Compiling num-traits v0.2.19
[INFO] [stderr]    Compiling ppv-lite86 v0.2.21
[INFO] [stderr]    Compiling wait-timeout v0.2.1
[INFO] [stderr]    Compiling quick-error v1.2.3
[INFO] [stderr]    Compiling bit-vec v0.8.0
[INFO] [stderr]    Compiling serial_test_derive v3.4.0
[INFO] [stderr]    Compiling unarray v0.1.4
[INFO] [stderr]    Compiling diff v0.1.13
[INFO] [stderr]    Compiling rand_core v0.9.5
[INFO] [stderr]    Compiling ahash v0.8.12
[INFO] [stderr]    Compiling pretty_assertions v1.4.1
[INFO] [stderr]    Compiling bit-set v0.8.0
[INFO] [stderr]    Compiling taplo v0.13.2
[INFO] [stderr]    Compiling rand v0.9.2
[INFO] [stderr]    Compiling rand_xorshift v0.4.0
[INFO] [stderr]    Compiling rusty-fork v0.3.1
[INFO] [stderr]    Compiling rand_chacha v0.9.0
[INFO] [stderr]    Compiling proptest v1.10.0
[INFO] [stderr]    Compiling h2 v0.3.27
[INFO] [stderr]    Compiling futures-executor v0.3.32
[INFO] [stderr]    Compiling serial_test v3.4.0
[INFO] [stderr]    Compiling hyper v0.14.32
[INFO] [stderr]    Compiling hyper-rustls v0.24.2
[INFO] [stderr]    Compiling reqwest v0.11.27
[INFO] [stderr]    Compiling summer-lsp v0.5.0 (/opt/rustwide/workdir)
[INFO] [stderr] warning: unused dependency `regex`
[INFO] [stderr]   --> Cargo.toml:30:15
[INFO] [stderr]    |
[INFO] [stderr] 30 | [dependencies.regex]
[INFO] [stderr]    |               ^^^^^^
[INFO] [stderr]    |
[INFO] [stderr]    = note: `cargo::unused_dependencies` is set to `warn` by default
[INFO] [stderr] help: consider removing the dependency on `regex`
[INFO] [stderr] warning: unused dependency `schemars`
[INFO] [stderr]   --> Cargo.toml:38:15
[INFO] [stderr]    |
[INFO] [stderr] 38 | [dependencies.schemars]
[INFO] [stderr]    |               ^^^^^^^^^
[INFO] [stderr]    |
[INFO] [stderr] help: consider removing the dependency on `schemars`
[INFO] [stderr] warning: `summer-lsp` (manifest) generated 2 warnings
[INFO] [stderr]     Finished `release` profile [optimized] target(s) in 1m 28s
[INFO] running `Command { std: "docker" "inspect" "fcd9d70a069d04c6e126732513f6969903ff19868a1cf9e5765bcbbf8bbe079b", kill_on_drop: false }`
[INFO] running `Command { std: "docker" "exec" "-e" "SOURCE_DIR=/opt/rustwide/workdir" "-e" "CARGO_HOME=/opt/rustwide/cargo-home" "-e" "RUSTUP_HOME=/opt/rustwide/rustup-home" "-e" "CARGO_TARGET_DIR=/opt/rustwide/target" "-e" "CARGO_INCREMENTAL=0" "-e" "RUST_BACKTRACE=full" "-e" "RUSTFLAGS=--cap-lints=warn" "-e" "RUSTDOCFLAGS=--cap-lints=warn" "-w" "/opt/rustwide/workdir" "--user" "0:0" "fcd9d70a069d04c6e126732513f6969903ff19868a1cf9e5765bcbbf8bbe079b" "/opt/rustwide/cargo-home/bin/cargo" "+1.100.0-beta.1" "test" "--frozen" "--release", kill_on_drop: false }`
[INFO] [stderr] warning: unused dependency `regex`
[INFO] [stderr]   --> Cargo.toml:30:15
[INFO] [stderr]    |
[INFO] [stderr] 30 | [dependencies.regex]
[INFO] [stderr]    |               ^^^^^^
[INFO] [stderr]    |
[INFO] [stderr]    = note: `cargo::unused_dependencies` is set to `warn` by default
[INFO] [stderr] help: consider removing the dependency on `regex`
[INFO] [stderr] warning: unused dependency `schemars`
[INFO] [stderr]   --> Cargo.toml:38:15
[INFO] [stderr]    |
[INFO] [stderr] 38 | [dependencies.schemars]
[INFO] [stderr]    |               ^^^^^^^^^
[INFO] [stderr]    |
[INFO] [stderr] help: consider removing the dependency on `schemars`
[INFO] [stderr] warning: `summer-lsp` (manifest) generated 2 warnings
[INFO] [stderr]     Finished `release` profile [optimized] target(s) in 0.26s
[INFO] [stderr]      Running unittests src/lib.rs (/opt/rustwide/target/release/build/summer-lsp/a198559d99ab9704/out/summer_lsp-a198559d99ab9704)
[INFO] [stdout] 
[INFO] [stdout] running 250 tests
[INFO] [stdout] test analysis::completion::engine_impl::tests::test_complete_config_properties_correct_kind ... ok
[INFO] [stdout] test analysis::completion::engine_impl::tests::test_complete_config_properties_deduplication ... ok
[INFO] [stdout] test analysis::completion::engine_impl::tests::test_complete_config_properties_empty_section ... ok
[INFO] [stdout] test analysis::completion::engine_impl::tests::test_complete_enum_with_empty_values ... ok
[INFO] [stdout] test analysis::completion::engine_impl::tests::test_complete_auto_config_macro ... ok
[INFO] [stdout] test analysis::completion::engine_impl::tests::test_complete_job_macro_fix_delay ... ok
[INFO] [stdout] test analysis::completion::engine_impl::tests::test_complete_job_macro_fix_rate ... ok
[INFO] [stdout] test analysis::completion::engine_impl::tests::test_complete_macro_without_macro_info ... ok
[INFO] [stdout] test analysis::completion::engine_impl::tests::property_tests::prop_type_info_to_hint_is_consistent ... ok
[INFO] [stdout] test analysis::completion::engine_impl::tests::test_complete_outside_section ... ok
[INFO] [stdout] test analysis::completion::engine_impl::tests::test_complete_service_macro ... ok
[INFO] [stdout] test analysis::completion::engine_impl::tests::test_complete_redis_section ... ok
[INFO] [stdout] test analysis::completion::engine_impl::tests::test_complete_route_macro ... ok
[INFO] [stdout] test analysis::completion::engine_impl::tests::test_complete_with_all_properties_used ... ok
[INFO] [stdout] test analysis::completion::engine_impl::tests::test_complete_toml_without_document ... ok
[INFO] [stdout] test analysis::completion::engine_impl::tests::test_complete_unknown_section ... ok
[INFO] [stdout] test analysis::completion::engine_impl::tests::test_complete_with_empty_toml_document ... ok
[INFO] [stdout] test analysis::completion::engine_impl::tests::test_complete_with_macro_context ... ok
[INFO] [stdout] test analysis::completion::engine_impl::tests::test_complete_with_nested_config_sections ... ok
[INFO] [stdout] test analysis::completion::engine_impl::tests::test_complete_enum_with_single_value ... ok
[INFO] [stdout] test analysis::completion::engine_impl::tests::test_complete_with_special_characters_in_enum ... ok
[INFO] [stdout] test analysis::completion::engine_impl::tests::test_complete_with_invalid_position ... ok
[INFO] [stdout] test analysis::completion::engine_impl::tests::test_complete_config_properties_in_section ... ok
[INFO] [stdout] test analysis::completion::engine_impl::tests::test_complete_job_macro_cron ... ok
[INFO] [stdout] test analysis::completion::engine_impl::tests::test_complete_inject_macro ... ok
[INFO] [stdout] test analysis::completion::engine_impl::tests::test_complete_dispatches_to_correct_handler ... ok
[INFO] [stdout] test analysis::completion::engine_impl::tests::test_complete_with_unknown_context ... ok
[INFO] [stdout] test analysis::completion::engine_impl::tests::test_complete_with_unknown_section ... ok
[INFO] [stdout] test analysis::completion::engine_impl::tests::test_completion_context_clone ... ok
[INFO] [stdout] test analysis::completion::engine_impl::tests::test_completion_context_equality ... ok
[INFO] [stdout] test analysis::completion::engine_impl::tests::test_completion_items_have_correct_kind ... ok
[INFO] [stdout] test analysis::completion::engine_impl::tests::test_completion_items_have_documentation ... ok
[INFO] [stdout] test analysis::completion::engine_impl::tests::test_config_property_insertion_has_complete_format ... ok
[INFO] [stdout] test analysis::completion::engine_impl::tests::test_config_property_insertion_has_correct_default_values ... ok
[INFO] [stdout] test analysis::completion::engine_impl::tests::test_enum_value_insertion_has_quotes ... ok
[INFO] [stdout] test analysis::completion::engine_impl::tests::test_env_var_insertion_has_snippet_format ... ok
[INFO] [stdout] test analysis::completion::engine_impl::tests::test_macro_parameter_insertion_completeness ... ok
[INFO] [stdout] test analysis::completion::engine_impl::tests::property_tests::prop_complete_env_var_returns_common_vars ... ok
[INFO] [stdout] test analysis::completion::engine_impl::tests::test_position_in_range ... ok
[INFO] [stdout] test analysis::completion::engine_impl::tests::test_position_in_range_edge_cases ... ok
[INFO] [stdout] test analysis::completion::engine_impl::tests::test_completion_context_debug ... ok
[INFO] [stdout] test analysis::completion::engine_impl::tests::test_type_info_to_default ... ok
[INFO] [stdout] test analysis::completion::engine_impl::tests::test_complete_at_document_boundary ... ok
[INFO] [stdout] test analysis::completion::engine_impl::tests::test_route_macro_path_parameter_snippet ... ok
[INFO] [stdout] test analysis::rust::macro_analyzer::tests::test_expand_auto_config_macro ... ok
[INFO] [stdout] test analysis::completion::engine_impl::tests::test_complete_config_properties_with_documentation ... ok
[INFO] [stdout] test analysis::completion::engine_impl::tests::test_type_info_to_hint ... ok
[INFO] [stdout] test analysis::rust::macro_analyzer::tests::test_auto_config_macro_creation ... ok
[INFO] [stdout] test analysis::rust::macro_analyzer::tests::test_expand_cron_job_macro ... ok
[INFO] [stdout] test analysis::completion::engine_impl::tests::test_type_info_to_default_for_all_types ... ok
[INFO] [stdout] test analysis::rust::macro_analyzer::tests::test_expand_fix_rate_job_macro ... ok
[INFO] [stdout] test analysis::rust::macro_analyzer::tests::test_expand_inject_macro_component ... ok
[INFO] [stdout] test analysis::completion::engine_impl::tests::test_complete_with_toml_context ... ok
[INFO] [stdout] test analysis::rust::macro_analyzer::tests::test_expand_all_macro_types ... ok
[INFO] [stdout] test analysis::rust::macro_analyzer::tests::test_expand_inject_macro_config ... ok
[INFO] [stdout] test analysis::completion::engine_impl::tests::test_type_info_to_hint_with_ranges ... ok
[INFO] [stdout] test analysis::completion::engine_impl::tests::test_value_to_string_for_all_value_types ... ok
[INFO] [stdout] test analysis::completion::engine_impl::tests::test_value_to_string ... ok
[INFO] [stdout] test analysis::rust::macro_analyzer::tests::test_expand_fix_delay_job_macro ... ok
[INFO] [stdout] test analysis::rust::macro_analyzer::tests::test_expand_macro_produces_valid_syntax ... ok
[INFO] [stdout] test analysis::rust::macro_analyzer::tests::test_expand_macro_comprehensive_example ... ok
[INFO] [stdout] test analysis::rust::macro_analyzer::tests::test_expand_inject_macro_component_with_name ... ok
[INFO] [stdout] test analysis::completion::engine_impl::tests::property_tests::prop_complete_config_prefix_returns_all_prefixes ... ok
[INFO] [stdout] test analysis::completion::engine_impl::tests::property_tests::prop_complete_config_properties_returns_unused_properties ... ok
[INFO] [stdout] test analysis::completion::engine_impl::tests::property_tests::prop_completion_deduplication_no_duplicates ... ok
[INFO] [stdout] test analysis::rust::macro_analyzer::tests::test_expand_empty_service ... ok
[INFO] [stdout] test analysis::completion::engine_impl::tests::property_tests::prop_complete_enum_values_returns_all_enum_values ... ok
[INFO] [stdout] test analysis::rust::macro_analyzer::tests::test_expand_macro_readability ... ok
[INFO] [stdout] test analysis::rust::macro_analyzer::tests::test_expand_route_macro_multiple_methods ... ok
[INFO] [stdout] test analysis::rust::macro_analyzer::tests::test_expand_service_macro_with_named_component ... ok
[INFO] [stdout] test analysis::rust::macro_analyzer::tests::test_expand_service_macro ... ok
[INFO] [stdout] test analysis::rust::macro_analyzer::tests::test_expand_service_macro_without_inject ... ok
[INFO] [stdout] test analysis::rust::macro_analyzer::tests::test_expand_route_macro_get ... ok
[INFO] [stdout] test analysis::rust::macro_analyzer::tests::test_expand_route_macro_with_middlewares ... ok
[INFO] [stdout] test analysis::rust::macro_analyzer::tests::test_field_without_inject ... ok
[INFO] [stdout] test analysis::rust::macro_analyzer::tests::test_hover_route_macro ... ok
[INFO] [stdout] test analysis::rust::macro_analyzer::tests::test_hover_fix_rate_job_macro ... ok
[INFO] [stdout] test analysis::rust::macro_analyzer::tests::test_hover_inject_macro_component ... ok
[INFO] [stdout] test analysis::rust::macro_analyzer::tests::test_extract_macros_empty_document ... ok
[INFO] [stdout] test analysis::rust::macro_analyzer::tests::test_hover_inject_macro_config ... ok
[INFO] [stdout] test analysis::rust::macro_analyzer::tests::test_hover_route_macro_multiple_methods ... ok
[INFO] [stdout] test analysis::rust::macro_analyzer::tests::test_extract_macros_with_derive ... ok
[INFO] [stdout] test analysis::rust::macro_analyzer::tests::test_hover_route_macro_with_middlewares ... ok
[INFO] [stdout] test analysis::rust::macro_analyzer::tests::test_hover_service_macro ... ok
[INFO] [stdout] test analysis::rust::macro_analyzer::tests::test_hover_service_macro_with_named_component ... ok
[INFO] [stdout] test analysis::rust::macro_analyzer::tests::test_extract_macros_invalid_syntax ... ok
[INFO] [stdout] test analysis::rust::macro_analyzer::tests::test_hover_service_macro_empty_fields ... ok
[INFO] [stdout] test analysis::rust::macro_analyzer::tests::test_hover_service_with_mixed_fields ... ok
[INFO] [stdout] test analysis::rust::macro_analyzer::tests::test_hover_markdown_format ... ok
[INFO] [stdout] test analysis::rust::macro_analyzer::tests::test_hover_comprehensive_example ... ok
[INFO] [stdout] test analysis::rust::macro_analyzer::tests::test_inject_with_component_name ... ok
[INFO] [stdout] test analysis::rust::macro_analyzer::tests::test_job_macro_fix_delay ... ok
[INFO] [stdout] test analysis::rust::macro_analyzer::tests::test_http_method_as_str ... ok
[INFO] [stdout] test analysis::rust::macro_analyzer::tests::test_hover_fix_delay_job_macro ... ok
[INFO] [stdout] test analysis::rust::macro_analyzer::tests::test_inject_type ... ok
[INFO] [stdout] test analysis::rust::macro_analyzer::tests::test_hover_inject_macro_component_with_name ... ok
[INFO] [stdout] test analysis::rust::macro_analyzer::tests::test_job_macro_cron ... ok
[INFO] [stdout] test analysis::rust::macro_analyzer::tests::test_hover_readability ... ok
[INFO] [stdout] test analysis::rust::macro_analyzer::tests::test_job_macro_fix_rate ... ok
[INFO] [stdout] test analysis::rust::macro_analyzer::tests::test_recognize_auto_config_macro ... ok
[INFO] [stdout] test analysis::rust::macro_analyzer::tests::test_macro_analyzer_creation ... ok
[INFO] [stdout] test analysis::rust::macro_analyzer::tests::test_macro_analyzer_default ... ok
[INFO] [stdout] test analysis::rust::macro_analyzer::tests::test_recognize_all_http_method_macros ... ok
[INFO] [stdout] test analysis::rust::macro_analyzer::tests::test_hover_all_macro_types ... ok
[INFO] [stdout] test analysis::rust::macro_analyzer::tests::test_hover_auto_config_macro ... ok
[INFO] [stdout] test analysis::rust::macro_analyzer::tests::test_inject_macro_creation ... ok
[INFO] [stdout] test analysis::rust::macro_analyzer::tests::test_hover_cron_job_macro ... ok
[INFO] [stdout] test analysis::rust::macro_analyzer::tests::test_recognize_multiple_http_methods ... ok
[INFO] [stdout] test analysis::rust::macro_analyzer::tests::test_recognize_get_route_macro ... ok
[INFO] [stdout] test analysis::rust::macro_analyzer::tests::test_http_method_from_str ... ok
[INFO] [stdout] test analysis::rust::macro_analyzer::tests::test_parse_and_extract_workflow ... ok
[INFO] [stdout] test analysis::rust::macro_analyzer::tests::test_recognize_post_route_macro ... ok
[INFO] [stdout] test analysis::rust::macro_analyzer::tests::test_recognize_multiple_macros_in_file ... ok
[INFO] [stdout] test analysis::rust::macro_analyzer::tests::test_recognize_service_macro ... ok
[INFO] [stdout] test analysis::rust::macro_analyzer::tests::test_parse_empty_rust_file ... ok
[INFO] [stdout] test analysis::rust::macro_analyzer::tests::test_parse_struct_definition ... ok
[INFO] [stdout] test analysis::rust::macro_analyzer::tests::test_recognize_fix_rate_job_macro ... ok
[INFO] [stdout] test analysis::rust::macro_analyzer::tests::test_recognize_cron_job_macro ... ok
[INFO] [stdout] test analysis::rust::macro_analyzer::tests::test_parse_with_attributes ... ok
[INFO] [stdout] test analysis::rust::macro_analyzer::tests::test_parse_simple_rust_file ... ok
[INFO] [stdout] test analysis::rust::macro_analyzer::tests::test_parse_invalid_rust_syntax ... ok
[INFO] [stdout] test analysis::rust::macro_analyzer::tests::test_recognize_fix_delay_job_macro ... ok
[INFO] [stdout] test analysis::rust::macro_analyzer::tests::test_route_macro_creation ... ok
[INFO] [stdout] test analysis::rust::macro_analyzer::tests::test_route_macro_multiple_methods ... ok
[INFO] [stdout] test analysis::rust::macro_analyzer::tests::test_route_macro_multiple_middlewares ... ok
[INFO] [stdout] test analysis::rust::macro_analyzer::tests::test_validate_auto_config_macro_empty_type ... ok
[INFO] [stdout] test analysis::rust::macro_analyzer::tests::test_validate_auto_config_macro_valid ... ok
[INFO] [stdout] test analysis::rust::macro_analyzer::tests::test_validate_error_codes ... ok
[INFO] [stdout] test analysis::rust::macro_analyzer::tests::test_validate_fix_delay_job_valid ... ok
[INFO] [stdout] test analysis::rust::macro_analyzer::tests::test_service_without_inject ... ok
[INFO] [stdout] test analysis::rust::macro_analyzer::tests::test_validate_cron_job_empty_expression ... ok
[INFO] [stdout] test analysis::rust::macro_analyzer::tests::test_service_macro_creation ... ok
[INFO] [stdout] test analysis::rust::macro_analyzer::tests::test_rust_document_creation ... ok
[INFO] [stdout] test analysis::rust::macro_analyzer::tests::test_validate_inject_macro_component_valid ... ok
[INFO] [stdout] test analysis::rust::macro_analyzer::tests::test_validate_multiple_errors ... ok
[INFO] [stdout] test analysis::rust::macro_analyzer::tests::test_validate_fix_rate_job_valid ... ok
[INFO] [stdout] test analysis::rust::macro_analyzer::tests::test_validate_fix_rate_job_zero_seconds ... ok
[INFO] [stdout] test analysis::rust::macro_analyzer::tests::test_validate_route_macro_empty_handler_name ... ok
[INFO] [stdout] test analysis::rust::macro_analyzer::tests::test_summer_macro_variants ... ok
[INFO] [stdout] test analysis::rust::macro_analyzer::tests::test_validate_comprehensive_example ... ok
[INFO] [stdout] test analysis::rust::macro_analyzer::tests::test_validate_inject_macro_config_valid ... ok
[INFO] [stdout] test analysis::rust::macro_analyzer::tests::test_validate_cron_job_valid ... ok
[INFO] [stdout] test analysis::rust::macro_analyzer::tests::test_validate_route_macro_empty_param_name ... ok
[INFO] [stdout] test analysis::rust::macro_analyzer::tests::test_validate_route_macro_invalid_param_name ... ok
[INFO] [stdout] test analysis::rust::macro_analyzer::tests::test_validate_route_macro_no_methods ... ok
[INFO] [stdout] test analysis::rust::macro_analyzer::tests::test_validate_route_macro_path_without_slash ... ok
[INFO] [stdout] test analysis::rust::macro_analyzer::tests::test_validate_all_macro_types ... ok
[INFO] [stdout] test analysis::rust::macro_analyzer::tests::test_validate_route_macro_empty_path ... ok
[INFO] [stdout] test analysis::rust::macro_analyzer::tests::test_validate_diagnostic_structure ... ok
[INFO] [stdout] test analysis::completion::engine_impl::tests::property_tests::prop_completion_items_have_required_fields ... ok
[INFO] [stdout] test analysis::rust::macro_analyzer::tests::test_validate_route_macro_valid ... ok
[INFO] [stdout] test analysis::rust::macro_analyzer::tests::test_validate_route_macro_nested_braces ... ok
[INFO] [stdout] test analysis::rust::macro_analyzer::tests::test_validate_fix_delay_job_zero_seconds ... ok
[INFO] [stdout] test analysis::rust::macro_analyzer::tests::test_validate_inject_macro_config_with_name ... ok
[INFO] [stdout] test analysis::rust::macro_analyzer::tests::test_validate_route_macro_unclosed_brace ... ok
[INFO] [stdout] test analysis::rust::macro_analyzer::tests::test_validate_route_macro_unmatched_closing_brace ... ok
[INFO] [stdout] test analysis::rust::macro_analyzer::tests::test_validate_service_macro_empty_component_name ... ok
[INFO] [stdout] test analysis::rust::macro_analyzer::tests::test_validate_cron_job_invalid_parts ... ok
[INFO] [stdout] test analysis::toml::toml_analyzer::env_var_validation_tests::test_contains_env_var ... ok
[INFO] [stdout] test analysis::toml::toml_analyzer::nested_config_tests::test_inline_table_parsing ... ok
[INFO] [stdout] test analysis::toml::toml_analyzer::env_var_validation_tests::test_invalid_enum_without_env_var_should_error ... ok
[INFO] [stdout] test analysis::toml::toml_analyzer::env_var_validation_tests::test_env_var_in_enum_should_not_error ... ok
[INFO] [stdout] test analysis::rust::macro_analyzer::tests::test_validate_service_macro_valid ... ok
[INFO] [stdout] test analysis::toml::toml_analyzer::env_var_validation_tests::test_env_var_in_string_length_should_not_error ... ok
[INFO] [stdout] test analysis::rust::macro_analyzer::tests::test_validate_route_macro_valid_param_names ... ok
[INFO] [stdout] test analysis::toml::toml_analyzer::nested_config_tests::test_multiple_nested_sections ... ok
[INFO] [stdout] test analysis::toml::toml_analyzer::tests::test_preprocess_env_vars_in_quotes ... ok
[INFO] [stdout] test analysis::toml::toml_analyzer::nested_config_tests::test_nested_config_validation_warning ... ok
[INFO] [stdout] test analysis::toml::toml_analyzer::nested_config_tests::test_undefined_plain_property_still_errors ... ok
[INFO] [stdout] test core::config::tests::test_default_config ... ok
[INFO] [stdout] test core::config::tests::test_config_validation ... ok
[INFO] [stdout] test core::config::tests::test_config_merge ... ok
[INFO] [stdout] test core::config::tests::test_completion_config_validation ... ok
[INFO] [stdout] test analysis::toml::toml_analyzer::tests::test_parse_without_quoted_env_var ... ok
[INFO] [stdout] test analysis::toml::toml_analyzer::tests::test_preprocess_env_vars_without_quotes ... ok
[INFO] [stdout] test core::config::tests::test_diagnostics_is_disabled ... ok
[INFO] [stdout] test core::config::tests::test_schema_config_validation ... ok
[INFO] [stdout] test analysis::toml::toml_analyzer::tests::test_parse_with_quoted_env_var ... ok
[INFO] [stdout] test core::config::tests::test_env_overrides ... ok
[INFO] [stdout] test core::config::tests::test_partial_toml_config ... ok
[INFO] [stdout] test analysis::toml::toml_analyzer::nested_config_tests::test_nested_section_parsing ... ok
[INFO] [stdout] test analysis::validation::di_validator::tests::test_dependency_injection_validator_new ... ok
[INFO] [stdout] test analysis::toml::toml_analyzer::nested_config_tests::test_nested_section_with_env_vars ... ok
[INFO] [stdout] test analysis::validation::di_validator::tests::test_extract_config_prefix ... ok
[INFO] [stdout] test core::config::tests::test_load_from_toml ... ok
[INFO] [stdout] test core::config::tests::test_logging_config_validation ... ok
[INFO] [stdout] test core::document::tests::test_close_document ... ok
[INFO] [stdout] test core::document::tests::test_full_content_change ... ok
[INFO] [stdout] test core::document::tests::test_incremental_change_multiline ... ok
[INFO] [stdout] test core::document::tests::test_incremental_change_utf8 ... ok
[INFO] [stdout] test core::document::tests::test_incremental_change_delete ... ok
[INFO] [stdout] test core::document::tests::test_multiple_changes ... ok
[INFO] [stdout] test core::document::tests::test_char_offset_to_byte_offset ... ok
[INFO] [stdout] test core::schema::tests::test_load_local_schema_file ... ok
[INFO] [stdout] test core::document::tests::test_position_to_offset ... ok
[INFO] [stdout] test core::document::tests::test_with_document ... ok
[INFO] [stdout] test core::schema::tests::test_find_schema_in_target_multiple_crates ... ok
[INFO] [stdout] test core::document::tests::test_incremental_change_insert ... ok
[INFO] [stdout] test core::document::tests::test_open_document ... ok
[INFO] [stdout] test core::document::tests::test_incremental_change_single_line ... ok
[INFO] [stdout] test core::schema::tests::test_find_schema_in_target ... ok
[INFO] [stdout] test core::schema::tests::test_find_schema_in_target_not_exists ... ok
[INFO] [stdout] test core::schema::tests::test_parse_boolean_type ... ok
[INFO] [stdout] test core::schema::tests::test_parse_integer_type ... ok
[INFO] [stdout] test scanner::job::tests::test_job_scanner_default ... ok
[INFO] [stdout] test scanner::component::tests::test_component_scanner_new ... ok
[INFO] [stdout] test scanner::config::tests::test_extract_config_prefix ... ok
[INFO] [stdout] test scanner::component::tests::test_component_scanner_default ... ok
[INFO] [stdout] test scanner::config::tests::test_is_option_type ... ok
[INFO] [stdout] test core::schema::tests::test_parse_property_schema ... ok
[INFO] [stdout] test scanner::plugin::tests::test_extract_plugin_name ... ok
[INFO] [stdout] test scanner::route::tests::test_route_scanner_default ... ok
[INFO] [stdout] test scanner::config::tests::test_extract_fields ... ok
[INFO] [stdout] test scanner::route::tests::test_route_scanner_new ... ok
[INFO] [stdout] test utils::error::tests::test_error_category ... ok
[INFO] [stdout] test utils::error::tests::test_error_handler ... ok
[INFO] [stdout] test utils::error::tests::test_error_recoverability ... ok
[INFO] [stdout] test utils::error::tests::test_error_document_uri ... ok
[INFO] [stdout] test utils::logging::tests::test_log_config_default ... ok
[INFO] [stdout] test utils::logging::tests::test_log_config_from_env ... ok
[INFO] [stdout] test utils::logging::tests::test_log_config_verbose_variants ... ok
[INFO] [stdout] test utils::logging::tests::test_validate_level ... ok
[INFO] [stdout] test utils::status::tests::test_completion_tracking ... ok
[INFO] [stdout] test utils::error::tests::test_error_severity ... ok
[INFO] [stdout] test utils::logging::tests::test_create_env_filter ... ok
[INFO] [stdout] test utils::logging::tests::test_log_config_case_insensitive ... ok
[INFO] [stdout] test core::schema::tests::test_find_schema_in_target_multiple_profiles ... ok
[INFO] [stdout] test core::schema::tests::test_merge_schema_files ... ok
[INFO] [stdout] test utils::status::tests::test_hover_tracking ... ok
[INFO] [stdout] test utils::status::tests::test_error_tracking ... ok
[INFO] [stdout] test utils::status::tests::test_metrics_format ... ok
[INFO] [stdout] test scanner::job::tests::test_job_scanner_new ... ok
[INFO] [stdout] test utils::status::tests::test_document_count ... ok
[INFO] [stdout] test utils::status::tests::test_request_tracking ... ok
[INFO] [stdout] test utils::status::tests::test_server_status_creation ... ok
[INFO] [stdout] test core::schema::tests::test_load_real_schema ... FAILED
[INFO] [stdout] test utils::status::tests::test_reset ... ok
[INFO] [stdout] test utils::status::tests::test_zero_division_safety ... ok
[INFO] [stdout] test scanner::plugin::tests::test_plugin_scanner_new ... ok
[INFO] [stdout] test utils::status::tests::test_diagnostic_tracking ... ok
[INFO] [stdout] test utils::error::tests::test_error_helper_functions ... ok
[INFO] [stdout] test protocol::server::tests::test_document_change ... ok
[INFO] [stdout] test protocol::server::tests::test_initialize_response ... ok
[INFO] [stdout] test protocol::server::tests::test_document_close ... ok
[INFO] [stdout] test protocol::server::tests::test_document_open ... ok
[INFO] [stdout] test protocol::server::tests::test_server_state_transitions ... ok
[INFO] [stdout] test protocol::server::tests::test_error_recovery ... ok
[INFO] [stdout] test utils::status::tests::test_concurrent_updates ... ok
[INFO] [stdout] test utils::status::tests::test_uptime ... ok
[INFO] [stdout] test utils::status::tests::test_requests_per_second ... ok
[INFO] [stdout] 
[INFO] [stdout] failures:
[INFO] [stdout] 
[INFO] [stdout] ---- core::schema::tests::test_load_real_schema stdout ----
[INFO] [stdout] 
[INFO] [stdout] thread 'core::schema::tests::test_load_real_schema' (3056) panicked at src/core/schema.rs:825:9:
[INFO] [stdout] Should have logger plugin
[INFO] [stdout] stack backtrace:
[INFO] [stdout]    0:     0x60231de717e1 - <<std[617be2ca0a6fd877]::sys::backtrace::BacktraceLock>::print::DisplayBacktrace as core[a373ad73a504971]::fmt::Display>::fmt
[INFO] [stdout]    1:     0x60231de8a57a - core[a373ad73a504971]::fmt::write
[INFO] [stdout]    2:     0x60231de76b2c - <alloc[2e1b2a31b91974c5]::vec::Vec<u8> as core[a373ad73a504971]::io::write::Write>::write_fmt
[INFO] [stdout]    3:     0x60231de49c76 - std[617be2ca0a6fd877]::panicking::default_hook::{closure#0}
[INFO] [stdout]    4:     0x60231de68489 - std[617be2ca0a6fd877]::panicking::default_hook
[INFO] [stdout]    5:     0x60231dbd8e70 - test[aada8e7e76ba119b]::test_main_inner::{closure#0}
[INFO] [stdout]    6:     0x60231de687b2 - std[617be2ca0a6fd877]::panicking::panic_with_hook
[INFO] [stdout]    7:     0x60231de49d54 - std[617be2ca0a6fd877]::panicking::panic_handler::{closure#0}
[INFO] [stdout]    8:     0x60231de41ee9 - std[617be2ca0a6fd877]::sys::backtrace::__rust_end_short_backtrace::<std[617be2ca0a6fd877]::panicking::panic_handler::{closure#0}, !>
[INFO] [stdout]    9:     0x60231de4ae4d - __rustc[ea4f61d10b84890b]::rust_begin_unwind
[INFO] [stdout]   10:     0x60231de8ad5c - core[a373ad73a504971]::panicking::panic_fmt
[INFO] [stdout]   11:     0x60231d9bfdcb - summer_lsp[a011e0aa6a05825]::core::schema::tests::test_load_real_schema::{closure#0}
[INFO] [stdout]   12:     0x60231d9c126d - <summer_lsp[a011e0aa6a05825]::core::schema::tests::test_load_real_schema::{closure#0} as core[a373ad73a504971]::ops::function::FnOnce<()>>::call_once
[INFO] [stdout]   13:     0x60231dbcc2bb - test[aada8e7e76ba119b]::__rust_begin_short_backtrace::<core[a373ad73a504971]::result::Result<(), alloc[2e1b2a31b91974c5]::string::String>, fn() -> core[a373ad73a504971]::result::Result<(), alloc[2e1b2a31b91974c5]::string::String>>
[INFO] [stdout]   14:     0x60231dbd9495 - test[aada8e7e76ba119b]::run_test::{closure#0}
[INFO] [stdout]   15:     0x60231dbd2d84 - std[617be2ca0a6fd877]::sys::backtrace::__rust_begin_short_backtrace::<test[aada8e7e76ba119b]::run_test::{closure#1}, ()>
[INFO] [stdout]   16:     0x60231dbdc522 - <std[617be2ca0a6fd877]::thread::lifecycle::spawn_unchecked<test[aada8e7e76ba119b]::run_test::{closure#1}, ()>::{closure#1} as core[a373ad73a504971]::ops::function::FnOnce<()>>::call_once::{shim:vtable#0}
[INFO] [stdout]   17:     0x60231de7074f - <std[617be2ca0a6fd877]::sys::thread::unix::Thread>::new::thread_start
[INFO] [stdout]   18:     0x7c2e4452bdfa - <unknown>
[INFO] [stdout]   19:     0x7c2e445bf3d4 - clone
[INFO] [stdout]   20:                0x0 - <unknown>
[INFO] [stdout] 
[INFO] [stdout] 
[INFO] [stdout] failures:
[INFO] [stdout]     core::schema::tests::test_load_real_schema
[INFO] [stdout] 
[INFO] [stdout] test result: FAILED. 249 passed; 1 failed; 0 ignored; 0 measured; 0 filtered out; finished in 1.13s
[INFO] [stdout] 
[INFO] [stderr] error: test failed, to rerun pass `--lib`
[INFO] running `Command { std: "docker" "inspect" "fcd9d70a069d04c6e126732513f6969903ff19868a1cf9e5765bcbbf8bbe079b", kill_on_drop: false }`
[INFO] running `Command { std: "docker" "rm" "-f" "fcd9d70a069d04c6e126732513f6969903ff19868a1cf9e5765bcbbf8bbe079b", kill_on_drop: false }`
[INFO] [stdout] fcd9d70a069d04c6e126732513f6969903ff19868a1cf9e5765bcbbf8bbe079b
