[INFO] fetching crate suika_templates 0.1.6...
[INFO] testing suika_templates-0.1.6 against 1.99.0-beta.8+cargoflags=--release for beta-release-1.100-2
[INFO] extracting crate suika_templates 0.1.6 into /workspace/builds/worker-5-tc1/source
[INFO] started tweaking crates.io crate suika_templates 0.1.6
[INFO] finished tweaking crates.io crate suika_templates 0.1.6
[INFO] tweaked toml for crates.io crate suika_templates 0.1.6 written to /workspace/builds/worker-5-tc1/source/Cargo.toml
[INFO] validating manifest of crates.io crate suika_templates 0.1.6 on toolchain 1.99.0-beta.8
[INFO] running `Command { std: CARGO_HOME="/workspace/cargo-home" RUSTUP_HOME="/workspace/rustup-home" "/workspace/cargo-home/bin/cargo" "+1.99.0-beta.8" "metadata" "--manifest-path" "Cargo.toml" "--no-deps", kill_on_drop: false }`
[INFO] crate crates.io crate suika_templates 0.1.6 already has a lockfile, it will not be regenerated
[INFO] running `Command { std: CARGO_HOME="/workspace/cargo-home" RUSTUP_HOME="/workspace/rustup-home" "/workspace/cargo-home/bin/cargo" "+1.99.0-beta.8" "fetch" "--manifest-path" "Cargo.toml", kill_on_drop: false }`
[INFO] [stderr]     Updating crates.io index
[INFO] [stderr]  Downloading crates ...
[INFO] [stderr]   Downloaded suika_utils v0.1.2
[INFO] [stderr]   Downloaded suika_json v0.1.5
[INFO] [stderr]   Downloaded glob v0.3.2
[INFO] running `Command { std: "docker" "create" "-v" "/var/lib/crater-agent-workspace/builds/worker-5-tc1/source:/opt/rustwide/workdir:ro,Z" "-v" "/var/lib/crater-agent-workspace/builds/worker-5-tc1/target:/opt/rustwide/target:rw,Z" "-v" "/var/lib/crater-agent-workspace/cargo-home:/opt/rustwide/cargo-home:ro,Z" "-v" "/var/lib/crater-agent-workspace/rustup-home:/opt/rustwide/rustup-home:ro,Z" "-m" "1610612736" "--network" "none" "ghcr.io/rust-lang/crates-build-env/linux@sha256:77db811e55d90add9212f6832c23229e3de5f1c1f9905e8cb07319ea15df73ac" "sleep" "infinity", kill_on_drop: false }`
[INFO] [stdout] 68a8a2ec2fb2fe0638d220f920c70ae98c9239e74cd18c75ca36af084820875d
[INFO] running `Command { std: "docker" "start" "68a8a2ec2fb2fe0638d220f920c70ae98c9239e74cd18c75ca36af084820875d", kill_on_drop: false }`
[INFO] running `Command { std: "docker" "inspect" "68a8a2ec2fb2fe0638d220f920c70ae98c9239e74cd18c75ca36af084820875d", kill_on_drop: false }`
[INFO] running `Command { std: "docker" "exec" "-e" "SOURCE_DIR=/opt/rustwide/workdir" "-e" "CARGO_HOME=/opt/rustwide/cargo-home" "-e" "RUSTUP_HOME=/opt/rustwide/rustup-home" "-e" "CARGO_TARGET_DIR=/opt/rustwide/target" "-w" "/opt/rustwide/workdir" "--user" "0:0" "68a8a2ec2fb2fe0638d220f920c70ae98c9239e74cd18c75ca36af084820875d" "/opt/rustwide/cargo-home/bin/cargo" "+1.99.0-beta.8" "metadata" "--no-deps" "--format-version=1", kill_on_drop: false }`
[INFO] running `Command { std: "docker" "inspect" "68a8a2ec2fb2fe0638d220f920c70ae98c9239e74cd18c75ca36af084820875d", kill_on_drop: false }`
[INFO] running `Command { std: "docker" "exec" "-e" "SOURCE_DIR=/opt/rustwide/workdir" "-e" "CARGO_HOME=/opt/rustwide/cargo-home" "-e" "RUSTUP_HOME=/opt/rustwide/rustup-home" "-e" "CARGO_TARGET_DIR=/opt/rustwide/target" "-e" "CARGO_INCREMENTAL=0" "-e" "RUST_BACKTRACE=full" "-e" "RUSTFLAGS=--cap-lints=warn" "-e" "RUSTDOCFLAGS=--cap-lints=warn" "-w" "/opt/rustwide/workdir" "--user" "0:0" "68a8a2ec2fb2fe0638d220f920c70ae98c9239e74cd18c75ca36af084820875d" "/opt/rustwide/cargo-home/bin/cargo" "+1.99.0-beta.8" "build" "--frozen" "--message-format=json" "--release", kill_on_drop: false }`
[INFO] [stderr]    Compiling suika_utils v0.1.2
[INFO] [stderr]    Compiling glob v0.3.2
[INFO] [stderr]    Compiling suika_json v0.1.5
[INFO] [stderr]    Compiling suika_templates v0.1.6 (/opt/rustwide/workdir)
[INFO] [stdout] warning: hiding a lifetime that's elided elsewhere is confusing
[INFO] [stdout]    --> src/context.rs:146:17
[INFO] [stdout]     |
[INFO] [stdout] 146 |     pub fn iter(&self) -> std::collections::hash_map::Iter<String, JsonValue> {
[INFO] [stdout]     |                 ^^^^^     ^^^^^^^^^^^^^^^^^^^^^^^^^^^^^^^^^^^^^^^^^^^^^^^^^^^ the same lifetime is hidden here
[INFO] [stdout]     |                 |
[INFO] [stdout]     |                 the lifetime is elided here
[INFO] [stdout]     |
[INFO] [stdout]     = help: the same lifetime is referred to in inconsistent ways, making the signature confusing
[INFO] [stdout]     = note: `#[warn(mismatched_lifetime_syntaxes)]` on by default
[INFO] [stdout] help: use `'_` for type paths
[INFO] [stdout]     |
[INFO] [stdout] 146 |     pub fn iter(&self) -> std::collections::hash_map::Iter<'_, String, JsonValue> {
[INFO] [stdout]     |                                                            +++
[INFO] [stdout] 
[INFO] [stdout] 
[INFO] [stderr]     Finished `release` profile [optimized] target(s) in 1.89s
[INFO] running `Command { std: "docker" "inspect" "68a8a2ec2fb2fe0638d220f920c70ae98c9239e74cd18c75ca36af084820875d", kill_on_drop: false }`
[INFO] running `Command { std: "docker" "exec" "-e" "SOURCE_DIR=/opt/rustwide/workdir" "-e" "CARGO_HOME=/opt/rustwide/cargo-home" "-e" "RUSTUP_HOME=/opt/rustwide/rustup-home" "-e" "CARGO_TARGET_DIR=/opt/rustwide/target" "-e" "CARGO_INCREMENTAL=0" "-e" "RUST_BACKTRACE=full" "-e" "RUSTFLAGS=--cap-lints=warn" "-e" "RUSTDOCFLAGS=--cap-lints=warn" "-w" "/opt/rustwide/workdir" "--user" "0:0" "68a8a2ec2fb2fe0638d220f920c70ae98c9239e74cd18c75ca36af084820875d" "/opt/rustwide/cargo-home/bin/cargo" "+1.99.0-beta.8" "test" "--frozen" "--no-run" "--message-format=json" "--release", kill_on_drop: false }`
[INFO] [stderr]    Compiling suika_templates v0.1.6 (/opt/rustwide/workdir)
[INFO] [stdout] warning: hiding a lifetime that's elided elsewhere is confusing
[INFO] [stdout]    --> src/context.rs:146:17
[INFO] [stdout]     |
[INFO] [stdout] 146 |     pub fn iter(&self) -> std::collections::hash_map::Iter<String, JsonValue> {
[INFO] [stdout]     |                 ^^^^^     ^^^^^^^^^^^^^^^^^^^^^^^^^^^^^^^^^^^^^^^^^^^^^^^^^^^ the same lifetime is hidden here
[INFO] [stdout]     |                 |
[INFO] [stdout]     |                 the lifetime is elided here
[INFO] [stdout]     |
[INFO] [stdout]     = help: the same lifetime is referred to in inconsistent ways, making the signature confusing
[INFO] [stdout]     = note: `#[warn(mismatched_lifetime_syntaxes)]` on by default
[INFO] [stdout] help: use `'_` for type paths
[INFO] [stdout]     |
[INFO] [stdout] 146 |     pub fn iter(&self) -> std::collections::hash_map::Iter<'_, String, JsonValue> {
[INFO] [stdout]     |                                                            +++
[INFO] [stdout] 
[INFO] [stdout] 
[INFO] [stdout] warning: hiding a lifetime that's elided elsewhere is confusing
[INFO] [stdout]    --> src/context.rs:146:17
[INFO] [stdout]     |
[INFO] [stdout] 146 |     pub fn iter(&self) -> std::collections::hash_map::Iter<String, JsonValue> {
[INFO] [stdout]     |                 ^^^^^     ^^^^^^^^^^^^^^^^^^^^^^^^^^^^^^^^^^^^^^^^^^^^^^^^^^^ the same lifetime is hidden here
[INFO] [stdout]     |                 |
[INFO] [stdout]     |                 the lifetime is elided here
[INFO] [stdout]     |
[INFO] [stdout]     = help: the same lifetime is referred to in inconsistent ways, making the signature confusing
[INFO] [stdout]     = note: `#[warn(mismatched_lifetime_syntaxes)]` on by default
[INFO] [stdout] help: use `'_` for type paths
[INFO] [stdout]     |
[INFO] [stdout] 146 |     pub fn iter(&self) -> std::collections::hash_map::Iter<'_, String, JsonValue> {
[INFO] [stdout]     |                                                            +++
[INFO] [stdout] 
[INFO] [stdout] 
[INFO] [stderr]     Finished `release` profile [optimized] target(s) in 1.84s
[INFO] running `Command { std: "docker" "inspect" "68a8a2ec2fb2fe0638d220f920c70ae98c9239e74cd18c75ca36af084820875d", kill_on_drop: false }`
[INFO] running `Command { std: "docker" "exec" "-e" "SOURCE_DIR=/opt/rustwide/workdir" "-e" "CARGO_HOME=/opt/rustwide/cargo-home" "-e" "RUSTUP_HOME=/opt/rustwide/rustup-home" "-e" "CARGO_TARGET_DIR=/opt/rustwide/target" "-e" "CARGO_INCREMENTAL=0" "-e" "RUST_BACKTRACE=full" "-e" "RUSTFLAGS=--cap-lints=warn" "-e" "RUSTDOCFLAGS=--cap-lints=warn" "-w" "/opt/rustwide/workdir" "--user" "0:0" "68a8a2ec2fb2fe0638d220f920c70ae98c9239e74cd18c75ca36af084820875d" "/opt/rustwide/cargo-home/bin/cargo" "+1.99.0-beta.8" "test" "--frozen" "--release", kill_on_drop: false }`
[INFO] [stderr] warning: hiding a lifetime that's elided elsewhere is confusing
[INFO] [stderr]    --> src/context.rs:146:17
[INFO] [stderr]     |
[INFO] [stderr] 146 |     pub fn iter(&self) -> std::collections::hash_map::Iter<String, JsonValue> {
[INFO] [stderr]     |                 ^^^^^     ^^^^^^^^^^^^^^^^^^^^^^^^^^^^^^^^^^^^^^^^^^^^^^^^^^^ the same lifetime is hidden here
[INFO] [stderr]     |                 |
[INFO] [stderr]     |                 the lifetime is elided here
[INFO] [stderr]     |
[INFO] [stderr]     = help: the same lifetime is referred to in inconsistent ways, making the signature confusing
[INFO] [stderr]     = note: `#[warn(mismatched_lifetime_syntaxes)]` on by default
[INFO] [stderr] help: use `'_` for type paths
[INFO] [stderr]     |
[INFO] [stderr] 146 |     pub fn iter(&self) -> std::collections::hash_map::Iter<'_, String, JsonValue> {
[INFO] [stderr]     |                                                            +++
[INFO] [stderr] 
[INFO] [stderr] warning: `suika_templates` (lib) generated 1 warning (run `cargo fix --lib -p suika_templates` to apply 1 suggestion)
[INFO] [stderr] warning: `suika_templates` (lib test) generated 1 warning (1 duplicate)
[INFO] [stderr]     Finished `release` profile [optimized] target(s) in 0.02s
[INFO] [stderr]      Running unittests src/lib.rs (/opt/rustwide/target/release/deps/suika_templates-af2ea7486d56fee9)
[INFO] [stdout] 
[INFO] [stdout] running 52 tests
[INFO] [stdout] test context::tests::test_insert_complex_types ... ok
[INFO] [stdout] test context::tests::test_new ... ok
[INFO] [stdout] test parser::tests::test_parse_comment ... ok
[INFO] [stdout] test parser::tests::test_parse_for ... ok
[INFO] [stdout] test filters::tests::test_first_last_filters ... ok
[INFO] [stdout] test filters::tests::test_register_filter ... ok
[INFO] [stdout] test filters::tests::test_string_filters ... ok
[INFO] [stdout] test filters::tests::test_json_encode_filter ... ok
[INFO] [stdout] test parser::tests::test_parse_extend ... ok
[INFO] [stdout] test filters::tests::test_register_number_filter ... ok
[INFO] [stdout] test parser::tests::test_parse_block ... ok
[INFO] [stdout] test parser::tests::test_parse_break_continue ... ok
[INFO] [stdout] test parser::tests::test_parse_if ... ok
[INFO] [stdout] test parser::tests::test_parse_if_else ... ok
[INFO] [stdout] test filters::tests::test_length_filter ... ok
[INFO] [stdout] test context::tests::test_get_nonexistent_key ... ok
[INFO] [stdout] test context::tests::test_insert_and_get ... ok
[INFO] [stdout] test context::tests::test_insert_overwrite ... ok
[INFO] [stdout] test filters::tests::test_join_filter ... ok
[INFO] [stdout] test parser::tests::test_parse_include ... ok
[INFO] [stdout] test parser::tests::test_parse_variable ... ok
[INFO] [stdout] test parser::tests::test_parse_text ... ok
[INFO] [stdout] test parser::tests::test_parse_variable_with_filter_and_whitespace ... ok
[INFO] [stdout] test parser::tests::test_parse_variable_with_multiple_filters ... ok
[INFO] [stdout] test template_engine::tests::test_load_templates_from_directory ... FAILED
[INFO] [stdout] test template_engine::tests::test_load_templates_from_invalid_directory ... FAILED
[INFO] [stdout] test parser::tests::test_parse_variable_with_single_filter ... ok
[INFO] [stdout] test template_engine::tests::test_macro_with_context ... ok
[INFO] [stdout] test template_engine::tests::test_render_conditional_false ... ok
[INFO] [stdout] test template_engine::tests::test_load_templates_from_nonexistent_directory ... ok
[INFO] [stdout] test template_engine::tests::test_render_conditional_true ... ok
[INFO] [stdout] test template_engine::tests::test_render_for_loop ... ok
[INFO] [stdout] test template_engine::tests::test_render_if_else_true ... ok
[INFO] [stdout] test template_engine::tests::test_render_if_else_false ... ok
[INFO] [stdout] test template_engine::tests::test_render_extend ... ok
[INFO] [stdout] test template_engine::tests::test_render_loop_with_break ... ok
[INFO] [stdout] test template_engine::tests::test_render_include ... ok
[INFO] [stdout] test template_engine::tests::test_render_loop_with_continue ... ok
[INFO] [stdout] test template_engine::tests::test_render_macro ... ok
[INFO] [stdout] test template_engine::tests::test_render_template_with_object ... ok
[INFO] [stdout] test template_engine::tests::test_render_template_with_script ... ok
[INFO] [stdout] test template_engine::tests::test_render_struct ... ok
[INFO] [stderr] error: test failed, to rerun pass `--lib`
[INFO] [stdout] test template_engine::tests::test_render_variable ... ok
[INFO] [stdout] test template_engine::tests::test_render_template_with_script_and_loop ... ok
[INFO] [stdout] test template_engine::tests::test_render_with_is_defined ... ok
[INFO] [stdout] test template_engine::tests::test_render_with_is_empty ... ok
[INFO] [stdout] test template_engine::tests::test_render_with_length_filter ... ok
[INFO] [stdout] test template_engine::tests::test_render_with_comment ... ok
[INFO] [stdout] test template_engine::tests::test_render_with_multiple_filters ... ok
[INFO] [stdout] test template_engine::tests::test_render_with_odd_even ... ok
[INFO] [stdout] test template_engine::tests::test_render_with_upper_filter ... ok
[INFO] [stdout] test template_token::tests::test_template_token_display ... ok
[INFO] [stdout] 
[INFO] [stdout] failures:
[INFO] [stdout] 
[INFO] [stdout] ---- template_engine::tests::test_load_templates_from_directory stdout ----
[INFO] [stdout] 
[INFO] [stdout] thread 'template_engine::tests::test_load_templates_from_directory' (242) panicked at src/template_engine.rs:882:56:
[INFO] [stdout] Failed to create temp directory: Os { code: 30, kind: ReadOnlyFilesystem, message: "Read-only file system" }
[INFO] [stdout] stack backtrace:
[INFO] [stdout]    0:     0x6020ab3240c1 - <<std[70759c8f55707aa4]::sys::backtrace::BacktraceLock>::print::DisplayBacktrace as core[df12db4294e9bfd3]::fmt::Display>::fmt
[INFO] [stdout]    1:     0x6020ab33a28a - core[df12db4294e9bfd3]::fmt::write
[INFO] [stdout]    2:     0x6020ab32884c - <alloc[2182bb758b4b3781]::vec::Vec<u8> as core[df12db4294e9bfd3]::io::write::Write>::write_fmt
[INFO] [stdout]    3:     0x6020ab2fe886 - std[70759c8f55707aa4]::panicking::default_hook::{closure#0}
[INFO] [stdout]    4:     0x6020ab31b979 - std[70759c8f55707aa4]::panicking::default_hook
[INFO] [stdout]    5:     0x6020ab2ac330 - test[9d35eded1c95d3be]::test_main_inner::<test[9d35eded1c95d3be]::test_main_static::{closure#0}>::{closure#0}
[INFO] [stdout]    6:     0x6020ab31bb32 - std[70759c8f55707aa4]::panicking::panic_with_hook
[INFO] [stdout]    7:     0x6020ab2fe932 - std[70759c8f55707aa4]::panicking::panic_handler::{closure#0}
[INFO] [stdout]    8:     0x6020ab2f7369 - std[70759c8f55707aa4]::sys::backtrace::__rust_end_short_backtrace::<std[70759c8f55707aa4]::panicking::panic_handler::{closure#0}, !>
[INFO] [stdout]    9:     0x6020ab2ff52d - __rustc[8fa7c3cbc660c2b3]::rust_begin_unwind
[INFO] [stdout]   10:     0x6020ab33a9bc - core[df12db4294e9bfd3]::panicking::panic_fmt
[INFO] [stdout]   11:     0x6020ab33a792 - core[df12db4294e9bfd3]::result::unwrap_failed
[INFO] [stdout]   12:     0x6020ab29ea10 - suika_templates[ce696dcd448db93e]::template_engine::tests::test_load_templates_from_directory
[INFO] [stdout]   13:     0x6020ab297789 - <suika_templates[ce696dcd448db93e]::template_engine::tests::test_load_templates_from_directory::{closure#0} as core[df12db4294e9bfd3]::ops::function::FnOnce<()>>::call_once
[INFO] [stdout]   14:     0x6020ab29f61b - test[9d35eded1c95d3be]::__rust_begin_short_backtrace::<core[df12db4294e9bfd3]::result::Result<(), alloc[2182bb758b4b3781]::string::String>, fn() -> core[df12db4294e9bfd3]::result::Result<(), alloc[2182bb758b4b3781]::string::String>>
[INFO] [stdout]   15:     0x6020ab2acc85 - test[9d35eded1c95d3be]::run_test::{closure#0}
[INFO] [stdout]   16:     0x6020ab2a6544 - std[70759c8f55707aa4]::sys::backtrace::__rust_begin_short_backtrace::<test[9d35eded1c95d3be]::run_test::{closure#1}, ()>
[INFO] [stdout]   17:     0x6020ab2afde2 - <std[70759c8f55707aa4]::thread::lifecycle::spawn_unchecked<test[9d35eded1c95d3be]::run_test::{closure#1}, ()>::{closure#1} as core[df12db4294e9bfd3]::ops::function::FnOnce<()>>::call_once::{shim:vtable#0}
[INFO] [stdout]   18:     0x6020ab323629 - <std[70759c8f55707aa4]::sys::thread::unix::Thread>::new::thread_start
[INFO] [stdout]   19:     0x729900b93dfa - <unknown>
[INFO] [stdout]   20:     0x729900c273d4 - clone
[INFO] [stdout]   21:                0x0 - <unknown>
[INFO] [stdout] 
[INFO] [stdout] ---- template_engine::tests::test_load_templates_from_invalid_directory stdout ----
[INFO] [stdout] 
[INFO] [stdout] thread 'template_engine::tests::test_load_templates_from_invalid_directory' (243) panicked at src/template_engine.rs:935:48:
[INFO] [stdout] Failed to create file: Os { code: 30, kind: ReadOnlyFilesystem, message: "Read-only file system" }
[INFO] [stdout] stack backtrace:
[INFO] [stdout]    0:     0x6020ab3240c1 - <<std[70759c8f55707aa4]::sys::backtrace::BacktraceLock>::print::DisplayBacktrace as core[df12db4294e9bfd3]::fmt::Display>::fmt
[INFO] [stdout]    1:     0x6020ab33a28a - core[df12db4294e9bfd3]::fmt::write
[INFO] [stdout]    2:     0x6020ab32884c - <alloc[2182bb758b4b3781]::vec::Vec<u8> as core[df12db4294e9bfd3]::io::write::Write>::write_fmt
[INFO] [stdout]    3:     0x6020ab2fe886 - std[70759c8f55707aa4]::panicking::default_hook::{closure#0}
[INFO] [stdout]    4:     0x6020ab31b979 - std[70759c8f55707aa4]::panicking::default_hook
[INFO] [stdout]    5:     0x6020ab2ac330 - test[9d35eded1c95d3be]::test_main_inner::<test[9d35eded1c95d3be]::test_main_static::{closure#0}>::{closure#0}
[INFO] [stdout]    6:     0x6020ab31bb32 - std[70759c8f55707aa4]::panicking::panic_with_hook
[INFO] [stdout]    7:     0x6020ab2fe932 - std[70759c8f55707aa4]::panicking::panic_handler::{closure#0}
[INFO] [stdout]    8:     0x6020ab2f7369 - std[70759c8f55707aa4]::sys::backtrace::__rust_end_short_backtrace::<std[70759c8f55707aa4]::panicking::panic_handler::{closure#0}, !>
[INFO] [stdout]    9:     0x6020ab2ff52d - __rustc[8fa7c3cbc660c2b3]::rust_begin_unwind
[INFO] [stdout]   10:     0x6020ab33a9bc - core[df12db4294e9bfd3]::panicking::panic_fmt
[INFO] [stdout]   11:     0x6020ab33a792 - core[df12db4294e9bfd3]::result::unwrap_failed
[INFO] [stdout]   12:     0x6020ab29f41b - suika_templates[ce696dcd448db93e]::template_engine::tests::test_load_templates_from_invalid_directory
[INFO] [stdout]   13:     0x6020ab2977c9 - <suika_templates[ce696dcd448db93e]::template_engine::tests::test_load_templates_from_invalid_directory::{closure#0} as core[df12db4294e9bfd3]::ops::function::FnOnce<()>>::call_once
[INFO] [stdout]   14:     0x6020ab29f61b - test[9d35eded1c95d3be]::__rust_begin_short_backtrace::<core[df12db4294e9bfd3]::result::Result<(), alloc[2182bb758b4b3781]::string::String>, fn() -> core[df12db4294e9bfd3]::result::Result<(), alloc[2182bb758b4b3781]::string::String>>
[INFO] [stdout]   15:     0x6020ab2acc85 - test[9d35eded1c95d3be]::run_test::{closure#0}
[INFO] [stdout]   16:     0x6020ab2a6544 - std[70759c8f55707aa4]::sys::backtrace::__rust_begin_short_backtrace::<test[9d35eded1c95d3be]::run_test::{closure#1}, ()>
[INFO] [stdout]   17:     0x6020ab2afde2 - <std[70759c8f55707aa4]::thread::lifecycle::spawn_unchecked<test[9d35eded1c95d3be]::run_test::{closure#1}, ()>::{closure#1} as core[df12db4294e9bfd3]::ops::function::FnOnce<()>>::call_once::{shim:vtable#0}
[INFO] [stdout]   18:     0x6020ab323629 - <std[70759c8f55707aa4]::sys::thread::unix::Thread>::new::thread_start
[INFO] [stdout]   19:     0x729900b93dfa - <unknown>
[INFO] [stdout]   20:     0x729900c273d4 - clone
[INFO] [stdout]   21:                0x0 - <unknown>
[INFO] [stdout] 
[INFO] [stdout] 
[INFO] [stdout] failures:
[INFO] [stdout]     template_engine::tests::test_load_templates_from_directory
[INFO] [stdout]     template_engine::tests::test_load_templates_from_invalid_directory
[INFO] [stdout] 
[INFO] [stdout] test result: FAILED. 50 passed; 2 failed; 0 ignored; 0 measured; 0 filtered out; finished in 0.04s
[INFO] [stdout] 
[INFO] running `Command { std: "docker" "inspect" "68a8a2ec2fb2fe0638d220f920c70ae98c9239e74cd18c75ca36af084820875d", kill_on_drop: false }`
[INFO] running `Command { std: "docker" "rm" "-f" "68a8a2ec2fb2fe0638d220f920c70ae98c9239e74cd18c75ca36af084820875d", kill_on_drop: false }`
[INFO] [stdout] 68a8a2ec2fb2fe0638d220f920c70ae98c9239e74cd18c75ca36af084820875d
