[INFO] fetching crate sui-graphql-client 0.0.7...
[INFO] testing sui-graphql-client-0.0.7 against 1.99.0-beta.8+cargoflags=--release for beta-release-1.100-2
[INFO] extracting crate sui-graphql-client 0.0.7 into /workspace/builds/worker-4-tc1/source
[INFO] started tweaking crates.io crate sui-graphql-client 0.0.7
[INFO] removed 0 missing examples
[INFO] finished tweaking crates.io crate sui-graphql-client 0.0.7
[INFO] tweaked toml for crates.io crate sui-graphql-client 0.0.7 written to /workspace/builds/worker-4-tc1/source/Cargo.toml
[INFO] validating manifest of crates.io crate sui-graphql-client 0.0.7 on toolchain 1.99.0-beta.8
[INFO] running `Command { std: CARGO_HOME="/workspace/cargo-home" RUSTUP_HOME="/workspace/rustup-home" "/workspace/cargo-home/bin/cargo" "+1.99.0-beta.8" "metadata" "--manifest-path" "Cargo.toml" "--no-deps", kill_on_drop: false }`
[INFO] crate crates.io crate sui-graphql-client 0.0.7 already has a lockfile, it will not be regenerated
[INFO] running `Command { std: CARGO_HOME="/workspace/cargo-home" RUSTUP_HOME="/workspace/rustup-home" "/workspace/cargo-home/bin/cargo" "+1.99.0-beta.8" "fetch" "--manifest-path" "Cargo.toml", kill_on_drop: false }`
[INFO] [stderr]     Updating crates.io index
[INFO] [stderr]  Downloading crates ...
[INFO] [stderr]   Downloaded sui-graphql-client-build v0.0.7
[INFO] [stderr]   Downloaded quinn-udp v0.5.13
[INFO] [stderr]   Downloaded cynic-proc-macros v3.11.0
[INFO] [stderr]   Downloaded cynic v3.11.0
[INFO] [stderr]   Downloaded cynic-codegen v3.11.0
[INFO] [stderr]   Downloaded quinn v0.11.8
[INFO] [stderr]   Downloaded serde_with v3.13.0
[INFO] [stderr]   Downloaded quinn-proto v0.11.12
[INFO] [stderr]   Downloaded webpki-roots v1.0.1
[INFO] [stderr]   Downloaded cynic-parser v0.9.1
[INFO] [stderr]   Downloaded sui-sdk-types v0.0.7
[INFO] running `Command { std: "docker" "create" "-v" "/var/lib/crater-agent-workspace/builds/worker-4-tc1/source:/opt/rustwide/workdir:ro,Z" "-v" "/var/lib/crater-agent-workspace/builds/worker-4-tc1/target:/opt/rustwide/target:rw,Z" "-v" "/var/lib/crater-agent-workspace/cargo-home:/opt/rustwide/cargo-home:ro,Z" "-v" "/var/lib/crater-agent-workspace/rustup-home:/opt/rustwide/rustup-home:ro,Z" "-m" "1610612736" "--network" "none" "ghcr.io/rust-lang/crates-build-env/linux@sha256:77db811e55d90add9212f6832c23229e3de5f1c1f9905e8cb07319ea15df73ac" "sleep" "infinity", kill_on_drop: false }`
[INFO] [stdout] 1155f773b140d3037d66f0bc5eb2007554260b43853df5af578cd4709d1e07e3
[INFO] running `Command { std: "docker" "start" "1155f773b140d3037d66f0bc5eb2007554260b43853df5af578cd4709d1e07e3", kill_on_drop: false }`
[INFO] running `Command { std: "docker" "inspect" "1155f773b140d3037d66f0bc5eb2007554260b43853df5af578cd4709d1e07e3", kill_on_drop: false }`
[INFO] running `Command { std: "docker" "exec" "-e" "SOURCE_DIR=/opt/rustwide/workdir" "-e" "CARGO_HOME=/opt/rustwide/cargo-home" "-e" "RUSTUP_HOME=/opt/rustwide/rustup-home" "-e" "CARGO_TARGET_DIR=/opt/rustwide/target" "-w" "/opt/rustwide/workdir" "--user" "0:0" "1155f773b140d3037d66f0bc5eb2007554260b43853df5af578cd4709d1e07e3" "/opt/rustwide/cargo-home/bin/cargo" "+1.99.0-beta.8" "metadata" "--no-deps" "--format-version=1", kill_on_drop: false }`
[INFO] running `Command { std: "docker" "inspect" "1155f773b140d3037d66f0bc5eb2007554260b43853df5af578cd4709d1e07e3", kill_on_drop: false }`
[INFO] running `Command { std: "docker" "exec" "-e" "SOURCE_DIR=/opt/rustwide/workdir" "-e" "CARGO_HOME=/opt/rustwide/cargo-home" "-e" "RUSTUP_HOME=/opt/rustwide/rustup-home" "-e" "CARGO_TARGET_DIR=/opt/rustwide/target" "-e" "CARGO_INCREMENTAL=0" "-e" "RUST_BACKTRACE=full" "-e" "RUSTFLAGS=--cap-lints=warn" "-e" "RUSTDOCFLAGS=--cap-lints=warn" "-w" "/opt/rustwide/workdir" "--user" "0:0" "1155f773b140d3037d66f0bc5eb2007554260b43853df5af578cd4709d1e07e3" "/opt/rustwide/cargo-home/bin/cargo" "+1.99.0-beta.8" "build" "--frozen" "--message-format=json" "--release", kill_on_drop: false }`
[INFO] [stderr]    Compiling syn v2.0.104
[INFO] [stderr]    Compiling beef v0.5.2
[INFO] [stderr]    Compiling proc-macro2-diagnostics v0.10.1
[INFO] [stderr]    Compiling cc v1.2.27
[INFO] [stderr]    Compiling futures-channel v0.3.31
[INFO] [stderr]    Compiling slab v0.4.10
[INFO] [stderr]    Compiling yansi v1.0.1
[INFO] [stderr]    Compiling hashbrown v0.15.4
[INFO] [stderr]    Compiling socket2 v0.6.0
[INFO] [stderr]    Compiling mio v1.0.4
[INFO] [stderr]    Compiling lalrpop-util v0.22.2
[INFO] [stderr]    Compiling aliasable v0.1.3
[INFO] [stderr]    Compiling getrandom v0.2.16
[INFO] [stderr]    Compiling rustls v0.23.31
[INFO] [stderr]    Compiling serde_json v1.0.140
[INFO] [stderr]    Compiling socket2 v0.5.10
[INFO] [stderr]    Compiling ref-cast v1.0.24
[INFO] [stderr]    Compiling webpki-roots v1.0.1
[INFO] [stderr]    Compiling bytemuck v1.23.1
[INFO] [stderr]    Compiling itertools v0.13.0
[INFO] [stderr]    Compiling bytestring v1.4.0
[INFO] [stderr]    Compiling base64ct v1.8.0
[INFO] [stderr]    Compiling iana-time-zone v0.1.63
[INFO] [stderr]    Compiling winnow v0.7.11
[INFO] [stderr]    Compiling bnum v0.12.1
[INFO] [stderr]    Compiling chrono v0.4.41
[INFO] [stderr]    Compiling roaring v0.10.12
[INFO] [stderr]    Compiling tokio v1.47.1
[INFO] [stderr]    Compiling indexmap v2.10.0
[INFO] [stderr]    Compiling ring v0.17.14
[INFO] [stderr]    Compiling synstructure v0.13.2
[INFO] [stderr]    Compiling logos-codegen v0.14.4
[INFO] [stderr]    Compiling darling_core v0.20.11
[INFO] [stderr]    Compiling zerovec-derive v0.11.1
[INFO] [stderr]    Compiling displaydoc v0.2.5
[INFO] [stderr]    Compiling thiserror-impl v1.0.69
[INFO] [stderr]    Compiling futures-macro v0.3.31
[INFO] [stderr]    Compiling serde_derive v1.0.219
[INFO] [stderr]    Compiling ouroboros_macro v0.18.5
[INFO] [stderr]    Compiling tracing-attributes v0.1.30
[INFO] [stderr]    Compiling ref-cast-impl v1.0.24
[INFO] [stderr]    Compiling thiserror-impl v2.0.12
[INFO] [stderr]    Compiling async-stream-impl v0.3.6
[INFO] [stderr]    Compiling async-trait v0.1.88
[INFO] [stderr]    Compiling zerofrom-derive v0.1.6
[INFO] [stderr]    Compiling yoke-derive v0.8.0
[INFO] [stderr]    Compiling async-stream v0.3.6
[INFO] [stderr]    Compiling futures-util v0.3.31
[INFO] [stderr]    Compiling logos-derive v0.14.4
[INFO] [stderr]    Compiling thiserror v1.0.69
[INFO] [stderr]    Compiling logos v0.14.4
[INFO] [stderr]    Compiling zerofrom v0.1.6
[INFO] [stderr]    Compiling cynic-parser v0.9.1
[INFO] [stderr]    Compiling yoke v0.8.0
[INFO] [stderr]    Compiling ouroboros v0.18.5
[INFO] [stderr]    Compiling thiserror v2.0.12
[INFO] [stderr]    Compiling tracing v0.1.41
[INFO] [stderr]    Compiling zerovec v0.11.2
[INFO] [stderr]    Compiling zerotrie v0.2.2
[INFO] [stderr]    Compiling darling_macro v0.20.11
[INFO] [stderr]    Compiling darling v0.20.11
[INFO] [stderr]    Compiling serde v1.0.219
[INFO] [stderr]    Compiling tinystr v0.8.1
[INFO] [stderr]    Compiling potential_utf v0.1.2
[INFO] [stderr]    Compiling icu_collections v2.0.0
[INFO] [stderr]    Compiling icu_locale_core v2.0.0
[INFO] [stderr]    Compiling icu_provider v2.0.0
[INFO] [stderr]    Compiling cynic-codegen v3.11.0
[INFO] [stderr]    Compiling icu_normalizer v2.0.0
[INFO] [stderr]    Compiling icu_properties v2.0.1
[INFO] [stderr]    Compiling hyper v1.6.0
[INFO] [stderr]    Compiling tower v0.5.2
[INFO] [stderr]    Compiling futures-executor v0.3.31
[INFO] [stderr]    Compiling futures v0.3.31
[INFO] [stderr]    Compiling tower-http v0.6.6
[INFO] [stderr]    Compiling idna_adapter v1.2.1
[INFO] [stderr]    Compiling hyper-util v0.1.14
[INFO] [stderr]    Compiling idna v1.0.3
[INFO] [stderr]    Compiling sui-graphql-client-build v0.0.7
[INFO] [stderr]    Compiling bcs v0.1.6
[INFO] [stderr]    Compiling serde_with v3.13.0
[INFO] [stderr]    Compiling serde_urlencoded v0.7.1
[INFO] [stderr]    Compiling url v2.5.4
[INFO] [stderr]    Compiling sui-graphql-client v0.0.7 (/opt/rustwide/workdir)
[INFO] [stderr]    Compiling cynic-proc-macros v3.11.0
[INFO] [stderr]    Compiling cynic v3.11.0
[INFO] [stderr]    Compiling sui-sdk-types v0.0.7
[INFO] [stderr]    Compiling rustls-webpki v0.103.4
[INFO] [stderr]    Compiling tokio-rustls v0.26.2
[INFO] [stderr]    Compiling hyper-rustls v0.27.7
[INFO] [stderr]    Compiling reqwest v0.12.20
[INFO] [stderr]     Finished `release` profile [optimized] target(s) in 1m 42s
[INFO] running `Command { std: "docker" "inspect" "1155f773b140d3037d66f0bc5eb2007554260b43853df5af578cd4709d1e07e3", kill_on_drop: false }`
[INFO] running `Command { std: "docker" "exec" "-e" "SOURCE_DIR=/opt/rustwide/workdir" "-e" "CARGO_HOME=/opt/rustwide/cargo-home" "-e" "RUSTUP_HOME=/opt/rustwide/rustup-home" "-e" "CARGO_TARGET_DIR=/opt/rustwide/target" "-e" "CARGO_INCREMENTAL=0" "-e" "RUST_BACKTRACE=full" "-e" "RUSTFLAGS=--cap-lints=warn" "-e" "RUSTDOCFLAGS=--cap-lints=warn" "-w" "/opt/rustwide/workdir" "--user" "0:0" "1155f773b140d3037d66f0bc5eb2007554260b43853df5af578cd4709d1e07e3" "/opt/rustwide/cargo-home/bin/cargo" "+1.99.0-beta.8" "test" "--frozen" "--no-run" "--message-format=json" "--release", kill_on_drop: false }`
[INFO] [stderr]    Compiling getrandom v0.2.16
[INFO] [stderr]    Compiling parking_lot_core v0.9.11
[INFO] [stderr]    Compiling signal-hook-registry v1.4.6
[INFO] [stderr]    Compiling tokio-macros v2.5.0
[INFO] [stderr]    Compiling blake2 v0.10.6
[INFO] [stderr]    Compiling parking_lot v0.12.4
[INFO] [stderr]    Compiling ring v0.17.14
[INFO] [stderr]    Compiling rand_core v0.6.4
[INFO] [stderr]    Compiling rand_chacha v0.3.1
[INFO] [stderr]    Compiling tokio v1.47.1
[INFO] [stderr]    Compiling sui-sdk-types v0.0.7
[INFO] [stderr]    Compiling rand v0.8.5
[INFO] [stderr]    Compiling rustls-webpki v0.103.4
[INFO] [stderr]    Compiling rustls v0.23.31
[INFO] [stderr]    Compiling hyper v1.6.0
[INFO] [stderr]    Compiling tower v0.5.2
[INFO] [stderr]    Compiling tokio-rustls v0.26.2
[INFO] [stderr]    Compiling tower-http v0.6.6
[INFO] [stderr]    Compiling hyper-util v0.1.14
[INFO] [stderr]    Compiling hyper-rustls v0.27.7
[INFO] [stderr]    Compiling reqwest v0.12.20
[INFO] [stderr]    Compiling sui-graphql-client v0.0.7 (/opt/rustwide/workdir)
[INFO] [stderr]     Finished `release` profile [optimized] target(s) in 1m 09s
[INFO] running `Command { std: "docker" "inspect" "1155f773b140d3037d66f0bc5eb2007554260b43853df5af578cd4709d1e07e3", kill_on_drop: false }`
[INFO] running `Command { std: "docker" "exec" "-e" "SOURCE_DIR=/opt/rustwide/workdir" "-e" "CARGO_HOME=/opt/rustwide/cargo-home" "-e" "RUSTUP_HOME=/opt/rustwide/rustup-home" "-e" "CARGO_TARGET_DIR=/opt/rustwide/target" "-e" "CARGO_INCREMENTAL=0" "-e" "RUST_BACKTRACE=full" "-e" "RUSTFLAGS=--cap-lints=warn" "-e" "RUSTDOCFLAGS=--cap-lints=warn" "-w" "/opt/rustwide/workdir" "--user" "0:0" "1155f773b140d3037d66f0bc5eb2007554260b43853df5af578cd4709d1e07e3" "/opt/rustwide/cargo-home/bin/cargo" "+1.99.0-beta.8" "test" "--frozen" "--release", kill_on_drop: false }`
[INFO] [stderr]     Finished `release` profile [optimized] target(s) in 0.18s
[INFO] [stderr]      Running unittests src/lib.rs (/opt/rustwide/target/release/deps/sui_graphql_client-92abf4a4301f2246)
[INFO] [stdout] 
[INFO] [stdout] running 33 tests
[INFO] [stdout] test tests::test_epoch_total_transaction_blocks_query ... FAILED
[INFO] [stdout] test tests::test_chain_id ... FAILED
[INFO] [stdout] test tests::test_dry_run ... FAILED
[INFO] [stdout] test tests::test_active_validators ... FAILED
[INFO] [stdout] test tests::test_checkpoint_query ... FAILED
[INFO] [stdout] test tests::test_epoch_query ... FAILED
[INFO] [stdout] test tests::test_checkpoints_query ... FAILED
[INFO] [stdout] test tests::test_coin_metadata_query ... FAILED
[INFO] [stdout] test tests::test_package_by_name ... ignored
[INFO] [stdout] test tests::test_balance_query ... FAILED
[INFO] [stdout] test tests::test_object_query ... FAILED
[INFO] [stdout] test tests::test_epoch_summary_query ... FAILED
[INFO] [stdout] test tests::test_dynamic_fields_query ... FAILED
[INFO] [stdout] test tests::test_objects_query ... FAILED
[INFO] [stdout] test tests::test_latest_package_query ... FAILED
[INFO] [stdout] test tests::test_latest_checkpoint_sequence_number_query ... FAILED
[INFO] [stdout] test tests::test_object_bcs_query ... FAILED
[INFO] [stdout] test tests::test_events_query ... FAILED
[INFO] [stdout] test tests::test_packages_query ... FAILED
[INFO] [stdout] test tests::test_reference_gas_price_query ... FAILED
[INFO] [stdout] test tests::test_epoch_total_checkpoints_query ... FAILED
[INFO] [stdout] test tests::test_package ... FAILED
[INFO] [stdout] test tests::test_coins_query ... FAILED
[INFO] [stdout] test tests::test_service_config_query ... FAILED
[INFO] [stdout] test tests::test_rpc_server ... ok
[INFO] [stdout] test tests::test_dynamic_field_query ... FAILED
[INFO] [stdout] test tests::test_total_supply ... FAILED
[INFO] [stdout] test tests::test_transactions_effects_query ... FAILED
[INFO] [stdout] test tests::test_coins_stream ... FAILED
[INFO] [stdout] test tests::test_total_transaction_blocks ... FAILED
[INFO] [stdout] test tests::test_transactions_query ... FAILED
[INFO] [stdout] test tests::test_transaction_effects_query ... FAILED
[INFO] [stdout] test tests::test_protocol_config_query ... FAILED
[INFO] [stdout] 
[INFO] [stdout] failures:
[INFO] [stdout] 
[INFO] [stdout] ---- tests::test_epoch_total_transaction_blocks_query stdout ----
[INFO] [stdout] 
[INFO] [stdout] thread 'tests::test_epoch_total_transaction_blocks_query' (2556) panicked at src/lib.rs:2069:9:
[INFO] [stdout] Epoch total transaction blocks query failed for http://localhost:9125/graphql network. Error: Error: error sending request
[INFO] [stdout] 
[INFO] [stdout] stack backtrace:
[INFO] [stdout]    0:     0x61492705d501 - <<std[70759c8f55707aa4]::sys::backtrace::BacktraceLock>::print::DisplayBacktrace as core[df12db4294e9bfd3]::fmt::Display>::fmt
[INFO] [stdout]    1:     0x61492707399a - core[df12db4294e9bfd3]::fmt::write
[INFO] [stdout]    2:     0x6149270624bc - <alloc[2182bb758b4b3781]::vec::Vec<u8> as core[df12db4294e9bfd3]::io::write::Write>::write_fmt
[INFO] [stdout]    3:     0x614927038496 - std[70759c8f55707aa4]::panicking::default_hook::{closure#0}
[INFO] [stdout]    4:     0x614927055529 - std[70759c8f55707aa4]::panicking::default_hook
[INFO] [stdout]    5:     0x614926dda740 - test[9d35eded1c95d3be]::test_main_inner::<test[9d35eded1c95d3be]::test_main_static::{closure#0}>::{closure#0}
[INFO] [stdout]    6:     0x614927055852 - std[70759c8f55707aa4]::panicking::panic_with_hook
[INFO] [stdout]    7:     0x614927038542 - std[70759c8f55707aa4]::panicking::panic_handler::{closure#0}
[INFO] [stdout]    8:     0x614927030c59 - std[70759c8f55707aa4]::sys::backtrace::__rust_end_short_backtrace::<std[70759c8f55707aa4]::panicking::panic_handler::{closure#0}, !>
[INFO] [stdout]    9:     0x61492703943d - __rustc[8fa7c3cbc660c2b3]::rust_begin_unwind
[INFO] [stdout]   10:     0x6149270740fc - core[df12db4294e9bfd3]::panicking::panic_fmt
[INFO] [stdout]   11:     0x614926d1ca2d - sui_graphql_client[a7a2ea01459162a7]::tests::test_epoch_total_transaction_blocks_query::{closure#0}
[INFO] [stdout]   12:     0x614926d5b653 - <tokio[cb5aac8fdfb7212a]::runtime::scheduler::current_thread::Context>::enter::<core[df12db4294e9bfd3]::task::poll::Poll<()>, <tokio[cb5aac8fdfb7212a]::runtime::scheduler::current_thread::CoreGuard>::block_on<core[df12db4294e9bfd3]::pin::Pin<&mut core[df12db4294e9bfd3]::pin::Pin<&mut dyn core[df12db4294e9bfd3]::future::future::Future<Output = ()>>>>::{closure#0}::{closure#0}>
[INFO] [stdout]   13:     0x614926d63bbc - <tokio[cb5aac8fdfb7212a]::runtime::context::scoped::Scoped<tokio[cb5aac8fdfb7212a]::runtime::scheduler::Context>>::set::<<tokio[cb5aac8fdfb7212a]::runtime::scheduler::current_thread::CoreGuard>::enter<<tokio[cb5aac8fdfb7212a]::runtime::scheduler::current_thread::CoreGuard>::block_on<core[df12db4294e9bfd3]::pin::Pin<&mut core[df12db4294e9bfd3]::pin::Pin<&mut dyn core[df12db4294e9bfd3]::future::future::Future<Output = ()>>>>::{closure#0}, core[df12db4294e9bfd3]::option::Option<()>>::{closure#0}, (alloc[2182bb758b4b3781]::boxed::Box<tokio[cb5aac8fdfb7212a]::runtime::scheduler::current_thread::Core>, core[df12db4294e9bfd3]::option::Option<()>)>
[INFO] [stdout]   14:     0x614926d5b21f - <tokio[cb5aac8fdfb7212a]::runtime::scheduler::current_thread::CurrentThread>::block_on::<core[df12db4294e9bfd3]::pin::Pin<&mut dyn core[df12db4294e9bfd3]::future::future::Future<Output = ()>>>
[INFO] [stdout]   15:     0x614926d982d2 - <tokio[cb5aac8fdfb7212a]::runtime::runtime::Runtime>::block_on::<core[df12db4294e9bfd3]::pin::Pin<&mut dyn core[df12db4294e9bfd3]::future::future::Future<Output = ()>>>
[INFO] [stdout]   16:     0x614926d20d8b - sui_graphql_client[a7a2ea01459162a7]::tests::test_epoch_total_transaction_blocks_query
[INFO] [stdout]   17:     0x614926dcb0d9 - <sui_graphql_client[a7a2ea01459162a7]::tests::test_epoch_total_transaction_blocks_query::{closure#0} as core[df12db4294e9bfd3]::ops::function::FnOnce<()>>::call_once
[INFO] [stdout]   18:     0x614926dcda2b - test[9d35eded1c95d3be]::__rust_begin_short_backtrace::<core[df12db4294e9bfd3]::result::Result<(), alloc[2182bb758b4b3781]::string::String>, fn() -> core[df12db4294e9bfd3]::result::Result<(), alloc[2182bb758b4b3781]::string::String>>
[INFO] [stdout]   19:     0x614926ddb095 - test[9d35eded1c95d3be]::run_test::{closure#0}
[INFO] [stdout]   20:     0x614926dd4954 - std[70759c8f55707aa4]::sys::backtrace::__rust_begin_short_backtrace::<test[9d35eded1c95d3be]::run_test::{closure#1}, ()>
[INFO] [stdout]   21:     0x614926dde1f2 - <std[70759c8f55707aa4]::thread::lifecycle::spawn_unchecked<test[9d35eded1c95d3be]::run_test::{closure#1}, ()>::{closure#1} as core[df12db4294e9bfd3]::ops::function::FnOnce<()>>::call_once::{shim:vtable#0}
[INFO] [stdout]   22:     0x61492705ca29 - <std[70759c8f55707aa4]::sys::thread::unix::Thread>::new::thread_start
[INFO] [stdout]   23:     0x7a09e0596dfa - <unknown>
[INFO] [stdout]   24:     0x7a09e062a3d4 - clone
[INFO] [stdout]   25:                0x0 - <unknown>
[INFO] [stdout] 
[INFO] [stdout] ---- tests::test_chain_id stdout ----
[INFO] [stdout] 
[INFO] [stdout] thread 'tests::test_chain_id' (2543) panicked at src/lib.rs:1923:9:
[INFO] [stdout] assertion failed: chain_id.is_ok()
[INFO] [stdout] stack backtrace:
[INFO] [stdout]    0:     0x61492705d501 - <<std[70759c8f55707aa4]::sys::backtrace::BacktraceLock>::print::DisplayBacktrace as core[df12db4294e9bfd3]::fmt::Display>::fmt
[INFO] [stdout]    1:     0x61492707399a - core[df12db4294e9bfd3]::fmt::write
[INFO] [stdout]    2:     0x6149270624bc - <alloc[2182bb758b4b3781]::vec::Vec<u8> as core[df12db4294e9bfd3]::io::write::Write>::write_fmt
[INFO] [stdout]    3:     0x614927038496 - std[70759c8f55707aa4]::panicking::default_hook::{closure#0}
[INFO] [stdout]    4:     0x614927055529 - std[70759c8f55707aa4]::panicking::default_hook
[INFO] [stdout]    5:     0x614926dda740 - test[9d35eded1c95d3be]::test_main_inner::<test[9d35eded1c95d3be]::test_main_static::{closure#0}>::{closure#0}
[INFO] [stdout]    6:     0x614927055852 - std[70759c8f55707aa4]::panicking::panic_with_hook
[INFO] [stdout]    7:     0x614927038574 - std[70759c8f55707aa4]::panicking::panic_handler::{closure#0}
[INFO] [stdout]    8:     0x614927030c59 - std[70759c8f55707aa4]::sys::backtrace::__rust_end_short_backtrace::<std[70759c8f55707aa4]::panicking::panic_handler::{closure#0}, !>
[INFO] [stdout]    9:     0x61492703943d - __rustc[8fa7c3cbc660c2b3]::rust_begin_unwind
[INFO] [stdout]   10:     0x6149270740fc - core[df12db4294e9bfd3]::panicking::panic_fmt
[INFO] [stdout]   11:     0x6149270740c2 - core[df12db4294e9bfd3]::panicking::panic
[INFO] [stdout]   12:     0x614926d0a5b3 - sui_graphql_client[a7a2ea01459162a7]::tests::test_chain_id::{closure#0}
[INFO] [stdout]   13:     0x614926d5b653 - <tokio[cb5aac8fdfb7212a]::runtime::scheduler::current_thread::Context>::enter::<core[df12db4294e9bfd3]::task::poll::Poll<()>, <tokio[cb5aac8fdfb7212a]::runtime::scheduler::current_thread::CoreGuard>::block_on<core[df12db4294e9bfd3]::pin::Pin<&mut core[df12db4294e9bfd3]::pin::Pin<&mut dyn core[df12db4294e9bfd3]::future::future::Future<Output = ()>>>>::{closure#0}::{closure#0}>
[INFO] [stdout]   14:     0x614926d63bbc - <tokio[cb5aac8fdfb7212a]::runtime::context::scoped::Scoped<tokio[cb5aac8fdfb7212a]::runtime::scheduler::Context>>::set::<<tokio[cb5aac8fdfb7212a]::runtime::scheduler::current_thread::CoreGuard>::enter<<tokio[cb5aac8fdfb7212a]::runtime::scheduler::current_thread::CoreGuard>::block_on<core[df12db4294e9bfd3]::pin::Pin<&mut core[df12db4294e9bfd3]::pin::Pin<&mut dyn core[df12db4294e9bfd3]::future::future::Future<Output = ()>>>>::{closure#0}, core[df12db4294e9bfd3]::option::Option<()>>::{closure#0}, (alloc[2182bb758b4b3781]::boxed::Box<tokio[cb5aac8fdfb7212a]::runtime::scheduler::current_thread::Core>, core[df12db4294e9bfd3]::option::Option<()>)>
[INFO] [stdout]   15:     0x614926d5b21f - <tokio[cb5aac8fdfb7212a]::runtime::scheduler::current_thread::CurrentThread>::block_on::<core[df12db4294e9bfd3]::pin::Pin<&mut dyn core[df12db4294e9bfd3]::future::future::Future<Output = ()>>>
[INFO] [stdout]   16:     0x614926d982d2 - <tokio[cb5aac8fdfb7212a]::runtime::runtime::Runtime>::block_on::<core[df12db4294e9bfd3]::pin::Pin<&mut dyn core[df12db4294e9bfd3]::future::future::Future<Output = ()>>>
[INFO] [stdout]   17:     0x614926d1db6b - sui_graphql_client[a7a2ea01459162a7]::tests::test_chain_id
[INFO] [stdout]   18:     0x614926dcad39 - <sui_graphql_client[a7a2ea01459162a7]::tests::test_chain_id::{closure#0} as core[df12db4294e9bfd3]::ops::function::FnOnce<()>>::call_once
[INFO] [stdout]   19:     0x614926dcda2b - test[9d35eded1c95d3be]::__rust_begin_short_backtrace::<core[df12db4294e9bfd3]::result::Result<(), alloc[2182bb758b4b3781]::string::String>, fn() -> core[df12db4294e9bfd3]::result::Result<(), alloc[2182bb758b4b3781]::string::String>>
[INFO] [stdout]   20:     0x614926ddb095 - test[9d35eded1c95d3be]::run_test::{closure#0}
[INFO] [stdout]   21:     0x614926dd4954 - std[70759c8f55707aa4]::sys::backtrace::__rust_begin_short_backtrace::<test[9d35eded1c95d3be]::run_test::{closure#1}, ()>
[INFO] [stdout]   22:     0x614926dde1f2 - <std[70759c8f55707aa4]::thread::lifecycle::spawn_unchecked<test[9d35eded1c95d3be]::run_test::{closure#1}, ()>::{closure#1} as core[df12db4294e9bfd3]::ops::function::FnOnce<()>>::call_once::{shim:vtable#0}
[INFO] [stdout]   23:     0x61492705ca29 - <std[70759c8f55707aa4]::sys::thread::unix::Thread>::new::thread_start
[INFO] [stdout]   24:     0x7a09e0596dfa - <unknown>
[INFO] [stdout]   25:     0x7a09e062a3d4 - clone
[INFO] [stdout]   26:                0x0 - <unknown>
[INFO] [stdout] 
[INFO] [stdout] ---- tests::test_dry_run stdout ----
[INFO] [stdout] 
[INFO] [stdout] thread 'tests::test_dry_run' (2549) panicked at src/lib.rs:2264:9:
[INFO] [stdout] assertion failed: dry_run.is_ok()
[INFO] [stdout] stack backtrace:
[INFO] [stdout]    0:     0x61492705d501 - <<std[70759c8f55707aa4]::sys::backtrace::BacktraceLock>::print::DisplayBacktrace as core[df12db4294e9bfd3]::fmt::Display>::fmt
[INFO] [stdout]    1:     0x61492707399a - core[df12db4294e9bfd3]::fmt::write
[INFO] [stdout]    2:     0x6149270624bc - <alloc[2182bb758b4b3781]::vec::Vec<u8> as core[df12db4294e9bfd3]::io::write::Write>::write_fmt
[INFO] [stdout]    3:     0x614927038496 - std[70759c8f55707aa4]::panicking::default_hook::{closure#0}
[INFO] [stdout]    4:     0x614927055529 - std[70759c8f55707aa4]::panicking::default_hook
[INFO] [stdout]    5:     0x614926dda740 - test[9d35eded1c95d3be]::test_main_inner::<test[9d35eded1c95d3be]::test_main_static::{closure#0}>::{closure#0}
[INFO] [stdout]    6:     0x614927055852 - std[70759c8f55707aa4]::panicking::panic_with_hook
[INFO] [stdout]    7:     0x614927038574 - std[70759c8f55707aa4]::panicking::panic_handler::{closure#0}
[INFO] [stdout]    8:     0x614927030c59 - std[70759c8f55707aa4]::sys::backtrace::__rust_end_short_backtrace::<std[70759c8f55707aa4]::panicking::panic_handler::{closure#0}, !>
[INFO] [stdout]    9:     0x61492703943d - __rustc[8fa7c3cbc660c2b3]::rust_begin_unwind
[INFO] [stdout]   10:     0x6149270740fc - core[df12db4294e9bfd3]::panicking::panic_fmt
[INFO] [stdout]   11:     0x6149270740c2 - core[df12db4294e9bfd3]::panicking::panic
[INFO] [stdout]   12:     0x614926d08cda - sui_graphql_client[a7a2ea01459162a7]::tests::test_dry_run::{closure#0}
[INFO] [stdout]   13:     0x614926d5b653 - <tokio[cb5aac8fdfb7212a]::runtime::scheduler::current_thread::Context>::enter::<core[df12db4294e9bfd3]::task::poll::Poll<()>, <tokio[cb5aac8fdfb7212a]::runtime::scheduler::current_thread::CoreGuard>::block_on<core[df12db4294e9bfd3]::pin::Pin<&mut core[df12db4294e9bfd3]::pin::Pin<&mut dyn core[df12db4294e9bfd3]::future::future::Future<Output = ()>>>>::{closure#0}::{closure#0}>
[INFO] [stdout]   14:     0x614926d63bbc - <tokio[cb5aac8fdfb7212a]::runtime::context::scoped::Scoped<tokio[cb5aac8fdfb7212a]::runtime::scheduler::Context>>::set::<<tokio[cb5aac8fdfb7212a]::runtime::scheduler::current_thread::CoreGuard>::enter<<tokio[cb5aac8fdfb7212a]::runtime::scheduler::current_thread::CoreGuard>::block_on<core[df12db4294e9bfd3]::pin::Pin<&mut core[df12db4294e9bfd3]::pin::Pin<&mut dyn core[df12db4294e9bfd3]::future::future::Future<Output = ()>>>>::{closure#0}, core[df12db4294e9bfd3]::option::Option<()>>::{closure#0}, (alloc[2182bb758b4b3781]::boxed::Box<tokio[cb5aac8fdfb7212a]::runtime::scheduler::current_thread::Core>, core[df12db4294e9bfd3]::option::Option<()>)>
[INFO] [stdout]   15:     0x614926d5b21f - <tokio[cb5aac8fdfb7212a]::runtime::scheduler::current_thread::CurrentThread>::block_on::<core[df12db4294e9bfd3]::pin::Pin<&mut dyn core[df12db4294e9bfd3]::future::future::Future<Output = ()>>>
[INFO] [stdout]   16:     0x614926d982d2 - <tokio[cb5aac8fdfb7212a]::runtime::runtime::Runtime>::block_on::<core[df12db4294e9bfd3]::pin::Pin<&mut dyn core[df12db4294e9bfd3]::future::future::Future<Output = ()>>>
[INFO] [stdout]   17:     0x614926d1d86b - sui_graphql_client[a7a2ea01459162a7]::tests::test_dry_run
[INFO] [stdout]   18:     0x614926dcacf9 - <sui_graphql_client[a7a2ea01459162a7]::tests::test_dry_run::{closure#0} as core[df12db4294e9bfd3]::ops::function::FnOnce<()>>::call_once
[INFO] [stdout]   19:     0x614926dcda2b - test[9d35eded1c95d3be]::__rust_begin_short_backtrace::<core[df12db4294e9bfd3]::result::Result<(), alloc[2182bb758b4b3781]::string::String>, fn() -> core[df12db4294e9bfd3]::result::Result<(), alloc[2182bb758b4b3781]::string::String>>
[INFO] [stdout]   20:     0x614926ddb095 - test[9d35eded1c95d3be]::run_test::{closure#0}
[INFO] [stdout]   21:     0x614926dd4954 - std[70759c8f55707aa4]::sys::backtrace::__rust_begin_short_backtrace::<test[9d35eded1c95d3be]::run_test::{closure#1}, ()>
[INFO] [stdout]   22:     0x614926dde1f2 - <std[70759c8f55707aa4]::thread::lifecycle::spawn_unchecked<test[9d35eded1c95d3be]::run_test::{closure#1}, ()>::{closure#1} as core[df12db4294e9bfd3]::ops::function::FnOnce<()>>::call_once::{shim:vtable#0}
[INFO] [stdout]   23:     0x61492705ca29 - <std[70759c8f55707aa4]::sys::thread::unix::Thread>::new::thread_start
[INFO] [stdout]   24:     0x7a09e0596dfa - <unknown>
[INFO] [stdout]   25:     0x7a09e062a3d4 - clone
[INFO] [stdout]   26:                0x0 - <unknown>
[INFO] [stdout] 
[INFO] [stdout] ---- tests::test_active_validators stdout ----
[INFO] [stdout] 
[INFO] [stdout] thread 'tests::test_active_validators' (2541) panicked at src/lib.rs:1975:9:
[INFO] [stdout] Active validators query failed for http://localhost:9125/graphql network. Error: Error: error sending request
[INFO] [stdout] 
[INFO] [stdout] stack backtrace:
[INFO] [stdout]    0:     0x61492705d501 - <<std[70759c8f55707aa4]::sys::backtrace::BacktraceLock>::print::DisplayBacktrace as core[df12db4294e9bfd3]::fmt::Display>::fmt
[INFO] [stdout]    1:     0x61492707399a - core[df12db4294e9bfd3]::fmt::write
[INFO] [stdout]    2:     0x6149270624bc - <alloc[2182bb758b4b3781]::vec::Vec<u8> as core[df12db4294e9bfd3]::io::write::Write>::write_fmt
[INFO] [stdout]    3:     0x614927038496 - std[70759c8f55707aa4]::panicking::default_hook::{closure#0}
[INFO] [stdout]    4:     0x614927055529 - std[70759c8f55707aa4]::panicking::default_hook
[INFO] [stdout]    5:     0x614926dda740 - test[9d35eded1c95d3be]::test_main_inner::<test[9d35eded1c95d3be]::test_main_static::{closure#0}>::{closure#0}
[INFO] [stdout]    6:     0x614927055852 - std[70759c8f55707aa4]::panicking::panic_with_hook
[INFO] [stdout]    7:     0x614927038542 - std[70759c8f55707aa4]::panicking::panic_handler::{closure#0}
[INFO] [stdout]    8:     0x614927030c59 - std[70759c8f55707aa4]::sys::backtrace::__rust_end_short_backtrace::<std[70759c8f55707aa4]::panicking::panic_handler::{closure#0}, !>
[INFO] [stdout]    9:     0x61492703943d - __rustc[8fa7c3cbc660c2b3]::rust_begin_unwind
[INFO] [stdout]   10:     0x6149270740fc - core[df12db4294e9bfd3]::panicking::panic_fmt
[INFO] [stdout]   11:     0x614926d13e0c - sui_graphql_client[a7a2ea01459162a7]::tests::test_active_validators::{closure#0}
[INFO] [stdout]   12:     0x614926d5b653 - <tokio[cb5aac8fdfb7212a]::runtime::scheduler::current_thread::Context>::enter::<core[df12db4294e9bfd3]::task::poll::Poll<()>, <tokio[cb5aac8fdfb7212a]::runtime::scheduler::current_thread::CoreGuard>::block_on<core[df12db4294e9bfd3]::pin::Pin<&mut core[df12db4294e9bfd3]::pin::Pin<&mut dyn core[df12db4294e9bfd3]::future::future::Future<Output = ()>>>>::{closure#0}::{closure#0}>
[INFO] [stdout]   13:     0x614926d63bbc - <tokio[cb5aac8fdfb7212a]::runtime::context::scoped::Scoped<tokio[cb5aac8fdfb7212a]::runtime::scheduler::Context>>::set::<<tokio[cb5aac8fdfb7212a]::runtime::scheduler::current_thread::CoreGuard>::enter<<tokio[cb5aac8fdfb7212a]::runtime::scheduler::current_thread::CoreGuard>::block_on<core[df12db4294e9bfd3]::pin::Pin<&mut core[df12db4294e9bfd3]::pin::Pin<&mut dyn core[df12db4294e9bfd3]::future::future::Future<Output = ()>>>>::{closure#0}, core[df12db4294e9bfd3]::option::Option<()>>::{closure#0}, (alloc[2182bb758b4b3781]::boxed::Box<tokio[cb5aac8fdfb7212a]::runtime::scheduler::current_thread::Core>, core[df12db4294e9bfd3]::option::Option<()>)>
[INFO] [stdout]   14:     0x614926d5b21f - <tokio[cb5aac8fdfb7212a]::runtime::scheduler::current_thread::CurrentThread>::block_on::<core[df12db4294e9bfd3]::pin::Pin<&mut dyn core[df12db4294e9bfd3]::future::future::Future<Output = ()>>>
[INFO] [stdout]   15:     0x614926d982d2 - <tokio[cb5aac8fdfb7212a]::runtime::runtime::Runtime>::block_on::<core[df12db4294e9bfd3]::pin::Pin<&mut dyn core[df12db4294e9bfd3]::future::future::Future<Output = ()>>>
[INFO] [stdout]   16:     0x614926d1f7cb - sui_graphql_client[a7a2ea01459162a7]::tests::test_active_validators
[INFO] [stdout]   17:     0x614926dcaef9 - <sui_graphql_client[a7a2ea01459162a7]::tests::test_active_validators::{closure#0} as core[df12db4294e9bfd3]::ops::function::FnOnce<()>>::call_once
[INFO] [stdout]   18:     0x614926dcda2b - test[9d35eded1c95d3be]::__rust_begin_short_backtrace::<core[df12db4294e9bfd3]::result::Result<(), alloc[2182bb758b4b3781]::string::String>, fn() -> core[df12db4294e9bfd3]::result::Result<(), alloc[2182bb758b4b3781]::string::String>>
[INFO] [stdout]   19:     0x614926ddb095 - test[9d35eded1c95d3be]::run_test::{closure#0}
[INFO] [stdout]   20:     0x614926dd4954 - std[70759c8f55707aa4]::sys::backtrace::__rust_begin_short_backtrace::<test[9d35eded1c95d3be]::run_test::{closure#1}, ()>
[INFO] [stdout]   21:     0x614926dde1f2 - <std[70759c8f55707aa4]::thread::lifecycle::spawn_unchecked<test[9d35eded1c95d3be]::run_test::{closure#1}, ()>::{closure#1} as core[df12db4294e9bfd3]::ops::function::FnOnce<()>>::call_once::{shim:vtable#0}
[INFO] [stdout]   22:     0x61492705ca29 - <std[70759c8f55707aa4]::sys::thread::unix::Thread>::new::thread_start
[INFO] [stdout]   23:     0x7a09e0596dfa - <unknown>
[INFO] [stdout]   24:     0x7a09e062a3d4 - clone
[INFO] [stdout]   25:                0x0 - <unknown>
[INFO] [stdout] 
[INFO] [stdout] ---- tests::test_checkpoint_query stdout ----
[INFO] [stdout] 
[INFO] [stdout] thread 'tests::test_checkpoint_query' (2544) panicked at src/lib.rs:2004:9:
[INFO] [stdout] Checkpoint query failed for http://localhost:9125/graphql network. Error: Error: error sending request
[INFO] [stdout] 
[INFO] [stdout] stack backtrace:
[INFO] [stdout]    0:     0x61492705d501 - <<std[70759c8f55707aa4]::sys::backtrace::BacktraceLock>::print::DisplayBacktrace as core[df12db4294e9bfd3]::fmt::Display>::fmt
[INFO] [stdout]    1:     0x61492707399a - core[df12db4294e9bfd3]::fmt::write
[INFO] [stdout]    2:     0x6149270624bc - <alloc[2182bb758b4b3781]::vec::Vec<u8> as core[df12db4294e9bfd3]::io::write::Write>::write_fmt
[INFO] [stdout]    3:     0x614927038496 - std[70759c8f55707aa4]::panicking::default_hook::{closure#0}
[INFO] [stdout]    4:     0x614927055529 - std[70759c8f55707aa4]::panicking::default_hook
[INFO] [stdout]    5:     0x614926dda740 - test[9d35eded1c95d3be]::test_main_inner::<test[9d35eded1c95d3be]::test_main_static::{closure#0}>::{closure#0}
[INFO] [stdout]    6:     0x614927055852 - std[70759c8f55707aa4]::panicking::panic_with_hook
[INFO] [stdout]    7:     0x614927038542 - std[70759c8f55707aa4]::panicking::panic_handler::{closure#0}
[INFO] [stdout]    8:     0x614927030c59 - std[70759c8f55707aa4]::sys::backtrace::__rust_end_short_backtrace::<std[70759c8f55707aa4]::panicking::panic_handler::{closure#0}, !>
[INFO] [stdout]    9:     0x61492703943d - __rustc[8fa7c3cbc660c2b3]::rust_begin_unwind
[INFO] [stdout]   10:     0x6149270740fc - core[df12db4294e9bfd3]::panicking::panic_fmt
[INFO] [stdout]   11:     0x614926d12676 - sui_graphql_client[a7a2ea01459162a7]::tests::test_checkpoint_query::{closure#0}
[INFO] [stdout]   12:     0x614926d5b653 - <tokio[cb5aac8fdfb7212a]::runtime::scheduler::current_thread::Context>::enter::<core[df12db4294e9bfd3]::task::poll::Poll<()>, <tokio[cb5aac8fdfb7212a]::runtime::scheduler::current_thread::CoreGuard>::block_on<core[df12db4294e9bfd3]::pin::Pin<&mut core[df12db4294e9bfd3]::pin::Pin<&mut dyn core[df12db4294e9bfd3]::future::future::Future<Output = ()>>>>::{closure#0}::{closure#0}>
[INFO] [stdout]   13:     0x614926d63bbc - <tokio[cb5aac8fdfb7212a]::runtime::context::scoped::Scoped<tokio[cb5aac8fdfb7212a]::runtime::scheduler::Context>>::set::<<tokio[cb5aac8fdfb7212a]::runtime::scheduler::current_thread::CoreGuard>::enter<<tokio[cb5aac8fdfb7212a]::runtime::scheduler::current_thread::CoreGuard>::block_on<core[df12db4294e9bfd3]::pin::Pin<&mut core[df12db4294e9bfd3]::pin::Pin<&mut dyn core[df12db4294e9bfd3]::future::future::Future<Output = ()>>>>::{closure#0}, core[df12db4294e9bfd3]::option::Option<()>>::{closure#0}, (alloc[2182bb758b4b3781]::boxed::Box<tokio[cb5aac8fdfb7212a]::runtime::scheduler::current_thread::Core>, core[df12db4294e9bfd3]::option::Option<()>)>
[INFO] [stdout]   14:     0x614926d5b21f - <tokio[cb5aac8fdfb7212a]::runtime::scheduler::current_thread::CurrentThread>::block_on::<core[df12db4294e9bfd3]::pin::Pin<&mut dyn core[df12db4294e9bfd3]::future::future::Future<Output = ()>>>
[INFO] [stdout]   15:     0x614926d982d2 - <tokio[cb5aac8fdfb7212a]::runtime::runtime::Runtime>::block_on::<core[df12db4294e9bfd3]::pin::Pin<&mut dyn core[df12db4294e9bfd3]::future::future::Future<Output = ()>>>
[INFO] [stdout]   16:     0x614926d1f4cb - sui_graphql_client[a7a2ea01459162a7]::tests::test_checkpoint_query
[INFO] [stdout]   17:     0x614926dcaeb9 - <sui_graphql_client[a7a2ea01459162a7]::tests::test_checkpoint_query::{closure#0} as core[df12db4294e9bfd3]::ops::function::FnOnce<()>>::call_once
[INFO] [stdout]   18:     0x614926dcda2b - test[9d35eded1c95d3be]::__rust_begin_short_backtrace::<core[df12db4294e9bfd3]::result::Result<(), alloc[2182bb758b4b3781]::string::String>, fn() -> core[df12db4294e9bfd3]::result::Result<(), alloc[2182bb758b4b3781]::string::String>>
[INFO] [stdout]   19:     0x614926ddb095 - test[9d35eded1c95d3be]::run_test::{closure#0}
[INFO] [stdout]   20:     0x614926dd4954 - std[70759c8f55707aa4]::sys::backtrace::__rust_begin_short_backtrace::<test[9d35eded1c95d3be]::run_test::{closure#1}, ()>
[INFO] [stdout]   21:     0x614926dde1f2 - <std[70759c8f55707aa4]::thread::lifecycle::spawn_unchecked<test[9d35eded1c95d3be]::run_test::{closure#1}, ()>::{closure#1} as core[df12db4294e9bfd3]::ops::function::FnOnce<()>>::call_once::{shim:vtable#0}
[INFO] [stdout]   22:     0x61492705ca29 - <std[70759c8f55707aa4]::sys::thread::unix::Thread>::new::thread_start
[INFO] [stdout]   23:     0x7a09e0596dfa - <unknown>
[INFO] [stdout]   24:     0x7a09e062a3d4 - clone
[INFO] [stdout]   25:                0x0 - <unknown>
[INFO] [stdout] 
[INFO] [stdout] ---- tests::test_epoch_query stdout ----
[INFO] [stdout] 
[INFO] [stdout] thread 'tests::test_epoch_query' (2552) panicked at src/lib.rs:2039:9:
[INFO] [stdout] Epoch query failed for http://localhost:9125/graphql network. Error: Error: error sending request
[INFO] [stdout] 
[INFO] [stdout] stack backtrace:
[INFO] [stdout]    0:     0x61492705d501 - <<std[70759c8f55707aa4]::sys::backtrace::BacktraceLock>::print::DisplayBacktrace as core[df12db4294e9bfd3]::fmt::Display>::fmt
[INFO] [stdout]    1:     0x61492707399a - core[df12db4294e9bfd3]::fmt::write
[INFO] [stdout]    2:     0x6149270624bc - <alloc[2182bb758b4b3781]::vec::Vec<u8> as core[df12db4294e9bfd3]::io::write::Write>::write_fmt
[INFO] [stdout]    3:     0x614927038496 - std[70759c8f55707aa4]::panicking::default_hook::{closure#0}
[INFO] [stdout]    4:     0x614927055529 - std[70759c8f55707aa4]::panicking::default_hook
[INFO] [stdout]    5:     0x614926dda740 - test[9d35eded1c95d3be]::test_main_inner::<test[9d35eded1c95d3be]::test_main_static::{closure#0}>::{closure#0}
[INFO] [stdout]    6:     0x614927055852 - std[70759c8f55707aa4]::panicking::panic_with_hook
[INFO] [stdout]    7:     0x614927038542 - std[70759c8f55707aa4]::panicking::panic_handler::{closure#0}
[INFO] [stdout]    8:     0x614927030c59 - std[70759c8f55707aa4]::sys::backtrace::__rust_end_short_backtrace::<std[70759c8f55707aa4]::panicking::panic_handler::{closure#0}, !>
[INFO] [stdout]    9:     0x61492703943d - __rustc[8fa7c3cbc660c2b3]::rust_begin_unwind
[INFO] [stdout]   10:     0x6149270740fc - core[df12db4294e9bfd3]::panicking::panic_fmt
[INFO] [stdout]   11:     0x614926d0b7c2 - sui_graphql_client[a7a2ea01459162a7]::tests::test_epoch_query::{closure#0}
[INFO] [stdout]   12:     0x614926d5b653 - <tokio[cb5aac8fdfb7212a]::runtime::scheduler::current_thread::Context>::enter::<core[df12db4294e9bfd3]::task::poll::Poll<()>, <tokio[cb5aac8fdfb7212a]::runtime::scheduler::current_thread::CoreGuard>::block_on<core[df12db4294e9bfd3]::pin::Pin<&mut core[df12db4294e9bfd3]::pin::Pin<&mut dyn core[df12db4294e9bfd3]::future::future::Future<Output = ()>>>>::{closure#0}::{closure#0}>
[INFO] [stdout]   13:     0x614926d63bbc - <tokio[cb5aac8fdfb7212a]::runtime::context::scoped::Scoped<tokio[cb5aac8fdfb7212a]::runtime::scheduler::Context>>::set::<<tokio[cb5aac8fdfb7212a]::runtime::scheduler::current_thread::CoreGuard>::enter<<tokio[cb5aac8fdfb7212a]::runtime::scheduler::current_thread::CoreGuard>::block_on<core[df12db4294e9bfd3]::pin::Pin<&mut core[df12db4294e9bfd3]::pin::Pin<&mut dyn core[df12db4294e9bfd3]::future::future::Future<Output = ()>>>>::{closure#0}, core[df12db4294e9bfd3]::option::Option<()>>::{closure#0}, (alloc[2182bb758b4b3781]::boxed::Box<tokio[cb5aac8fdfb7212a]::runtime::scheduler::current_thread::Core>, core[df12db4294e9bfd3]::option::Option<()>)>
[INFO] [stdout]   14:     0x614926d5b21f - <tokio[cb5aac8fdfb7212a]::runtime::scheduler::current_thread::CurrentThread>::block_on::<core[df12db4294e9bfd3]::pin::Pin<&mut dyn core[df12db4294e9bfd3]::future::future::Future<Output = ()>>>
[INFO] [stdout]   15:     0x614926d982d2 - <tokio[cb5aac8fdfb7212a]::runtime::runtime::Runtime>::block_on::<core[df12db4294e9bfd3]::pin::Pin<&mut dyn core[df12db4294e9bfd3]::future::future::Future<Output = ()>>>
[INFO] [stdout]   16:     0x614926d1e77b - sui_graphql_client[a7a2ea01459162a7]::tests::test_epoch_query
[INFO] [stdout]   17:     0x614926dcad99 - <sui_graphql_client[a7a2ea01459162a7]::tests::test_epoch_query::{closure#0} as core[df12db4294e9bfd3]::ops::function::FnOnce<()>>::call_once
[INFO] [stdout]   18:     0x614926dcda2b - test[9d35eded1c95d3be]::__rust_begin_short_backtrace::<core[df12db4294e9bfd3]::result::Result<(), alloc[2182bb758b4b3781]::string::String>, fn() -> core[df12db4294e9bfd3]::result::Result<(), alloc[2182bb758b4b3781]::string::String>>
[INFO] [stdout]   19:     0x614926ddb095 - test[9d35eded1c95d3be]::run_test::{closure#0}
[INFO] [stdout]   20:     0x614926dd4954 - std[70759c8f55707aa4]::sys::backtrace::__rust_begin_short_backtrace::<test[9d35eded1c95d3be]::run_test::{closure#1}, ()>
[INFO] [stdout]   21:     0x614926dde1f2 - <std[70759c8f55707aa4]::thread::lifecycle::spawn_unchecked<test[9d35eded1c95d3be]::run_test::{closure#1}, ()>::{closure#1} as core[df12db4294e9bfd3]::ops::function::FnOnce<()>>::call_once::{shim:vtable#0}
[INFO] [stdout]   22:     0x61492705ca29 - <std[70759c8f55707aa4]::sys::thread::unix::Thread>::new::thread_start
[INFO] [stdout]   23:     0x7a09e0596dfa - <unknown>
[INFO] [stdout]   24:     0x7a09e062a3d4 - clone
[INFO] [stdout]   25:                0x0 - <unknown>
[INFO] [stdout] 
[INFO] [stdout] ---- tests::test_checkpoints_query stdout ----
[INFO] [stdout] 
[INFO] [stdout] thread 'tests::test_checkpoints_query' (2545) panicked at src/lib.rs:2015:9:
[INFO] [stdout] Checkpoints query failed for http://localhost:9125/graphql network. Error: Error: error sending request
[INFO] [stdout] 
[INFO] [stdout] stack backtrace:
[INFO] [stdout]    0:     0x61492705d501 - <<std[70759c8f55707aa4]::sys::backtrace::BacktraceLock>::print::DisplayBacktrace as core[df12db4294e9bfd3]::fmt::Display>::fmt
[INFO] [stdout]    1:     0x61492707399a - core[df12db4294e9bfd3]::fmt::write
[INFO] [stdout]    2:     0x6149270624bc - <alloc[2182bb758b4b3781]::vec::Vec<u8> as core[df12db4294e9bfd3]::io::write::Write>::write_fmt
[INFO] [stdout]    3:     0x614927038496 - std[70759c8f55707aa4]::panicking::default_hook::{closure#0}
[INFO] [stdout]    4:     0x614927055529 - std[70759c8f55707aa4]::panicking::default_hook
[INFO] [stdout]    5:     0x614926dda740 - test[9d35eded1c95d3be]::test_main_inner::<test[9d35eded1c95d3be]::test_main_static::{closure#0}>::{closure#0}
[INFO] [stdout]    6:     0x614927055852 - std[70759c8f55707aa4]::panicking::panic_with_hook
[INFO] [stdout]    7:     0x614927038542 - std[70759c8f55707aa4]::panicking::panic_handler::{closure#0}
[INFO] [stdout]    8:     0x614927030c59 - std[70759c8f55707aa4]::sys::backtrace::__rust_end_short_backtrace::<std[70759c8f55707aa4]::panicking::panic_handler::{closure#0}, !>
[INFO] [stdout]    9:     0x61492703943d - __rustc[8fa7c3cbc660c2b3]::rust_begin_unwind
[INFO] [stdout]   10:     0x6149270740fc - core[df12db4294e9bfd3]::panicking::panic_fmt
[INFO] [stdout]   11:     0x614926d14eff - sui_graphql_client[a7a2ea01459162a7]::tests::test_checkpoints_query::{closure#0}
[INFO] [stdout]   12:     0x614926d5b653 - <tokio[cb5aac8fdfb7212a]::runtime::scheduler::current_thread::Context>::enter::<core[df12db4294e9bfd3]::task::poll::Poll<()>, <tokio[cb5aac8fdfb7212a]::runtime::scheduler::current_thread::CoreGuard>::block_on<core[df12db4294e9bfd3]::pin::Pin<&mut core[df12db4294e9bfd3]::pin::Pin<&mut dyn core[df12db4294e9bfd3]::future::future::Future<Output = ()>>>>::{closure#0}::{closure#0}>
[INFO] [stdout]   13:     0x614926d63bbc - <tokio[cb5aac8fdfb7212a]::runtime::context::scoped::Scoped<tokio[cb5aac8fdfb7212a]::runtime::scheduler::Context>>::set::<<tokio[cb5aac8fdfb7212a]::runtime::scheduler::current_thread::CoreGuard>::enter<<tokio[cb5aac8fdfb7212a]::runtime::scheduler::current_thread::CoreGuard>::block_on<core[df12db4294e9bfd3]::pin::Pin<&mut core[df12db4294e9bfd3]::pin::Pin<&mut dyn core[df12db4294e9bfd3]::future::future::Future<Output = ()>>>>::{closure#0}, core[df12db4294e9bfd3]::option::Option<()>>::{closure#0}, (alloc[2182bb758b4b3781]::boxed::Box<tokio[cb5aac8fdfb7212a]::runtime::scheduler::current_thread::Core>, core[df12db4294e9bfd3]::option::Option<()>)>
[INFO] [stdout]   14:     0x614926d5b21f - <tokio[cb5aac8fdfb7212a]::runtime::scheduler::current_thread::CurrentThread>::block_on::<core[df12db4294e9bfd3]::pin::Pin<&mut dyn core[df12db4294e9bfd3]::future::future::Future<Output = ()>>>
[INFO] [stdout]   15:     0x614926d982d2 - <tokio[cb5aac8fdfb7212a]::runtime::runtime::Runtime>::block_on::<core[df12db4294e9bfd3]::pin::Pin<&mut dyn core[df12db4294e9bfd3]::future::future::Future<Output = ()>>>
[INFO] [stdout]   16:     0x614926d1f94b - sui_graphql_client[a7a2ea01459162a7]::tests::test_checkpoints_query
[INFO] [stdout]   17:     0x614926dcaf19 - <sui_graphql_client[a7a2ea01459162a7]::tests::test_checkpoints_query::{closure#0} as core[df12db4294e9bfd3]::ops::function::FnOnce<()>>::call_once
[INFO] [stdout]   18:     0x614926dcda2b - test[9d35eded1c95d3be]::__rust_begin_short_backtrace::<core[df12db4294e9bfd3]::result::Result<(), alloc[2182bb758b4b3781]::string::String>, fn() -> core[df12db4294e9bfd3]::result::Result<(), alloc[2182bb758b4b3781]::string::String>>
[INFO] [stdout]   19:     0x614926ddb095 - test[9d35eded1c95d3be]::run_test::{closure#0}
[INFO] [stdout]   20:     0x614926dd4954 - std[70759c8f55707aa4]::sys::backtrace::__rust_begin_short_backtrace::<test[9d35eded1c95d3be]::run_test::{closure#1}, ()>
[INFO] [stdout]   21:     0x614926dde1f2 - <std[70759c8f55707aa4]::thread::lifecycle::spawn_unchecked<test[9d35eded1c95d3be]::run_test::{closure#1}, ()>::{closure#1} as core[df12db4294e9bfd3]::ops::function::FnOnce<()>>::call_once::{shim:vtable#0}
[INFO] [stdout]   22:     0x61492705ca29 - <std[70759c8f55707aa4]::sys::thread::unix::Thread>::new::thread_start
[INFO] [stdout]   23:     0x7a09e0596dfa - <unknown>
[INFO] [stdout]   24:     0x7a09e062a3d4 - clone
[INFO] [stdout]   25:                0x0 - <unknown>
[INFO] [stdout] 
[INFO] [stdout] ---- tests::test_coin_metadata_query stdout ----
[INFO] [stdout] 
[INFO] [stdout] thread 'tests::test_coin_metadata_query' (2546) panicked at src/lib.rs:1993:9:
[INFO] [stdout] Coin metadata query failed for http://localhost:9125/graphql network
[INFO] [stdout] stack backtrace:
[INFO] [stdout]    0:     0x61492705d501 - <<std[70759c8f55707aa4]::sys::backtrace::BacktraceLock>::print::DisplayBacktrace as core[df12db4294e9bfd3]::fmt::Display>::fmt
[INFO] [stdout]    1:     0x61492707399a - core[df12db4294e9bfd3]::fmt::write
[INFO] [stdout]    2:     0x6149270624bc - <alloc[2182bb758b4b3781]::vec::Vec<u8> as core[df12db4294e9bfd3]::io::write::Write>::write_fmt
[INFO] [stdout]    3:     0x614927038496 - std[70759c8f55707aa4]::panicking::default_hook::{closure#0}
[INFO] [stdout]    4:     0x614927055529 - std[70759c8f55707aa4]::panicking::default_hook
[INFO] [stdout]    5:     0x614926dda740 - test[9d35eded1c95d3be]::test_main_inner::<test[9d35eded1c95d3be]::test_main_static::{closure#0}>::{closure#0}
[INFO] [stdout]    6:     0x614927055852 - std[70759c8f55707aa4]::panicking::panic_with_hook
[INFO] [stdout]    7:     0x614927038542 - std[70759c8f55707aa4]::panicking::panic_handler::{closure#0}
[INFO] [stdout]    8:     0x614927030c59 - std[70759c8f55707aa4]::sys::backtrace::__rust_end_short_backtrace::<std[70759c8f55707aa4]::panicking::panic_handler::{closure#0}, !>
[INFO] [stdout]    9:     0x61492703943d - __rustc[8fa7c3cbc660c2b3]::rust_begin_unwind
[INFO] [stdout]   10:     0x6149270740fc - core[df12db4294e9bfd3]::panicking::panic_fmt
[INFO] [stdout]   11:     0x614926d155d1 - sui_graphql_client[a7a2ea01459162a7]::tests::test_coin_metadata_query::{closure#0}
[INFO] [stdout]   12:     0x614926d5b653 - <tokio[cb5aac8fdfb7212a]::runtime::scheduler::current_thread::Context>::enter::<core[df12db4294e9bfd3]::task::poll::Poll<()>, <tokio[cb5aac8fdfb7212a]::runtime::scheduler::current_thread::CoreGuard>::block_on<core[df12db4294e9bfd3]::pin::Pin<&mut core[df12db4294e9bfd3]::pin::Pin<&mut dyn core[df12db4294e9bfd3]::future::future::Future<Output = ()>>>>::{closure#0}::{closure#0}>
[INFO] [stdout]   13:     0x614926d63bbc - <tokio[cb5aac8fdfb7212a]::runtime::context::scoped::Scoped<tokio[cb5aac8fdfb7212a]::runtime::scheduler::Context>>::set::<<tokio[cb5aac8fdfb7212a]::runtime::scheduler::current_thread::CoreGuard>::enter<<tokio[cb5aac8fdfb7212a]::runtime::scheduler::current_thread::CoreGuard>::block_on<core[df12db4294e9bfd3]::pin::Pin<&mut core[df12db4294e9bfd3]::pin::Pin<&mut dyn core[df12db4294e9bfd3]::future::future::Future<Output = ()>>>>::{closure#0}, core[df12db4294e9bfd3]::option::Option<()>>::{closure#0}, (alloc[2182bb758b4b3781]::boxed::Box<tokio[cb5aac8fdfb7212a]::runtime::scheduler::current_thread::Core>, core[df12db4294e9bfd3]::option::Option<()>)>
[INFO] [stdout]   14:     0x614926d5b21f - <tokio[cb5aac8fdfb7212a]::runtime::scheduler::current_thread::CurrentThread>::block_on::<core[df12db4294e9bfd3]::pin::Pin<&mut dyn core[df12db4294e9bfd3]::future::future::Future<Output = ()>>>
[INFO] [stdout]   15:     0x614926d982d2 - <tokio[cb5aac8fdfb7212a]::runtime::runtime::Runtime>::block_on::<core[df12db4294e9bfd3]::pin::Pin<&mut dyn core[df12db4294e9bfd3]::future::future::Future<Output = ()>>>
[INFO] [stdout]   16:     0x614926d1fc4b - sui_graphql_client[a7a2ea01459162a7]::tests::test_coin_metadata_query
[INFO] [stdout]   17:     0x614926dcaf59 - <sui_graphql_client[a7a2ea01459162a7]::tests::test_coin_metadata_query::{closure#0} as core[df12db4294e9bfd3]::ops::function::FnOnce<()>>::call_once
[INFO] [stdout]   18:     0x614926dcda2b - test[9d35eded1c95d3be]::__rust_begin_short_backtrace::<core[df12db4294e9bfd3]::result::Result<(), alloc[2182bb758b4b3781]::string::String>, fn() -> core[df12db4294e9bfd3]::result::Result<(), alloc[2182bb758b4b3781]::string::String>>
[INFO] [stdout]   19:     0x614926ddb095 - test[9d35eded1c95d3be]::run_test::{closure#0}
[INFO] [stdout]   20:     0x614926dd4954 - std[70759c8f55707aa4]::sys::backtrace::__rust_begin_short_backtrace::<test[9d35eded1c95d3be]::run_test::{closure#1}, ()>
[INFO] [stdout]   21:     0x614926dde1f2 - <std[70759c8f55707aa4]::thread::lifecycle::spawn_unchecked<test[9d35eded1c95d3be]::run_test::{closure#1}, ()>::{closure#1} as core[df12db4294e9bfd3]::ops::function::FnOnce<()>>::call_once::{shim:vtable#0}
[INFO] [stdout]   22:     0x61492705ca29 - <std[70759c8f55707aa4]::sys::thread::unix::Thread>::new::thread_start
[INFO] [stdout]   23:     0x7a09e0596dfa - <unknown>
[INFO] [stdout]   24:     0x7a09e062a3d4 - clone
[INFO] [stdout]   25:                0x0 - <unknown>
[INFO] [stdout] 
[INFO] [stdout] ---- tests::test_balance_query stdout ----
[INFO] [stdout] 
[INFO] [stdout] thread 'tests::test_balance_query' (2542) panicked at src/lib.rs:1912:9:
[INFO] [stdout] Balance query failed for http://localhost:9125/graphql network
[INFO] [stdout] stack backtrace:
[INFO] [stdout]    0:     0x61492705d501 - <<std[70759c8f55707aa4]::sys::backtrace::BacktraceLock>::print::DisplayBacktrace as core[df12db4294e9bfd3]::fmt::Display>::fmt
[INFO] [stdout]    1:     0x61492707399a - core[df12db4294e9bfd3]::fmt::write
[INFO] [stdout]    2:     0x6149270624bc - <alloc[2182bb758b4b3781]::vec::Vec<u8> as core[df12db4294e9bfd3]::io::write::Write>::write_fmt
[INFO] [stdout]    3:     0x614927038496 - std[70759c8f55707aa4]::panicking::default_hook::{closure#0}
[INFO] [stdout]    4:     0x614927055529 - std[70759c8f55707aa4]::panicking::default_hook
[INFO] [stdout]    5:     0x614926dda740 - test[9d35eded1c95d3be]::test_main_inner::<test[9d35eded1c95d3be]::test_main_static::{closure#0}>::{closure#0}
[INFO] [stdout]    6:     0x614927055852 - std[70759c8f55707aa4]::panicking::panic_with_hook
[INFO] [stdout]    7:     0x614927038542 - std[70759c8f55707aa4]::panicking::panic_handler::{closure#0}
[INFO] [stdout]    8:     0x614927030c59 - std[70759c8f55707aa4]::sys::backtrace::__rust_end_short_backtrace::<std[70759c8f55707aa4]::panicking::panic_handler::{closure#0}, !>
[INFO] [stdout]    9:     0x61492703943d - __rustc[8fa7c3cbc660c2b3]::rust_begin_unwind
[INFO] [stdout]   10:     0x6149270740fc - core[df12db4294e9bfd3]::panicking::panic_fmt
[INFO] [stdout]   11:     0x614926d10161 - sui_graphql_client[a7a2ea01459162a7]::tests::test_balance_query::{closure#0}
[INFO] [stdout]   12:     0x614926d5b653 - <tokio[cb5aac8fdfb7212a]::runtime::scheduler::current_thread::Context>::enter::<core[df12db4294e9bfd3]::task::poll::Poll<()>, <tokio[cb5aac8fdfb7212a]::runtime::scheduler::current_thread::CoreGuard>::block_on<core[df12db4294e9bfd3]::pin::Pin<&mut core[df12db4294e9bfd3]::pin::Pin<&mut dyn core[df12db4294e9bfd3]::future::future::Future<Output = ()>>>>::{closure#0}::{closure#0}>
[INFO] [stdout]   13:     0x614926d63bbc - <tokio[cb5aac8fdfb7212a]::runtime::context::scoped::Scoped<tokio[cb5aac8fdfb7212a]::runtime::scheduler::Context>>::set::<<tokio[cb5aac8fdfb7212a]::runtime::scheduler::current_thread::CoreGuard>::enter<<tokio[cb5aac8fdfb7212a]::runtime::scheduler::current_thread::CoreGuard>::block_on<core[df12db4294e9bfd3]::pin::Pin<&mut core[df12db4294e9bfd3]::pin::Pin<&mut dyn core[df12db4294e9bfd3]::future::future::Future<Output = ()>>>>::{closure#0}, core[df12db4294e9bfd3]::option::Option<()>>::{closure#0}, (alloc[2182bb758b4b3781]::boxed::Box<tokio[cb5aac8fdfb7212a]::runtime::scheduler::current_thread::Core>, core[df12db4294e9bfd3]::option::Option<()>)>
[INFO] [stdout]   14:     0x614926d5b21f - <tokio[cb5aac8fdfb7212a]::runtime::scheduler::current_thread::CurrentThread>::block_on::<core[df12db4294e9bfd3]::pin::Pin<&mut dyn core[df12db4294e9bfd3]::future::future::Future<Output = ()>>>
[INFO] [stdout]   15:     0x614926d982d2 - <tokio[cb5aac8fdfb7212a]::runtime::runtime::Runtime>::block_on::<core[df12db4294e9bfd3]::pin::Pin<&mut dyn core[df12db4294e9bfd3]::future::future::Future<Output = ()>>>
[INFO] [stdout]   16:     0x614926d1eecb - sui_graphql_client[a7a2ea01459162a7]::tests::test_balance_query
[INFO] [stdout]   17:     0x614926dcae39 - <sui_graphql_client[a7a2ea01459162a7]::tests::test_balance_query::{closure#0} as core[df12db4294e9bfd3]::ops::function::FnOnce<()>>::call_once
[INFO] [stdout]   18:     0x614926dcda2b - test[9d35eded1c95d3be]::__rust_begin_short_backtrace::<core[df12db4294e9bfd3]::result::Result<(), alloc[2182bb758b4b3781]::string::String>, fn() -> core[df12db4294e9bfd3]::result::Result<(), alloc[2182bb758b4b3781]::string::String>>
[INFO] [stdout]   19:     0x614926ddb095 - test[9d35eded1c95d3be]::run_test::{closure#0}
[INFO] [stdout]   20:     0x614926dd4954 - std[70759c8f55707aa4]::sys::backtrace::__rust_begin_short_backtrace::<test[9d35eded1c95d3be]::run_test::{closure#1}, ()>
[INFO] [stdout]   21:     0x614926dde1f2 - <std[70759c8f55707aa4]::thread::lifecycle::spawn_unchecked<test[9d35eded1c95d3be]::run_test::{closure#1}, ()>::{closure#1} as core[df12db4294e9bfd3]::ops::function::FnOnce<()>>::call_once::{shim:vtable#0}
[INFO] [stdout]   22:     0x61492705ca29 - <std[70759c8f55707aa4]::sys::thread::unix::Thread>::new::thread_start
[INFO] [stdout]   23:     0x7a09e0596dfa - <unknown>
[INFO] [stdout]   24:     0x7a09e062a3d4 - clone
[INFO] [stdout]   25:                0x0 - <unknown>
[INFO] [stdout] 
[INFO] [stdout] ---- tests::test_object_query stdout ----
[INFO] [stdout] 
[INFO] [stdout] thread 'tests::test_object_query' (2575) panicked at src/lib.rs:2122:9:
[INFO] [stdout] Object query failed for http://localhost:9125/graphql network. Error: Error: error sending request
[INFO] [stdout] 
[INFO] [stdout] stack backtrace:
[INFO] [stdout]    0:     0x61492705d501 - <<std[70759c8f55707aa4]::sys::backtrace::BacktraceLock>::print::DisplayBacktrace as core[df12db4294e9bfd3]::fmt::Display>::fmt
[INFO] [stdout]    1:     0x61492707399a - core[df12db4294e9bfd3]::fmt::write
[INFO] [stdout]    2:     0x6149270624bc - <alloc[2182bb758b4b3781]::vec::Vec<u8> as core[df12db4294e9bfd3]::io::write::Write>::write_fmt
[INFO] [stdout]    3:     0x614927038496 - std[70759c8f55707aa4]::panicking::default_hook::{closure#0}
[INFO] [stdout]    4:     0x614927055529 - std[70759c8f55707aa4]::panicking::default_hook
[INFO] [stdout]    5:     0x614926dda740 - test[9d35eded1c95d3be]::test_main_inner::<test[9d35eded1c95d3be]::test_main_static::{closure#0}>::{closure#0}
[INFO] [stdout]    6:     0x614927055852 - std[70759c8f55707aa4]::panicking::panic_with_hook
[INFO] [stdout]    7:     0x614927038542 - std[70759c8f55707aa4]::panicking::panic_handler::{closure#0}
[INFO] [stdout]    8:     0x614927030c59 - std[70759c8f55707aa4]::sys::backtrace::__rust_end_short_backtrace::<std[70759c8f55707aa4]::panicking::panic_handler::{closure#0}, !>
[INFO] [stdout]    9:     0x61492703943d - __rustc[8fa7c3cbc660c2b3]::rust_begin_unwind
[INFO] [stdout]   10:     0x6149270740fc - core[df12db4294e9bfd3]::panicking::panic_fmt
[INFO] [stdout]   11:     0x614926d0f0ea - sui_graphql_client[a7a2ea01459162a7]::tests::test_object_query::{closure#0}
[INFO] [stdout]   12:     0x614926d5b653 - <tokio[cb5aac8fdfb7212a]::runtime::scheduler::current_thread::Context>::enter::<core[df12db4294e9bfd3]::task::poll::Poll<()>, <tokio[cb5aac8fdfb7212a]::runtime::scheduler::current_thread::CoreGuard>::block_on<core[df12db4294e9bfd3]::pin::Pin<&mut core[df12db4294e9bfd3]::pin::Pin<&mut dyn core[df12db4294e9bfd3]::future::future::Future<Output = ()>>>>::{closure#0}::{closure#0}>
[INFO] [stdout]   13:     0x614926d63bbc - <tokio[cb5aac8fdfb7212a]::runtime::context::scoped::Scoped<tokio[cb5aac8fdfb7212a]::runtime::scheduler::Context>>::set::<<tokio[cb5aac8fdfb7212a]::runtime::scheduler::current_thread::CoreGuard>::enter<<tokio[cb5aac8fdfb7212a]::runtime::scheduler::current_thread::CoreGuard>::block_on<core[df12db4294e9bfd3]::pin::Pin<&mut core[df12db4294e9bfd3]::pin::Pin<&mut dyn core[df12db4294e9bfd3]::future::future::Future<Output = ()>>>>::{closure#0}, core[df12db4294e9bfd3]::option::Option<()>>::{closure#0}, (alloc[2182bb758b4b3781]::boxed::Box<tokio[cb5aac8fdfb7212a]::runtime::scheduler::current_thread::Core>, core[df12db4294e9bfd3]::option::Option<()>)>
[INFO] [stdout]   14:     0x614926d5b21f - <tokio[cb5aac8fdfb7212a]::runtime::scheduler::current_thread::CurrentThread>::block_on::<core[df12db4294e9bfd3]::pin::Pin<&mut dyn core[df12db4294e9bfd3]::future::future::Future<Output = ()>>>
[INFO] [stdout]   15:     0x614926d982d2 - <tokio[cb5aac8fdfb7212a]::runtime::runtime::Runtime>::block_on::<core[df12db4294e9bfd3]::pin::Pin<&mut dyn core[df12db4294e9bfd3]::future::future::Future<Output = ()>>>
[INFO] [stdout]   16:     0x614926d1ebcb - sui_graphql_client[a7a2ea01459162a7]::tests::test_object_query
[INFO] [stdout]   17:     0x614926dcadf9 - <sui_graphql_client[a7a2ea01459162a7]::tests::test_object_query::{closure#0} as core[df12db4294e9bfd3]::ops::function::FnOnce<()>>::call_once
[INFO] [stdout]   18:     0x614926dcda2b - test[9d35eded1c95d3be]::__rust_begin_short_backtrace::<core[df12db4294e9bfd3]::result::Result<(), alloc[2182bb758b4b3781]::string::String>, fn() -> core[df12db4294e9bfd3]::result::Result<(), alloc[2182bb758b4b3781]::string::String>>
[INFO] [stdout]   19:     0x614926ddb095 - test[9d35eded1c95d3be]::run_test::{closure#0}
[INFO] [stdout]   20:     0x614926dd4954 - std[70759c8f55707aa4]::sys::backtrace::__rust_begin_short_backtrace::<test[9d35eded1c95d3be]::run_test::{closure#1}, ()>
[INFO] [stdout]   21:     0x614926dde1f2 - <std[70759c8f55707aa4]::thread::lifecycle::spawn_unchecked<test[9d35eded1c95d3be]::run_test::{closure#1}, ()>::{closure#1} as core[df12db4294e9bfd3]::ops::function::FnOnce<()>>::call_once::{shim:vtable#0}
[INFO] [stdout]   22:     0x61492705ca29 - <std[70759c8f55707aa4]::sys::thread::unix::Thread>::new::thread_start
[INFO] [stdout]   23:     0x7a09e0596dfa - <unknown>
[INFO] [stdout]   24:     0x7a09e062a3d4 - clone
[INFO] [stdout]   25:                0x0 - <unknown>
[INFO] [stdout] 
[INFO] [stdout] ---- tests::test_epoch_summary_query stdout ----
[INFO] [stdout] 
[INFO] [stdout] thread 'tests::test_epoch_summary_query' (2554) panicked at src/lib.rs:2081:9:
[INFO] [stdout] Epoch summary query failed for http://localhost:9125/graphql network. Error: Error: error sending request
[INFO] [stdout] 
[INFO] [stdout] stack backtrace:
[INFO] [stdout]    0:     0x61492705d501 - <<std[70759c8f55707aa4]::sys::backtrace::BacktraceLock>::print::DisplayBacktrace as core[df12db4294e9bfd3]::fmt::Display>::fmt
[INFO] [stdout]    1:     0x61492707399a - core[df12db4294e9bfd3]::fmt::write
[INFO] [stdout]    2:     0x6149270624bc - <alloc[2182bb758b4b3781]::vec::Vec<u8> as core[df12db4294e9bfd3]::io::write::Write>::write_fmt
[INFO] [stdout]    3:     0x614927038496 - std[70759c8f55707aa4]::panicking::default_hook::{closure#0}
[INFO] [stdout]    4:     0x614927055529 - std[70759c8f55707aa4]::panicking::default_hook
[INFO] [stdout]    5:     0x614926dda740 - test[9d35eded1c95d3be]::test_main_inner::<test[9d35eded1c95d3be]::test_main_static::{closure#0}>::{closure#0}
[INFO] [stdout]    6:     0x614927055852 - std[70759c8f55707aa4]::panicking::panic_with_hook
[INFO] [stdout]    7:     0x614927038542 - std[70759c8f55707aa4]::panicking::panic_handler::{closure#0}
[INFO] [stdout]    8:     0x614927030c59 - std[70759c8f55707aa4]::sys::backtrace::__rust_end_short_backtrace::<std[70759c8f55707aa4]::panicking::panic_handler::{closure#0}, !>
[INFO] [stdout]    9:     0x61492703943d - __rustc[8fa7c3cbc660c2b3]::rust_begin_unwind
[INFO] [stdout]   10:     0x6149270740fc - core[df12db4294e9bfd3]::panicking::panic_fmt
[INFO] [stdout]   11:     0x614926d16fb2 - sui_graphql_client[a7a2ea01459162a7]::tests::test_epoch_summary_query::{closure#0}
[INFO] [stdout]   12:     0x614926d5b653 - <tokio[cb5aac8fdfb7212a]::runtime::scheduler::current_thread::Context>::enter::<core[df12db4294e9bfd3]::task::poll::Poll<()>, <tokio[cb5aac8fdfb7212a]::runtime::scheduler::current_thread::CoreGuard>::block_on<core[df12db4294e9bfd3]::pin::Pin<&mut core[df12db4294e9bfd3]::pin::Pin<&mut dyn core[df12db4294e9bfd3]::future::future::Future<Output = ()>>>>::{closure#0}::{closure#0}>
[INFO] [stdout]   13:     0x614926d63bbc - <tokio[cb5aac8fdfb7212a]::runtime::context::scoped::Scoped<tokio[cb5aac8fdfb7212a]::runtime::scheduler::Context>>::set::<<tokio[cb5aac8fdfb7212a]::runtime::scheduler::current_thread::CoreGuard>::enter<<tokio[cb5aac8fdfb7212a]::runtime::scheduler::current_thread::CoreGuard>::block_on<core[df12db4294e9bfd3]::pin::Pin<&mut core[df12db4294e9bfd3]::pin::Pin<&mut dyn core[df12db4294e9bfd3]::future::future::Future<Output = ()>>>>::{closure#0}, core[df12db4294e9bfd3]::option::Option<()>>::{closure#0}, (alloc[2182bb758b4b3781]::boxed::Box<tokio[cb5aac8fdfb7212a]::runtime::scheduler::current_thread::Core>, core[df12db4294e9bfd3]::option::Option<()>)>
[INFO] [stdout]   14:     0x614926d5b21f - <tokio[cb5aac8fdfb7212a]::runtime::scheduler::current_thread::CurrentThread>::block_on::<core[df12db4294e9bfd3]::pin::Pin<&mut dyn core[df12db4294e9bfd3]::future::future::Future<Output = ()>>>
[INFO] [stdout]   15:     0x614926d982d2 - <tokio[cb5aac8fdfb7212a]::runtime::runtime::Runtime>::block_on::<core[df12db4294e9bfd3]::pin::Pin<&mut dyn core[df12db4294e9bfd3]::future::future::Future<Output = ()>>>
[INFO] [stdout]   16:     0x614926d1ff1b - sui_graphql_client[a7a2ea01459162a7]::tests::test_epoch_summary_query
[INFO] [stdout]   17:     0x614926dcaf99 - <sui_graphql_client[a7a2ea01459162a7]::tests::test_epoch_summary_query::{closure#0} as core[df12db4294e9bfd3]::ops::function::FnOnce<()>>::call_once
[INFO] [stdout]   18:     0x614926dcda2b - test[9d35eded1c95d3be]::__rust_begin_short_backtrace::<core[df12db4294e9bfd3]::result::Result<(), alloc[2182bb758b4b3781]::string::String>, fn() -> core[df12db4294e9bfd3]::result::Result<(), alloc[2182bb758b4b3781]::string::String>>
[INFO] [stdout]   19:     0x614926ddb095 - test[9d35eded1c95d3be]::run_test::{closure#0}
[INFO] [stdout]   20:     0x614926dd4954 - std[70759c8f55707aa4]::sys::backtrace::__rust_begin_short_backtrace::<test[9d35eded1c95d3be]::run_test::{closure#1}, ()>
[INFO] [stdout]   21:     0x614926dde1f2 - <std[70759c8f55707aa4]::thread::lifecycle::spawn_unchecked<test[9d35eded1c95d3be]::run_test::{closure#1}, ()>::{closure#1} as core[df12db4294e9bfd3]::ops::function::FnOnce<()>>::call_once::{shim:vtable#0}
[INFO] [stdout]   22:     0x61492705ca29 - <std[70759c8f55707aa4]::sys::thread::unix::Thread>::new::thread_start
[INFO] [stdout]   23:     0x7a09e0596dfa - <unknown>
[INFO] [stdout]   24:     0x7a09e062a3d4 - clone
[INFO] [stdout]   25:                0x0 - <unknown>
[INFO] [stdout] 
[INFO] [stdout] ---- tests::test_dynamic_fields_query stdout ----
[INFO] [stdout] 
[INFO] [stdout] thread 'tests::test_dynamic_fields_query' (2551) panicked at src/lib.rs:2290:9:
[INFO] [stdout] Dynamic fields query failed for http://localhost:9125/graphql network. Error: Error: error sending request
[INFO] [stdout] 
[INFO] [stdout] stack backtrace:
[INFO] [stdout]    0:     0x61492705d501 - <<std[70759c8f55707aa4]::sys::backtrace::BacktraceLock>::print::DisplayBacktrace as core[df12db4294e9bfd3]::fmt::Display>::fmt
[INFO] [stdout]    1:     0x61492707399a - core[df12db4294e9bfd3]::fmt::write
[INFO] [stdout]    2:     0x6149270624bc - <alloc[2182bb758b4b3781]::vec::Vec<u8> as core[df12db4294e9bfd3]::io::write::Write>::write_fmt
[INFO] [stdout]    3:     0x614927038496 - std[70759c8f55707aa4]::panicking::default_hook::{closure#0}
[INFO] [stdout]    4:     0x614927055529 - std[70759c8f55707aa4]::panicking::default_hook
[INFO] [stdout]    5:     0x614926dda740 - test[9d35eded1c95d3be]::test_main_inner::<test[9d35eded1c95d3be]::test_main_static::{closure#0}>::{closure#0}
[INFO] [stdout]    6:     0x614927055852 - std[70759c8f55707aa4]::panicking::panic_with_hook
[INFO] [stdout]    7:     0x614927038542 - std[70759c8f55707aa4]::panicking::panic_handler::{closure#0}
[INFO] [stdout]    8:     0x614927030c59 - std[70759c8f55707aa4]::sys::backtrace::__rust_end_short_backtrace::<std[70759c8f55707aa4]::panicking::panic_handler::{closure#0}, !>
[INFO] [stdout]    9:     0x61492703943d - __rustc[8fa7c3cbc660c2b3]::rust_begin_unwind
[INFO] [stdout]   10:     0x6149270740fc - core[df12db4294e9bfd3]::panicking::panic_fmt
[INFO] [stdout]   11:     0x614926d17f97 - sui_graphql_client[a7a2ea01459162a7]::tests::test_dynamic_fields_query::{closure#0}
[INFO] [stdout]   12:     0x614926d5b653 - <tokio[cb5aac8fdfb7212a]::runtime::scheduler::current_thread::Context>::enter::<core[df12db4294e9bfd3]::task::poll::Poll<()>, <tokio[cb5aac8fdfb7212a]::runtime::scheduler::current_thread::CoreGuard>::block_on<core[df12db4294e9bfd3]::pin::Pin<&mut core[df12db4294e9bfd3]::pin::Pin<&mut dyn core[df12db4294e9bfd3]::future::future::Future<Output = ()>>>>::{closure#0}::{closure#0}>
[INFO] [stdout]   13:     0x614926d63bbc - <tokio[cb5aac8fdfb7212a]::runtime::context::scoped::Scoped<tokio[cb5aac8fdfb7212a]::runtime::scheduler::Context>>::set::<<tokio[cb5aac8fdfb7212a]::runtime::scheduler::current_thread::CoreGuard>::enter<<tokio[cb5aac8fdfb7212a]::runtime::scheduler::current_thread::CoreGuard>::block_on<core[df12db4294e9bfd3]::pin::Pin<&mut core[df12db4294e9bfd3]::pin::Pin<&mut dyn core[df12db4294e9bfd3]::future::future::Future<Output = ()>>>>::{closure#0}, core[df12db4294e9bfd3]::option::Option<()>>::{closure#0}, (alloc[2182bb758b4b3781]::boxed::Box<tokio[cb5aac8fdfb7212a]::runtime::scheduler::current_thread::Core>, core[df12db4294e9bfd3]::option::Option<()>)>
[INFO] [stdout]   14:     0x614926d5b21f - <tokio[cb5aac8fdfb7212a]::runtime::scheduler::current_thread::CurrentThread>::block_on::<core[df12db4294e9bfd3]::pin::Pin<&mut dyn core[df12db4294e9bfd3]::future::future::Future<Output = ()>>>
[INFO] [stdout]   15:     0x614926d982d2 - <tokio[cb5aac8fdfb7212a]::runtime::runtime::Runtime>::block_on::<core[df12db4294e9bfd3]::pin::Pin<&mut dyn core[df12db4294e9bfd3]::future::future::Future<Output = ()>>>
[INFO] [stdout]   16:     0x614926d2009b - sui_graphql_client[a7a2ea01459162a7]::tests::test_dynamic_fields_query
[INFO] [stdout]   17:     0x614926dcafb9 - <sui_graphql_client[a7a2ea01459162a7]::tests::test_dynamic_fields_query::{closure#0} as core[df12db4294e9bfd3]::ops::function::FnOnce<()>>::call_once
[INFO] [stdout]   18:     0x614926dcda2b - test[9d35eded1c95d3be]::__rust_begin_short_backtrace::<core[df12db4294e9bfd3]::result::Result<(), alloc[2182bb758b4b3781]::string::String>, fn() -> core[df12db4294e9bfd3]::result::Result<(), alloc[2182bb758b4b3781]::string::String>>
[INFO] [stdout]   19:     0x614926ddb095 - test[9d35eded1c95d3be]::run_test::{closure#0}
[INFO] [stdout]   20:     0x614926dd4954 - std[70759c8f55707aa4]::sys::backtrace::__rust_begin_short_backtrace::<test[9d35eded1c95d3be]::run_test::{closure#1}, ()>
[INFO] [stdout]   21:     0x614926dde1f2 - <std[70759c8f55707aa4]::thread::lifecycle::spawn_unchecked<test[9d35eded1c95d3be]::run_test::{closure#1}, ()>::{closure#1} as core[df12db4294e9bfd3]::ops::function::FnOnce<()>>::call_once::{shim:vtable#0}
[INFO] [stdout]   22:     0x61492705ca29 - <std[70759c8f55707aa4]::sys::thread::unix::Thread>::new::thread_start
[INFO] [stdout]   23:     0x7a09e0596dfa - <unknown>
[INFO] [stdout]   24:     0x7a09e062a3d4 - clone
[INFO] [stdout]   25:                0x0 - <unknown>
[INFO] [stdout] 
[INFO] [stdout] ---- tests::test_objects_query stdout ----
[INFO] [stdout] 
[INFO] [stdout] thread 'tests::test_objects_query' (2576) panicked at src/lib.rs:2110:9:
[INFO] [stdout] Objects query failed for http://localhost:9125/graphql network. Error: Error: error sending request
[INFO] [stdout] 
[INFO] [stdout] stack backtrace:
[INFO] [stdout]    0:     0x61492705d501 - <<std[70759c8f55707aa4]::sys::backtrace::BacktraceLock>::print::DisplayBacktrace as core[df12db4294e9bfd3]::fmt::Display>::fmt
[INFO] [stdout]    1:     0x61492707399a - core[df12db4294e9bfd3]::fmt::write
[INFO] [stdout]    2:     0x6149270624bc - <alloc[2182bb758b4b3781]::vec::Vec<u8> as core[df12db4294e9bfd3]::io::write::Write>::write_fmt
[INFO] [stdout]    3:     0x614927038496 - std[70759c8f55707aa4]::panicking::default_hook::{closure#0}
[INFO] [stdout]    4:     0x614927055529 - std[70759c8f55707aa4]::panicking::default_hook
[INFO] [stdout]    5:     0x614926dda740 - test[9d35eded1c95d3be]::test_main_inner::<test[9d35eded1c95d3be]::test_main_static::{closure#0}>::{closure#0}
[INFO] [stdout]    6:     0x614927055852 - std[70759c8f55707aa4]::panicking::panic_with_hook
[INFO] [stdout]    7:     0x614927038542 - std[70759c8f55707aa4]::panicking::panic_handler::{closure#0}
[INFO] [stdout]    8:     0x614927030c59 - std[70759c8f55707aa4]::sys::backtrace::__rust_end_short_backtrace::<std[70759c8f55707aa4]::panicking::panic_handler::{closure#0}, !>
[INFO] [stdout]    9:     0x61492703943d - __rustc[8fa7c3cbc660c2b3]::rust_begin_unwind
[INFO] [stdout]   10:     0x6149270740fc - core[df12db4294e9bfd3]::panicking::panic_fmt
[INFO] [stdout]   11:     0x614926d10530 - sui_graphql_client[a7a2ea01459162a7]::tests::test_objects_query::{closure#0}
[INFO] [stdout]   12:     0x614926d5b653 - <tokio[cb5aac8fdfb7212a]::runtime::scheduler::current_thread::Context>::enter::<core[df12db4294e9bfd3]::task::poll::Poll<()>, <tokio[cb5aac8fdfb7212a]::runtime::scheduler::current_thread::CoreGuard>::block_on<core[df12db4294e9bfd3]::pin::Pin<&mut core[df12db4294e9bfd3]::pin::Pin<&mut dyn core[df12db4294e9bfd3]::future::future::Future<Output = ()>>>>::{closure#0}::{closure#0}>
[INFO] [stdout]   13:     0x614926d63bbc - <tokio[cb5aac8fdfb7212a]::runtime::context::scoped::Scoped<tokio[cb5aac8fdfb7212a]::runtime::scheduler::Context>>::set::<<tokio[cb5aac8fdfb7212a]::runtime::scheduler::current_thread::CoreGuard>::enter<<tokio[cb5aac8fdfb7212a]::runtime::scheduler::current_thread::CoreGuard>::block_on<core[df12db4294e9bfd3]::pin::Pin<&mut core[df12db4294e9bfd3]::pin::Pin<&mut dyn core[df12db4294e9bfd3]::future::future::Future<Output = ()>>>>::{closure#0}, core[df12db4294e9bfd3]::option::Option<()>>::{closure#0}, (alloc[2182bb758b4b3781]::boxed::Box<tokio[cb5aac8fdfb7212a]::runtime::scheduler::current_thread::Core>, core[df12db4294e9bfd3]::option::Option<()>)>
[INFO] [stdout]   14:     0x614926d5b21f - <tokio[cb5aac8fdfb7212a]::runtime::scheduler::current_thread::CurrentThread>::block_on::<core[df12db4294e9bfd3]::pin::Pin<&mut dyn core[df12db4294e9bfd3]::future::future::Future<Output = ()>>>
[INFO] [stdout]   15:     0x614926d982d2 - <tokio[cb5aac8fdfb7212a]::runtime::runtime::Runtime>::block_on::<core[df12db4294e9bfd3]::pin::Pin<&mut dyn core[df12db4294e9bfd3]::future::future::Future<Output = ()>>>
[INFO] [stdout]   16:     0x614926d1f04b - sui_graphql_client[a7a2ea01459162a7]::tests::test_objects_query
[INFO] [stdout]   17:     0x614926dcae59 - <sui_graphql_client[a7a2ea01459162a7]::tests::test_objects_query::{closure#0} as core[df12db4294e9bfd3]::ops::function::FnOnce<()>>::call_once
[INFO] [stdout]   18:     0x614926dcda2b - test[9d35eded1c95d3be]::__rust_begin_short_backtrace::<core[df12db4294e9bfd3]::result::Result<(), alloc[2182bb758b4b3781]::string::String>, fn() -> core[df12db4294e9bfd3]::result::Result<(), alloc[2182bb758b4b3781]::string::String>>
[INFO] [stdout]   19:     0x614926ddb095 - test[9d35eded1c95d3be]::run_test::{closure#0}
[INFO] [stdout]   20:     0x614926dd4954 - std[70759c8f55707aa4]::sys::backtrace::__rust_begin_short_backtrace::<test[9d35eded1c95d3be]::run_test::{closure#1}, ()>
[INFO] [stdout]   21:     0x614926dde1f2 - <std[70759c8f55707aa4]::thread::lifecycle::spawn_unchecked<test[9d35eded1c95d3be]::run_test::{closure#1}, ()>::{closure#1} as core[df12db4294e9bfd3]::ops::function::FnOnce<()>>::call_once::{shim:vtable#0}
[INFO] [stdout]   22:     0x61492705ca29 - <std[70759c8f55707aa4]::sys::thread::unix::Thread>::new::thread_start
[INFO] [stdout]   23:     0x7a09e0596dfa - <unknown>
[INFO] [stdout]   24:     0x7a09e062a3d4 - clone
[INFO] [stdout]   25:                0x0 - <unknown>
[INFO] [stdout] 
[INFO] [stdout] ---- tests::test_latest_package_query stdout ----
[INFO] [stdout] 
[INFO] [stdout] thread 'tests::test_latest_package_query' (2573) panicked at src/lib.rs:2372:9:
[INFO] [stdout] Latest package query failed for http://localhost:9125/graphql network. Error: Error: error sending request
[INFO] [stdout] 
[INFO] [stdout] stack backtrace:
[INFO] [stdout]    0:     0x61492705d501 - <<std[70759c8f55707aa4]::sys::backtrace::BacktraceLock>::print::DisplayBacktrace as core[df12db4294e9bfd3]::fmt::Display>::fmt
[INFO] [stdout]    1:     0x61492707399a - core[df12db4294e9bfd3]::fmt::write
[INFO] [stdout]    2:     0x6149270624bc - <alloc[2182bb758b4b3781]::vec::Vec<u8> as core[df12db4294e9bfd3]::io::write::Write>::write_fmt
[INFO] [stdout]    3:     0x614927038496 - std[70759c8f55707aa4]::panicking::default_hook::{closure#0}
[INFO] [stdout]    4:     0x614927055529 - std[70759c8f55707aa4]::panicking::default_hook
[INFO] [stdout]    5:     0x614926dda740 - test[9d35eded1c95d3be]::test_main_inner::<test[9d35eded1c95d3be]::test_main_static::{closure#0}>::{closure#0}
[INFO] [stdout]    6:     0x614927055852 - std[70759c8f55707aa4]::panicking::panic_with_hook
[INFO] [stdout]    7:     0x614927038542 - std[70759c8f55707aa4]::panicking::panic_handler::{closure#0}
[INFO] [stdout]    8:     0x614927030c59 - std[70759c8f55707aa4]::sys::backtrace::__rust_end_short_backtrace::<std[70759c8f55707aa4]::panicking::panic_handler::{closure#0}, !>
[INFO] [stdout]    9:     0x61492703943d - __rustc[8fa7c3cbc660c2b3]::rust_begin_unwind
[INFO] [stdout]   10:     0x6149270740fc - core[df12db4294e9bfd3]::panicking::panic_fmt
[INFO] [stdout]   11:     0x614926d18e9f - sui_graphql_client[a7a2ea01459162a7]::tests::test_latest_package_query::{closure#0}
[INFO] [stdout]   12:     0x614926d5b653 - <tokio[cb5aac8fdfb7212a]::runtime::scheduler::current_thread::Context>::enter::<core[df12db4294e9bfd3]::task::poll::Poll<()>, <tokio[cb5aac8fdfb7212a]::runtime::scheduler::current_thread::CoreGuard>::block_on<core[df12db4294e9bfd3]::pin::Pin<&mut core[df12db4294e9bfd3]::pin::Pin<&mut dyn core[df12db4294e9bfd3]::future::future::Future<Output = ()>>>>::{closure#0}::{closure#0}>
[INFO] [stdout]   13:     0x614926d63bbc - <tokio[cb5aac8fdfb7212a]::runtime::context::scoped::Scoped<tokio[cb5aac8fdfb7212a]::runtime::scheduler::Context>>::set::<<tokio[cb5aac8fdfb7212a]::runtime::scheduler::current_thread::CoreGuard>::enter<<tokio[cb5aac8fdfb7212a]::runtime::scheduler::current_thread::CoreGuard>::block_on<core[df12db4294e9bfd3]::pin::Pin<&mut core[df12db4294e9bfd3]::pin::Pin<&mut dyn core[df12db4294e9bfd3]::future::future::Future<Output = ()>>>>::{closure#0}, core[df12db4294e9bfd3]::option::Option<()>>::{closure#0}, (alloc[2182bb758b4b3781]::boxed::Box<tokio[cb5aac8fdfb7212a]::runtime::scheduler::current_thread::Core>, core[df12db4294e9bfd3]::option::Option<()>)>
[INFO] [stdout]   14:     0x614926d5b21f - <tokio[cb5aac8fdfb7212a]::runtime::scheduler::current_thread::CurrentThread>::block_on::<core[df12db4294e9bfd3]::pin::Pin<&mut dyn core[df12db4294e9bfd3]::future::future::Future<Output = ()>>>
[INFO] [stdout]   15:     0x614926d982d2 - <tokio[cb5aac8fdfb7212a]::runtime::runtime::Runtime>::block_on::<core[df12db4294e9bfd3]::pin::Pin<&mut dyn core[df12db4294e9bfd3]::future::future::Future<Output = ()>>>
[INFO] [stdout]   16:     0x614926d2021b - sui_graphql_client[a7a2ea01459162a7]::tests::test_latest_package_query
[INFO] [stdout]   17:     0x614926dcafd9 - <sui_graphql_client[a7a2ea01459162a7]::tests::test_latest_package_query::{closure#0} as core[df12db4294e9bfd3]::ops::function::FnOnce<()>>::call_once
[INFO] [stdout]   18:     0x614926dcda2b - test[9d35eded1c95d3be]::__rust_begin_short_backtrace::<core[df12db4294e9bfd3]::result::Result<(), alloc[2182bb758b4b3781]::string::String>, fn() -> core[df12db4294e9bfd3]::result::Result<(), alloc[2182bb758b4b3781]::string::String>>
[INFO] [stdout]   19:     0x614926ddb095 - test[9d35eded1c95d3be]::run_test::{closure#0}
[INFO] [stdout]   20:     0x614926dd4954 - std[70759c8f55707aa4]::sys::backtrace::__rust_begin_short_backtrace::<test[9d35eded1c95d3be]::run_test::{closure#1}, ()>
[INFO] [stdout]   21:     0x614926dde1f2 - <std[70759c8f55707aa4]::thread::lifecycle::spawn_unchecked<test[9d35eded1c95d3be]::run_test::{closure#1}, ()>::{closure#1} as core[df12db4294e9bfd3]::ops::function::FnOnce<()>>::call_once::{shim:vtable#0}
[INFO] [stdout]   22:     0x61492705ca29 - <std[70759c8f55707aa4]::sys::thread::unix::Thread>::new::thread_start
[INFO] [stdout]   23:     0x7a09e0596dfa - <unknown>
[INFO] [stdout]   24:     0x7a09e062a3d4 - clone
[INFO] [stdout]   25:                0x0 - <unknown>
[INFO] [stdout] 
[INFO] [stdout] ---- tests::test_latest_checkpoint_sequence_number_query stdout ----
[INFO] [stdout] 
[INFO] [stdout] thread 'tests::test_latest_checkpoint_sequence_number_query' (2572) panicked at src/lib.rs:2027:9:
[INFO] [stdout] Latest checkpoint sequence number query failed for http://localhost:9125/graphql network. Error: Error: error sending request
[INFO] [stdout] 
[INFO] [stdout] stack backtrace:
[INFO] [stdout]    0:     0x61492705d501 - <<std[70759c8f55707aa4]::sys::backtrace::BacktraceLock>::print::DisplayBacktrace as core[df12db4294e9bfd3]::fmt::Display>::fmt
[INFO] [stdout]    1:     0x61492707399a - core[df12db4294e9bfd3]::fmt::write
[INFO] [stdout]    2:     0x6149270624bc - <alloc[2182bb758b4b3781]::vec::Vec<u8> as core[df12db4294e9bfd3]::io::write::Write>::write_fmt
[INFO] [stdout]    3:     0x614927038496 - std[70759c8f55707aa4]::panicking::default_hook::{closure#0}
[INFO] [stdout]    4:     0x614927055529 - std[70759c8f55707aa4]::panicking::default_hook
[INFO] [stdout]    5:     0x614926dda740 - test[9d35eded1c95d3be]::test_main_inner::<test[9d35eded1c95d3be]::test_main_static::{closure#0}>::{closure#0}
[INFO] [stdout]    6:     0x614927055852 - std[70759c8f55707aa4]::panicking::panic_with_hook
[INFO] [stdout]    7:     0x614927038542 - std[70759c8f55707aa4]::panicking::panic_handler::{closure#0}
[INFO] [stdout]    8:     0x614927030c59 - std[70759c8f55707aa4]::sys::backtrace::__rust_end_short_backtrace::<std[70759c8f55707aa4]::panicking::panic_handler::{closure#0}, !>
[INFO] [stdout]    9:     0x61492703943d - __rustc[8fa7c3cbc660c2b3]::rust_begin_unwind
[INFO] [stdout]   10:     0x6149270740fc - core[df12db4294e9bfd3]::panicking::panic_fmt
[INFO] [stdout]   11:     0x614926d1cbc5 - sui_graphql_client[a7a2ea01459162a7]::tests::test_latest_checkpoint_sequence_number_query::{closure#0}
[INFO] [stdout]   12:     0x614926d5b653 - <tokio[cb5aac8fdfb7212a]::runtime::scheduler::current_thread::Context>::enter::<core[df12db4294e9bfd3]::task::poll::Poll<()>, <tokio[cb5aac8fdfb7212a]::runtime::scheduler::current_thread::CoreGuard>::block_on<core[df12db4294e9bfd3]::pin::Pin<&mut core[df12db4294e9bfd3]::pin::Pin<&mut dyn core[df12db4294e9bfd3]::future::future::Future<Output = ()>>>>::{closure#0}::{closure#0}>
[INFO] [stdout]   13:     0x614926d63bbc - <tokio[cb5aac8fdfb7212a]::runtime::context::scoped::Scoped<tokio[cb5aac8fdfb7212a]::runtime::scheduler::Context>>::set::<<tokio[cb5aac8fdfb7212a]::runtime::scheduler::current_thread::CoreGuard>::enter<<tokio[cb5aac8fdfb7212a]::runtime::scheduler::current_thread::CoreGuard>::block_on<core[df12db4294e9bfd3]::pin::Pin<&mut core[df12db4294e9bfd3]::pin::Pin<&mut dyn core[df12db4294e9bfd3]::future::future::Future<Output = ()>>>>::{closure#0}, core[df12db4294e9bfd3]::option::Option<()>>::{closure#0}, (alloc[2182bb758b4b3781]::boxed::Box<tokio[cb5aac8fdfb7212a]::runtime::scheduler::current_thread::Core>, core[df12db4294e9bfd3]::option::Option<()>)>
[INFO] [stdout]   14:     0x614926d5b21f - <tokio[cb5aac8fdfb7212a]::runtime::scheduler::current_thread::CurrentThread>::block_on::<core[df12db4294e9bfd3]::pin::Pin<&mut dyn core[df12db4294e9bfd3]::future::future::Future<Output = ()>>>
[INFO] [stdout]   15:     0x614926d982d2 - <tokio[cb5aac8fdfb7212a]::runtime::runtime::Runtime>::block_on::<core[df12db4294e9bfd3]::pin::Pin<&mut dyn core[df12db4294e9bfd3]::future::future::Future<Output = ()>>>
[INFO] [stdout]   16:     0x614926d20f0b - sui_graphql_client[a7a2ea01459162a7]::tests::test_latest_checkpoint_sequence_number_query
[INFO] [stdout]   17:     0x614926dcb0f9 - <sui_graphql_client[a7a2ea01459162a7]::tests::test_latest_checkpoint_sequence_number_query::{closure#0} as core[df12db4294e9bfd3]::ops::function::FnOnce<()>>::call_once
[INFO] [stdout]   18:     0x614926dcda2b - test[9d35eded1c95d3be]::__rust_begin_short_backtrace::<core[df12db4294e9bfd3]::result::Result<(), alloc[2182bb758b4b3781]::string::String>, fn() -> core[df12db4294e9bfd3]::result::Result<(), alloc[2182bb758b4b3781]::string::String>>
[INFO] [stdout]   19:     0x614926ddb095 - test[9d35eded1c95d3be]::run_test::{closure#0}
[INFO] [stdout]   20:     0x614926dd4954 - std[70759c8f55707aa4]::sys::backtrace::__rust_begin_short_backtrace::<test[9d35eded1c95d3be]::run_test::{closure#1}, ()>
[INFO] [stdout]   21:     0x614926dde1f2 - <std[70759c8f55707aa4]::thread::lifecycle::spawn_unchecked<test[9d35eded1c95d3be]::run_test::{closure#1}, ()>::{closure#1} as core[df12db4294e9bfd3]::ops::function::FnOnce<()>>::call_once::{shim:vtable#0}
[INFO] [stdout]   22:     0x61492705ca29 - <std[70759c8f55707aa4]::sys::thread::unix::Thread>::new::thread_start
[INFO] [stdout]   23:     0x7a09e0596dfa - <unknown>
[INFO] [stdout]   24:     0x7a09e062a3d4 - clone
[INFO] [stdout]   25:                0x0 - <unknown>
[INFO] [stdout] 
[INFO] [stdout] ---- tests::test_object_bcs_query stdout ----
[INFO] [stdout] 
[INFO] [stdout] thread 'tests::test_object_bcs_query' (2574) panicked at src/lib.rs:1150:57:
[INFO] [stdout] called `Result::unwrap()` on an `Err` value: Error { inner: InnerError { kind: Other, query_errors: None, source: Some(reqwest::Error { kind: Request, source: hyper_util::client::legacy::Error(Connect, ConnectError("tcp connect error", 127.0.0.1:9125, Os { code: 111, kind: ConnectionRefused, message: "Connection refused" })) }) } }
[INFO] [stdout] stack backtrace:
[INFO] [stdout]    0:     0x61492705d501 - <<std[70759c8f55707aa4]::sys::backtrace::BacktraceLock>::print::DisplayBacktrace as core[df12db4294e9bfd3]::fmt::Display>::fmt
[INFO] [stdout]    1:     0x61492707399a - core[df12db4294e9bfd3]::fmt::write
[INFO] [stdout]    2:     0x6149270624bc - <alloc[2182bb758b4b3781]::vec::Vec<u8> as core[df12db4294e9bfd3]::io::write::Write>::write_fmt
[INFO] [stdout]    3:     0x614927038496 - std[70759c8f55707aa4]::panicking::default_hook::{closure#0}
[INFO] [stdout]    4:     0x614927055529 - std[70759c8f55707aa4]::panicking::default_hook
[INFO] [stdout]    5:     0x614926dda740 - test[9d35eded1c95d3be]::test_main_inner::<test[9d35eded1c95d3be]::test_main_static::{closure#0}>::{closure#0}
[INFO] [stdout]    6:     0x614927055852 - std[70759c8f55707aa4]::panicking::panic_with_hook
[INFO] [stdout]    7:     0x614927038542 - std[70759c8f55707aa4]::panicking::panic_handler::{closure#0}
[INFO] [stdout]    8:     0x614927030c59 - std[70759c8f55707aa4]::sys::backtrace::__rust_end_short_backtrace::<std[70759c8f55707aa4]::panicking::panic_handler::{closure#0}, !>
[INFO] [stdout]    9:     0x61492703943d - __rustc[8fa7c3cbc660c2b3]::rust_begin_unwind
[INFO] [stdout]   10:     0x6149270740fc - core[df12db4294e9bfd3]::panicking::panic_fmt
[INFO] [stdout]   11:     0x614927073ed2 - core[df12db4294e9bfd3]::result::unwrap_failed
[INFO] [stdout]   12:     0x614926d12cd9 - sui_graphql_client[a7a2ea01459162a7]::tests::test_object_bcs_query::{closure#0}
[INFO] [stdout]   13:     0x614926d5b653 - <tokio[cb5aac8fdfb7212a]::runtime::scheduler::current_thread::Context>::enter::<core[df12db4294e9bfd3]::task::poll::Poll<()>, <tokio[cb5aac8fdfb7212a]::runtime::scheduler::current_thread::CoreGuard>::block_on<core[df12db4294e9bfd3]::pin::Pin<&mut core[df12db4294e9bfd3]::pin::Pin<&mut dyn core[df12db4294e9bfd3]::future::future::Future<Output = ()>>>>::{closure#0}::{closure#0}>
[INFO] [stdout]   14:     0x614926d63bbc - <tokio[cb5aac8fdfb7212a]::runtime::context::scoped::Scoped<tokio[cb5aac8fdfb7212a]::runtime::scheduler::Context>>::set::<<tokio[cb5aac8fdfb7212a]::runtime::scheduler::current_thread::CoreGuard>::enter<<tokio[cb5aac8fdfb7212a]::runtime::scheduler::current_thread::CoreGuard>::block_on<core[df12db4294e9bfd3]::pin::Pin<&mut core[df12db4294e9bfd3]::pin::Pin<&mut dyn core[df12db4294e9bfd3]::future::future::Future<Output = ()>>>>::{closure#0}, core[df12db4294e9bfd3]::option::Option<()>>::{closure#0}, (alloc[2182bb758b4b3781]::boxed::Box<tokio[cb5aac8fdfb7212a]::runtime::scheduler::current_thread::Core>, core[df12db4294e9bfd3]::option::Option<()>)>
[INFO] [stdout]   15:     0x614926d5b21f - <tokio[cb5aac8fdfb7212a]::runtime::scheduler::current_thread::CurrentThread>::block_on::<core[df12db4294e9bfd3]::pin::Pin<&mut dyn core[df12db4294e9bfd3]::future::future::Future<Output = ()>>>
[INFO] [stdout]   16:     0x614926d982d2 - <tokio[cb5aac8fdfb7212a]::runtime::runtime::Runtime>::block_on::<core[df12db4294e9bfd3]::pin::Pin<&mut dyn core[df12db4294e9bfd3]::future::future::Future<Output = ()>>>
[INFO] [stdout]   17:     0x614926d1f64b - sui_graphql_client[a7a2ea01459162a7]::tests::test_object_bcs_query
[INFO] [stdout]   18:     0x614926dcaed9 - <sui_graphql_client[a7a2ea01459162a7]::tests::test_object_bcs_query::{closure#0} as core[df12db4294e9bfd3]::ops::function::FnOnce<()>>::call_once
[INFO] [stdout]   19:     0x614926dcda2b - test[9d35eded1c95d3be]::__rust_begin_short_backtrace::<core[df12db4294e9bfd3]::result::Result<(), alloc[2182bb758b4b3781]::string::String>, fn() -> core[df12db4294e9bfd3]::result::Result<(), alloc[2182bb758b4b3781]::string::String>>
[INFO] [stdout]   20:     0x614926ddb095 - test[9d35eded1c95d3be]::run_test::{closure#0}
[INFO] [stdout]   21:     0x614926dd4954 - std[70759c8f55707aa4]::sys::backtrace::__rust_begin_short_backtrace::<test[9d35eded1c95d3be]::run_test::{closure#1}, ()>
[INFO] [stdout]   22:     0x614926dde1f2 - <std[70759c8f55707aa4]::thread::lifecycle::spawn_unchecked<test[9d35eded1c95d3be]::run_test::{closure#1}, ()>::{closure#1} as core[df12db4294e9bfd3]::ops::function::FnOnce<()>>::call_once::{shim:vtable#0}
[INFO] [stdout]   23:     0x61492705ca29 - <std[70759c8f55707aa4]::sys::thread::unix::Thread>::new::thread_start
[INFO] [stdout]   24:     0x7a09e0596dfa - <unknown>
[INFO] [stdout]   25:     0x7a09e062a3d4 - clone
[INFO] [stdout]   26:                0x0 - <unknown>
[INFO] [stdout] 
[INFO] [stdout] ---- tests::test_events_query stdout ----
[INFO] [stdout] 
[INFO] [stdout] thread 'tests::test_events_query' (2560) panicked at src/lib.rs:2093:9:
[INFO] [stdout] Events query failed for http://localhost:9125/graphql network. Error: Error: error sending request
[INFO] [stdout] 
[INFO] [stdout] stack backtrace:
[INFO] [stdout]    0:     0x61492705d501 - <<std[70759c8f55707aa4]::sys::backtrace::BacktraceLock>::print::DisplayBacktrace as core[df12db4294e9bfd3]::fmt::Display>::fmt
[INFO] [stdout]    1:     0x61492707399a - core[df12db4294e9bfd3]::fmt::write
[INFO] [stdout]    2:     0x6149270624bc - <alloc[2182bb758b4b3781]::vec::Vec<u8> as core[df12db4294e9bfd3]::io::write::Write>::write_fmt
[INFO] [stdout]    3:     0x614927038496 - std[70759c8f55707aa4]::panicking::default_hook::{closure#0}
[INFO] [stdout]    4:     0x614927055529 - std[70759c8f55707aa4]::panicking::default_hook
[INFO] [stdout]    5:     0x614926dda740 - test[9d35eded1c95d3be]::test_main_inner::<test[9d35eded1c95d3be]::test_main_static::{closure#0}>::{closure#0}
[INFO] [stdout]    6:     0x614927055852 - std[70759c8f55707aa4]::panicking::panic_with_hook
[INFO] [stdout]    7:     0x614927038542 - std[70759c8f55707aa4]::panicking::panic_handler::{closure#0}
[INFO] [stdout]    8:     0x614927030c59 - std[70759c8f55707aa4]::sys::backtrace::__rust_end_short_backtrace::<std[70759c8f55707aa4]::panicking::panic_handler::{closure#0}, !>
[INFO] [stdout]    9:     0x61492703943d - __rustc[8fa7c3cbc660c2b3]::rust_begin_unwind
[INFO] [stdout]   10:     0x6149270740fc - core[df12db4294e9bfd3]::panicking::panic_fmt
[INFO] [stdout]   11:     0x614926d0e5c2 - sui_graphql_client[a7a2ea01459162a7]::tests::test_events_query::{closure#0}
[INFO] [stdout]   12:     0x614926d5b653 - <tokio[cb5aac8fdfb7212a]::runtime::scheduler::current_thread::Context>::enter::<core[df12db4294e9bfd3]::task::poll::Poll<()>, <tokio[cb5aac8fdfb7212a]::runtime::scheduler::current_thread::CoreGuard>::block_on<core[df12db4294e9bfd3]::pin::Pin<&mut core[df12db4294e9bfd3]::pin::Pin<&mut dyn core[df12db4294e9bfd3]::future::future::Future<Output = ()>>>>::{closure#0}::{closure#0}>
[INFO] [stdout]   13:     0x614926d63bbc - <tokio[cb5aac8fdfb7212a]::runtime::context::scoped::Scoped<tokio[cb5aac8fdfb7212a]::runtime::scheduler::Context>>::set::<<tokio[cb5aac8fdfb7212a]::runtime::scheduler::current_thread::CoreGuard>::enter<<tokio[cb5aac8fdfb7212a]::runtime::scheduler::current_thread::CoreGuard>::block_on<core[df12db4294e9bfd3]::pin::Pin<&mut core[df12db4294e9bfd3]::pin::Pin<&mut dyn core[df12db4294e9bfd3]::future::future::Future<Output = ()>>>>::{closure#0}, core[df12db4294e9bfd3]::option::Option<()>>::{closure#0}, (alloc[2182bb758b4b3781]::boxed::Box<tokio[cb5aac8fdfb7212a]::runtime::scheduler::current_thread::Core>, core[df12db4294e9bfd3]::option::Option<()>)>
[INFO] [stdout]   14:     0x614926d5b21f - <tokio[cb5aac8fdfb7212a]::runtime::scheduler::current_thread::CurrentThread>::block_on::<core[df12db4294e9bfd3]::pin::Pin<&mut dyn core[df12db4294e9bfd3]::future::future::Future<Output = ()>>>
[INFO] [stdout]   15:     0x614926d982d2 - <tokio[cb5aac8fdfb7212a]::runtime::runtime::Runtime>::block_on::<core[df12db4294e9bfd3]::pin::Pin<&mut dyn core[df12db4294e9bfd3]::future::future::Future<Output = ()>>>
[INFO] [stdout]   16:     0x614926d1ea4b - sui_graphql_client[a7a2ea01459162a7]::tests::test_events_query
[INFO] [stdout]   17:     0x614926dcadd9 - <sui_graphql_client[a7a2ea01459162a7]::tests::test_events_query::{closure#0} as core[df12db4294e9bfd3]::ops::function::FnOnce<()>>::call_once
[INFO] [stdout]   18:     0x614926dcda2b - test[9d35eded1c95d3be]::__rust_begin_short_backtrace::<core[df12db4294e9bfd3]::result::Result<(), alloc[2182bb758b4b3781]::string::String>, fn() -> core[df12db4294e9bfd3]::result::Result<(), alloc[2182bb758b4b3781]::string::String>>
[INFO] [stdout]   19:     0x614926ddb095 - test[9d35eded1c95d3be]::run_test::{closure#0}
[INFO] [stdout]   20:     0x614926dd4954 - std[70759c8f55707aa4]::sys::backtrace::__rust_begin_short_backtrace::<test[9d35eded1c95d3be]::run_test::{closure#1}, ()>
[INFO] [stdout]   21:     0x614926dde1f2 - <std[70759c8f55707aa4]::thread::lifecycle::spawn_unchecked<test[9d35eded1c95d3be]::run_test::{closure#1}, ()>::{closure#1} as core[df12db4294e9bfd3]::ops::function::FnOnce<()>>::call_once::{shim:vtable#0}
[INFO] [stdout]   22:     0x61492705ca29 - <std[70759c8f55707aa4]::sys::thread::unix::Thread>::new::thread_start
[INFO] [stdout]   23:     0x7a09e0596dfa - <unknown>
[INFO] [stdout]   24:     0x7a09e062a3d4 - clone
[INFO] [stdout]   25:                0x0 - <unknown>
[INFO] [stdout] 
[INFO] [stdout] ---- tests::test_packages_query stdout ----
[INFO] [stdout] 
[INFO] [stdout] thread 'tests::test_packages_query' (2580) panicked at src/lib.rs:2392:9:
[INFO] [stdout] Packages query failed for http://localhost:9125/graphql network. Error: Error: error sending request
[INFO] [stdout] 
[INFO] [stdout] stack backtrace:
[INFO] [stdout]    0:     0x61492705d501 - <<std[70759c8f55707aa4]::sys::backtrace::BacktraceLock>::print::DisplayBacktrace as core[df12db4294e9bfd3]::fmt::Display>::fmt
[INFO] [stdout]    1:     0x61492707399a - core[df12db4294e9bfd3]::fmt::write
[INFO] [stdout]    2:     0x6149270624bc - <alloc[2182bb758b4b3781]::vec::Vec<u8> as core[df12db4294e9bfd3]::io::write::Write>::write_fmt
[INFO] [stdout]    3:     0x614927038496 - std[70759c8f55707aa4]::panicking::default_hook::{closure#0}
[INFO] [stdout]    4:     0x614927055529 - std[70759c8f55707aa4]::panicking::default_hook
[INFO] [stdout]    5:     0x614926dda740 - test[9d35eded1c95d3be]::test_main_inner::<test[9d35eded1c95d3be]::test_main_static::{closure#0}>::{closure#0}
[INFO] [stdout]    6:     0x614927055852 - std[70759c8f55707aa4]::panicking::panic_with_hook
[INFO] [stdout]    7:     0x614927038542 - std[70759c8f55707aa4]::panicking::panic_handler::{closure#0}
[INFO] [stdout]    8:     0x614927030c59 - std[70759c8f55707aa4]::sys::backtrace::__rust_end_short_backtrace::<std[70759c8f55707aa4]::panicking::panic_handler::{closure#0}, !>
[INFO] [stdout]    9:     0x61492703943d - __rustc[8fa7c3cbc660c2b3]::rust_begin_unwind
[INFO] [stdout]   10:     0x6149270740fc - core[df12db4294e9bfd3]::panicking::panic_fmt
[INFO] [stdout]   11:     0x614926d11601 - sui_graphql_client[a7a2ea01459162a7]::tests::test_packages_query::{closure#0}
[INFO] [stdout]   12:     0x614926d5b653 - <tokio[cb5aac8fdfb7212a]::runtime::scheduler::current_thread::Context>::enter::<core[df12db4294e9bfd3]::task::poll::Poll<()>, <tokio[cb5aac8fdfb7212a]::runtime::scheduler::current_thread::CoreGuard>::block_on<core[df12db4294e9bfd3]::pin::Pin<&mut core[df12db4294e9bfd3]::pin::Pin<&mut dyn core[df12db4294e9bfd3]::future::future::Future<Output = ()>>>>::{closure#0}::{closure#0}>
[INFO] [stdout]   13:     0x614926d63bbc - <tokio[cb5aac8fdfb7212a]::runtime::context::scoped::Scoped<tokio[cb5aac8fdfb7212a]::runtime::scheduler::Context>>::set::<<tokio[cb5aac8fdfb7212a]::runtime::scheduler::current_thread::CoreGuard>::enter<<tokio[cb5aac8fdfb7212a]::runtime::scheduler::current_thread::CoreGuard>::block_on<core[df12db4294e9bfd3]::pin::Pin<&mut core[df12db4294e9bfd3]::pin::Pin<&mut dyn core[df12db4294e9bfd3]::future::future::Future<Output = ()>>>>::{closure#0}, core[df12db4294e9bfd3]::option::Option<()>>::{closure#0}, (alloc[2182bb758b4b3781]::boxed::Box<tokio[cb5aac8fdfb7212a]::runtime::scheduler::current_thread::Core>, core[df12db4294e9bfd3]::option::Option<()>)>
[INFO] [stdout]   14:     0x614926d5b21f - <tokio[cb5aac8fdfb7212a]::runtime::scheduler::current_thread::CurrentThread>::block_on::<core[df12db4294e9bfd3]::pin::Pin<&mut dyn core[df12db4294e9bfd3]::future::future::Future<Output = ()>>>
[INFO] [stdout]   15:     0x614926d982d2 - <tokio[cb5aac8fdfb7212a]::runtime::runtime::Runtime>::block_on::<core[df12db4294e9bfd3]::pin::Pin<&mut dyn core[df12db4294e9bfd3]::future::future::Future<Output = ()>>>
[INFO] [stdout]   16:     0x614926d1f1cb - sui_graphql_client[a7a2ea01459162a7]::tests::test_packages_query
[INFO] [stdout]   17:     0x614926dcae79 - <sui_graphql_client[a7a2ea01459162a7]::tests::test_packages_query::{closure#0} as core[df12db4294e9bfd3]::ops::function::FnOnce<()>>::call_once
[INFO] [stdout]   18:     0x614926dcda2b - test[9d35eded1c95d3be]::__rust_begin_short_backtrace::<core[df12db4294e9bfd3]::result::Result<(), alloc[2182bb758b4b3781]::string::String>, fn() -> core[df12db4294e9bfd3]::result::Result<(), alloc[2182bb758b4b3781]::string::String>>
[INFO] [stderr] error: test failed, to rerun pass `--lib`
[INFO] [stdout]   19:     0x614926ddb095 - test[9d35eded1c95d3be]::run_test::{closure#0}
[INFO] [stdout]   20:     0x614926dd4954 - std[70759c8f55707aa4]::sys::backtrace::__rust_begin_short_backtrace::<test[9d35eded1c95d3be]::run_test::{closure#1}, ()>
[INFO] [stdout]   21:     0x614926dde1f2 - <std[70759c8f55707aa4]::thread::lifecycle::spawn_unchecked<test[9d35eded1c95d3be]::run_test::{closure#1}, ()>::{closure#1} as core[df12db4294e9bfd3]::ops::function::FnOnce<()>>::call_once::{shim:vtable#0}
[INFO] [stdout]   22:     0x61492705ca29 - <std[70759c8f55707aa4]::sys::thread::unix::Thread>::new::thread_start
[INFO] [stdout]   23:     0x7a09e0596dfa - <unknown>
[INFO] [stdout]   24:     0x7a09e062a3d4 - clone
[INFO] [stdout]   25:                0x0 - <unknown>
[INFO] [stdout] 
[INFO] [stdout] ---- tests::test_reference_gas_price_query stdout ----
[INFO] [stdout] 
[INFO] [stdout] thread 'tests::test_reference_gas_price_query' (2587) panicked at src/lib.rs:1930:9:
[INFO] [stdout] Reference gas price query failed for http://localhost:9125/graphql network
[INFO] [stdout] stack backtrace:
[INFO] [stdout]    0:     0x61492705d501 - <<std[70759c8f55707aa4]::sys::backtrace::BacktraceLock>::print::DisplayBacktrace as core[df12db4294e9bfd3]::fmt::Display>::fmt
[INFO] [stdout]    1:     0x61492707399a - core[df12db4294e9bfd3]::fmt::write
[INFO] [stdout]    2:     0x6149270624bc - <alloc[2182bb758b4b3781]::vec::Vec<u8> as core[df12db4294e9bfd3]::io::write::Write>::write_fmt
[INFO] [stdout]    3:     0x614927038496 - std[70759c8f55707aa4]::panicking::default_hook::{closure#0}
[INFO] [stdout]    4:     0x614927055529 - std[70759c8f55707aa4]::panicking::default_hook
[INFO] [stdout]    5:     0x614926dda740 - test[9d35eded1c95d3be]::test_main_inner::<test[9d35eded1c95d3be]::test_main_static::{closure#0}>::{closure#0}
[INFO] [stdout]    6:     0x614927055852 - std[70759c8f55707aa4]::panicking::panic_with_hook
[INFO] [stdout]    7:     0x614927038542 - std[70759c8f55707aa4]::panicking::panic_handler::{closure#0}
[INFO] [stdout]    8:     0x614927030c59 - std[70759c8f55707aa4]::sys::backtrace::__rust_end_short_backtrace::<std[70759c8f55707aa4]::panicking::panic_handler::{closure#0}, !>
[INFO] [stdout]    9:     0x61492703943d - __rustc[8fa7c3cbc660c2b3]::rust_begin_unwind
[INFO] [stdout]   10:     0x6149270740fc - core[df12db4294e9bfd3]::panicking::panic_fmt
[INFO] [stdout]   11:     0x614926d1a45e - sui_graphql_client[a7a2ea01459162a7]::tests::test_reference_gas_price_query::{closure#0}
[INFO] [stdout]   12:     0x614926d5b653 - <tokio[cb5aac8fdfb7212a]::runtime::scheduler::current_thread::Context>::enter::<core[df12db4294e9bfd3]::task::poll::Poll<()>, <tokio[cb5aac8fdfb7212a]::runtime::scheduler::current_thread::CoreGuard>::block_on<core[df12db4294e9bfd3]::pin::Pin<&mut core[df12db4294e9bfd3]::pin::Pin<&mut dyn core[df12db4294e9bfd3]::future::future::Future<Output = ()>>>>::{closure#0}::{closure#0}>
[INFO] [stdout]   13:     0x614926d63bbc - <tokio[cb5aac8fdfb7212a]::runtime::context::scoped::Scoped<tokio[cb5aac8fdfb7212a]::runtime::scheduler::Context>>::set::<<tokio[cb5aac8fdfb7212a]::runtime::scheduler::current_thread::CoreGuard>::enter<<tokio[cb5aac8fdfb7212a]::runtime::scheduler::current_thread::CoreGuard>::block_on<core[df12db4294e9bfd3]::pin::Pin<&mut core[df12db4294e9bfd3]::pin::Pin<&mut dyn core[df12db4294e9bfd3]::future::future::Future<Output = ()>>>>::{closure#0}, core[df12db4294e9bfd3]::option::Option<()>>::{closure#0}, (alloc[2182bb758b4b3781]::boxed::Box<tokio[cb5aac8fdfb7212a]::runtime::scheduler::current_thread::Core>, core[df12db4294e9bfd3]::option::Option<()>)>
[INFO] [stdout]   14:     0x614926d5b21f - <tokio[cb5aac8fdfb7212a]::runtime::scheduler::current_thread::CurrentThread>::block_on::<core[df12db4294e9bfd3]::pin::Pin<&mut dyn core[df12db4294e9bfd3]::future::future::Future<Output = ()>>>
[INFO] [stdout]   15:     0x614926d982d2 - <tokio[cb5aac8fdfb7212a]::runtime::runtime::Runtime>::block_on::<core[df12db4294e9bfd3]::pin::Pin<&mut dyn core[df12db4294e9bfd3]::future::future::Future<Output = ()>>>
[INFO] [stdout]   16:     0x614926d207bb - sui_graphql_client[a7a2ea01459162a7]::tests::test_reference_gas_price_query
[INFO] [stdout]   17:     0x614926dcb059 - <sui_graphql_client[a7a2ea01459162a7]::tests::test_reference_gas_price_query::{closure#0} as core[df12db4294e9bfd3]::ops::function::FnOnce<()>>::call_once
[INFO] [stdout]   18:     0x614926dcda2b - test[9d35eded1c95d3be]::__rust_begin_short_backtrace::<core[df12db4294e9bfd3]::result::Result<(), alloc[2182bb758b4b3781]::string::String>, fn() -> core[df12db4294e9bfd3]::result::Result<(), alloc[2182bb758b4b3781]::string::String>>
[INFO] [stdout]   19:     0x614926ddb095 - test[9d35eded1c95d3be]::run_test::{closure#0}
[INFO] [stdout]   20:     0x614926dd4954 - std[70759c8f55707aa4]::sys::backtrace::__rust_begin_short_backtrace::<test[9d35eded1c95d3be]::run_test::{closure#1}, ()>
[INFO] [stdout]   21:     0x614926dde1f2 - <std[70759c8f55707aa4]::thread::lifecycle::spawn_unchecked<test[9d35eded1c95d3be]::run_test::{closure#1}, ()>::{closure#1} as core[df12db4294e9bfd3]::ops::function::FnOnce<()>>::call_once::{shim:vtable#0}
[INFO] [stdout]   22:     0x61492705ca29 - <std[70759c8f55707aa4]::sys::thread::unix::Thread>::new::thread_start
[INFO] [stdout]   23:     0x7a09e0596dfa - <unknown>
[INFO] [stdout]   24:     0x7a09e062a3d4 - clone
[INFO] [stdout]   25:                0x0 - <unknown>
[INFO] [stdout] 
[INFO] [stdout] ---- tests::test_epoch_total_checkpoints_query stdout ----
[INFO] [stdout] 
[INFO] [stdout] thread 'tests::test_epoch_total_checkpoints_query' (2555) panicked at src/lib.rs:2057:9:
[INFO] [stdout] Epoch total checkpoints query failed for http://localhost:9125/graphql network. Error: Error: error sending request
[INFO] [stdout] 
[INFO] [stdout] stack backtrace:
[INFO] [stdout]    0:     0x61492705d501 - <<std[70759c8f55707aa4]::sys::backtrace::BacktraceLock>::print::DisplayBacktrace as core[df12db4294e9bfd3]::fmt::Display>::fmt
[INFO] [stdout]    1:     0x61492707399a - core[df12db4294e9bfd3]::fmt::write
[INFO] [stdout]    2:     0x6149270624bc - <alloc[2182bb758b4b3781]::vec::Vec<u8> as core[df12db4294e9bfd3]::io::write::Write>::write_fmt
[INFO] [stdout]    3:     0x614927038496 - std[70759c8f55707aa4]::panicking::default_hook::{closure#0}
[INFO] [stdout]    4:     0x614927055529 - std[70759c8f55707aa4]::panicking::default_hook
[INFO] [stdout]    5:     0x614926dda740 - test[9d35eded1c95d3be]::test_main_inner::<test[9d35eded1c95d3be]::test_main_static::{closure#0}>::{closure#0}
[INFO] [stdout]    6:     0x614927055852 - std[70759c8f55707aa4]::panicking::panic_with_hook
[INFO] [stdout]    7:     0x614927038542 - std[70759c8f55707aa4]::panicking::panic_handler::{closure#0}
[INFO] [stdout]    8:     0x614927030c59 - std[70759c8f55707aa4]::sys::backtrace::__rust_end_short_backtrace::<std[70759c8f55707aa4]::panicking::panic_handler::{closure#0}, !>
[INFO] [stdout]    9:     0x61492703943d - __rustc[8fa7c3cbc660c2b3]::rust_begin_unwind
[INFO] [stdout]   10:     0x6149270740fc - core[df12db4294e9bfd3]::panicking::panic_fmt
[INFO] [stdout]   11:     0x614926d1c6ee - sui_graphql_client[a7a2ea01459162a7]::tests::test_epoch_total_checkpoints_query::{closure#0}
[INFO] [stdout]   12:     0x614926d5b653 - <tokio[cb5aac8fdfb7212a]::runtime::scheduler::current_thread::Context>::enter::<core[df12db4294e9bfd3]::task::poll::Poll<()>, <tokio[cb5aac8fdfb7212a]::runtime::scheduler::current_thread::CoreGuard>::block_on<core[df12db4294e9bfd3]::pin::Pin<&mut core[df12db4294e9bfd3]::pin::Pin<&mut dyn core[df12db4294e9bfd3]::future::future::Future<Output = ()>>>>::{closure#0}::{closure#0}>
[INFO] [stdout]   13:     0x614926d63bbc - <tokio[cb5aac8fdfb7212a]::runtime::context::scoped::Scoped<tokio[cb5aac8fdfb7212a]::runtime::scheduler::Context>>::set::<<tokio[cb5aac8fdfb7212a]::runtime::scheduler::current_thread::CoreGuard>::enter<<tokio[cb5aac8fdfb7212a]::runtime::scheduler::current_thread::CoreGuard>::block_on<core[df12db4294e9bfd3]::pin::Pin<&mut core[df12db4294e9bfd3]::pin::Pin<&mut dyn core[df12db4294e9bfd3]::future::future::Future<Output = ()>>>>::{closure#0}, core[df12db4294e9bfd3]::option::Option<()>>::{closure#0}, (alloc[2182bb758b4b3781]::boxed::Box<tokio[cb5aac8fdfb7212a]::runtime::scheduler::current_thread::Core>, core[df12db4294e9bfd3]::option::Option<()>)>
[INFO] [stdout]   14:     0x614926d5b21f - <tokio[cb5aac8fdfb7212a]::runtime::scheduler::current_thread::CurrentThread>::block_on::<core[df12db4294e9bfd3]::pin::Pin<&mut dyn core[df12db4294e9bfd3]::future::future::Future<Output = ()>>>
[INFO] [stdout]   15:     0x614926d982d2 - <tokio[cb5aac8fdfb7212a]::runtime::runtime::Runtime>::block_on::<core[df12db4294e9bfd3]::pin::Pin<&mut dyn core[df12db4294e9bfd3]::future::future::Future<Output = ()>>>
[INFO] [stdout]   16:     0x614926d20c0b - sui_graphql_client[a7a2ea01459162a7]::tests::test_epoch_total_checkpoints_query
[INFO] [stdout]   17:     0x614926dcb0b9 - <sui_graphql_client[a7a2ea01459162a7]::tests::test_epoch_total_checkpoints_query::{closure#0} as core[df12db4294e9bfd3]::ops::function::FnOnce<()>>::call_once
[INFO] [stdout]   18:     0x614926dcda2b - test[9d35eded1c95d3be]::__rust_begin_short_backtrace::<core[df12db4294e9bfd3]::result::Result<(), alloc[2182bb758b4b3781]::string::String>, fn() -> core[df12db4294e9bfd3]::result::Result<(), alloc[2182bb758b4b3781]::string::String>>
[INFO] [stdout]   19:     0x614926ddb095 - test[9d35eded1c95d3be]::run_test::{closure#0}
[INFO] [stdout]   20:     0x614926dd4954 - std[70759c8f55707aa4]::sys::backtrace::__rust_begin_short_backtrace::<test[9d35eded1c95d3be]::run_test::{closure#1}, ()>
[INFO] [stdout]   21:     0x614926dde1f2 - <std[70759c8f55707aa4]::thread::lifecycle::spawn_unchecked<test[9d35eded1c95d3be]::run_test::{closure#1}, ()>::{closure#1} as core[df12db4294e9bfd3]::ops::function::FnOnce<()>>::call_once::{shim:vtable#0}
[INFO] [stdout]   22:     0x61492705ca29 - <std[70759c8f55707aa4]::sys::thread::unix::Thread>::new::thread_start
[INFO] [stdout]   23:     0x7a09e0596dfa - <unknown>
[INFO] [stdout]   24:     0x7a09e062a3d4 - clone
[INFO] [stdout]   25:                0x0 - <unknown>
[INFO] [stdout] 
[INFO] [stdout] ---- tests::test_package stdout ----
[INFO] [stdout] 
[INFO] [stdout] thread 'tests::test_package' (2579) panicked at src/lib.rs:2346:9:
[INFO] [stdout] Package query failed for http://localhost:9125/graphql network. Error: Error: error sending request
[INFO] [stdout] 
[INFO] [stdout] stack backtrace:
[INFO] [stdout]    0:     0x61492705d501 - <<std[70759c8f55707aa4]::sys::backtrace::BacktraceLock>::print::DisplayBacktrace as core[df12db4294e9bfd3]::fmt::Display>::fmt
[INFO] [stdout]    1:     0x61492707399a - core[df12db4294e9bfd3]::fmt::write
[INFO] [stdout]    2:     0x6149270624bc - <alloc[2182bb758b4b3781]::vec::Vec<u8> as core[df12db4294e9bfd3]::io::write::Write>::write_fmt
[INFO] [stdout]    3:     0x614927038496 - std[70759c8f55707aa4]::panicking::default_hook::{closure#0}
[INFO] [stdout]    4:     0x614927055529 - std[70759c8f55707aa4]::panicking::default_hook
[INFO] [stdout]    5:     0x614926dda740 - test[9d35eded1c95d3be]::test_main_inner::<test[9d35eded1c95d3be]::test_main_static::{closure#0}>::{closure#0}
[INFO] [stdout]    6:     0x614927055852 - std[70759c8f55707aa4]::panicking::panic_with_hook
[INFO] [stdout]    7:     0x614927038542 - std[70759c8f55707aa4]::panicking::panic_handler::{closure#0}
[INFO] [stdout]    8:     0x614927030c59 - std[70759c8f55707aa4]::sys::backtrace::__rust_end_short_backtrace::<std[70759c8f55707aa4]::panicking::panic_handler::{closure#0}, !>
[INFO] [stdout]    9:     0x61492703943d - __rustc[8fa7c3cbc660c2b3]::rust_begin_unwind
[INFO] [stdout]   10:     0x6149270740fc - core[df12db4294e9bfd3]::panicking::panic_fmt
[INFO] [stdout]   11:     0x614926d09c21 - sui_graphql_client[a7a2ea01459162a7]::tests::test_package::{closure#0}
[INFO] [stdout]   12:     0x614926d5b653 - <tokio[cb5aac8fdfb7212a]::runtime::scheduler::current_thread::Context>::enter::<core[df12db4294e9bfd3]::task::poll::Poll<()>, <tokio[cb5aac8fdfb7212a]::runtime::scheduler::current_thread::CoreGuard>::block_on<core[df12db4294e9bfd3]::pin::Pin<&mut core[df12db4294e9bfd3]::pin::Pin<&mut dyn core[df12db4294e9bfd3]::future::future::Future<Output = ()>>>>::{closure#0}::{closure#0}>
[INFO] [stdout]   13:     0x614926d63bbc - <tokio[cb5aac8fdfb7212a]::runtime::context::scoped::Scoped<tokio[cb5aac8fdfb7212a]::runtime::scheduler::Context>>::set::<<tokio[cb5aac8fdfb7212a]::runtime::scheduler::current_thread::CoreGuard>::enter<<tokio[cb5aac8fdfb7212a]::runtime::scheduler::current_thread::CoreGuard>::block_on<core[df12db4294e9bfd3]::pin::Pin<&mut core[df12db4294e9bfd3]::pin::Pin<&mut dyn core[df12db4294e9bfd3]::future::future::Future<Output = ()>>>>::{closure#0}, core[df12db4294e9bfd3]::option::Option<()>>::{closure#0}, (alloc[2182bb758b4b3781]::boxed::Box<tokio[cb5aac8fdfb7212a]::runtime::scheduler::current_thread::Core>, core[df12db4294e9bfd3]::option::Option<()>)>
[INFO] [stdout]   14:     0x614926d5b21f - <tokio[cb5aac8fdfb7212a]::runtime::scheduler::current_thread::CurrentThread>::block_on::<core[df12db4294e9bfd3]::pin::Pin<&mut dyn core[df12db4294e9bfd3]::future::future::Future<Output = ()>>>
[INFO] [stdout]   15:     0x614926d982d2 - <tokio[cb5aac8fdfb7212a]::runtime::runtime::Runtime>::block_on::<core[df12db4294e9bfd3]::pin::Pin<&mut dyn core[df12db4294e9bfd3]::future::future::Future<Output = ()>>>
[INFO] [stdout]   16:     0x614926d1d9eb - sui_graphql_client[a7a2ea01459162a7]::tests::test_package
[INFO] [stdout]   17:     0x614926dcad19 - <sui_graphql_client[a7a2ea01459162a7]::tests::test_package::{closure#0} as core[df12db4294e9bfd3]::ops::function::FnOnce<()>>::call_once
[INFO] [stdout]   18:     0x614926dcda2b - test[9d35eded1c95d3be]::__rust_begin_short_backtrace::<core[df12db4294e9bfd3]::result::Result<(), alloc[2182bb758b4b3781]::string::String>, fn() -> core[df12db4294e9bfd3]::result::Result<(), alloc[2182bb758b4b3781]::string::String>>
[INFO] [stdout]   19:     0x614926ddb095 - test[9d35eded1c95d3be]::run_test::{closure#0}
[INFO] [stdout]   20:     0x614926dd4954 - std[70759c8f55707aa4]::sys::backtrace::__rust_begin_short_backtrace::<test[9d35eded1c95d3be]::run_test::{closure#1}, ()>
[INFO] [stdout]   21:     0x614926dde1f2 - <std[70759c8f55707aa4]::thread::lifecycle::spawn_unchecked<test[9d35eded1c95d3be]::run_test::{closure#1}, ()>::{closure#1} as core[df12db4294e9bfd3]::ops::function::FnOnce<()>>::call_once::{shim:vtable#0}
[INFO] [stdout]   22:     0x61492705ca29 - <std[70759c8f55707aa4]::sys::thread::unix::Thread>::new::thread_start
[INFO] [stdout]   23:     0x7a09e0596dfa - <unknown>
[INFO] [stdout]   24:     0x7a09e062a3d4 - clone
[INFO] [stdout]   25:                0x0 - <unknown>
[INFO] [stdout] 
[INFO] [stdout] ---- tests::test_coins_query stdout ----
[INFO] [stdout] 
[INFO] [stdout] thread 'tests::test_coins_query' (2547) panicked at src/lib.rs:2148:9:
[INFO] [stdout] Coins query failed for http://localhost:9125/graphql network. Error: Error: error sending request
[INFO] [stdout] 
[INFO] [stdout] stack backtrace:
[INFO] [stdout]    0:     0x61492705d501 - <<std[70759c8f55707aa4]::sys::backtrace::BacktraceLock>::print::DisplayBacktrace as core[df12db4294e9bfd3]::fmt::Display>::fmt
[INFO] [stdout]    1:     0x61492707399a - core[df12db4294e9bfd3]::fmt::write
[INFO] [stdout]    2:     0x6149270624bc - <alloc[2182bb758b4b3781]::vec::Vec<u8> as core[df12db4294e9bfd3]::io::write::Write>::write_fmt
[INFO] [stdout]    3:     0x614927038496 - std[70759c8f55707aa4]::panicking::default_hook::{closure#0}
[INFO] [stdout]    4:     0x614927055529 - std[70759c8f55707aa4]::panicking::default_hook
[INFO] [stdout]    5:     0x614926dda740 - test[9d35eded1c95d3be]::test_main_inner::<test[9d35eded1c95d3be]::test_main_static::{closure#0}>::{closure#0}
[INFO] [stdout]    6:     0x614927055852 - std[70759c8f55707aa4]::panicking::panic_with_hook
[INFO] [stdout]    7:     0x614927038542 - std[70759c8f55707aa4]::panicking::panic_handler::{closure#0}
[INFO] [stdout]    8:     0x614927030c59 - std[70759c8f55707aa4]::sys::backtrace::__rust_end_short_backtrace::<std[70759c8f55707aa4]::panicking::panic_handler::{closure#0}, !>
[INFO] [stdout]    9:     0x61492703943d - __rustc[8fa7c3cbc660c2b3]::rust_begin_unwind
[INFO] [stdout]   10:     0x6149270740fc - core[df12db4294e9bfd3]::panicking::panic_fmt
[INFO] [stdout]   11:     0x614926d0ade4 - sui_graphql_client[a7a2ea01459162a7]::tests::test_coins_query::{closure#0}
[INFO] [stdout]   12:     0x614926d5b653 - <tokio[cb5aac8fdfb7212a]::runtime::scheduler::current_thread::Context>::enter::<core[df12db4294e9bfd3]::task::poll::Poll<()>, <tokio[cb5aac8fdfb7212a]::runtime::scheduler::current_thread::CoreGuard>::block_on<core[df12db4294e9bfd3]::pin::Pin<&mut core[df12db4294e9bfd3]::pin::Pin<&mut dyn core[df12db4294e9bfd3]::future::future::Future<Output = ()>>>>::{closure#0}::{closure#0}>
[INFO] [stdout]   13:     0x614926d63bbc - <tokio[cb5aac8fdfb7212a]::runtime::context::scoped::Scoped<tokio[cb5aac8fdfb7212a]::runtime::scheduler::Context>>::set::<<tokio[cb5aac8fdfb7212a]::runtime::scheduler::current_thread::CoreGuard>::enter<<tokio[cb5aac8fdfb7212a]::runtime::scheduler::current_thread::CoreGuard>::block_on<core[df12db4294e9bfd3]::pin::Pin<&mut core[df12db4294e9bfd3]::pin::Pin<&mut dyn core[df12db4294e9bfd3]::future::future::Future<Output = ()>>>>::{closure#0}, core[df12db4294e9bfd3]::option::Option<()>>::{closure#0}, (alloc[2182bb758b4b3781]::boxed::Box<tokio[cb5aac8fdfb7212a]::runtime::scheduler::current_thread::Core>, core[df12db4294e9bfd3]::option::Option<()>)>
[INFO] [stdout]   14:     0x614926d5b21f - <tokio[cb5aac8fdfb7212a]::runtime::scheduler::current_thread::CurrentThread>::block_on::<core[df12db4294e9bfd3]::pin::Pin<&mut dyn core[df12db4294e9bfd3]::future::future::Future<Output = ()>>>
[INFO] [stdout]   15:     0x614926d982d2 - <tokio[cb5aac8fdfb7212a]::runtime::runtime::Runtime>::block_on::<core[df12db4294e9bfd3]::pin::Pin<&mut dyn core[df12db4294e9bfd3]::future::future::Future<Output = ()>>>
[INFO] [stdout]   16:     0x614926d1e5bb - sui_graphql_client[a7a2ea01459162a7]::tests::test_coins_query
[INFO] [stdout]   17:     0x614926dcad79 - <sui_graphql_client[a7a2ea01459162a7]::tests::test_coins_query::{closure#0} as core[df12db4294e9bfd3]::ops::function::FnOnce<()>>::call_once
[INFO] [stdout]   18:     0x614926dcda2b - test[9d35eded1c95d3be]::__rust_begin_short_backtrace::<core[df12db4294e9bfd3]::result::Result<(), alloc[2182bb758b4b3781]::string::String>, fn() -> core[df12db4294e9bfd3]::result::Result<(), alloc[2182bb758b4b3781]::string::String>>
[INFO] [stdout]   19:     0x614926ddb095 - test[9d35eded1c95d3be]::run_test::{closure#0}
[INFO] [stdout]   20:     0x614926dd4954 - std[70759c8f55707aa4]::sys::backtrace::__rust_begin_short_backtrace::<test[9d35eded1c95d3be]::run_test::{closure#1}, ()>
[INFO] [stdout]   21:     0x614926dde1f2 - <std[70759c8f55707aa4]::thread::lifecycle::spawn_unchecked<test[9d35eded1c95d3be]::run_test::{closure#1}, ()>::{closure#1} as core[df12db4294e9bfd3]::ops::function::FnOnce<()>>::call_once::{shim:vtable#0}
[INFO] [stdout]   22:     0x61492705ca29 - <std[70759c8f55707aa4]::sys::thread::unix::Thread>::new::thread_start
[INFO] [stdout]   23:     0x7a09e0596dfa - <unknown>
[INFO] [stdout]   24:     0x7a09e062a3d4 - clone
[INFO] [stdout]   25:                0x0 - <unknown>
[INFO] [stdout] 
[INFO] [stdout] ---- tests::test_service_config_query stdout ----
[INFO] [stdout] 
[INFO] [stdout] thread 'tests::test_service_config_query' (2590) panicked at src/lib.rs:1962:9:
[INFO] [stdout] Service config query failed for http://localhost:9125/graphql network
[INFO] [stdout] stack backtrace:
[INFO] [stdout]    0:     0x61492705d501 - <<std[70759c8f55707aa4]::sys::backtrace::BacktraceLock>::print::DisplayBacktrace as core[df12db4294e9bfd3]::fmt::Display>::fmt
[INFO] [stdout]    1:     0x61492707399a - core[df12db4294e9bfd3]::fmt::write
[INFO] [stdout]    2:     0x6149270624bc - <alloc[2182bb758b4b3781]::vec::Vec<u8> as core[df12db4294e9bfd3]::io::write::Write>::write_fmt
[INFO] [stdout]    3:     0x614927038496 - std[70759c8f55707aa4]::panicking::default_hook::{closure#0}
[INFO] [stdout]    4:     0x614927055529 - std[70759c8f55707aa4]::panicking::default_hook
[INFO] [stdout]    5:     0x614926dda740 - test[9d35eded1c95d3be]::test_main_inner::<test[9d35eded1c95d3be]::test_main_static::{closure#0}>::{closure#0}
[INFO] [stdout]    6:     0x614927055852 - std[70759c8f55707aa4]::panicking::panic_with_hook
[INFO] [stdout]    7:     0x614927038542 - std[70759c8f55707aa4]::panicking::panic_handler::{closure#0}
[INFO] [stdout]    8:     0x614927030c59 - std[70759c8f55707aa4]::sys::backtrace::__rust_end_short_backtrace::<std[70759c8f55707aa4]::panicking::panic_handler::{closure#0}, !>
[INFO] [stdout]    9:     0x61492703943d - __rustc[8fa7c3cbc660c2b3]::rust_begin_unwind
[INFO] [stdout]   10:     0x6149270740fc - core[df12db4294e9bfd3]::panicking::panic_fmt
[INFO] [stdout]   11:     0x614926d191ff - sui_graphql_client[a7a2ea01459162a7]::tests::test_service_config_query::{closure#0}
[INFO] [stdout]   12:     0x614926d5b653 - <tokio[cb5aac8fdfb7212a]::runtime::scheduler::current_thread::Context>::enter::<core[df12db4294e9bfd3]::task::poll::Poll<()>, <tokio[cb5aac8fdfb7212a]::runtime::scheduler::current_thread::CoreGuard>::block_on<core[df12db4294e9bfd3]::pin::Pin<&mut core[df12db4294e9bfd3]::pin::Pin<&mut dyn core[df12db4294e9bfd3]::future::future::Future<Output = ()>>>>::{closure#0}::{closure#0}>
[INFO] [stdout]   13:     0x614926d63bbc - <tokio[cb5aac8fdfb7212a]::runtime::context::scoped::Scoped<tokio[cb5aac8fdfb7212a]::runtime::scheduler::Context>>::set::<<tokio[cb5aac8fdfb7212a]::runtime::scheduler::current_thread::CoreGuard>::enter<<tokio[cb5aac8fdfb7212a]::runtime::scheduler::current_thread::CoreGuard>::block_on<core[df12db4294e9bfd3]::pin::Pin<&mut core[df12db4294e9bfd3]::pin::Pin<&mut dyn core[df12db4294e9bfd3]::future::future::Future<Output = ()>>>>::{closure#0}, core[df12db4294e9bfd3]::option::Option<()>>::{closure#0}, (alloc[2182bb758b4b3781]::boxed::Box<tokio[cb5aac8fdfb7212a]::runtime::scheduler::current_thread::Core>, core[df12db4294e9bfd3]::option::Option<()>)>
[INFO] [stdout]   14:     0x614926d5b21f - <tokio[cb5aac8fdfb7212a]::runtime::scheduler::current_thread::CurrentThread>::block_on::<core[df12db4294e9bfd3]::pin::Pin<&mut dyn core[df12db4294e9bfd3]::future::future::Future<Output = ()>>>
[INFO] [stdout]   15:     0x614926d982d2 - <tokio[cb5aac8fdfb7212a]::runtime::runtime::Runtime>::block_on::<core[df12db4294e9bfd3]::pin::Pin<&mut dyn core[df12db4294e9bfd3]::future::future::Future<Output = ()>>>
[INFO] [stdout]   16:     0x614926d2039b - sui_graphql_client[a7a2ea01459162a7]::tests::test_service_config_query
[INFO] [stdout]   17:     0x614926dcaff9 - <sui_graphql_client[a7a2ea01459162a7]::tests::test_service_config_query::{closure#0} as core[df12db4294e9bfd3]::ops::function::FnOnce<()>>::call_once
[INFO] [stdout]   18:     0x614926dcda2b - test[9d35eded1c95d3be]::__rust_begin_short_backtrace::<core[df12db4294e9bfd3]::result::Result<(), alloc[2182bb758b4b3781]::string::String>, fn() -> core[df12db4294e9bfd3]::result::Result<(), alloc[2182bb758b4b3781]::string::String>>
[INFO] [stdout]   19:     0x614926ddb095 - test[9d35eded1c95d3be]::run_test::{closure#0}
[INFO] [stdout]   20:     0x614926dd4954 - std[70759c8f55707aa4]::sys::backtrace::__rust_begin_short_backtrace::<test[9d35eded1c95d3be]::run_test::{closure#1}, ()>
[INFO] [stdout]   21:     0x614926dde1f2 - <std[70759c8f55707aa4]::thread::lifecycle::spawn_unchecked<test[9d35eded1c95d3be]::run_test::{closure#1}, ()>::{closure#1} as core[df12db4294e9bfd3]::ops::function::FnOnce<()>>::call_once::{shim:vtable#0}
[INFO] [stdout]   22:     0x61492705ca29 - <std[70759c8f55707aa4]::sys::thread::unix::Thread>::new::thread_start
[INFO] [stdout]   23:     0x7a09e0596dfa - <unknown>
[INFO] [stdout]   24:     0x7a09e062a3d4 - clone
[INFO] [stdout]   25:                0x0 - <unknown>
[INFO] [stdout] 
[INFO] [stdout] ---- tests::test_dynamic_field_query stdout ----
[INFO] [stdout] 
[INFO] [stdout] thread 'tests::test_dynamic_field_query' (2550) panicked at src/lib.rs:2275:9:
[INFO] [stdout] assertion failed: dynamic_field.is_ok()
[INFO] [stdout] stack backtrace:
[INFO] [stdout]    0:     0x61492705d501 - <<std[70759c8f55707aa4]::sys::backtrace::BacktraceLock>::print::DisplayBacktrace as core[df12db4294e9bfd3]::fmt::Display>::fmt
[INFO] [stdout]    1:     0x61492707399a - core[df12db4294e9bfd3]::fmt::write
[INFO] [stdout]    2:     0x6149270624bc - <alloc[2182bb758b4b3781]::vec::Vec<u8> as core[df12db4294e9bfd3]::io::write::Write>::write_fmt
[INFO] [stdout]    3:     0x614927038496 - std[70759c8f55707aa4]::panicking::default_hook::{closure#0}
[INFO] [stdout]    4:     0x614927055529 - std[70759c8f55707aa4]::panicking::default_hook
[INFO] [stdout]    5:     0x614926dda740 - test[9d35eded1c95d3be]::test_main_inner::<test[9d35eded1c95d3be]::test_main_static::{closure#0}>::{closure#0}
[INFO] [stdout]    6:     0x614927055852 - std[70759c8f55707aa4]::panicking::panic_with_hook
[INFO] [stdout]    7:     0x614927038574 - std[70759c8f55707aa4]::panicking::panic_handler::{closure#0}
[INFO] [stdout]    8:     0x614927030c59 - std[70759c8f55707aa4]::sys::backtrace::__rust_end_short_backtrace::<std[70759c8f55707aa4]::panicking::panic_handler::{closure#0}, !>
[INFO] [stdout]    9:     0x61492703943d - __rustc[8fa7c3cbc660c2b3]::rust_begin_unwind
[INFO] [stdout]   10:     0x6149270740fc - core[df12db4294e9bfd3]::panicking::panic_fmt
[INFO] [stdout]   11:     0x6149270740c2 - core[df12db4294e9bfd3]::panicking::panic
[INFO] [stdout]   12:     0x614926d16a1c - sui_graphql_client[a7a2ea01459162a7]::tests::test_dynamic_field_query::{closure#0}
[INFO] [stdout]   13:     0x614926d5b653 - <tokio[cb5aac8fdfb7212a]::runtime::scheduler::current_thread::Context>::enter::<core[df12db4294e9bfd3]::task::poll::Poll<()>, <tokio[cb5aac8fdfb7212a]::runtime::scheduler::current_thread::CoreGuard>::block_on<core[df12db4294e9bfd3]::pin::Pin<&mut core[df12db4294e9bfd3]::pin::Pin<&mut dyn core[df12db4294e9bfd3]::future::future::Future<Output = ()>>>>::{closure#0}::{closure#0}>
[INFO] [stdout]   14:     0x614926d63bbc - <tokio[cb5aac8fdfb7212a]::runtime::context::scoped::Scoped<tokio[cb5aac8fdfb7212a]::runtime::scheduler::Context>>::set::<<tokio[cb5aac8fdfb7212a]::runtime::scheduler::current_thread::CoreGuard>::enter<<tokio[cb5aac8fdfb7212a]::runtime::scheduler::current_thread::CoreGuard>::block_on<core[df12db4294e9bfd3]::pin::Pin<&mut core[df12db4294e9bfd3]::pin::Pin<&mut dyn core[df12db4294e9bfd3]::future::future::Future<Output = ()>>>>::{closure#0}, core[df12db4294e9bfd3]::option::Option<()>>::{closure#0}, (alloc[2182bb758b4b3781]::boxed::Box<tokio[cb5aac8fdfb7212a]::runtime::scheduler::current_thread::Core>, core[df12db4294e9bfd3]::option::Option<()>)>
[INFO] [stdout]   15:     0x614926d5b21f - <tokio[cb5aac8fdfb7212a]::runtime::scheduler::current_thread::CurrentThread>::block_on::<core[df12db4294e9bfd3]::pin::Pin<&mut dyn core[df12db4294e9bfd3]::future::future::Future<Output = ()>>>
[INFO] [stdout]   16:     0x614926d982d2 - <tokio[cb5aac8fdfb7212a]::runtime::runtime::Runtime>::block_on::<core[df12db4294e9bfd3]::pin::Pin<&mut dyn core[df12db4294e9bfd3]::future::future::Future<Output = ()>>>
[INFO] [stdout]   17:     0x614926d1fdcb - sui_graphql_client[a7a2ea01459162a7]::tests::test_dynamic_field_query
[INFO] [stdout]   18:     0x614926dcaf79 - <sui_graphql_client[a7a2ea01459162a7]::tests::test_dynamic_field_query::{closure#0} as core[df12db4294e9bfd3]::ops::function::FnOnce<()>>::call_once
[INFO] [stdout]   19:     0x614926dcda2b - test[9d35eded1c95d3be]::__rust_begin_short_backtrace::<core[df12db4294e9bfd3]::result::Result<(), alloc[2182bb758b4b3781]::string::String>, fn() -> core[df12db4294e9bfd3]::result::Result<(), alloc[2182bb758b4b3781]::string::String>>
[INFO] [stdout]   20:     0x614926ddb095 - test[9d35eded1c95d3be]::run_test::{closure#0}
[INFO] [stdout]   21:     0x614926dd4954 - std[70759c8f55707aa4]::sys::backtrace::__rust_begin_short_backtrace::<test[9d35eded1c95d3be]::run_test::{closure#1}, ()>
[INFO] [stdout]   22:     0x614926dde1f2 - <std[70759c8f55707aa4]::thread::lifecycle::spawn_unchecked<test[9d35eded1c95d3be]::run_test::{closure#1}, ()>::{closure#1} as core[df12db4294e9bfd3]::ops::function::FnOnce<()>>::call_once::{shim:vtable#0}
[INFO] [stdout]   23:     0x61492705ca29 - <std[70759c8f55707aa4]::sys::thread::unix::Thread>::new::thread_start
[INFO] [stdout]   24:     0x7a09e0596dfa - <unknown>
[INFO] [stdout]   25:     0x7a09e062a3d4 - clone
[INFO] [stdout]   26:                0x0 - <unknown>
[INFO] [stdout] 
[INFO] [stdout] ---- tests::test_total_supply stdout ----
[INFO] [stdout] 
[INFO] [stdout] thread 'tests::test_total_supply' (2592) panicked at src/lib.rs:2241:9:
[INFO] [stdout] Total supply query failed for http://localhost:9125/graphql network. Error: Error: error sending request
[INFO] [stdout] 
[INFO] [stdout] stack backtrace:
[INFO] [stdout]    0:     0x61492705d501 - <<std[70759c8f55707aa4]::sys::backtrace::BacktraceLock>::print::DisplayBacktrace as core[df12db4294e9bfd3]::fmt::Display>::fmt
[INFO] [stdout]    1:     0x61492707399a - core[df12db4294e9bfd3]::fmt::write
[INFO] [stdout]    2:     0x6149270624bc - <alloc[2182bb758b4b3781]::vec::Vec<u8> as core[df12db4294e9bfd3]::io::write::Write>::write_fmt
[INFO] [stdout]    3:     0x614927038496 - std[70759c8f55707aa4]::panicking::default_hook::{closure#0}
[INFO] [stdout]    4:     0x614927055529 - std[70759c8f55707aa4]::panicking::default_hook
[INFO] [stdout]    5:     0x614926dda740 - test[9d35eded1c95d3be]::test_main_inner::<test[9d35eded1c95d3be]::test_main_static::{closure#0}>::{closure#0}
[INFO] [stdout]    6:     0x614927055852 - std[70759c8f55707aa4]::panicking::panic_with_hook
[INFO] [stdout]    7:     0x614927038542 - std[70759c8f55707aa4]::panicking::panic_handler::{closure#0}
[INFO] [stdout]    8:     0x614927030c59 - std[70759c8f55707aa4]::sys::backtrace::__rust_end_short_backtrace::<std[70759c8f55707aa4]::panicking::panic_handler::{closure#0}, !>
[INFO] [stdout]    9:     0x61492703943d - __rustc[8fa7c3cbc660c2b3]::rust_begin_unwind
[INFO] [stdout]   10:     0x6149270740fc - core[df12db4294e9bfd3]::panicking::panic_fmt
[INFO] [stdout]   11:     0x614926d0f576 - sui_graphql_client[a7a2ea01459162a7]::tests::test_total_supply::{closure#0}
[INFO] [stdout]   12:     0x614926d5b653 - <tokio[cb5aac8fdfb7212a]::runtime::scheduler::current_thread::Context>::enter::<core[df12db4294e9bfd3]::task::poll::Poll<()>, <tokio[cb5aac8fdfb7212a]::runtime::scheduler::current_thread::CoreGuard>::block_on<core[df12db4294e9bfd3]::pin::Pin<&mut core[df12db4294e9bfd3]::pin::Pin<&mut dyn core[df12db4294e9bfd3]::future::future::Future<Output = ()>>>>::{closure#0}::{closure#0}>
[INFO] [stdout]   13:     0x614926d63bbc - <tokio[cb5aac8fdfb7212a]::runtime::context::scoped::Scoped<tokio[cb5aac8fdfb7212a]::runtime::scheduler::Context>>::set::<<tokio[cb5aac8fdfb7212a]::runtime::scheduler::current_thread::CoreGuard>::enter<<tokio[cb5aac8fdfb7212a]::runtime::scheduler::current_thread::CoreGuard>::block_on<core[df12db4294e9bfd3]::pin::Pin<&mut core[df12db4294e9bfd3]::pin::Pin<&mut dyn core[df12db4294e9bfd3]::future::future::Future<Output = ()>>>>::{closure#0}, core[df12db4294e9bfd3]::option::Option<()>>::{closure#0}, (alloc[2182bb758b4b3781]::boxed::Box<tokio[cb5aac8fdfb7212a]::runtime::scheduler::current_thread::Core>, core[df12db4294e9bfd3]::option::Option<()>)>
[INFO] [stdout]   14:     0x614926d5b21f - <tokio[cb5aac8fdfb7212a]::runtime::scheduler::current_thread::CurrentThread>::block_on::<core[df12db4294e9bfd3]::pin::Pin<&mut dyn core[df12db4294e9bfd3]::future::future::Future<Output = ()>>>
[INFO] [stdout]   15:     0x614926d982d2 - <tokio[cb5aac8fdfb7212a]::runtime::runtime::Runtime>::block_on::<core[df12db4294e9bfd3]::pin::Pin<&mut dyn core[df12db4294e9bfd3]::future::future::Future<Output = ()>>>
[INFO] [stdout]   16:     0x614926d1ed4b - sui_graphql_client[a7a2ea01459162a7]::tests::test_total_supply
[INFO] [stdout]   17:     0x614926dcae19 - <sui_graphql_client[a7a2ea01459162a7]::tests::test_total_supply::{closure#0} as core[df12db4294e9bfd3]::ops::function::FnOnce<()>>::call_once
[INFO] [stdout]   18:     0x614926dcda2b - test[9d35eded1c95d3be]::__rust_begin_short_backtrace::<core[df12db4294e9bfd3]::result::Result<(), alloc[2182bb758b4b3781]::string::String>, fn() -> core[df12db4294e9bfd3]::result::Result<(), alloc[2182bb758b4b3781]::string::String>>
[INFO] [stdout]   19:     0x614926ddb095 - test[9d35eded1c95d3be]::run_test::{closure#0}
[INFO] [stdout]   20:     0x614926dd4954 - std[70759c8f55707aa4]::sys::backtrace::__rust_begin_short_backtrace::<test[9d35eded1c95d3be]::run_test::{closure#1}, ()>
[INFO] [stdout]   21:     0x614926dde1f2 - <std[70759c8f55707aa4]::thread::lifecycle::spawn_unchecked<test[9d35eded1c95d3be]::run_test::{closure#1}, ()>::{closure#1} as core[df12db4294e9bfd3]::ops::function::FnOnce<()>>::call_once::{shim:vtable#0}
[INFO] [stdout]   22:     0x61492705ca29 - <std[70759c8f55707aa4]::sys::thread::unix::Thread>::new::thread_start
[INFO] [stdout]   23:     0x7a09e0596dfa - <unknown>
[INFO] [stdout]   24:     0x7a09e062a3d4 - clone
[INFO] [stdout]   25:                0x0 - <unknown>
[INFO] [stdout] 
[INFO] [stdout] ---- tests::test_transactions_effects_query stdout ----
[INFO] [stdout] 
[INFO] [stdout] thread 'tests::test_transactions_effects_query' (2598) panicked at src/lib.rs:2217:9:
[INFO] [stdout] Transactions effects query failed for http://localhost:9125/graphql network. Error: Error: error sending request
[INFO] [stdout] 
[INFO] [stdout] stack backtrace:
[INFO] [stdout]    0:     0x61492705d501 - <<std[70759c8f55707aa4]::sys::backtrace::BacktraceLock>::print::DisplayBacktrace as core[df12db4294e9bfd3]::fmt::Display>::fmt
[INFO] [stdout]    1:     0x61492707399a - core[df12db4294e9bfd3]::fmt::write
[INFO] [stdout]    2:     0x6149270624bc - <alloc[2182bb758b4b3781]::vec::Vec<u8> as core[df12db4294e9bfd3]::io::write::Write>::write_fmt
[INFO] [stdout]    3:     0x614927038496 - std[70759c8f55707aa4]::panicking::default_hook::{closure#0}
[INFO] [stdout]    4:     0x614927055529 - std[70759c8f55707aa4]::panicking::default_hook
[INFO] [stdout]    5:     0x614926dda740 - test[9d35eded1c95d3be]::test_main_inner::<test[9d35eded1c95d3be]::test_main_static::{closure#0}>::{closure#0}
[INFO] [stdout]    6:     0x614927055852 - std[70759c8f55707aa4]::panicking::panic_with_hook
[INFO] [stdout]    7:     0x614927038542 - std[70759c8f55707aa4]::panicking::panic_handler::{closure#0}
[INFO] [stdout]    8:     0x614927030c59 - std[70759c8f55707aa4]::sys::backtrace::__rust_end_short_backtrace::<std[70759c8f55707aa4]::panicking::panic_handler::{closure#0}, !>
[INFO] [stdout]    9:     0x61492703943d - __rustc[8fa7c3cbc660c2b3]::rust_begin_unwind
[INFO] [stdout]   10:     0x6149270740fc - core[df12db4294e9bfd3]::panicking::panic_fmt
[INFO] [stdout]   11:     0x614926d1c145 - sui_graphql_client[a7a2ea01459162a7]::tests::test_transactions_effects_query::{closure#0}
[INFO] [stdout]   12:     0x614926d5b653 - <tokio[cb5aac8fdfb7212a]::runtime::scheduler::current_thread::Context>::enter::<core[df12db4294e9bfd3]::task::poll::Poll<()>, <tokio[cb5aac8fdfb7212a]::runtime::scheduler::current_thread::CoreGuard>::block_on<core[df12db4294e9bfd3]::pin::Pin<&mut core[df12db4294e9bfd3]::pin::Pin<&mut dyn core[df12db4294e9bfd3]::future::future::Future<Output = ()>>>>::{closure#0}::{closure#0}>
[INFO] [stdout]   13:     0x614926d63bbc - <tokio[cb5aac8fdfb7212a]::runtime::context::scoped::Scoped<tokio[cb5aac8fdfb7212a]::runtime::scheduler::Context>>::set::<<tokio[cb5aac8fdfb7212a]::runtime::scheduler::current_thread::CoreGuard>::enter<<tokio[cb5aac8fdfb7212a]::runtime::scheduler::current_thread::CoreGuard>::block_on<core[df12db4294e9bfd3]::pin::Pin<&mut core[df12db4294e9bfd3]::pin::Pin<&mut dyn core[df12db4294e9bfd3]::future::future::Future<Output = ()>>>>::{closure#0}, core[df12db4294e9bfd3]::option::Option<()>>::{closure#0}, (alloc[2182bb758b4b3781]::boxed::Box<tokio[cb5aac8fdfb7212a]::runtime::scheduler::current_thread::Core>, core[df12db4294e9bfd3]::option::Option<()>)>
[INFO] [stdout]   14:     0x614926d5b21f - <tokio[cb5aac8fdfb7212a]::runtime::scheduler::current_thread::CurrentThread>::block_on::<core[df12db4294e9bfd3]::pin::Pin<&mut dyn core[df12db4294e9bfd3]::future::future::Future<Output = ()>>>
[INFO] [stdout]   15:     0x614926d982d2 - <tokio[cb5aac8fdfb7212a]::runtime::runtime::Runtime>::block_on::<core[df12db4294e9bfd3]::pin::Pin<&mut dyn core[df12db4294e9bfd3]::future::future::Future<Output = ()>>>
[INFO] [stdout]   16:     0x614926d20a8b - sui_graphql_client[a7a2ea01459162a7]::tests::test_transactions_effects_query
[INFO] [stdout]   17:     0x614926dcb099 - <sui_graphql_client[a7a2ea01459162a7]::tests::test_transactions_effects_query::{closure#0} as core[df12db4294e9bfd3]::ops::function::FnOnce<()>>::call_once
[INFO] [stdout]   18:     0x614926dcda2b - test[9d35eded1c95d3be]::__rust_begin_short_backtrace::<core[df12db4294e9bfd3]::result::Result<(), alloc[2182bb758b4b3781]::string::String>, fn() -> core[df12db4294e9bfd3]::result::Result<(), alloc[2182bb758b4b3781]::string::String>>
[INFO] [stdout]   19:     0x614926ddb095 - test[9d35eded1c95d3be]::run_test::{closure#0}
[INFO] [stdout]   20:     0x614926dd4954 - std[70759c8f55707aa4]::sys::backtrace::__rust_begin_short_backtrace::<test[9d35eded1c95d3be]::run_test::{closure#1}, ()>
[INFO] [stdout]   21:     0x614926dde1f2 - <std[70759c8f55707aa4]::thread::lifecycle::spawn_unchecked<test[9d35eded1c95d3be]::run_test::{closure#1}, ()>::{closure#1} as core[df12db4294e9bfd3]::ops::function::FnOnce<()>>::call_once::{shim:vtable#0}
[INFO] [stdout]   22:     0x61492705ca29 - <std[70759c8f55707aa4]::sys::thread::unix::Thread>::new::thread_start
[INFO] [stdout]   23:     0x7a09e0596dfa - <unknown>
[INFO] [stdout]   24:     0x7a09e062a3d4 - clone
[INFO] [stdout]   25:                0x0 - <unknown>
[INFO] [stdout] 
[INFO] [stdout] ---- tests::test_coins_stream stdout ----
[INFO] [stdout] 
[INFO] [stdout] thread 'tests::test_coins_stream' (2548) panicked at src/lib.rs:2167:39:
[INFO] [stdout] called `Result::unwrap()` on an `Err` value: error sending request
[INFO] [stdout] 
[INFO] [stdout] Caused by:
[INFO] [stdout]     0: client error (Connect)
[INFO] [stdout]     1: tcp connect error
[INFO] [stdout]     2: Connection refused (os error 111)
[INFO] [stdout] 
[INFO] [stdout] Stack backtrace:
[INFO] [stdout]    0: <anyhow::Error as core::convert::From<reqwest::error::Error>>::from
[INFO] [stdout]    1: sui_graphql_client::tests::test_coins_stream::{closure#0}
[INFO] [stdout]    2: <tokio::runtime::scheduler::current_thread::Context>::enter::<core::task::poll::Poll<()>, <tokio::runtime::scheduler::current_thread::CoreGuard>::block_on<core::pin::Pin<&mut core::pin::Pin<&mut dyn core::future::future::Future<Output = ()>>>>::{closure#0}::{closure#0}>
[INFO] [stdout]    3: <tokio::runtime::context::scoped::Scoped<tokio::runtime::scheduler::Context>>::set::<<tokio::runtime::scheduler::current_thread::CoreGuard>::enter<<tokio::runtime::scheduler::current_thread::CoreGuard>::block_on<core::pin::Pin<&mut core::pin::Pin<&mut dyn core::future::future::Future<Output = ()>>>>::{closure#0}, core::option::Option<()>>::{closure#0}, (alloc::boxed::Box<tokio::runtime::scheduler::current_thread::Core>, core::option::Option<()>)>
[INFO] [stdout]    4: <tokio::runtime::scheduler::current_thread::CurrentThread>::block_on::<core::pin::Pin<&mut dyn core::future::future::Future<Output = ()>>>
[INFO] [stdout]    5: <tokio::runtime::runtime::Runtime>::block_on::<core::pin::Pin<&mut dyn core::future::future::Future<Output = ()>>>
[INFO] [stdout]    6: sui_graphql_client::tests::test_coins_stream
[INFO] [stdout]    7: <sui_graphql_client::tests::test_coins_stream::{closure#0} as core::ops::function::FnOnce<()>>::call_once
[INFO] [stdout]    8: test::__rust_begin_short_backtrace::<core::result::Result<(), alloc::string::String>, fn() -> core::result::Result<(), alloc::string::String>>
[INFO] [stdout]    9: test::run_test::{closure#0}
[INFO] [stdout]   10: std::sys::backtrace::__rust_begin_short_backtrace::<test::run_test::{closure#1}, ()>
[INFO] [stdout]   11: <std::thread::lifecycle::spawn_unchecked<test::run_test::{closure#1}, ()>::{closure#1} as core::ops::function::FnOnce<()>>::call_once::{shim:vtable#0}
[INFO] [stdout]   12: <std::sys::thread::unix::Thread>::new::thread_start
[INFO] [stdout]   13: <unknown>
[INFO] [stdout]   14: clone
[INFO] [stdout] stack backtrace:
[INFO] [stdout]    0:     0x61492705d501 - <<std[70759c8f55707aa4]::sys::backtrace::BacktraceLock>::print::DisplayBacktrace as core[df12db4294e9bfd3]::fmt::Display>::fmt
[INFO] [stdout]    1:     0x61492707399a - core[df12db4294e9bfd3]::fmt::write
[INFO] [stdout]    2:     0x6149270624bc - <alloc[2182bb758b4b3781]::vec::Vec<u8> as core[df12db4294e9bfd3]::io::write::Write>::write_fmt
[INFO] [stdout]    3:     0x614927038496 - std[70759c8f55707aa4]::panicking::default_hook::{closure#0}
[INFO] [stdout]    4:     0x614927055529 - std[70759c8f55707aa4]::panicking::default_hook
[INFO] [stdout]    5:     0x614926dda740 - test[9d35eded1c95d3be]::test_main_inner::<test[9d35eded1c95d3be]::test_main_static::{closure#0}>::{closure#0}
[INFO] [stdout]    6:     0x614927055852 - std[70759c8f55707aa4]::panicking::panic_with_hook
[INFO] [stdout]    7:     0x614927038542 - std[70759c8f55707aa4]::panicking::panic_handler::{closure#0}
[INFO] [stdout]    8:     0x614927030c59 - std[70759c8f55707aa4]::sys::backtrace::__rust_end_short_backtrace::<std[70759c8f55707aa4]::panicking::panic_handler::{closure#0}, !>
[INFO] [stdout]    9:     0x61492703943d - __rustc[8fa7c3cbc660c2b3]::rust_begin_unwind
[INFO] [stdout]   10:     0x6149270740fc - core[df12db4294e9bfd3]::panicking::panic_fmt
[INFO] [stdout]   11:     0x614927073ed2 - core[df12db4294e9bfd3]::result::unwrap_failed
[INFO] [stdout]   12:     0x614926d0ce35 - sui_graphql_client[a7a2ea01459162a7]::tests::test_coins_stream::{closure#0}
[INFO] [stdout]   13:     0x614926d5b653 - <tokio[cb5aac8fdfb7212a]::runtime::scheduler::current_thread::Context>::enter::<core[df12db4294e9bfd3]::task::poll::Poll<()>, <tokio[cb5aac8fdfb7212a]::runtime::scheduler::current_thread::CoreGuard>::block_on<core[df12db4294e9bfd3]::pin::Pin<&mut core[df12db4294e9bfd3]::pin::Pin<&mut dyn core[df12db4294e9bfd3]::future::future::Future<Output = ()>>>>::{closure#0}::{closure#0}>
[INFO] [stdout]   14:     0x614926d63bbc - <tokio[cb5aac8fdfb7212a]::runtime::context::scoped::Scoped<tokio[cb5aac8fdfb7212a]::runtime::scheduler::Context>>::set::<<tokio[cb5aac8fdfb7212a]::runtime::scheduler::current_thread::CoreGuard>::enter<<tokio[cb5aac8fdfb7212a]::runtime::scheduler::current_thread::CoreGuard>::block_on<core[df12db4294e9bfd3]::pin::Pin<&mut core[df12db4294e9bfd3]::pin::Pin<&mut dyn core[df12db4294e9bfd3]::future::future::Future<Output = ()>>>>::{closure#0}, core[df12db4294e9bfd3]::option::Option<()>>::{closure#0}, (alloc[2182bb758b4b3781]::boxed::Box<tokio[cb5aac8fdfb7212a]::runtime::scheduler::current_thread::Core>, core[df12db4294e9bfd3]::option::Option<()>)>
[INFO] [stdout]   15:     0x614926d5b21f - <tokio[cb5aac8fdfb7212a]::runtime::scheduler::current_thread::CurrentThread>::block_on::<core[df12db4294e9bfd3]::pin::Pin<&mut dyn core[df12db4294e9bfd3]::future::future::Future<Output = ()>>>
[INFO] [stdout]   16:     0x614926d982d2 - <tokio[cb5aac8fdfb7212a]::runtime::runtime::Runtime>::block_on::<core[df12db4294e9bfd3]::pin::Pin<&mut dyn core[df12db4294e9bfd3]::future::future::Future<Output = ()>>>
[INFO] [stdout]   17:     0x614926d1e8fb - sui_graphql_client[a7a2ea01459162a7]::tests::test_coins_stream
[INFO] [stdout]   18:     0x614926dcadb9 - <sui_graphql_client[a7a2ea01459162a7]::tests::test_coins_stream::{closure#0} as core[df12db4294e9bfd3]::ops::function::FnOnce<()>>::call_once
[INFO] [stdout]   19:     0x614926dcda2b - test[9d35eded1c95d3be]::__rust_begin_short_backtrace::<core[df12db4294e9bfd3]::result::Result<(), alloc[2182bb758b4b3781]::string::String>, fn() -> core[df12db4294e9bfd3]::result::Result<(), alloc[2182bb758b4b3781]::string::String>>
[INFO] [stdout]   20:     0x614926ddb095 - test[9d35eded1c95d3be]::run_test::{closure#0}
[INFO] [stdout]   21:     0x614926dd4954 - std[70759c8f55707aa4]::sys::backtrace::__rust_begin_short_backtrace::<test[9d35eded1c95d3be]::run_test::{closure#1}, ()>
[INFO] [stdout]   22:     0x614926dde1f2 - <std[70759c8f55707aa4]::thread::lifecycle::spawn_unchecked<test[9d35eded1c95d3be]::run_test::{closure#1}, ()>::{closure#1} as core[df12db4294e9bfd3]::ops::function::FnOnce<()>>::call_once::{shim:vtable#0}
[INFO] [stdout]   23:     0x61492705ca29 - <std[70759c8f55707aa4]::sys::thread::unix::Thread>::new::thread_start
[INFO] [stdout]   24:     0x7a09e0596dfa - <unknown>
[INFO] [stdout]   25:     0x7a09e062a3d4 - clone
[INFO] [stdout]   26:                0x0 - <unknown>
[INFO] [stdout] 
[INFO] [stdout] ---- tests::test_total_transaction_blocks stdout ----
[INFO] [stdout] 
[INFO] [stdout] thread 'tests::test_total_transaction_blocks' (2593) panicked at src/lib.rs:2302:9:
[INFO] [stdout] Total transaction blocks query failed for http://localhost:9125/graphql network. Error: Error: error sending request
[INFO] [stdout] 
[INFO] [stdout] stack backtrace:
[INFO] [stdout]    0:     0x61492705d501 - <<std[70759c8f55707aa4]::sys::backtrace::BacktraceLock>::print::DisplayBacktrace as core[df12db4294e9bfd3]::fmt::Display>::fmt
[INFO] [stdout]    1:     0x61492707399a - core[df12db4294e9bfd3]::fmt::write
[INFO] [stdout]    2:     0x6149270624bc - <alloc[2182bb758b4b3781]::vec::Vec<u8> as core[df12db4294e9bfd3]::io::write::Write>::write_fmt
[INFO] [stdout]    3:     0x614927038496 - std[70759c8f55707aa4]::panicking::default_hook::{closure#0}
[INFO] [stdout]    4:     0x614927055529 - std[70759c8f55707aa4]::panicking::default_hook
[INFO] [stdout]    5:     0x614926dda740 - test[9d35eded1c95d3be]::test_main_inner::<test[9d35eded1c95d3be]::test_main_static::{closure#0}>::{closure#0}
[INFO] [stdout]    6:     0x614927055852 - std[70759c8f55707aa4]::panicking::panic_with_hook
[INFO] [stdout]    7:     0x614927038542 - std[70759c8f55707aa4]::panicking::panic_handler::{closure#0}
[INFO] [stdout]    8:     0x614927030c59 - std[70759c8f55707aa4]::sys::backtrace::__rust_end_short_backtrace::<std[70759c8f55707aa4]::panicking::panic_handler::{closure#0}, !>
[INFO] [stdout]    9:     0x61492703943d - __rustc[8fa7c3cbc660c2b3]::rust_begin_unwind
[INFO] [stdout]   10:     0x6149270740fc - core[df12db4294e9bfd3]::panicking::panic_fmt
[INFO] [stdout]   11:     0x614926d19cfd - sui_graphql_client[a7a2ea01459162a7]::tests::test_total_transaction_blocks::{closure#0}
[INFO] [stdout]   12:     0x614926d5b653 - <tokio[cb5aac8fdfb7212a]::runtime::scheduler::current_thread::Context>::enter::<core[df12db4294e9bfd3]::task::poll::Poll<()>, <tokio[cb5aac8fdfb7212a]::runtime::scheduler::current_thread::CoreGuard>::block_on<core[df12db4294e9bfd3]::pin::Pin<&mut core[df12db4294e9bfd3]::pin::Pin<&mut dyn core[df12db4294e9bfd3]::future::future::Future<Output = ()>>>>::{closure#0}::{closure#0}>
[INFO] [stdout]   13:     0x614926d63bbc - <tokio[cb5aac8fdfb7212a]::runtime::context::scoped::Scoped<tokio[cb5aac8fdfb7212a]::runtime::scheduler::Context>>::set::<<tokio[cb5aac8fdfb7212a]::runtime::scheduler::current_thread::CoreGuard>::enter<<tokio[cb5aac8fdfb7212a]::runtime::scheduler::current_thread::CoreGuard>::block_on<core[df12db4294e9bfd3]::pin::Pin<&mut core[df12db4294e9bfd3]::pin::Pin<&mut dyn core[df12db4294e9bfd3]::future::future::Future<Output = ()>>>>::{closure#0}, core[df12db4294e9bfd3]::option::Option<()>>::{closure#0}, (alloc[2182bb758b4b3781]::boxed::Box<tokio[cb5aac8fdfb7212a]::runtime::scheduler::current_thread::Core>, core[df12db4294e9bfd3]::option::Option<()>)>
[INFO] [stdout]   14:     0x614926d5b21f - <tokio[cb5aac8fdfb7212a]::runtime::scheduler::current_thread::CurrentThread>::block_on::<core[df12db4294e9bfd3]::pin::Pin<&mut dyn core[df12db4294e9bfd3]::future::future::Future<Output = ()>>>
[INFO] [stdout]   15:     0x614926d982d2 - <tokio[cb5aac8fdfb7212a]::runtime::runtime::Runtime>::block_on::<core[df12db4294e9bfd3]::pin::Pin<&mut dyn core[df12db4294e9bfd3]::future::future::Future<Output = ()>>>
[INFO] [stdout]   16:     0x614926d2066b - sui_graphql_client[a7a2ea01459162a7]::tests::test_total_transaction_blocks
[INFO] [stdout]   17:     0x614926dcb039 - <sui_graphql_client[a7a2ea01459162a7]::tests::test_total_transaction_blocks::{closure#0} as core[df12db4294e9bfd3]::ops::function::FnOnce<()>>::call_once
[INFO] [stdout]   18:     0x614926dcda2b - test[9d35eded1c95d3be]::__rust_begin_short_backtrace::<core[df12db4294e9bfd3]::result::Result<(), alloc[2182bb758b4b3781]::string::String>, fn() -> core[df12db4294e9bfd3]::result::Result<(), alloc[2182bb758b4b3781]::string::String>>
[INFO] [stdout]   19:     0x614926ddb095 - test[9d35eded1c95d3be]::run_test::{closure#0}
[INFO] [stdout]   20:     0x614926dd4954 - std[70759c8f55707aa4]::sys::backtrace::__rust_begin_short_backtrace::<test[9d35eded1c95d3be]::run_test::{closure#1}, ()>
[INFO] [stdout]   21:     0x614926dde1f2 - <std[70759c8f55707aa4]::thread::lifecycle::spawn_unchecked<test[9d35eded1c95d3be]::run_test::{closure#1}, ()>::{closure#1} as core[df12db4294e9bfd3]::ops::function::FnOnce<()>>::call_once::{shim:vtable#0}
[INFO] [stdout]   22:     0x61492705ca29 - <std[70759c8f55707aa4]::sys::thread::unix::Thread>::new::thread_start
[INFO] [stdout]   23:     0x7a09e0596dfa - <unknown>
[INFO] [stdout]   24:     0x7a09e062a3d4 - clone
[INFO] [stdout]   25:                0x0 - <unknown>
[INFO] [stdout] 
[INFO] [stdout] ---- tests::test_transactions_query stdout ----
[INFO] [stdout] 
[INFO] [stdout] thread 'tests::test_transactions_query' (2601) panicked at src/lib.rs:2229:9:
[INFO] [stdout] Transactions query failed for http://localhost:9125/graphql network. Error: Error: error sending request
[INFO] [stdout] 
[INFO] [stdout] stack backtrace:
[INFO] [stdout]    0:     0x61492705d501 - <<std[70759c8f55707aa4]::sys::backtrace::BacktraceLock>::print::DisplayBacktrace as core[df12db4294e9bfd3]::fmt::Display>::fmt
[INFO] [stdout]    1:     0x61492707399a - core[df12db4294e9bfd3]::fmt::write
[INFO] [stdout]    2:     0x6149270624bc - <alloc[2182bb758b4b3781]::vec::Vec<u8> as core[df12db4294e9bfd3]::io::write::Write>::write_fmt
[INFO] [stdout]    3:     0x614927038496 - std[70759c8f55707aa4]::panicking::default_hook::{closure#0}
[INFO] [stdout]    4:     0x614927055529 - std[70759c8f55707aa4]::panicking::default_hook
[INFO] [stdout]    5:     0x614926dda740 - test[9d35eded1c95d3be]::test_main_inner::<test[9d35eded1c95d3be]::test_main_static::{closure#0}>::{closure#0}
[INFO] [stdout]    6:     0x614927055852 - std[70759c8f55707aa4]::panicking::panic_with_hook
[INFO] [stdout]    7:     0x614927038542 - std[70759c8f55707aa4]::panicking::panic_handler::{closure#0}
[INFO] [stdout]    8:     0x614927030c59 - std[70759c8f55707aa4]::sys::backtrace::__rust_end_short_backtrace::<std[70759c8f55707aa4]::panicking::panic_handler::{closure#0}, !>
[INFO] [stdout]    9:     0x61492703943d - __rustc[8fa7c3cbc660c2b3]::rust_begin_unwind
[INFO] [stdout]   10:     0x6149270740fc - core[df12db4294e9bfd3]::panicking::panic_fmt
[INFO] [stdout]   11:     0x614926d153ed - sui_graphql_client[a7a2ea01459162a7]::tests::test_transactions_query::{closure#0}
[INFO] [stdout]   12:     0x614926d5b653 - <tokio[cb5aac8fdfb7212a]::runtime::scheduler::current_thread::Context>::enter::<core[df12db4294e9bfd3]::task::poll::Poll<()>, <tokio[cb5aac8fdfb7212a]::runtime::scheduler::current_thread::CoreGuard>::block_on<core[df12db4294e9bfd3]::pin::Pin<&mut core[df12db4294e9bfd3]::pin::Pin<&mut dyn core[df12db4294e9bfd3]::future::future::Future<Output = ()>>>>::{closure#0}::{closure#0}>
[INFO] [stdout]   13:     0x614926d63bbc - <tokio[cb5aac8fdfb7212a]::runtime::context::scoped::Scoped<tokio[cb5aac8fdfb7212a]::runtime::scheduler::Context>>::set::<<tokio[cb5aac8fdfb7212a]::runtime::scheduler::current_thread::CoreGuard>::enter<<tokio[cb5aac8fdfb7212a]::runtime::scheduler::current_thread::CoreGuard>::block_on<core[df12db4294e9bfd3]::pin::Pin<&mut core[df12db4294e9bfd3]::pin::Pin<&mut dyn core[df12db4294e9bfd3]::future::future::Future<Output = ()>>>>::{closure#0}, core[df12db4294e9bfd3]::option::Option<()>>::{closure#0}, (alloc[2182bb758b4b3781]::boxed::Box<tokio[cb5aac8fdfb7212a]::runtime::scheduler::current_thread::Core>, core[df12db4294e9bfd3]::option::Option<()>)>
[INFO] [stdout]   14:     0x614926d5b21f - <tokio[cb5aac8fdfb7212a]::runtime::scheduler::current_thread::CurrentThread>::block_on::<core[df12db4294e9bfd3]::pin::Pin<&mut dyn core[df12db4294e9bfd3]::future::future::Future<Output = ()>>>
[INFO] [stdout]   15:     0x614926d982d2 - <tokio[cb5aac8fdfb7212a]::runtime::runtime::Runtime>::block_on::<core[df12db4294e9bfd3]::pin::Pin<&mut dyn core[df12db4294e9bfd3]::future::future::Future<Output = ()>>>
[INFO] [stdout]   16:     0x614926d1facb - sui_graphql_client[a7a2ea01459162a7]::tests::test_transactions_query
[INFO] [stdout]   17:     0x614926dcaf39 - <sui_graphql_client[a7a2ea01459162a7]::tests::test_transactions_query::{closure#0} as core[df12db4294e9bfd3]::ops::function::FnOnce<()>>::call_once
[INFO] [stdout]   18:     0x614926dcda2b - test[9d35eded1c95d3be]::__rust_begin_short_backtrace::<core[df12db4294e9bfd3]::result::Result<(), alloc[2182bb758b4b3781]::string::String>, fn() -> core[df12db4294e9bfd3]::result::Result<(), alloc[2182bb758b4b3781]::string::String>>
[INFO] [stdout]   19:     0x614926ddb095 - test[9d35eded1c95d3be]::run_test::{closure#0}
[INFO] [stdout]   20:     0x614926dd4954 - std[70759c8f55707aa4]::sys::backtrace::__rust_begin_short_backtrace::<test[9d35eded1c95d3be]::run_test::{closure#1}, ()>
[INFO] [stdout]   21:     0x614926dde1f2 - <std[70759c8f55707aa4]::thread::lifecycle::spawn_unchecked<test[9d35eded1c95d3be]::run_test::{closure#1}, ()>::{closure#1} as core[df12db4294e9bfd3]::ops::function::FnOnce<()>>::call_once::{shim:vtable#0}
[INFO] [stdout]   22:     0x61492705ca29 - <std[70759c8f55707aa4]::sys::thread::unix::Thread>::new::thread_start
[INFO] [stdout]   23:     0x7a09e0596dfa - <unknown>
[INFO] [stdout]   24:     0x7a09e062a3d4 - clone
[INFO] [stdout]   25:                0x0 - <unknown>
[INFO] [stdout] 
[INFO] [stdout] ---- tests::test_transaction_effects_query stdout ----
[INFO] [stdout] 
[INFO] [stdout] thread 'tests::test_transaction_effects_query' (2597) panicked at src/lib.rs:2201:14:
[INFO] [stdout] called `Result::unwrap()` on an `Err` value: Error { inner: InnerError { kind: Other, query_errors: None, source: Some(reqwest::Error { kind: Request, source: hyper_util::client::legacy::Error(Connect, ConnectError("tcp connect error", 127.0.0.1:9125, Os { code: 111, kind: ConnectionRefused, message: "Connection refused" })) }) } }
[INFO] [stdout] stack backtrace:
[INFO] [stdout]    0:     0x61492705d501 - <<std[70759c8f55707aa4]::sys::backtrace::BacktraceLock>::print::DisplayBacktrace as core[df12db4294e9bfd3]::fmt::Display>::fmt
[INFO] [stdout]    1:     0x61492707399a - core[df12db4294e9bfd3]::fmt::write
[INFO] [stdout]    2:     0x6149270624bc - <alloc[2182bb758b4b3781]::vec::Vec<u8> as core[df12db4294e9bfd3]::io::write::Write>::write_fmt
[INFO] [stdout]    3:     0x614927038496 - std[70759c8f55707aa4]::panicking::default_hook::{closure#0}
[INFO] [stdout]    4:     0x614927055529 - std[70759c8f55707aa4]::panicking::default_hook
[INFO] [stdout]    5:     0x614926dda740 - test[9d35eded1c95d3be]::test_main_inner::<test[9d35eded1c95d3be]::test_main_static::{closure#0}>::{closure#0}
[INFO] [stdout]    6:     0x614927055852 - std[70759c8f55707aa4]::panicking::panic_with_hook
[INFO] [stdout]    7:     0x614927038542 - std[70759c8f55707aa4]::panicking::panic_handler::{closure#0}
[INFO] [stdout]    8:     0x614927030c59 - std[70759c8f55707aa4]::sys::backtrace::__rust_end_short_backtrace::<std[70759c8f55707aa4]::panicking::panic_handler::{closure#0}, !>
[INFO] [stdout]    9:     0x61492703943d - __rustc[8fa7c3cbc660c2b3]::rust_begin_unwind
[INFO] [stdout]   10:     0x6149270740fc - core[df12db4294e9bfd3]::panicking::panic_fmt
[INFO] [stdout]   11:     0x614927073ed2 - core[df12db4294e9bfd3]::result::unwrap_failed
[INFO] [stdout]   12:     0x614926d1b006 - sui_graphql_client[a7a2ea01459162a7]::tests::test_transaction_effects_query::{closure#0}
[INFO] [stdout]   13:     0x614926d5b653 - <tokio[cb5aac8fdfb7212a]::runtime::scheduler::current_thread::Context>::enter::<core[df12db4294e9bfd3]::task::poll::Poll<()>, <tokio[cb5aac8fdfb7212a]::runtime::scheduler::current_thread::CoreGuard>::block_on<core[df12db4294e9bfd3]::pin::Pin<&mut core[df12db4294e9bfd3]::pin::Pin<&mut dyn core[df12db4294e9bfd3]::future::future::Future<Output = ()>>>>::{closure#0}::{closure#0}>
[INFO] [stdout]   14:     0x614926d63bbc - <tokio[cb5aac8fdfb7212a]::runtime::context::scoped::Scoped<tokio[cb5aac8fdfb7212a]::runtime::scheduler::Context>>::set::<<tokio[cb5aac8fdfb7212a]::runtime::scheduler::current_thread::CoreGuard>::enter<<tokio[cb5aac8fdfb7212a]::runtime::scheduler::current_thread::CoreGuard>::block_on<core[df12db4294e9bfd3]::pin::Pin<&mut core[df12db4294e9bfd3]::pin::Pin<&mut dyn core[df12db4294e9bfd3]::future::future::Future<Output = ()>>>>::{closure#0}, core[df12db4294e9bfd3]::option::Option<()>>::{closure#0}, (alloc[2182bb758b4b3781]::boxed::Box<tokio[cb5aac8fdfb7212a]::runtime::scheduler::current_thread::Core>, core[df12db4294e9bfd3]::option::Option<()>)>
[INFO] [stdout]   15:     0x614926d5b21f - <tokio[cb5aac8fdfb7212a]::runtime::scheduler::current_thread::CurrentThread>::block_on::<core[df12db4294e9bfd3]::pin::Pin<&mut dyn core[df12db4294e9bfd3]::future::future::Future<Output = ()>>>
[INFO] [stdout]   16:     0x614926d982d2 - <tokio[cb5aac8fdfb7212a]::runtime::runtime::Runtime>::block_on::<core[df12db4294e9bfd3]::pin::Pin<&mut dyn core[df12db4294e9bfd3]::future::future::Future<Output = ()>>>
[INFO] [stdout]   17:     0x614926d2093b - sui_graphql_client[a7a2ea01459162a7]::tests::test_transaction_effects_query
[INFO] [stdout]   18:     0x614926dcb079 - <sui_graphql_client[a7a2ea01459162a7]::tests::test_transaction_effects_query::{closure#0} as core[df12db4294e9bfd3]::ops::function::FnOnce<()>>::call_once
[INFO] [stdout]   19:     0x614926dcda2b - test[9d35eded1c95d3be]::__rust_begin_short_backtrace::<core[df12db4294e9bfd3]::result::Result<(), alloc[2182bb758b4b3781]::string::String>, fn() -> core[df12db4294e9bfd3]::result::Result<(), alloc[2182bb758b4b3781]::string::String>>
[INFO] [stdout]   20:     0x614926ddb095 - test[9d35eded1c95d3be]::run_test::{closure#0}
[INFO] [stdout]   21:     0x614926dd4954 - std[70759c8f55707aa4]::sys::backtrace::__rust_begin_short_backtrace::<test[9d35eded1c95d3be]::run_test::{closure#1}, ()>
[INFO] [stdout]   22:     0x614926dde1f2 - <std[70759c8f55707aa4]::thread::lifecycle::spawn_unchecked<test[9d35eded1c95d3be]::run_test::{closure#1}, ()>::{closure#1} as core[df12db4294e9bfd3]::ops::function::FnOnce<()>>::call_once::{shim:vtable#0}
[INFO] [stdout]   23:     0x61492705ca29 - <std[70759c8f55707aa4]::sys::thread::unix::Thread>::new::thread_start
[INFO] [stdout]   24:     0x7a09e0596dfa - <unknown>
[INFO] [stdout]   25:     0x7a09e062a3d4 - clone
[INFO] [stdout]   26:                0x0 - <unknown>
[INFO] [stdout] 
[INFO] [stdout] ---- tests::test_protocol_config_query stdout ----
[INFO] [stdout] 
[INFO] [stdout] thread 'tests::test_protocol_config_query' (2582) panicked at src/lib.rs:1941:9:
[INFO] [stdout] assertion failed: pc.is_ok()
[INFO] [stdout] stack backtrace:
[INFO] [stdout]    0:     0x61492705d501 - <<std[70759c8f55707aa4]::sys::backtrace::BacktraceLock>::print::DisplayBacktrace as core[df12db4294e9bfd3]::fmt::Display>::fmt
[INFO] [stdout]    1:     0x61492707399a - core[df12db4294e9bfd3]::fmt::write
[INFO] [stdout]    2:     0x6149270624bc - <alloc[2182bb758b4b3781]::vec::Vec<u8> as core[df12db4294e9bfd3]::io::write::Write>::write_fmt
[INFO] [stdout]    3:     0x614927038496 - std[70759c8f55707aa4]::panicking::default_hook::{closure#0}
[INFO] [stdout]    4:     0x614927055529 - std[70759c8f55707aa4]::panicking::default_hook
[INFO] [stdout]    5:     0x614926dda740 - test[9d35eded1c95d3be]::test_main_inner::<test[9d35eded1c95d3be]::test_main_static::{closure#0}>::{closure#0}
[INFO] [stdout]    6:     0x614927055852 - std[70759c8f55707aa4]::panicking::panic_with_hook
[INFO] [stdout]    7:     0x614927038574 - std[70759c8f55707aa4]::panicking::panic_handler::{closure#0}
[INFO] [stdout]    8:     0x614927030c59 - std[70759c8f55707aa4]::sys::backtrace::__rust_end_short_backtrace::<std[70759c8f55707aa4]::panicking::panic_handler::{closure#0}, !>
[INFO] [stdout]    9:     0x61492703943d - __rustc[8fa7c3cbc660c2b3]::rust_begin_unwind
[INFO] [stdout]   10:     0x6149270740fc - core[df12db4294e9bfd3]::panicking::panic_fmt
[INFO] [stdout]   11:     0x6149270740c2 - core[df12db4294e9bfd3]::panicking::panic
[INFO] [stdout]   12:     0x614926d1945f - sui_graphql_client[a7a2ea01459162a7]::tests::test_protocol_config_query::{closure#0}
[INFO] [stdout]   13:     0x614926d5b653 - <tokio[cb5aac8fdfb7212a]::runtime::scheduler::current_thread::Context>::enter::<core[df12db4294e9bfd3]::task::poll::Poll<()>, <tokio[cb5aac8fdfb7212a]::runtime::scheduler::current_thread::CoreGuard>::block_on<core[df12db4294e9bfd3]::pin::Pin<&mut core[df12db4294e9bfd3]::pin::Pin<&mut dyn core[df12db4294e9bfd3]::future::future::Future<Output = ()>>>>::{closure#0}::{closure#0}>
[INFO] [stdout]   14:     0x614926d63bbc - <tokio[cb5aac8fdfb7212a]::runtime::context::scoped::Scoped<tokio[cb5aac8fdfb7212a]::runtime::scheduler::Context>>::set::<<tokio[cb5aac8fdfb7212a]::runtime::scheduler::current_thread::CoreGuard>::enter<<tokio[cb5aac8fdfb7212a]::runtime::scheduler::current_thread::CoreGuard>::block_on<core[df12db4294e9bfd3]::pin::Pin<&mut core[df12db4294e9bfd3]::pin::Pin<&mut dyn core[df12db4294e9bfd3]::future::future::Future<Output = ()>>>>::{closure#0}, core[df12db4294e9bfd3]::option::Option<()>>::{closure#0}, (alloc[2182bb758b4b3781]::boxed::Box<tokio[cb5aac8fdfb7212a]::runtime::scheduler::current_thread::Core>, core[df12db4294e9bfd3]::option::Option<()>)>
[INFO] [stdout]   15:     0x614926d5b21f - <tokio[cb5aac8fdfb7212a]::runtime::scheduler::current_thread::CurrentThread>::block_on::<core[df12db4294e9bfd3]::pin::Pin<&mut dyn core[df12db4294e9bfd3]::future::future::Future<Output = ()>>>
[INFO] [stdout]   16:     0x614926d982d2 - <tokio[cb5aac8fdfb7212a]::runtime::runtime::Runtime>::block_on::<core[df12db4294e9bfd3]::pin::Pin<&mut dyn core[df12db4294e9bfd3]::future::future::Future<Output = ()>>>
[INFO] [stdout]   17:     0x614926d2051b - sui_graphql_client[a7a2ea01459162a7]::tests::test_protocol_config_query
[INFO] [stdout]   18:     0x614926dcb019 - <sui_graphql_client[a7a2ea01459162a7]::tests::test_protocol_config_query::{closure#0} as core[df12db4294e9bfd3]::ops::function::FnOnce<()>>::call_once
[INFO] [stdout]   19:     0x614926dcda2b - test[9d35eded1c95d3be]::__rust_begin_short_backtrace::<core[df12db4294e9bfd3]::result::Result<(), alloc[2182bb758b4b3781]::string::String>, fn() -> core[df12db4294e9bfd3]::result::Result<(), alloc[2182bb758b4b3781]::string::String>>
[INFO] [stdout]   20:     0x614926ddb095 - test[9d35eded1c95d3be]::run_test::{closure#0}
[INFO] [stdout]   21:     0x614926dd4954 - std[70759c8f55707aa4]::sys::backtrace::__rust_begin_short_backtrace::<test[9d35eded1c95d3be]::run_test::{closure#1}, ()>
[INFO] [stdout]   22:     0x614926dde1f2 - <std[70759c8f55707aa4]::thread::lifecycle::spawn_unchecked<test[9d35eded1c95d3be]::run_test::{closure#1}, ()>::{closure#1} as core[df12db4294e9bfd3]::ops::function::FnOnce<()>>::call_once::{shim:vtable#0}
[INFO] [stdout]   23:     0x61492705ca29 - <std[70759c8f55707aa4]::sys::thread::unix::Thread>::new::thread_start
[INFO] [stdout]   24:     0x7a09e0596dfa - <unknown>
[INFO] [stdout]   25:     0x7a09e062a3d4 - clone
[INFO] [stdout]   26:                0x0 - <unknown>
[INFO] [stdout] 
[INFO] [stdout] 
[INFO] [stdout] failures:
[INFO] [stdout]     tests::test_active_validators
[INFO] [stdout]     tests::test_balance_query
[INFO] [stdout]     tests::test_chain_id
[INFO] [stdout]     tests::test_checkpoint_query
[INFO] [stdout]     tests::test_checkpoints_query
[INFO] [stdout]     tests::test_coin_metadata_query
[INFO] [stdout]     tests::test_coins_query
[INFO] [stdout]     tests::test_coins_stream
[INFO] [stdout]     tests::test_dry_run
[INFO] [stdout]     tests::test_dynamic_field_query
[INFO] [stdout]     tests::test_dynamic_fields_query
[INFO] [stdout]     tests::test_epoch_query
[INFO] [stdout]     tests::test_epoch_summary_query
[INFO] [stdout]     tests::test_epoch_total_checkpoints_query
[INFO] [stdout]     tests::test_epoch_total_transaction_blocks_query
[INFO] [stdout]     tests::test_events_query
[INFO] [stdout]     tests::test_latest_checkpoint_sequence_number_query
[INFO] [stdout]     tests::test_latest_package_query
[INFO] [stdout]     tests::test_object_bcs_query
[INFO] [stdout]     tests::test_object_query
[INFO] [stdout]     tests::test_objects_query
[INFO] [stdout]     tests::test_package
[INFO] [stdout]     tests::test_packages_query
[INFO] [stdout]     tests::test_protocol_config_query
[INFO] [stdout]     tests::test_reference_gas_price_query
[INFO] [stdout]     tests::test_service_config_query
[INFO] [stdout]     tests::test_total_supply
[INFO] [stdout]     tests::test_total_transaction_blocks
[INFO] [stdout]     tests::test_transaction_effects_query
[INFO] [stdout]     tests::test_transactions_effects_query
[INFO] [stdout]     tests::test_transactions_query
[INFO] [stdout] 
[INFO] [stdout] test result: FAILED. 1 passed; 31 failed; 1 ignored; 0 measured; 0 filtered out; finished in 0.05s
[INFO] [stdout] 
[INFO] running `Command { std: "docker" "inspect" "1155f773b140d3037d66f0bc5eb2007554260b43853df5af578cd4709d1e07e3", kill_on_drop: false }`
[INFO] running `Command { std: "docker" "rm" "-f" "1155f773b140d3037d66f0bc5eb2007554260b43853df5af578cd4709d1e07e3", kill_on_drop: false }`
[INFO] [stdout] 1155f773b140d3037d66f0bc5eb2007554260b43853df5af578cd4709d1e07e3
