[INFO] fetching crate sudoku-plus 0.1.4...
[INFO] testing sudoku-plus-0.1.4 against 1.99.0-beta.8+cargoflags=--release for beta-release-1.100-2
[INFO] extracting crate sudoku-plus 0.1.4 into /workspace/builds/worker-4-tc1/source
[INFO] started tweaking crates.io crate sudoku-plus 0.1.4
[INFO] removed 0 missing examples
[INFO] finished tweaking crates.io crate sudoku-plus 0.1.4
[INFO] tweaked toml for crates.io crate sudoku-plus 0.1.4 written to /workspace/builds/worker-4-tc1/source/Cargo.toml
[INFO] validating manifest of crates.io crate sudoku-plus 0.1.4 on toolchain 1.99.0-beta.8
[INFO] running `Command { std: CARGO_HOME="/workspace/cargo-home" RUSTUP_HOME="/workspace/rustup-home" "/workspace/cargo-home/bin/cargo" "+1.99.0-beta.8" "metadata" "--manifest-path" "Cargo.toml" "--no-deps", kill_on_drop: false }`
[INFO] crate crates.io crate sudoku-plus 0.1.4 already has a lockfile, it will not be regenerated
[INFO] running `Command { std: CARGO_HOME="/workspace/cargo-home" RUSTUP_HOME="/workspace/rustup-home" "/workspace/cargo-home/bin/cargo" "+1.99.0-beta.8" "fetch" "--manifest-path" "Cargo.toml", kill_on_drop: false }`
[INFO] [stderr]     Updating crates.io index
[INFO] [stderr]  Downloading crates ...
[INFO] [stderr]   Downloaded cryptocol v0.19.8
[INFO] running `Command { std: "docker" "create" "-v" "/var/lib/crater-agent-workspace/builds/worker-4-tc1/source:/opt/rustwide/workdir:ro,Z" "-v" "/var/lib/crater-agent-workspace/builds/worker-4-tc1/target:/opt/rustwide/target:rw,Z" "-v" "/var/lib/crater-agent-workspace/cargo-home:/opt/rustwide/cargo-home:ro,Z" "-v" "/var/lib/crater-agent-workspace/rustup-home:/opt/rustwide/rustup-home:ro,Z" "-m" "1610612736" "--network" "none" "ghcr.io/rust-lang/crates-build-env/linux@sha256:77db811e55d90add9212f6832c23229e3de5f1c1f9905e8cb07319ea15df73ac" "sleep" "infinity", kill_on_drop: false }`
[INFO] [stdout] 57a9a6d8d75c43bc403d2dc3fd81b92f0e000d5aaab2417620409dd2dc7adebd
[INFO] running `Command { std: "docker" "start" "57a9a6d8d75c43bc403d2dc3fd81b92f0e000d5aaab2417620409dd2dc7adebd", kill_on_drop: false }`
[INFO] running `Command { std: "docker" "inspect" "57a9a6d8d75c43bc403d2dc3fd81b92f0e000d5aaab2417620409dd2dc7adebd", kill_on_drop: false }`
[INFO] running `Command { std: "docker" "exec" "-e" "SOURCE_DIR=/opt/rustwide/workdir" "-e" "CARGO_HOME=/opt/rustwide/cargo-home" "-e" "RUSTUP_HOME=/opt/rustwide/rustup-home" "-e" "CARGO_TARGET_DIR=/opt/rustwide/target" "-w" "/opt/rustwide/workdir" "--user" "0:0" "57a9a6d8d75c43bc403d2dc3fd81b92f0e000d5aaab2417620409dd2dc7adebd" "/opt/rustwide/cargo-home/bin/cargo" "+1.99.0-beta.8" "metadata" "--no-deps" "--format-version=1", kill_on_drop: false }`
[INFO] running `Command { std: "docker" "inspect" "57a9a6d8d75c43bc403d2dc3fd81b92f0e000d5aaab2417620409dd2dc7adebd", kill_on_drop: false }`
[INFO] running `Command { std: "docker" "exec" "-e" "SOURCE_DIR=/opt/rustwide/workdir" "-e" "CARGO_HOME=/opt/rustwide/cargo-home" "-e" "RUSTUP_HOME=/opt/rustwide/rustup-home" "-e" "CARGO_TARGET_DIR=/opt/rustwide/target" "-e" "CARGO_INCREMENTAL=0" "-e" "RUST_BACKTRACE=full" "-e" "RUSTFLAGS=--cap-lints=warn" "-e" "RUSTDOCFLAGS=--cap-lints=warn" "-w" "/opt/rustwide/workdir" "--user" "0:0" "57a9a6d8d75c43bc403d2dc3fd81b92f0e000d5aaab2417620409dd2dc7adebd" "/opt/rustwide/cargo-home/bin/cargo" "+1.99.0-beta.8" "build" "--frozen" "--message-format=json" "--release", kill_on_drop: false }`
[INFO] [stderr]    Compiling cryptocol v0.19.8
[INFO] [stderr]    Compiling sudoku-plus v0.1.4 (/opt/rustwide/workdir)
[INFO] [stderr]     Finished `release` profile [optimized] target(s) in 13.68s
[INFO] running `Command { std: "docker" "inspect" "57a9a6d8d75c43bc403d2dc3fd81b92f0e000d5aaab2417620409dd2dc7adebd", kill_on_drop: false }`
[INFO] running `Command { std: "docker" "exec" "-e" "SOURCE_DIR=/opt/rustwide/workdir" "-e" "CARGO_HOME=/opt/rustwide/cargo-home" "-e" "RUSTUP_HOME=/opt/rustwide/rustup-home" "-e" "CARGO_TARGET_DIR=/opt/rustwide/target" "-e" "CARGO_INCREMENTAL=0" "-e" "RUST_BACKTRACE=full" "-e" "RUSTFLAGS=--cap-lints=warn" "-e" "RUSTDOCFLAGS=--cap-lints=warn" "-w" "/opt/rustwide/workdir" "--user" "0:0" "57a9a6d8d75c43bc403d2dc3fd81b92f0e000d5aaab2417620409dd2dc7adebd" "/opt/rustwide/cargo-home/bin/cargo" "+1.99.0-beta.8" "test" "--frozen" "--no-run" "--message-format=json" "--release", kill_on_drop: false }`
[INFO] [stderr]    Compiling sudoku-plus v0.1.4 (/opt/rustwide/workdir)
[INFO] [stderr]     Finished `release` profile [optimized] target(s) in 1.15s
[INFO] running `Command { std: "docker" "inspect" "57a9a6d8d75c43bc403d2dc3fd81b92f0e000d5aaab2417620409dd2dc7adebd", kill_on_drop: false }`
[INFO] running `Command { std: "docker" "exec" "-e" "SOURCE_DIR=/opt/rustwide/workdir" "-e" "CARGO_HOME=/opt/rustwide/cargo-home" "-e" "RUSTUP_HOME=/opt/rustwide/rustup-home" "-e" "CARGO_TARGET_DIR=/opt/rustwide/target" "-e" "CARGO_INCREMENTAL=0" "-e" "RUST_BACKTRACE=full" "-e" "RUSTFLAGS=--cap-lints=warn" "-e" "RUSTDOCFLAGS=--cap-lints=warn" "-w" "/opt/rustwide/workdir" "--user" "0:0" "57a9a6d8d75c43bc403d2dc3fd81b92f0e000d5aaab2417620409dd2dc7adebd" "/opt/rustwide/cargo-home/bin/cargo" "+1.99.0-beta.8" "test" "--frozen" "--release", kill_on_drop: false }`
[INFO] [stderr]     Finished `release` profile [optimized] target(s) in 0.01s
[INFO] [stderr]      Running unittests src/lib.rs (/opt/rustwide/target/release/deps/sudoku_plus-a2cc618c9f30052b)
[INFO] [stderr]    Doc-tests sudoku_plus
[INFO] [stdout] 
[INFO] [stdout] running 0 tests
[INFO] [stdout] 
[INFO] [stdout] test result: ok. 0 passed; 0 failed; 0 ignored; 0 measured; 0 filtered out; finished in 0.00s
[INFO] [stdout] 
[INFO] [stdout] 
[INFO] [stdout] running 33 tests
[INFO] [stdout] test src/multi_layer_sudoku.rs - multi_layer_sudoku::MultiLayerSudoku<T,N>::new_with (line 303) ... FAILED
[INFO] [stdout] test src/cubic_sudoku.rs - cubic_sudoku::CubicSudoku<T,N>::get_from_3d_view (line 372) ... FAILED
[INFO] [stdout] test src/cubic_sudoku.rs - cubic_sudoku::CubicSudoku<T,N>::new (line 250) ... FAILED
[INFO] [stdout] test src/multi_layer_sudoku.rs - multi_layer_sudoku::MultiLayerSudoku<T,N>::solve (line 461) ... FAILED
[INFO] [stdout] test src/multi_layer_sudoku.rs - multi_layer_sudoku::MultiLayerSudoku<T,N>::new (line 265) ... FAILED
[INFO] [stdout] test src/multi_layer_sudoku.rs - multi_layer_sudoku::MultiLayerSudoku<T,N>::new_with_3d (line 343) ... FAILED
[INFO] [stdout] test src/cubic_sudoku.rs - cubic_sudoku::CubicSudoku<T,N>::generate (line 391) ... FAILED
[INFO] [stdout] test src/multi_layer_sudoku.rs - multi_layer_sudoku::MultiLayerSudoku<T,N>::generate (line 414) ... FAILED
[INFO] [stdout] test src/multi_layer_sudoku.rs - multi_layer_sudoku::MultiLayerSudoku<T,N>::get_from_3d_view (line 396) ... FAILED
[INFO] [stdout] test src/multi_layer_sudoku.rs - multi_layer_sudoku::MultiLayerSudoku<T,N>::solve_step_by_step (line 481) ... FAILED
[INFO] [stdout] test src/cubic_sudoku.rs - cubic_sudoku::CubicSudoku<T,N>::new_with (line 283) ... FAILED
[INFO] [stdout] test src/cubic_sudoku.rs - cubic_sudoku::CubicSudoku<T,N>::new_with_3d (line 324) ... FAILED
[INFO] [stdout] test src/cubic_sudoku.rs - cubic_sudoku::CubicSudoku<T,N>::solve (line 438) ... FAILED
[INFO] [stdout] test src/plane_sudoku.rs - plane_sudoku::PlaneSudoku<T,N>::new_with_2d (line 428) ... FAILED
[INFO] [stdout] test src/plane_sudoku.rs - plane_sudoku::PlaneSudoku (line 182) ... ok
[INFO] [stdout] test src/plane_sudoku.rs - plane_sudoku::PlaneSudoku<T,N>::new_with (line 357) ... ok
[INFO] [stdout] test src/plane_sudoku.rs - plane_sudoku::PlaneSudoku<T,N>::new_with_2d (line 445) ... FAILED
[INFO] [stdout] test src/plane_sudoku.rs - plane_sudoku::PlaneSudoku<T,N>::new_with (line 374) ... ok
[INFO] [stdout] test src/plane_sudoku.rs - plane_sudoku::PlaneSudoku (line 200) ... ok
[INFO] [stdout] test src/plane_sudoku.rs - plane_sudoku::PlaneSudoku<T,N>::new (line 310) ... ok
[INFO] [stdout] test src/plane_sudoku.rs - plane_sudoku::PlaneSudoku<T,N>::new (line 296) ... ok
[INFO] [stdout] test src/plane_sudoku.rs - plane_sudoku::PlaneSudoku<T,N>::solve (line 662) ... ok
[INFO] [stdout] test src/plane_sudoku.rs - plane_sudoku::PlaneSudoku<T,N>::new (line 317) ... ok
[INFO] [stdout] test src/plane_sudoku.rs - plane_sudoku::PlaneSudoku<T,N>::generate (line 582) ... ok
[INFO] [stdout] test src/plane_sudoku.rs - plane_sudoku::PlaneSudoku (line 174) ... ok
[INFO] [stdout] test src/plane_sudoku.rs - plane_sudoku::PlaneSudoku<T,N>::solve (line 654) ... ok
[INFO] [stdout] test src/plane_sudoku.rs - plane_sudoku::PlaneSudoku (line 238) ... ok
[INFO] [stdout] test src/plane_sudoku.rs - plane_sudoku::PlaneSudoku<T,N>::generate (line 544) ... ok
[INFO] [stdout] test src/plane_sudoku.rs - plane_sudoku::PlaneSudoku<T,N>::get_from_2d_view (line 503) ... ok
[INFO] [stdout] test src/plane_sudoku.rs - plane_sudoku::PlaneSudoku<T,N>::solve (line 641) ... ok
[INFO] [stdout] test src/plane_sudoku.rs - plane_sudoku::PlaneSudoku (line 218) ... ok
[INFO] [stdout] test src/plane_sudoku.rs - plane_sudoku::PlaneSudoku<T,N>::generate (line 563) ... ok
[INFO] [stdout] test src/plane_sudoku.rs - plane_sudoku::PlaneSudoku<T,N>::new (line 303) has been running for over 60 seconds
[INFO] [stderr] error: doctest failed, to rerun pass `--doc`
[INFO] [stdout] test src/plane_sudoku.rs - plane_sudoku::PlaneSudoku<T,N>::new (line 303) ... ok
[INFO] [stdout] 
[INFO] [stdout] failures:
[INFO] [stdout] 
[INFO] [stdout] ---- src/multi_layer_sudoku.rs - multi_layer_sudoku::MultiLayerSudoku<T,N>::new_with (line 303) stdout ----
[INFO] [stdout] error: unexpected closing delimiter: `]`
[INFO] [stdout]    --> src/multi_layer_sudoku.rs:304:49
[INFO] [stdout]     |
[INFO] [stdout] 304 | let problem = [[[[[[0; 2]; 2]; 2]; 2]; 2]; 2]; 2]; // Example problem for a 4x4x4 Sudoku
[INFO] [stdout]     |                                                 ^ unexpected closing delimiter
[INFO] [stdout] 
[INFO] [stdout] error: aborting due to 1 previous error
[INFO] [stdout] 
[INFO] [stdout] Couldn't compile the test.
[INFO] [stdout] ---- src/cubic_sudoku.rs - cubic_sudoku::CubicSudoku<T,N>::get_from_3d_view (line 372) stdout ----
[INFO] [stdout] error[E0433]: cannot find type `CubicSudoku` in this scope
[INFO] [stdout]    --> src/cubic_sudoku.rs:373:14
[INFO] [stdout]     |
[INFO] [stdout] 373 | let sudoku = CubicSudoku::<u8, 2>::new().unwrap();
[INFO] [stdout]     |              ^^^^^^^^^^^ use of undeclared type `CubicSudoku`
[INFO] [stdout] 
[INFO] [stdout] error: aborting due to 1 previous error
[INFO] [stdout] 
[INFO] [stdout] For more information about this error, try `rustc --explain E0433`.
[INFO] [stdout] Couldn't compile the test.
[INFO] [stdout] ---- src/cubic_sudoku.rs - cubic_sudoku::CubicSudoku<T,N>::new (line 250) stdout ----
[INFO] [stdout] error[E0433]: cannot find type `CubicSudoku` in this scope
[INFO] [stdout]    --> src/cubic_sudoku.rs:251:14
[INFO] [stdout]     |
[INFO] [stdout] 251 | let sudoku = CubicSudoku::<u8, 2>::new().unwrap();
[INFO] [stdout]     |              ^^^^^^^^^^^ use of undeclared type `CubicSudoku`
[INFO] [stdout] 
[INFO] [stdout] error: aborting due to 1 previous error
[INFO] [stdout] 
[INFO] [stdout] For more information about this error, try `rustc --explain E0433`.
[INFO] [stdout] Couldn't compile the test.
[INFO] [stdout] ---- src/multi_layer_sudoku.rs - multi_layer_sudoku::MultiLayerSudoku<T,N>::solve (line 461) stdout ----
[INFO] [stdout] error[E0433]: cannot find type `MultiLayerSudoku` in this scope
[INFO] [stdout]    --> src/multi_layer_sudoku.rs:462:18
[INFO] [stdout]     |
[INFO] [stdout] 462 | let mut sudoku = MultiLayerSudoku::<u8, 2>::new().unwrap();
[INFO] [stdout]     |                  ^^^^^^^^^^^^^^^^ use of undeclared type `MultiLayerSudoku`
[INFO] [stdout] 
[INFO] [stdout] error: aborting due to 1 previous error
[INFO] [stdout] 
[INFO] [stdout] For more information about this error, try `rustc --explain E0433`.
[INFO] [stdout] Couldn't compile the test.
[INFO] [stdout] ---- src/multi_layer_sudoku.rs - multi_layer_sudoku::MultiLayerSudoku<T,N>::new (line 265) stdout ----
[INFO] [stdout] error[E0433]: cannot find type `MultiLayerSudoku` in this scope
[INFO] [stdout]    --> src/multi_layer_sudoku.rs:266:14
[INFO] [stdout]     |
[INFO] [stdout] 266 | let sudoku = MultiLayerSudoku::<u8, 3>::new();
[INFO] [stdout]     |              ^^^^^^^^^^^^^^^^ use of undeclared type `MultiLayerSudoku`
[INFO] [stdout] 
[INFO] [stdout] error: aborting due to 1 previous error
[INFO] [stdout] 
[INFO] [stdout] For more information about this error, try `rustc --explain E0433`.
[INFO] [stdout] Couldn't compile the test.
[INFO] [stdout] ---- src/multi_layer_sudoku.rs - multi_layer_sudoku::MultiLayerSudoku<T,N>::new_with_3d (line 343) stdout ----
[INFO] [stdout] error[E0433]: cannot find type `MultiLayerSudoku` in this scope
[INFO] [stdout]    --> src/multi_layer_sudoku.rs:345:14
[INFO] [stdout]     |
[INFO] [stdout] 345 | let sudoku = MultiLayerSudoku::<u8, 2>::new_with_3d(problem_3d);
[INFO] [stdout]     |              ^^^^^^^^^^^^^^^^ use of undeclared type `MultiLayerSudoku`
[INFO] [stdout] 
[INFO] [stdout] error: aborting due to 1 previous error
[INFO] [stdout] 
[INFO] [stdout] For more information about this error, try `rustc --explain E0433`.
[INFO] [stdout] Couldn't compile the test.
[INFO] [stdout] ---- src/cubic_sudoku.rs - cubic_sudoku::CubicSudoku<T,N>::generate (line 391) stdout ----
[INFO] [stdout] error[E0433]: cannot find type `CubicSudoku` in this scope
[INFO] [stdout]    --> src/cubic_sudoku.rs:392:18
[INFO] [stdout]     |
[INFO] [stdout] 392 | let mut sudoku = CubicSudoku::<u8, 2>::new().unwrap();
[INFO] [stdout]     |                  ^^^^^^^^^^^ use of undeclared type `CubicSudoku`
[INFO] [stdout] 
[INFO] [stdout] error: aborting due to 1 previous error
[INFO] [stdout] 
[INFO] [stdout] For more information about this error, try `rustc --explain E0433`.
[INFO] [stdout] Couldn't compile the test.
[INFO] [stdout] ---- src/multi_layer_sudoku.rs - multi_layer_sudoku::MultiLayerSudoku<T,N>::generate (line 414) stdout ----
[INFO] [stdout] error[E0433]: cannot find type `MultiLayerSudoku` in this scope
[INFO] [stdout]    --> src/multi_layer_sudoku.rs:415:18
[INFO] [stdout]     |
[INFO] [stdout] 415 | let mut sudoku = MultiLayerSudoku::<u8, 2>::new().unwrap();
[INFO] [stdout]     |                  ^^^^^^^^^^^^^^^^ use of undeclared type `MultiLayerSudoku`
[INFO] [stdout] 
[INFO] [stdout] error: aborting due to 1 previous error
[INFO] [stdout] 
[INFO] [stdout] For more information about this error, try `rustc --explain E0433`.
[INFO] [stdout] Couldn't compile the test.
[INFO] [stdout] ---- src/multi_layer_sudoku.rs - multi_layer_sudoku::MultiLayerSudoku<T,N>::get_from_3d_view (line 396) stdout ----
[INFO] [stdout] error[E0433]: cannot find type `MultiLayerSudoku` in this scope
[INFO] [stdout]    --> src/multi_layer_sudoku.rs:397:14
[INFO] [stdout]     |
[INFO] [stdout] 397 | let sudoku = MultiLayerSudoku::<u8, 2>::new().unwrap();
[INFO] [stdout]     |              ^^^^^^^^^^^^^^^^ use of undeclared type `MultiLayerSudoku`
[INFO] [stdout] 
[INFO] [stdout] error: aborting due to 1 previous error
[INFO] [stdout] 
[INFO] [stdout] For more information about this error, try `rustc --explain E0433`.
[INFO] [stdout] Couldn't compile the test.
[INFO] [stdout] ---- src/multi_layer_sudoku.rs - multi_layer_sudoku::MultiLayerSudoku<T,N>::solve_step_by_step (line 481) stdout ----
[INFO] [stdout] error[E0433]: cannot find type `MultiLayerSudoku` in this scope
[INFO] [stdout]    --> src/multi_layer_sudoku.rs:482:18
[INFO] [stdout]     |
[INFO] [stdout] 482 | let mut sudoku = MultiLayerSudoku::<u8, 2>::new().unwrap();
[INFO] [stdout]     |                  ^^^^^^^^^^^^^^^^ use of undeclared type `MultiLayerSudoku`
[INFO] [stdout] 
[INFO] [stdout] error: aborting due to 1 previous error
[INFO] [stdout] 
[INFO] [stdout] For more information about this error, try `rustc --explain E0433`.
[INFO] [stdout] Couldn't compile the test.
[INFO] [stdout] ---- src/cubic_sudoku.rs - cubic_sudoku::CubicSudoku<T,N>::new_with (line 283) stdout ----
[INFO] [stdout] error[E0433]: cannot find type `CubicSudoku` in this scope
[INFO] [stdout]    --> src/cubic_sudoku.rs:285:14
[INFO] [stdout]     |
[INFO] [stdout] 285 | let sudoku = CubicSudoku::<u8, 2>::new_with(problem).unwrap();
[INFO] [stdout]     |              ^^^^^^^^^^^ use of undeclared type `CubicSudoku`
[INFO] [stdout] 
[INFO] [stdout] error: aborting due to 1 previous error
[INFO] [stdout] 
[INFO] [stdout] For more information about this error, try `rustc --explain E0433`.
[INFO] [stdout] Couldn't compile the test.
[INFO] [stdout] ---- src/cubic_sudoku.rs - cubic_sudoku::CubicSudoku<T,N>::new_with_3d (line 324) stdout ----
[INFO] [stdout] error[E0433]: cannot find type `CubicSudoku` in this scope
[INFO] [stdout]    --> src/cubic_sudoku.rs:326:14
[INFO] [stdout]     |
[INFO] [stdout] 326 | let sudoku = CubicSudoku::<u8, 2>::new_with_3d(problem).unwrap();
[INFO] [stdout]     |              ^^^^^^^^^^^ use of undeclared type `CubicSudoku`
[INFO] [stdout] 
[INFO] [stdout] error: aborting due to 1 previous error
[INFO] [stdout] 
[INFO] [stdout] For more information about this error, try `rustc --explain E0433`.
[INFO] [stdout] Couldn't compile the test.
[INFO] [stdout] ---- src/cubic_sudoku.rs - cubic_sudoku::CubicSudoku<T,N>::solve (line 438) stdout ----
[INFO] [stdout] error[E0433]: cannot find type `CubicSudoku` in this scope
[INFO] [stdout]    --> src/cubic_sudoku.rs:439:18
[INFO] [stdout]     |
[INFO] [stdout] 439 | let mut sudoku = CubicSudoku::<u8, 2>::new().unwrap();
[INFO] [stdout]     |                  ^^^^^^^^^^^ use of undeclared type `CubicSudoku`
[INFO] [stdout] 
[INFO] [stdout] error: aborting due to 1 previous error
[INFO] [stdout] 
[INFO] [stdout] For more information about this error, try `rustc --explain E0433`.
[INFO] [stdout] Couldn't compile the test.
[INFO] [stdout] ---- src/plane_sudoku.rs - plane_sudoku::PlaneSudoku<T,N>::new_with_2d (line 428) stdout ----
[INFO] [stdout] error[E0308]: mismatched types
[INFO] [stdout]    --> src/plane_sudoku.rs:441:40
[INFO] [stdout]     |
[INFO] [stdout] 441 | let sudoku = PlaneSudoku_9x9::new_with(problem);
[INFO] [stdout]     |              ------------------------- ^^^^^^^ expected `[[[[u8; 3]; 3]; 3]; 3]`, found `[[u8; 9]; 9]`
[INFO] [stdout]     |              |
[INFO] [stdout]     |              arguments to this function are incorrect
[INFO] [stdout]     |
[INFO] [stdout]     = note: expected array `[[[[u8; 3]; 3]; 3]; 3]`
[INFO] [stdout]                found array `[[u8; 9]; 9]`
[INFO] [stdout] note: associated function defined here
[INFO] [stdout]    --> src/plane_sudoku.rs:389:12
[INFO] [stdout]     |
[INFO] [stdout] 389 |     pub fn new_with(problem: [[[[T; N]; N]; N]; N]) -> Option<Self>
[INFO] [stdout]     |            ^^^^^^^^
[INFO] [stdout] 
[INFO] [stdout] error: aborting due to 1 previous error
[INFO] [stdout] 
[INFO] [stdout] For more information about this error, try `rustc --explain E0308`.
[INFO] [stdout] Couldn't compile the test.
[INFO] [stdout] ---- src/plane_sudoku.rs - plane_sudoku::PlaneSudoku<T,N>::new_with_2d (line 445) stdout ----
[INFO] [stdout] error[E0308]: mismatched types
[INFO] [stdout]    --> src/plane_sudoku.rs:453:40
[INFO] [stdout]     |
[INFO] [stdout] 453 | let sudoku = PlaneSudoku_4x4::new_with(problem);
[INFO] [stdout]     |              ------------------------- ^^^^^^^ expected `[[[[u8; 2]; 2]; 2]; 2]`, found `[[u8; 4]; 4]`
[INFO] [stdout]     |              |
[INFO] [stdout]     |              arguments to this function are incorrect
[INFO] [stdout]     |
[INFO] [stdout]     = note: expected array `[[[[u8; 2]; 2]; 2]; 2]`
[INFO] [stdout]                found array `[[u8; 4]; 4]`
[INFO] [stdout] note: associated function defined here
[INFO] [stdout]    --> src/plane_sudoku.rs:389:12
[INFO] [stdout]     |
[INFO] [stdout] 389 |     pub fn new_with(problem: [[[[T; N]; N]; N]; N]) -> Option<Self>
[INFO] [stdout]     |            ^^^^^^^^
[INFO] [stdout] 
[INFO] [stdout] error: aborting due to 1 previous error
[INFO] [stdout] 
[INFO] [stdout] For more information about this error, try `rustc --explain E0308`.
[INFO] [stdout] Couldn't compile the test.
[INFO] [stdout] 
[INFO] [stdout] failures:
[INFO] [stdout]     src/cubic_sudoku.rs - cubic_sudoku::CubicSudoku<T,N>::generate (line 391)
[INFO] [stdout]     src/cubic_sudoku.rs - cubic_sudoku::CubicSudoku<T,N>::get_from_3d_view (line 372)
[INFO] [stdout]     src/cubic_sudoku.rs - cubic_sudoku::CubicSudoku<T,N>::new (line 250)
[INFO] [stdout]     src/cubic_sudoku.rs - cubic_sudoku::CubicSudoku<T,N>::new_with (line 283)
[INFO] [stdout]     src/cubic_sudoku.rs - cubic_sudoku::CubicSudoku<T,N>::new_with_3d (line 324)
[INFO] [stdout]     src/cubic_sudoku.rs - cubic_sudoku::CubicSudoku<T,N>::solve (line 438)
[INFO] [stdout]     src/multi_layer_sudoku.rs - multi_layer_sudoku::MultiLayerSudoku<T,N>::generate (line 414)
[INFO] [stdout]     src/multi_layer_sudoku.rs - multi_layer_sudoku::MultiLayerSudoku<T,N>::get_from_3d_view (line 396)
[INFO] [stdout]     src/multi_layer_sudoku.rs - multi_layer_sudoku::MultiLayerSudoku<T,N>::new (line 265)
[INFO] [stdout]     src/multi_layer_sudoku.rs - multi_layer_sudoku::MultiLayerSudoku<T,N>::new_with (line 303)
[INFO] [stdout]     src/multi_layer_sudoku.rs - multi_layer_sudoku::MultiLayerSudoku<T,N>::new_with_3d (line 343)
[INFO] [stdout]     src/multi_layer_sudoku.rs - multi_layer_sudoku::MultiLayerSudoku<T,N>::solve (line 461)
[INFO] [stdout]     src/multi_layer_sudoku.rs - multi_layer_sudoku::MultiLayerSudoku<T,N>::solve_step_by_step (line 481)
[INFO] [stdout]     src/plane_sudoku.rs - plane_sudoku::PlaneSudoku<T,N>::new_with_2d (line 428)
[INFO] [stdout]     src/plane_sudoku.rs - plane_sudoku::PlaneSudoku<T,N>::new_with_2d (line 445)
[INFO] [stdout] 
[INFO] [stdout] test result: FAILED. 18 passed; 15 failed; 0 ignored; 0 measured; 0 filtered out; finished in 93.70s
[INFO] [stdout] 
[INFO] [stdout] all doctests ran in 93.88s; merged doctests compilation took 0.17s
[INFO] running `Command { std: "docker" "inspect" "57a9a6d8d75c43bc403d2dc3fd81b92f0e000d5aaab2417620409dd2dc7adebd", kill_on_drop: false }`
[INFO] running `Command { std: "docker" "rm" "-f" "57a9a6d8d75c43bc403d2dc3fd81b92f0e000d5aaab2417620409dd2dc7adebd", kill_on_drop: false }`
[INFO] [stdout] 57a9a6d8d75c43bc403d2dc3fd81b92f0e000d5aaab2417620409dd2dc7adebd
