[INFO] fetching crate subweight 3.4.5...
[INFO] testing subweight-3.4.5 against 1.99.0-beta.8+cargoflags=--release for beta-release-1.100-2
[INFO] extracting crate subweight 3.4.5 into /workspace/builds/worker-2-tc1/source
[INFO] started tweaking crates.io crate subweight 3.4.5
[INFO] removed 0 missing tests
[INFO] finished tweaking crates.io crate subweight 3.4.5
[INFO] tweaked toml for crates.io crate subweight 3.4.5 written to /workspace/builds/worker-2-tc1/source/Cargo.toml
[INFO] validating manifest of crates.io crate subweight 3.4.5 on toolchain 1.99.0-beta.8
[INFO] running `Command { std: CARGO_HOME="/workspace/cargo-home" RUSTUP_HOME="/workspace/rustup-home" "/workspace/cargo-home/bin/cargo" "+1.99.0-beta.8" "metadata" "--manifest-path" "Cargo.toml" "--no-deps", kill_on_drop: false }`
[INFO] crate crates.io crate subweight 3.4.5 already has a lockfile, it will not be regenerated
[INFO] running `Command { std: CARGO_HOME="/workspace/cargo-home" RUSTUP_HOME="/workspace/rustup-home" "/workspace/cargo-home/bin/cargo" "+1.99.0-beta.8" "fetch" "--manifest-path" "Cargo.toml", kill_on_drop: false }`
[INFO] [stderr]     Updating crates.io index
[INFO] [stderr]  Downloading crates ...
[INFO] [stderr]   Downloaded subweight-core v3.4.5
[INFO] [stderr]   Downloaded git-version v0.3.9
[INFO] [stderr]   Downloaded serial_test_derive v3.2.0
[INFO] [stderr]   Downloaded git-version-macro v0.3.9
[INFO] [stderr]   Downloaded serial_test v3.2.0
[INFO] [stderr]   Downloaded assert_cmd v2.0.16
[INFO] [stderr]   Downloaded serde_derive v1.0.218
[INFO] [stderr]   Downloaded sdd v3.0.7
[INFO] [stderr]   Downloaded serde v1.0.218
[INFO] [stderr]   Downloaded clap_derive v4.5.28
[INFO] [stderr]   Downloaded serde_json v1.0.139
[INFO] [stderr]   Downloaded clap v4.5.31
[INFO] [stderr]   Downloaded scc v2.3.3
[INFO] [stderr]   Downloaded clap_builder v4.5.31
[INFO] [stderr]   Downloaded bstr v1.11.3
[INFO] [stderr]   Downloaded libc v0.2.170
[INFO] running `Command { std: "docker" "create" "-v" "/var/lib/crater-agent-workspace/builds/worker-2-tc1/source:/opt/rustwide/workdir:ro,Z" "-v" "/var/lib/crater-agent-workspace/builds/worker-2-tc1/target:/opt/rustwide/target:rw,Z" "-v" "/var/lib/crater-agent-workspace/cargo-home:/opt/rustwide/cargo-home:ro,Z" "-v" "/var/lib/crater-agent-workspace/rustup-home:/opt/rustwide/rustup-home:ro,Z" "-m" "1610612736" "--network" "none" "ghcr.io/rust-lang/crates-build-env/linux@sha256:77db811e55d90add9212f6832c23229e3de5f1c1f9905e8cb07319ea15df73ac" "sleep" "infinity", kill_on_drop: false }`
[INFO] [stdout] 25108eae0779dfe9a391af2635280293740ce7ab33fec065e8cd46838136e468
[INFO] running `Command { std: "docker" "start" "25108eae0779dfe9a391af2635280293740ce7ab33fec065e8cd46838136e468", kill_on_drop: false }`
[INFO] running `Command { std: "docker" "inspect" "25108eae0779dfe9a391af2635280293740ce7ab33fec065e8cd46838136e468", kill_on_drop: false }`
[INFO] running `Command { std: "docker" "exec" "-e" "SOURCE_DIR=/opt/rustwide/workdir" "-e" "CARGO_HOME=/opt/rustwide/cargo-home" "-e" "RUSTUP_HOME=/opt/rustwide/rustup-home" "-e" "CARGO_TARGET_DIR=/opt/rustwide/target" "-w" "/opt/rustwide/workdir" "--user" "0:0" "25108eae0779dfe9a391af2635280293740ce7ab33fec065e8cd46838136e468" "/opt/rustwide/cargo-home/bin/cargo" "+1.99.0-beta.8" "metadata" "--no-deps" "--format-version=1", kill_on_drop: false }`
[INFO] running `Command { std: "docker" "inspect" "25108eae0779dfe9a391af2635280293740ce7ab33fec065e8cd46838136e468", kill_on_drop: false }`
[INFO] running `Command { std: "docker" "exec" "-e" "SOURCE_DIR=/opt/rustwide/workdir" "-e" "CARGO_HOME=/opt/rustwide/cargo-home" "-e" "RUSTUP_HOME=/opt/rustwide/rustup-home" "-e" "CARGO_TARGET_DIR=/opt/rustwide/target" "-e" "CARGO_INCREMENTAL=0" "-e" "RUST_BACKTRACE=full" "-e" "RUSTFLAGS=--cap-lints=warn" "-e" "RUSTDOCFLAGS=--cap-lints=warn" "-w" "/opt/rustwide/workdir" "--user" "0:0" "25108eae0779dfe9a391af2635280293740ce7ab33fec065e8cd46838136e468" "/opt/rustwide/cargo-home/bin/cargo" "+1.99.0-beta.8" "build" "--frozen" "--message-format=json" "--release", kill_on_drop: false }`
[INFO] [stderr]    Compiling unicode-ident v1.0.17
[INFO] [stderr]    Compiling regex-syntax v0.8.5
[INFO] [stderr]    Compiling proc-macro2 v1.0.93
[INFO] [stderr]    Compiling serde v1.0.218
[INFO] [stderr]    Compiling clap_lex v0.7.4
[INFO] [stderr]    Compiling semver v1.0.25
[INFO] [stderr]    Compiling serde_json v1.0.139
[INFO] [stderr]    Compiling log v0.4.26
[INFO] [stderr]    Compiling ryu v1.0.19
[INFO] [stderr]    Compiling humantime v2.1.0
[INFO] [stderr]    Compiling anstream v0.6.18
[INFO] [stderr]    Compiling glob v0.3.2
[INFO] [stderr]    Compiling comfy-table v7.1.4
[INFO] [stderr]    Compiling clap_builder v4.5.31
[INFO] [stderr]    Compiling quote v1.0.38
[INFO] [stderr]    Compiling syn v2.0.98
[INFO] [stderr]    Compiling regex-automata v0.4.9
[INFO] [stderr]    Compiling serde_derive v1.0.218
[INFO] [stderr]    Compiling git-version-macro v0.3.9
[INFO] [stderr]    Compiling clap_derive v4.5.28
[INFO] [stderr]    Compiling git-version v0.3.9
[INFO] [stderr]    Compiling clap v4.5.31
[INFO] [stderr]    Compiling regex v1.11.1
[INFO] [stderr]    Compiling fancy-regex v0.14.0
[INFO] [stderr]    Compiling env_filter v0.1.3
[INFO] [stderr]    Compiling env_logger v0.11.6
[INFO] [stderr]    Compiling subweight-core v3.4.5
[INFO] [stderr]    Compiling subweight v3.4.5 (/opt/rustwide/workdir)
[INFO] [stderr]     Finished `release` profile [optimized] target(s) in 1m 10s
[INFO] running `Command { std: "docker" "inspect" "25108eae0779dfe9a391af2635280293740ce7ab33fec065e8cd46838136e468", kill_on_drop: false }`
[INFO] running `Command { std: "docker" "exec" "-e" "SOURCE_DIR=/opt/rustwide/workdir" "-e" "CARGO_HOME=/opt/rustwide/cargo-home" "-e" "RUSTUP_HOME=/opt/rustwide/rustup-home" "-e" "CARGO_TARGET_DIR=/opt/rustwide/target" "-e" "CARGO_INCREMENTAL=0" "-e" "RUST_BACKTRACE=full" "-e" "RUSTFLAGS=--cap-lints=warn" "-e" "RUSTDOCFLAGS=--cap-lints=warn" "-w" "/opt/rustwide/workdir" "--user" "0:0" "25108eae0779dfe9a391af2635280293740ce7ab33fec065e8cd46838136e468" "/opt/rustwide/cargo-home/bin/cargo" "+1.99.0-beta.8" "test" "--frozen" "--no-run" "--message-format=json" "--release", kill_on_drop: false }`
[INFO] [stderr]    Compiling aho-corasick v1.1.3
[INFO] [stderr]    Compiling libc v0.2.170
[INFO] [stderr]    Compiling futures-sink v0.3.31
[INFO] [stderr]    Compiling doc-comment v0.3.3
[INFO] [stderr]    Compiling predicates-core v1.0.9
[INFO] [stderr]    Compiling smallvec v1.14.0
[INFO] [stderr]    Compiling serde_json v1.0.139
[INFO] [stderr]    Compiling assert_cmd v2.0.16
[INFO] [stderr]    Compiling difflib v0.4.0
[INFO] [stderr]    Compiling sdd v3.0.7
[INFO] [stderr]    Compiling termtree v0.5.1
[INFO] [stderr]    Compiling serial_test_derive v3.2.0
[INFO] [stderr]    Compiling once_cell v1.20.3
[INFO] [stderr]    Compiling futures-channel v0.3.31
[INFO] [stderr]    Compiling predicates-tree v1.0.12
[INFO] [stderr]    Compiling scc v2.3.3
[INFO] [stderr]    Compiling predicates v3.1.3
[INFO] [stderr]    Compiling futures-util v0.3.31
[INFO] [stderr]    Compiling parking_lot_core v0.9.10
[INFO] [stderr]    Compiling wait-timeout v0.2.1
[INFO] [stderr]    Compiling parking_lot v0.12.3
[INFO] [stderr]    Compiling regex-automata v0.4.9
[INFO] [stderr]    Compiling futures-executor v0.3.31
[INFO] [stderr]    Compiling futures v0.3.31
[INFO] [stderr]    Compiling serial_test v3.2.0
[INFO] [stderr]    Compiling regex v1.11.1
[INFO] [stderr]    Compiling fancy-regex v0.14.0
[INFO] [stderr]    Compiling bstr v1.11.3
[INFO] [stderr]    Compiling env_filter v0.1.3
[INFO] [stderr]    Compiling env_logger v0.11.6
[INFO] [stderr]    Compiling subweight-core v3.4.5
[INFO] [stderr]    Compiling subweight v3.4.5 (/opt/rustwide/workdir)
[INFO] [stderr]     Finished `release` profile [optimized] target(s) in 43.07s
[INFO] running `Command { std: "docker" "inspect" "25108eae0779dfe9a391af2635280293740ce7ab33fec065e8cd46838136e468", kill_on_drop: false }`
[INFO] running `Command { std: "docker" "exec" "-e" "SOURCE_DIR=/opt/rustwide/workdir" "-e" "CARGO_HOME=/opt/rustwide/cargo-home" "-e" "RUSTUP_HOME=/opt/rustwide/rustup-home" "-e" "CARGO_TARGET_DIR=/opt/rustwide/target" "-e" "CARGO_INCREMENTAL=0" "-e" "RUST_BACKTRACE=full" "-e" "RUSTFLAGS=--cap-lints=warn" "-e" "RUSTDOCFLAGS=--cap-lints=warn" "-w" "/opt/rustwide/workdir" "--user" "0:0" "25108eae0779dfe9a391af2635280293740ce7ab33fec065e8cd46838136e468" "/opt/rustwide/cargo-home/bin/cargo" "+1.99.0-beta.8" "test" "--frozen" "--release", kill_on_drop: false }`
[INFO] [stderr]     Finished `release` profile [optimized] target(s) in 0.12s
[INFO] [stderr]      Running unittests src/main.rs (/opt/rustwide/target/release/deps/subweight-b7f0dd281e82dd53)
[INFO] [stdout] 
[INFO] [stdout] running 0 tests
[INFO] [stdout] 
[INFO] [stdout] test result: ok. 0 passed; 0 failed; 0 ignored; 0 measured; 0 filtered out; finished in 0.00s
[INFO] [stdout] 
[INFO] [stderr]      Running tests/swc_works.rs (/opt/rustwide/target/release/deps/swc_works-0d869b5efa53045c)
[INFO] [stdout] 
[INFO] [stdout] running 8 tests
[INFO] [stdout] test subweight_compare_commits_errors ... ignored
[INFO] [stdout] test subweight_compare_commits_same_no_changes ... ignored
[INFO] [stdout] test subweight_compare_commits_works ... ignored
[INFO] [stderr] error: test failed, to rerun pass `--test swc_works`
[INFO] [stdout] test subweight_compare_files_same_no_changes ... FAILED
[INFO] [stdout] test subweight_compare_files_works ... FAILED
[INFO] [stdout] test subweight_version_works ... ok
[INFO] [stdout] test subweight_compare_files_errors ... FAILED
[INFO] [stdout] test subweight_help_works ... ok
[INFO] [stdout] 
[INFO] [stdout] failures:
[INFO] [stdout] 
[INFO] [stdout] ---- subweight_compare_files_same_no_changes stdout ----
[INFO] [stdout] 
[INFO] [stdout] thread 'subweight_compare_files_same_no_changes' (1539) panicked at /opt/rustwide/cargo-home/registry/src/index.crates.io-1949cf8c6b5b557f/subweight-core-3.4.5/src/testing.rs:26:9:
[INFO] [stdout] Error: "/opt/rustwide/cargo-home/registry/src/index.crates.io-1949cf8c6b5b557f/subweight-core-3.4.5/../test_data/new/pallet_staking.rs.txt: Os { code: 2, kind: NotFound, message: \"No such file or directory\" }"
[INFO] [stdout] 
[INFO] [stdout] stack backtrace:
[INFO] [stdout]    0:     0x62a566509541 - <<std[70759c8f55707aa4]::sys::backtrace::BacktraceLock>::print::DisplayBacktrace as core[df12db4294e9bfd3]::fmt::Display>::fmt
[INFO] [stdout]    1:     0x62a56651dfba - core[df12db4294e9bfd3]::fmt::write
[INFO] [stdout]    2:     0x62a56650d9fc - <alloc[2182bb758b4b3781]::vec::Vec<u8> as core[df12db4294e9bfd3]::io::write::Write>::write_fmt
[INFO] [stdout]    3:     0x62a5664e53a6 - std[70759c8f55707aa4]::panicking::default_hook::{closure#0}
[INFO] [stdout]    4:     0x62a566501b29 - std[70759c8f55707aa4]::panicking::default_hook
[INFO] [stdout]    5:     0x62a5664889c0 - test[9d35eded1c95d3be]::test_main_inner::<test[9d35eded1c95d3be]::test_main_static::{closure#0}>::{closure#0}
[INFO] [stdout]    6:     0x62a566501ce2 - std[70759c8f55707aa4]::panicking::panic_with_hook
[INFO] [stdout]    7:     0x62a5664e5452 - std[70759c8f55707aa4]::panicking::panic_handler::{closure#0}
[INFO] [stdout]    8:     0x62a5664de1d9 - std[70759c8f55707aa4]::sys::backtrace::__rust_end_short_backtrace::<std[70759c8f55707aa4]::panicking::panic_handler::{closure#0}, !>
[INFO] [stdout]    9:     0x62a5664e604d - __rustc[8fa7c3cbc660c2b3]::rust_begin_unwind
[INFO] [stdout]   10:     0x62a56651e6ec - core[df12db4294e9bfd3]::panicking::panic_fmt
[INFO] [stdout]   11:     0x62a5664bcfb1 - subweight_core[63c60d1bb6b8216e]::testing::succeeds
[INFO] [stdout]   12:     0x62a566479247 - <swc_works[7a91c99bf571dc71]::subweight_compare_files_same_no_changes::{closure#0} as core[df12db4294e9bfd3]::ops::function::FnOnce<()>>::call_once
[INFO] [stdout]   13:     0x62a56647bcab - test[9d35eded1c95d3be]::__rust_begin_short_backtrace::<core[df12db4294e9bfd3]::result::Result<(), alloc[2182bb758b4b3781]::string::String>, fn() -> core[df12db4294e9bfd3]::result::Result<(), alloc[2182bb758b4b3781]::string::String>>
[INFO] [stdout]   14:     0x62a566489315 - test[9d35eded1c95d3be]::run_test::{closure#0}
[INFO] [stdout]   15:     0x62a566482bd4 - std[70759c8f55707aa4]::sys::backtrace::__rust_begin_short_backtrace::<test[9d35eded1c95d3be]::run_test::{closure#1}, ()>
[INFO] [stdout]   16:     0x62a56648c472 - <std[70759c8f55707aa4]::thread::lifecycle::spawn_unchecked<test[9d35eded1c95d3be]::run_test::{closure#1}, ()>::{closure#1} as core[df12db4294e9bfd3]::ops::function::FnOnce<()>>::call_once::{shim:vtable#0}
[INFO] [stdout]   17:     0x62a566508de9 - <std[70759c8f55707aa4]::sys::thread::unix::Thread>::new::thread_start
[INFO] [stdout]   18:     0x7cad0575bdfa - <unknown>
[INFO] [stdout]   19:     0x7cad057ef3d4 - clone
[INFO] [stdout]   20:                0x0 - <unknown>
[INFO] [stdout] 
[INFO] [stdout] ---- subweight_compare_files_works stdout ----
[INFO] [stdout] 
[INFO] [stdout] thread 'subweight_compare_files_works' (1540) panicked at /opt/rustwide/cargo-home/registry/src/index.crates.io-1949cf8c6b5b557f/subweight-core-3.4.5/src/testing.rs:26:9:
[INFO] [stdout] Error: "/opt/rustwide/cargo-home/registry/src/index.crates.io-1949cf8c6b5b557f/subweight-core-3.4.5/../test_data/new/pallet_staking.rs.txt: Os { code: 2, kind: NotFound, message: \"No such file or directory\" }"
[INFO] [stdout] 
[INFO] [stdout] stack backtrace:
[INFO] [stdout]    0:     0x62a566509541 - <<std[70759c8f55707aa4]::sys::backtrace::BacktraceLock>::print::DisplayBacktrace as core[df12db4294e9bfd3]::fmt::Display>::fmt
[INFO] [stdout]    1:     0x62a56651dfba - core[df12db4294e9bfd3]::fmt::write
[INFO] [stdout]    2:     0x62a56650d9fc - <alloc[2182bb758b4b3781]::vec::Vec<u8> as core[df12db4294e9bfd3]::io::write::Write>::write_fmt
[INFO] [stdout]    3:     0x62a5664e53a6 - std[70759c8f55707aa4]::panicking::default_hook::{closure#0}
[INFO] [stdout]    4:     0x62a566501b29 - std[70759c8f55707aa4]::panicking::default_hook
[INFO] [stdout]    5:     0x62a5664889c0 - test[9d35eded1c95d3be]::test_main_inner::<test[9d35eded1c95d3be]::test_main_static::{closure#0}>::{closure#0}
[INFO] [stdout]    6:     0x62a566501ce2 - std[70759c8f55707aa4]::panicking::panic_with_hook
[INFO] [stdout]    7:     0x62a5664e5452 - std[70759c8f55707aa4]::panicking::panic_handler::{closure#0}
[INFO] [stdout]    8:     0x62a5664de1d9 - std[70759c8f55707aa4]::sys::backtrace::__rust_end_short_backtrace::<std[70759c8f55707aa4]::panicking::panic_handler::{closure#0}, !>
[INFO] [stdout]    9:     0x62a5664e604d - __rustc[8fa7c3cbc660c2b3]::rust_begin_unwind
[INFO] [stdout]   10:     0x62a56651e6ec - core[df12db4294e9bfd3]::panicking::panic_fmt
[INFO] [stdout]   11:     0x62a5664bcfb1 - subweight_core[63c60d1bb6b8216e]::testing::succeeds
[INFO] [stdout]   12:     0x62a5664784c3 - <swc_works[7a91c99bf571dc71]::subweight_compare_files_works::{closure#0} as core[df12db4294e9bfd3]::ops::function::FnOnce<()>>::call_once
[INFO] [stdout]   13:     0x62a56647bcab - test[9d35eded1c95d3be]::__rust_begin_short_backtrace::<core[df12db4294e9bfd3]::result::Result<(), alloc[2182bb758b4b3781]::string::String>, fn() -> core[df12db4294e9bfd3]::result::Result<(), alloc[2182bb758b4b3781]::string::String>>
[INFO] [stdout]   14:     0x62a566489315 - test[9d35eded1c95d3be]::run_test::{closure#0}
[INFO] [stdout]   15:     0x62a566482bd4 - std[70759c8f55707aa4]::sys::backtrace::__rust_begin_short_backtrace::<test[9d35eded1c95d3be]::run_test::{closure#1}, ()>
[INFO] [stdout]   16:     0x62a56648c472 - <std[70759c8f55707aa4]::thread::lifecycle::spawn_unchecked<test[9d35eded1c95d3be]::run_test::{closure#1}, ()>::{closure#1} as core[df12db4294e9bfd3]::ops::function::FnOnce<()>>::call_once::{shim:vtable#0}
[INFO] [stdout]   17:     0x62a566508de9 - <std[70759c8f55707aa4]::sys::thread::unix::Thread>::new::thread_start
[INFO] [stdout]   18:     0x7cad0575bdfa - <unknown>
[INFO] [stdout]   19:     0x7cad057ef3d4 - clone
[INFO] [stdout]   20:                0x0 - <unknown>
[INFO] [stdout] 
[INFO] [stdout] ---- subweight_compare_files_errors stdout ----
[INFO] [stdout] 
[INFO] [stdout] thread 'subweight_compare_files_errors' (1538) panicked at /opt/rustwide/cargo-home/registry/src/index.crates.io-1949cf8c6b5b557f/subweight-core-3.4.5/src/testing.rs:32:9:
[INFO] [stdout] 
[INFO] [stdout] The output:
[INFO] [stdout] "Error: \"/opt/rustwide/cargo-home/registry/src/index.crates.io-1949cf8c6b5b557f/subweight-core-3.4.5/../cli/src/main.rs: Os { code: 2, kind: NotFound, message: \\\"No such file or directory\\\" }\""
[INFO] [stdout] Did not contain the pattern:
[INFO] [stdout] "Could not find a weight implementation in the passed file"
[INFO] [stdout] stack backtrace:
[INFO] [stdout]    0:     0x62a566509541 - <<std[70759c8f55707aa4]::sys::backtrace::BacktraceLock>::print::DisplayBacktrace as core[df12db4294e9bfd3]::fmt::Display>::fmt
[INFO] [stdout]    1:     0x62a56651dfba - core[df12db4294e9bfd3]::fmt::write
[INFO] [stdout]    2:     0x62a56650d9fc - <alloc[2182bb758b4b3781]::vec::Vec<u8> as core[df12db4294e9bfd3]::io::write::Write>::write_fmt
[INFO] [stdout]    3:     0x62a5664e53a6 - std[70759c8f55707aa4]::panicking::default_hook::{closure#0}
[INFO] [stdout]    4:     0x62a566501b29 - std[70759c8f55707aa4]::panicking::default_hook
[INFO] [stdout]    5:     0x62a5664889c0 - test[9d35eded1c95d3be]::test_main_inner::<test[9d35eded1c95d3be]::test_main_static::{closure#0}>::{closure#0}
[INFO] [stdout]    6:     0x62a566501ce2 - std[70759c8f55707aa4]::panicking::panic_with_hook
[INFO] [stdout]    7:     0x62a5664e5452 - std[70759c8f55707aa4]::panicking::panic_handler::{closure#0}
[INFO] [stdout]    8:     0x62a5664de1d9 - std[70759c8f55707aa4]::sys::backtrace::__rust_end_short_backtrace::<std[70759c8f55707aa4]::panicking::panic_handler::{closure#0}, !>
[INFO] [stdout]    9:     0x62a5664e604d - __rustc[8fa7c3cbc660c2b3]::rust_begin_unwind
[INFO] [stdout]   10:     0x62a56651e6ec - core[df12db4294e9bfd3]::panicking::panic_fmt
[INFO] [stdout]   11:     0x62a5664bcdf6 - subweight_core[63c60d1bb6b8216e]::testing::assert_contains
[INFO] [stdout]   12:     0x62a566478bc0 - <swc_works[7a91c99bf571dc71]::subweight_compare_files_errors::{closure#0} as core[df12db4294e9bfd3]::ops::function::FnOnce<()>>::call_once
[INFO] [stdout]   13:     0x62a56647bcab - test[9d35eded1c95d3be]::__rust_begin_short_backtrace::<core[df12db4294e9bfd3]::result::Result<(), alloc[2182bb758b4b3781]::string::String>, fn() -> core[df12db4294e9bfd3]::result::Result<(), alloc[2182bb758b4b3781]::string::String>>
[INFO] [stdout]   14:     0x62a566489315 - test[9d35eded1c95d3be]::run_test::{closure#0}
[INFO] [stdout]   15:     0x62a566482bd4 - std[70759c8f55707aa4]::sys::backtrace::__rust_begin_short_backtrace::<test[9d35eded1c95d3be]::run_test::{closure#1}, ()>
[INFO] [stdout]   16:     0x62a56648c472 - <std[70759c8f55707aa4]::thread::lifecycle::spawn_unchecked<test[9d35eded1c95d3be]::run_test::{closure#1}, ()>::{closure#1} as core[df12db4294e9bfd3]::ops::function::FnOnce<()>>::call_once::{shim:vtable#0}
[INFO] [stdout]   17:     0x62a566508de9 - <std[70759c8f55707aa4]::sys::thread::unix::Thread>::new::thread_start
[INFO] [stdout]   18:     0x7cad0575bdfa - <unknown>
[INFO] [stdout]   19:     0x7cad057ef3d4 - clone
[INFO] [stdout]   20:                0x0 - <unknown>
[INFO] [stdout] 
[INFO] [stdout] 
[INFO] [stdout] failures:
[INFO] [stdout]     subweight_compare_files_errors
[INFO] [stdout]     subweight_compare_files_same_no_changes
[INFO] [stdout]     subweight_compare_files_works
[INFO] [stdout] 
[INFO] [stdout] test result: FAILED. 2 passed; 3 failed; 3 ignored; 0 measured; 0 filtered out; finished in 0.02s
[INFO] [stdout] 
[INFO] running `Command { std: "docker" "inspect" "25108eae0779dfe9a391af2635280293740ce7ab33fec065e8cd46838136e468", kill_on_drop: false }`
[INFO] running `Command { std: "docker" "rm" "-f" "25108eae0779dfe9a391af2635280293740ce7ab33fec065e8cd46838136e468", kill_on_drop: false }`
[INFO] [stdout] 25108eae0779dfe9a391af2635280293740ce7ab33fec065e8cd46838136e468
