[INFO] fetching crate substance-macro 0.2.0-alpha...
[INFO] testing substance-macro-0.2.0-alpha against 1.99.0-beta.8+cargoflags=--release for beta-release-1.100-2
[INFO] extracting crate substance-macro 0.2.0-alpha into /workspace/builds/worker-0-tc1/source
[INFO] started tweaking crates.io crate substance-macro 0.2.0-alpha
[INFO] finished tweaking crates.io crate substance-macro 0.2.0-alpha
[INFO] tweaked toml for crates.io crate substance-macro 0.2.0-alpha written to /workspace/builds/worker-0-tc1/source/Cargo.toml
[INFO] validating manifest of crates.io crate substance-macro 0.2.0-alpha on toolchain 1.99.0-beta.8
[INFO] running `Command { std: CARGO_HOME="/workspace/cargo-home" RUSTUP_HOME="/workspace/rustup-home" "/workspace/cargo-home/bin/cargo" "+1.99.0-beta.8" "metadata" "--manifest-path" "Cargo.toml" "--no-deps", kill_on_drop: false }`
[INFO] running `Command { std: CARGO_HOME="/workspace/cargo-home" RUSTUP_HOME="/workspace/rustup-home" "/workspace/cargo-home/bin/cargo" "+1.99.0-beta.8" "generate-lockfile" "--manifest-path" "Cargo.toml", kill_on_drop: false }`
[INFO] [stderr]     Updating crates.io index
[INFO] [stderr]      Locking 28 packages to highest compatible versions
[INFO] [stderr]       Adding syn v1.0.109 (available: v3.0.9)
[INFO] running `Command { std: CARGO_HOME="/workspace/cargo-home" RUSTUP_HOME="/workspace/rustup-home" "/workspace/cargo-home/bin/cargo" "+1.99.0-beta.8" "fetch" "--manifest-path" "Cargo.toml", kill_on_drop: false }`
[INFO] running `Command { std: "docker" "create" "-v" "/var/lib/crater-agent-workspace/builds/worker-0-tc1/source:/opt/rustwide/workdir:ro,Z" "-v" "/var/lib/crater-agent-workspace/builds/worker-0-tc1/target:/opt/rustwide/target:rw,Z" "-v" "/var/lib/crater-agent-workspace/cargo-home:/opt/rustwide/cargo-home:ro,Z" "-v" "/var/lib/crater-agent-workspace/rustup-home:/opt/rustwide/rustup-home:ro,Z" "-m" "1610612736" "--network" "none" "ghcr.io/rust-lang/crates-build-env/linux@sha256:77db811e55d90add9212f6832c23229e3de5f1c1f9905e8cb07319ea15df73ac" "sleep" "infinity", kill_on_drop: false }`
[INFO] [stdout] 03eda09a0b7374692bac7f11bd5482aca94401e61c59ccda63e7eddf9b1afac7
[INFO] running `Command { std: "docker" "start" "03eda09a0b7374692bac7f11bd5482aca94401e61c59ccda63e7eddf9b1afac7", kill_on_drop: false }`
[INFO] running `Command { std: "docker" "inspect" "03eda09a0b7374692bac7f11bd5482aca94401e61c59ccda63e7eddf9b1afac7", kill_on_drop: false }`
[INFO] running `Command { std: "docker" "exec" "-e" "SOURCE_DIR=/opt/rustwide/workdir" "-e" "CARGO_HOME=/opt/rustwide/cargo-home" "-e" "RUSTUP_HOME=/opt/rustwide/rustup-home" "-e" "CARGO_TARGET_DIR=/opt/rustwide/target" "-w" "/opt/rustwide/workdir" "--user" "0:0" "03eda09a0b7374692bac7f11bd5482aca94401e61c59ccda63e7eddf9b1afac7" "/opt/rustwide/cargo-home/bin/cargo" "+1.99.0-beta.8" "metadata" "--no-deps" "--format-version=1", kill_on_drop: false }`
[INFO] running `Command { std: "docker" "inspect" "03eda09a0b7374692bac7f11bd5482aca94401e61c59ccda63e7eddf9b1afac7", kill_on_drop: false }`
[INFO] running `Command { std: "docker" "exec" "-e" "SOURCE_DIR=/opt/rustwide/workdir" "-e" "CARGO_HOME=/opt/rustwide/cargo-home" "-e" "RUSTUP_HOME=/opt/rustwide/rustup-home" "-e" "CARGO_TARGET_DIR=/opt/rustwide/target" "-e" "CARGO_INCREMENTAL=0" "-e" "RUST_BACKTRACE=full" "-e" "RUSTFLAGS=--cap-lints=warn" "-e" "RUSTDOCFLAGS=--cap-lints=warn" "-w" "/opt/rustwide/workdir" "--user" "0:0" "03eda09a0b7374692bac7f11bd5482aca94401e61c59ccda63e7eddf9b1afac7" "/opt/rustwide/cargo-home/bin/cargo" "+1.99.0-beta.8" "build" "--frozen" "--message-format=json" "--release", kill_on_drop: false }`
[INFO] [stderr]    Compiling substance-macro v0.2.0-alpha (/opt/rustwide/workdir)
[INFO] [stderr]     Finished `release` profile [optimized] target(s) in 2.28s
[INFO] running `Command { std: "docker" "inspect" "03eda09a0b7374692bac7f11bd5482aca94401e61c59ccda63e7eddf9b1afac7", kill_on_drop: false }`
[INFO] running `Command { std: "docker" "exec" "-e" "SOURCE_DIR=/opt/rustwide/workdir" "-e" "CARGO_HOME=/opt/rustwide/cargo-home" "-e" "RUSTUP_HOME=/opt/rustwide/rustup-home" "-e" "CARGO_TARGET_DIR=/opt/rustwide/target" "-e" "CARGO_INCREMENTAL=0" "-e" "RUST_BACKTRACE=full" "-e" "RUSTFLAGS=--cap-lints=warn" "-e" "RUSTDOCFLAGS=--cap-lints=warn" "-w" "/opt/rustwide/workdir" "--user" "0:0" "03eda09a0b7374692bac7f11bd5482aca94401e61c59ccda63e7eddf9b1afac7" "/opt/rustwide/cargo-home/bin/cargo" "+1.99.0-beta.8" "test" "--frozen" "--no-run" "--message-format=json" "--release", kill_on_drop: false }`
[INFO] [stderr]    Compiling serde v1.0.229
[INFO] [stderr]    Compiling substance-macro v0.2.0-alpha (/opt/rustwide/workdir)
[INFO] [stderr]    Compiling trybuild v1.0.122
[INFO] [stderr]     Finished `release` profile [optimized] target(s) in 9.54s
[INFO] running `Command { std: "docker" "inspect" "03eda09a0b7374692bac7f11bd5482aca94401e61c59ccda63e7eddf9b1afac7", kill_on_drop: false }`
[INFO] running `Command { std: "docker" "exec" "-e" "SOURCE_DIR=/opt/rustwide/workdir" "-e" "CARGO_HOME=/opt/rustwide/cargo-home" "-e" "RUSTUP_HOME=/opt/rustwide/rustup-home" "-e" "CARGO_TARGET_DIR=/opt/rustwide/target" "-e" "CARGO_INCREMENTAL=0" "-e" "RUST_BACKTRACE=full" "-e" "RUSTFLAGS=--cap-lints=warn" "-e" "RUSTDOCFLAGS=--cap-lints=warn" "-w" "/opt/rustwide/workdir" "--user" "0:0" "03eda09a0b7374692bac7f11bd5482aca94401e61c59ccda63e7eddf9b1afac7" "/opt/rustwide/cargo-home/bin/cargo" "+1.99.0-beta.8" "test" "--frozen" "--release", kill_on_drop: false }`
[INFO] [stderr]     Finished `release` profile [optimized] target(s) in 0.05s
[INFO] [stderr]      Running tests/ui.rs (/opt/rustwide/target/release/deps/ui-ea76bcd9e24f9163)
[INFO] [stdout] 
[INFO] [stdout] running 4 tests
[INFO] [stderr]    Compiling proc-macro2 v1.0.107
[INFO] [stderr]    Compiling quote v1.0.47
[INFO] [stderr]    Compiling syn v1.0.109
[INFO] [stderr]    Compiling unicode-ident v1.0.27
[INFO] [stderr]    Compiling substance-macro v0.2.0-alpha (/opt/rustwide/workdir)
[INFO] [stderr]     Checking substance-macro-tests v0.0.0 (/opt/rustwide/target/tests/trybuild/substance-macro)
[INFO] [stderr]     Finished `dev` profile [unoptimized + debuginfo] target(s) in 6.83s
[INFO] [stderr] 
[INFO] [stderr] 
[INFO] [stderr] test tests/ui/06-lit-arg.rs ... ok
[INFO] [stdout] test sanitize_lit_args ... ok
[INFO] [stderr] 
[INFO] [stderr] 
[INFO] [stderr]    Compiling unicode-ident v1.0.27
[INFO] [stderr]    Compiling proc-macro2 v1.0.107
[INFO] [stderr]    Compiling quote v1.0.47
[INFO] [stderr]    Compiling syn v1.0.109
[INFO] [stderr]    Compiling substance-macro-tests v0.0.0 (/opt/rustwide/target/tests/trybuild/substance-macro)
[INFO] [stderr]     Finished `dev` profile [unoptimized + debuginfo] target(s) in 5.49s
[INFO] [stderr] 
[INFO] [stderr] 
[INFO] [stderr] test tests/ui/02-ignore.rs ... error
[INFO] [stderr] ┈┈┈┈┈┈┈┈┈┈┈┈┈┈┈┈┈┈┈┈┈┈┈┈┈┈┈┈┈┈┈┈┈┈┈┈┈┈┈┈┈┈┈┈┈┈┈┈┈┈┈┈┈┈┈┈┈┈┈┈
[INFO] [stderr] error[E0554]: `#![feature]` may not be used on the beta release channel
[INFO] [stderr]   --> tests/ui/02-ignore.rs:25:1
[INFO] [stderr]    |
[INFO] [stderr] 25 | #![feature(custom_test_frameworks)]
[INFO] [stderr]    | ^^^^^^^^^^^^^^^^^^^^^^^^^^^^^^^^^^^
[INFO] [stderr] ┈┈┈┈┈┈┈┈┈┈┈┈┈┈┈┈┈┈┈┈┈┈┈┈┈┈┈┈┈┈┈┈┈┈┈┈┈┈┈┈┈┈┈┈┈┈┈┈┈┈┈┈┈┈┈┈┈┈┈┈
[INFO] [stderr] 
[INFO] [stderr] test tests/ui/03-should-panic.rs ... error
[INFO] [stderr] ┈┈┈┈┈┈┈┈┈┈┈┈┈┈┈┈┈┈┈┈┈┈┈┈┈┈┈┈┈┈┈┈┈┈┈┈┈┈┈┈┈┈┈┈┈┈┈┈┈┈┈┈┈┈┈┈┈┈┈┈
[INFO] [stderr] error[E0554]: `#![feature]` may not be used on the beta release channel
[INFO] [stderr]   --> tests/ui/03-should-panic.rs:25:1
[INFO] [stderr]    |
[INFO] [stderr] 25 | #![feature(custom_test_frameworks)]
[INFO] [stderr]    | ^^^^^^^^^^^^^^^^^^^^^^^^^^^^^^^^^^^
[INFO] [stderr] ┈┈┈┈┈┈┈┈┈┈┈┈┈┈┈┈┈┈┈┈┈┈┈┈┈┈┈┈┈┈┈┈┈┈┈┈┈┈┈┈┈┈┈┈┈┈┈┈┈┈┈┈┈┈┈┈┈┈┈┈
[INFO] [stderr] 
[INFO] [stderr] test tests/ui/04-full.rs ... error
[INFO] [stderr] ┈┈┈┈┈┈┈┈┈┈┈┈┈┈┈┈┈┈┈┈┈┈┈┈┈┈┈┈┈┈┈┈┈┈┈┈┈┈┈┈┈┈┈┈┈┈┈┈┈┈┈┈┈┈┈┈┈┈┈┈
[INFO] [stderr] error[E0554]: `#![feature]` may not be used on the beta release channel
[INFO] [stderr]   --> tests/ui/04-full.rs:25:1
[INFO] [stderr]    |
[INFO] [stderr] 25 | #![feature(custom_test_frameworks)]
[INFO] [stderr]    | ^^^^^^^^^^^^^^^^^^^^^^^^^^^^^^^^^^^
[INFO] [stderr] ┈┈┈┈┈┈┈┈┈┈┈┈┈┈┈┈┈┈┈┈┈┈┈┈┈┈┈┈┈┈┈┈┈┈┈┈┈┈┈┈┈┈┈┈┈┈┈┈┈┈┈┈┈┈┈┈┈┈┈┈
[INFO] [stderr] 
[INFO] [stderr] 
[INFO] [stderr] 
[INFO] [stdout] test complex_setup ... FAILED
[INFO] [stderr]     Checking substance-macro-tests v0.0.0 (/opt/rustwide/target/tests/trybuild/substance-macro)
[INFO] [stderr]     Finished `dev` profile [unoptimized + debuginfo] target(s) in 0.11s
[INFO] [stderr] 
[INFO] [stderr] 
[INFO] [stdout] test sanitize_meta_args ... ok
[INFO] [stderr] test tests/ui/07-metaList-arg.rs ... ok
[INFO] [stderr] test tests/ui/08-metaNamed-arg.rs ... ok
[INFO] [stderr] test tests/ui/09-metaPath-arg.rs ... ok
[INFO] [stderr] 
[INFO] [stderr] 
[INFO] [stderr]    Compiling substance-macro-tests v0.0.0 (/opt/rustwide/target/tests/trybuild/substance-macro)
[INFO] [stderr]     Finished `dev` profile [unoptimized + debuginfo] target(s) in 0.28s
[INFO] [stderr] 
[INFO] [stderr] 
[INFO] [stderr] test tests/ui/01-simple.rs [should pass] ... error
[INFO] [stderr] ┈┈┈┈┈┈┈┈┈┈┈┈┈┈┈┈┈┈┈┈┈┈┈┈┈┈┈┈┈┈┈┈┈┈┈┈┈┈┈┈┈┈┈┈┈┈┈┈┈┈┈┈┈┈┈┈┈┈┈┈
[INFO] [stderr] error[E0554]: `#![feature]` may not be used on the beta release channel
[INFO] [stderr]   --> tests/ui/01-simple.rs:25:1
[INFO] [stderr]    |
[INFO] [stderr] 25 | #![feature(custom_test_frameworks)]
[INFO] [stderr]    | ^^^^^^^^^^^^^^^^^^^^^^^^^^^^^^^^^^^
[INFO] [stderr] ┈┈┈┈┈┈┈┈┈┈┈┈┈┈┈┈┈┈┈┈┈┈┈┈┈┈┈┈┈┈┈┈┈┈┈┈┈┈┈┈┈┈┈┈┈┈┈┈┈┈┈┈┈┈┈┈┈┈┈┈
[INFO] [stderr] 
[INFO] [stdout] test basic_setup ... FAILED
[INFO] [stderr] test tests/ui/05-missing-features.rs [should fail to compile] ... mismatch
[INFO] [stdout] 
[INFO] [stderr] 
[INFO] [stdout] failures:
[INFO] [stderr] EXPECTED:
[INFO] [stdout] 
[INFO] [stderr] ┈┈┈┈┈┈┈┈┈┈┈┈┈┈┈┈┈┈┈┈┈┈┈┈┈┈┈┈┈┈┈┈┈┈┈┈┈┈┈┈┈┈┈┈┈┈┈┈┈┈┈┈┈┈┈┈┈┈┈┈
[INFO] [stdout] ---- complex_setup stdout ----
[INFO] [stderr] error[E0658]: use of unstable library feature 'custom_test_frameworks': custom test frameworks are an unstable feature
[INFO] [stdout] 
[INFO] [stderr]   --> tests/ui/05-missing-features.rs:28:1
[INFO] [stdout] thread 'complex_setup' (246) panicked at /opt/rustwide/cargo-home/registry/src/index.crates.io-1949cf8c6b5b557f/trybuild-1.0.122/src/run.rs:103:13:
[INFO] [stderr]    |
[INFO] [stdout] 3 of 3 tests failed
[INFO] [stderr] 28 | #[substance_test]
[INFO] [stdout] stack backtrace:
[INFO] [stderr]    | ^^^^^^^^^^^^^^^^^
[INFO] [stdout]    0:     0x5607b844a4b1 - <<std[70759c8f55707aa4]::sys::backtrace::BacktraceLock>::print::DisplayBacktrace as core[df12db4294e9bfd3]::fmt::Display>::fmt
[INFO] [stderr]    |
[INFO] [stdout]    1:     0x5607b8460b3a - core[df12db4294e9bfd3]::fmt::write
[INFO] [stderr]    = note: see issue #50297 <https://github.com/rust-lang/rust/issues/50297> for more information
[INFO] [stdout]    2:     0x5607b844ef7c - <alloc[2182bb758b4b3781]::vec::Vec<u8> as core[df12db4294e9bfd3]::io::write::Write>::write_fmt
[INFO] [stderr]    = help: add `#![feature(custom_test_frameworks)]` to the crate attributes to enable
[INFO] [stdout]    3:     0x5607b8423996 - std[70759c8f55707aa4]::panicking::default_hook::{closure#0}
[INFO] [stderr]    = note: this error originates in the attribute macro `substance_test` (in Nightly builds, run with -Z macro-backtrace for more info)
[INFO] [stdout]    4:     0x5607b8441b29 - std[70759c8f55707aa4]::panicking::default_hook
[INFO] [stderr] ┈┈┈┈┈┈┈┈┈┈┈┈┈┈┈┈┈┈┈┈┈┈┈┈┈┈┈┈┈┈┈┈┈┈┈┈┈┈┈┈┈┈┈┈┈┈┈┈┈┈┈┈┈┈┈┈┈┈┈┈
[INFO] [stdout]    5:     0x5607b83dae00 - test[9d35eded1c95d3be]::test_main_inner::<test[9d35eded1c95d3be]::test_main_static::{closure#0}>::{closure#0}
[INFO] [stderr] 
[INFO] [stdout]    6:     0x5607b8441ce2 - std[70759c8f55707aa4]::panicking::panic_with_hook
[INFO] [stderr] ACTUAL OUTPUT:
[INFO] [stdout]    7:     0x5607b8423a42 - std[70759c8f55707aa4]::panicking::panic_handler::{closure#0}
[INFO] [stderr] ┈┈┈┈┈┈┈┈┈┈┈┈┈┈┈┈┈┈┈┈┈┈┈┈┈┈┈┈┈┈┈┈┈┈┈┈┈┈┈┈┈┈┈┈┈┈┈┈┈┈┈┈┈┈┈┈┈┈┈┈
[INFO] [stdout]    8:     0x5607b841c309 - std[70759c8f55707aa4]::sys::backtrace::__rust_end_short_backtrace::<std[70759c8f55707aa4]::panicking::panic_handler::{closure#0}, !>
[INFO] [stderr] error[E0658]: use of unstable library feature `custom_test_frameworks`: custom test frameworks are an unstable feature
[INFO] [stdout]    9:     0x5607b842463d - __rustc[8fa7c3cbc660c2b3]::rust_begin_unwind
[INFO] [stderr]   --> tests/ui/05-missing-features.rs:28:1
[INFO] [stdout]   10:     0x5607b84612ac - core[df12db4294e9bfd3]::panicking::panic_fmt
[INFO] [stderr]    |
[INFO] [stdout]   11:     0x5607b832e52b - <trybuild[6c188aa1e2891758]::Runner>::run
[INFO] [stderr] 28 | #[substance_test]
[INFO] [stdout]   12:     0x5607b8331920 - <trybuild[6c188aa1e2891758]::TestCases as core[df12db4294e9bfd3]::ops::drop::Drop>::drop
[INFO] [stderr]    | ^^^^^^^^^^^^^^^^^
[INFO] [stdout]   13:     0x5607b83283ce - <ui[3992179b8b15003c]::complex_setup::{closure#0} as core[df12db4294e9bfd3]::ops::function::FnOnce<()>>::call_once
[INFO] [stderr]    |
[INFO] [stdout]   14:     0x5607b83ce0eb - test[9d35eded1c95d3be]::__rust_begin_short_backtrace::<core[df12db4294e9bfd3]::result::Result<(), alloc[2182bb758b4b3781]::string::String>, fn() -> core[df12db4294e9bfd3]::result::Result<(), alloc[2182bb758b4b3781]::string::String>>
[INFO] [stderr]    = note: see issue #50297 <https://github.com/rust-lang/rust/issues/50297> for more information
[INFO] [stdout]   15:     0x5607b83db755 - test[9d35eded1c95d3be]::run_test::{closure#0}
[INFO] [stderr]    = note: this error originates in the attribute macro `substance_test` (in Nightly builds, run with -Z macro-backtrace for more info)
[INFO] [stdout]   16:     0x5607b83d5014 - std[70759c8f55707aa4]::sys::backtrace::__rust_begin_short_backtrace::<test[9d35eded1c95d3be]::run_test::{closure#1}, ()>
[INFO] [stderr] ┈┈┈┈┈┈┈┈┈┈┈┈┈┈┈┈┈┈┈┈┈┈┈┈┈┈┈┈┈┈┈┈┈┈┈┈┈┈┈┈┈┈┈┈┈┈┈┈┈┈┈┈┈┈┈┈┈┈┈┈
[INFO] [stdout]   17:     0x5607b83de8b2 - <std[70759c8f55707aa4]::thread::lifecycle::spawn_unchecked<test[9d35eded1c95d3be]::run_test::{closure#1}, ()>::{closure#1} as core[df12db4294e9bfd3]::ops::function::FnOnce<()>>::call_once::{shim:vtable#0}
[INFO] [stderr] note: If the actual output is the correct output you can bless it by rerunning
[INFO] [stdout]   18:     0x5607b8449769 - <std[70759c8f55707aa4]::sys::thread::unix::Thread>::new::thread_start
[INFO] [stderr]       your test with the environment variable TRYBUILD=overwrite
[INFO] [stdout]   19:     0x7c724a562dfa - <unknown>
[INFO] [stderr] 
[INFO] [stdout]   20:     0x7c724a5f63d4 - clone
[INFO] [stderr] 
[INFO] [stdout]   21:                0x0 - <unknown>
[INFO] [stderr] 
[INFO] [stdout] 
[INFO] [stderr] error: test failed, to rerun pass `--test ui`
[INFO] [stdout] ---- basic_setup stdout ----
[INFO] [stdout] 
[INFO] [stdout] thread 'basic_setup' (245) panicked at /opt/rustwide/cargo-home/registry/src/index.crates.io-1949cf8c6b5b557f/trybuild-1.0.122/src/run.rs:103:13:
[INFO] [stdout] 2 of 2 tests failed
[INFO] [stdout] stack backtrace:
[INFO] [stdout]    0:     0x5607b844a4b1 - <<std[70759c8f55707aa4]::sys::backtrace::BacktraceLock>::print::DisplayBacktrace as core[df12db4294e9bfd3]::fmt::Display>::fmt
[INFO] [stdout]    1:     0x5607b8460b3a - core[df12db4294e9bfd3]::fmt::write
[INFO] [stdout]    2:     0x5607b844ef7c - <alloc[2182bb758b4b3781]::vec::Vec<u8> as core[df12db4294e9bfd3]::io::write::Write>::write_fmt
[INFO] [stdout]    3:     0x5607b8423996 - std[70759c8f55707aa4]::panicking::default_hook::{closure#0}
[INFO] [stdout]    4:     0x5607b8441b29 - std[70759c8f55707aa4]::panicking::default_hook
[INFO] [stdout]    5:     0x5607b83dae00 - test[9d35eded1c95d3be]::test_main_inner::<test[9d35eded1c95d3be]::test_main_static::{closure#0}>::{closure#0}
[INFO] [stdout]    6:     0x5607b8441ce2 - std[70759c8f55707aa4]::panicking::panic_with_hook
[INFO] [stdout]    7:     0x5607b8423a42 - std[70759c8f55707aa4]::panicking::panic_handler::{closure#0}
[INFO] [stdout]    8:     0x5607b841c309 - std[70759c8f55707aa4]::sys::backtrace::__rust_end_short_backtrace::<std[70759c8f55707aa4]::panicking::panic_handler::{closure#0}, !>
[INFO] [stdout]    9:     0x5607b842463d - __rustc[8fa7c3cbc660c2b3]::rust_begin_unwind
[INFO] [stdout]   10:     0x5607b84612ac - core[df12db4294e9bfd3]::panicking::panic_fmt
[INFO] [stdout]   11:     0x5607b832e52b - <trybuild[6c188aa1e2891758]::Runner>::run
[INFO] [stdout]   12:     0x5607b8331920 - <trybuild[6c188aa1e2891758]::TestCases as core[df12db4294e9bfd3]::ops::drop::Drop>::drop
[INFO] [stdout]   13:     0x5607b83282aa - <ui[3992179b8b15003c]::basic_setup::{closure#0} as core[df12db4294e9bfd3]::ops::function::FnOnce<()>>::call_once
[INFO] [stdout]   14:     0x5607b83ce0eb - test[9d35eded1c95d3be]::__rust_begin_short_backtrace::<core[df12db4294e9bfd3]::result::Result<(), alloc[2182bb758b4b3781]::string::String>, fn() -> core[df12db4294e9bfd3]::result::Result<(), alloc[2182bb758b4b3781]::string::String>>
[INFO] [stdout]   15:     0x5607b83db755 - test[9d35eded1c95d3be]::run_test::{closure#0}
[INFO] [stdout]   16:     0x5607b83d5014 - std[70759c8f55707aa4]::sys::backtrace::__rust_begin_short_backtrace::<test[9d35eded1c95d3be]::run_test::{closure#1}, ()>
[INFO] [stdout]   17:     0x5607b83de8b2 - <std[70759c8f55707aa4]::thread::lifecycle::spawn_unchecked<test[9d35eded1c95d3be]::run_test::{closure#1}, ()>::{closure#1} as core[df12db4294e9bfd3]::ops::function::FnOnce<()>>::call_once::{shim:vtable#0}
[INFO] [stdout]   18:     0x5607b8449769 - <std[70759c8f55707aa4]::sys::thread::unix::Thread>::new::thread_start
[INFO] [stdout]   19:     0x7c724a562dfa - <unknown>
[INFO] [stdout]   20:     0x7c724a5f63d4 - clone
[INFO] [stdout]   21:                0x0 - <unknown>
[INFO] [stdout] 
[INFO] [stdout] 
[INFO] [stdout] failures:
[INFO] [stdout]     basic_setup
[INFO] [stdout]     complex_setup
[INFO] [stdout] 
[INFO] [stdout] test result: FAILED. 2 passed; 2 failed; 0 ignored; 0 measured; 0 filtered out; finished in 21.86s
[INFO] [stdout] 
[INFO] running `Command { std: "docker" "inspect" "03eda09a0b7374692bac7f11bd5482aca94401e61c59ccda63e7eddf9b1afac7", kill_on_drop: false }`
[INFO] running `Command { std: "docker" "rm" "-f" "03eda09a0b7374692bac7f11bd5482aca94401e61c59ccda63e7eddf9b1afac7", kill_on_drop: false }`
[INFO] [stdout] 03eda09a0b7374692bac7f11bd5482aca94401e61c59ccda63e7eddf9b1afac7
