[INFO] fetching crate sublime_standard_tools 0.0.15...
[INFO] testing sublime_standard_tools-0.0.15 against 1.100.0-beta.1+cargoflags=--release for beta-release-1.100-2
[INFO] extracting crate sublime_standard_tools 0.0.15 into /workspace/builds/worker-7-tc2/source
[INFO] started tweaking crates.io crate sublime_standard_tools 0.0.15
[INFO] removed 0 missing tests
[INFO] finished tweaking crates.io crate sublime_standard_tools 0.0.15
[INFO] tweaked toml for crates.io crate sublime_standard_tools 0.0.15 written to /workspace/builds/worker-7-tc2/source/Cargo.toml
[INFO] validating manifest of crates.io crate sublime_standard_tools 0.0.15 on toolchain 1.100.0-beta.1
[INFO] running `Command { std: CARGO_HOME="/workspace/cargo-home" RUSTUP_HOME="/workspace/rustup-home" "/workspace/cargo-home/bin/cargo" "+1.100.0-beta.1" "metadata" "--manifest-path" "Cargo.toml" "--no-deps", kill_on_drop: false }`
[INFO] crate crates.io crate sublime_standard_tools 0.0.15 already has a lockfile, it will not be regenerated
[INFO] running `Command { std: CARGO_HOME="/workspace/cargo-home" RUSTUP_HOME="/workspace/rustup-home" "/workspace/cargo-home/bin/cargo" "+1.100.0-beta.1" "fetch" "--manifest-path" "Cargo.toml", kill_on_drop: false }`
[INFO] running `Command { std: "docker" "create" "-v" "/var/lib/crater-agent-workspace/builds/worker-7-tc2/source:/opt/rustwide/workdir:ro,Z" "-v" "/var/lib/crater-agent-workspace/builds/worker-7-tc2/target:/opt/rustwide/target:rw,Z" "-v" "/var/lib/crater-agent-workspace/cargo-home:/opt/rustwide/cargo-home:ro,Z" "-v" "/var/lib/crater-agent-workspace/rustup-home:/opt/rustwide/rustup-home:ro,Z" "-m" "1610612736" "--network" "none" "ghcr.io/rust-lang/crates-build-env/linux@sha256:77db811e55d90add9212f6832c23229e3de5f1c1f9905e8cb07319ea15df73ac" "sleep" "infinity", kill_on_drop: false }`
[INFO] [stdout] 166bafb72d835b51d8579157cb109e8297d0fcf241b71f1ccaf3d9da6f583801
[INFO] running `Command { std: "docker" "start" "166bafb72d835b51d8579157cb109e8297d0fcf241b71f1ccaf3d9da6f583801", kill_on_drop: false }`
[INFO] running `Command { std: "docker" "inspect" "166bafb72d835b51d8579157cb109e8297d0fcf241b71f1ccaf3d9da6f583801", kill_on_drop: false }`
[INFO] running `Command { std: "docker" "exec" "-e" "SOURCE_DIR=/opt/rustwide/workdir" "-e" "CARGO_HOME=/opt/rustwide/cargo-home" "-e" "RUSTUP_HOME=/opt/rustwide/rustup-home" "-e" "CARGO_TARGET_DIR=/opt/rustwide/target" "-w" "/opt/rustwide/workdir" "--user" "0:0" "166bafb72d835b51d8579157cb109e8297d0fcf241b71f1ccaf3d9da6f583801" "/opt/rustwide/cargo-home/bin/cargo" "+1.100.0-beta.1" "metadata" "--no-deps" "--format-version=1", kill_on_drop: false }`
[INFO] running `Command { std: "docker" "inspect" "166bafb72d835b51d8579157cb109e8297d0fcf241b71f1ccaf3d9da6f583801", kill_on_drop: false }`
[INFO] running `Command { std: "docker" "exec" "-e" "SOURCE_DIR=/opt/rustwide/workdir" "-e" "CARGO_HOME=/opt/rustwide/cargo-home" "-e" "RUSTUP_HOME=/opt/rustwide/rustup-home" "-e" "CARGO_TARGET_DIR=/opt/rustwide/target" "-e" "CARGO_INCREMENTAL=0" "-e" "RUST_BACKTRACE=full" "-e" "RUSTFLAGS=--cap-lints=warn" "-e" "RUSTDOCFLAGS=--cap-lints=warn" "-w" "/opt/rustwide/workdir" "--user" "0:0" "166bafb72d835b51d8579157cb109e8297d0fcf241b71f1ccaf3d9da6f583801" "/opt/rustwide/cargo-home/bin/cargo" "+1.100.0-beta.1" "build" "--frozen" "--message-format=json" "--release", kill_on_drop: false }`
[INFO] [stderr]    Compiling libc v0.2.178
[INFO] [stderr]    Compiling hashbrown v0.16.1
[INFO] [stderr]    Compiling anyhow v1.0.100
[INFO] [stderr]    Compiling serde_json v1.0.145
[INFO] [stderr]    Compiling itoa v1.0.15
[INFO] [stderr]    Compiling ryu v1.0.20
[INFO] [stderr]    Compiling regex-syntax v0.8.8
[INFO] [stderr]    Compiling winnow v0.5.40
[INFO] [stderr]    Compiling humantime v2.3.0
[INFO] [stderr]    Compiling syn v2.0.111
[INFO] [stderr]    Compiling unsafe-libyaml v0.2.11
[INFO] [stderr]    Compiling bytes v1.11.0
[INFO] [stderr]    Compiling log v0.4.29
[INFO] [stderr]    Compiling indexmap v2.12.1
[INFO] [stderr]    Compiling signal-hook-registry v1.4.7
[INFO] [stderr]    Compiling mio v1.1.1
[INFO] [stderr]    Compiling tokio v1.48.0
[INFO] [stderr]    Compiling regex-automata v0.4.13
[INFO] [stderr]    Compiling darling_core v0.20.11
[INFO] [stderr]    Compiling serde_derive v1.0.228
[INFO] [stderr]    Compiling thiserror-impl v1.0.69
[INFO] [stderr]    Compiling async-trait v0.1.89
[INFO] [stderr]    Compiling thiserror v1.0.69
[INFO] [stderr]    Compiling regex v1.12.2
[INFO] [stderr]    Compiling darling_macro v0.20.11
[INFO] [stderr]    Compiling darling v0.20.11
[INFO] [stderr]    Compiling derive_builder_core v0.20.2
[INFO] [stderr]    Compiling derive_builder_macro v0.20.2
[INFO] [stderr]    Compiling derive_builder v0.20.2
[INFO] [stderr]    Compiling serde v1.0.228
[INFO] [stderr]    Compiling toml_datetime v0.6.11
[INFO] [stderr]    Compiling serde_spanned v0.6.9
[INFO] [stderr]    Compiling serde_yaml v0.9.34+deprecated
[INFO] [stderr]    Compiling humantime-serde v1.1.1
[INFO] [stderr]    Compiling package-json v0.5.0
[INFO] [stderr]    Compiling toml_edit v0.19.15
[INFO] [stderr]    Compiling toml v0.7.8
[INFO] [stderr]    Compiling sublime_standard_tools v0.0.15 (/opt/rustwide/workdir)
[INFO] [stderr] warning: unused dependency `regex`
[INFO] [stderr]   --> Cargo.toml:16:15
[INFO] [stderr]    |
[INFO] [stderr] 16 | [dependencies.regex]
[INFO] [stderr]    |               ^^^^^^
[INFO] [stderr]    |
[INFO] [stderr]    = note: `cargo::unused_dependencies` is set to `warn` by default
[INFO] [stderr] help: consider removing the dependency on `regex`
[INFO] [stderr] warning: unused dependency `walkdir`
[INFO] [stderr]   --> Cargo.toml:40:15
[INFO] [stderr]    |
[INFO] [stderr] 40 | [dependencies.walkdir]
[INFO] [stderr]    |               ^^^^^^^^
[INFO] [stderr]    |
[INFO] [stderr] help: consider removing the dependency on `walkdir`
[INFO] [stderr] warning: `sublime_standard_tools` (manifest) generated 2 warnings
[INFO] [stderr]     Finished `release` profile [optimized] target(s) in 1m 07s
[INFO] running `Command { std: "docker" "inspect" "166bafb72d835b51d8579157cb109e8297d0fcf241b71f1ccaf3d9da6f583801", kill_on_drop: false }`
[INFO] running `Command { std: "docker" "exec" "-e" "SOURCE_DIR=/opt/rustwide/workdir" "-e" "CARGO_HOME=/opt/rustwide/cargo-home" "-e" "RUSTUP_HOME=/opt/rustwide/rustup-home" "-e" "CARGO_TARGET_DIR=/opt/rustwide/target" "-e" "CARGO_INCREMENTAL=0" "-e" "RUST_BACKTRACE=full" "-e" "RUSTFLAGS=--cap-lints=warn" "-e" "RUSTDOCFLAGS=--cap-lints=warn" "-w" "/opt/rustwide/workdir" "--user" "0:0" "166bafb72d835b51d8579157cb109e8297d0fcf241b71f1ccaf3d9da6f583801" "/opt/rustwide/cargo-home/bin/cargo" "+1.100.0-beta.1" "test" "--frozen" "--no-run" "--message-format=json" "--release", kill_on_drop: false }`
[INFO] [stderr]    Compiling num-traits v0.2.19
[INFO] [stderr]    Compiling getrandom v0.3.4
[INFO] [stderr]    Compiling rustix v1.1.2
[INFO] [stderr]    Compiling bitflags v2.10.0
[INFO] [stderr]    Compiling parking_lot_core v0.9.12
[INFO] [stderr]    Compiling socket2 v0.6.1
[INFO] [stderr]    Compiling option-ext v0.2.0
[INFO] [stderr]    Compiling linux-raw-sys v0.11.0
[INFO] [stderr]    Compiling tokio-macros v2.6.0
[INFO] [stderr]    Compiling fastrand v2.3.0
[INFO] [stderr]    Compiling iana-time-zone v0.1.64
[INFO] [stderr]    Compiling once_cell v1.21.3
[INFO] [stderr]    Compiling dirs-sys v0.5.0
[INFO] [stderr]    Compiling dirs v6.0.0
[INFO] [stderr]    Compiling parking_lot v0.12.5
[INFO] [stderr]    Compiling tokio v1.48.0
[INFO] [stderr]    Compiling chrono v0.4.42
[INFO] [stderr]    Compiling tempfile v3.23.0
[INFO] [stderr]    Compiling sublime_standard_tools v0.0.15 (/opt/rustwide/workdir)
[INFO] [stderr]     Finished `release` profile [optimized] target(s) in 1m 09s
[INFO] running `Command { std: "docker" "inspect" "166bafb72d835b51d8579157cb109e8297d0fcf241b71f1ccaf3d9da6f583801", kill_on_drop: false }`
[INFO] running `Command { std: "docker" "exec" "-e" "SOURCE_DIR=/opt/rustwide/workdir" "-e" "CARGO_HOME=/opt/rustwide/cargo-home" "-e" "RUSTUP_HOME=/opt/rustwide/rustup-home" "-e" "CARGO_TARGET_DIR=/opt/rustwide/target" "-e" "CARGO_INCREMENTAL=0" "-e" "RUST_BACKTRACE=full" "-e" "RUSTFLAGS=--cap-lints=warn" "-e" "RUSTDOCFLAGS=--cap-lints=warn" "-w" "/opt/rustwide/workdir" "--user" "0:0" "166bafb72d835b51d8579157cb109e8297d0fcf241b71f1ccaf3d9da6f583801" "/opt/rustwide/cargo-home/bin/cargo" "+1.100.0-beta.1" "test" "--frozen" "--release", kill_on_drop: false }`
[INFO] [stderr]     Finished `release` profile [optimized] target(s) in 0.10s
[INFO] [stderr]      Running unittests src/lib.rs (/opt/rustwide/target/release/build/sublime_standard_tools/44a398bb2a39f602/out/sublime_standard_tools-44a398bb2a39f602)
[INFO] [stdout] 
[INFO] [stdout] running 147 tests
[INFO] [stdout] test error::tests::tests::test_as_ref_implementation ... ok
[INFO] [stdout] test command::tests::tests::test_command_status ... ok
[INFO] [stdout] test command::tests::tests::test_command_priority_ordering ... ok
[INFO] [stdout] test error::tests::tests::test_from_io_error_trait_implementation ... ok
[INFO] [stdout] test error::tests::tests::test_from_io_method ... ok
[INFO] [stdout] test error::tests::tests::test_filesystem_error_display ... ok
[INFO] [stdout] test command::tests::tests::test_command_builder ... ok
[INFO] [stdout] test error::tests::tests::test_workspace_error_variants ... ok
[INFO] [stdout] test command::tests::tests::test_stream_config ... ok
[INFO] [stdout] test error::tests::tests::test_monorepo_result_usage ... ok
[INFO] [stdout] test error::tests::tests::test_validation_error ... ok
[INFO] [stdout] test error::tests::tests::test_workspace_result_usage ... ok
[INFO] [stdout] test error::tests::tests::test_workspace_error_conversion_to_error ... ok
[INFO] [stdout] test error::tests::tests::test_workspace_error_to_composite_error ... ok
[INFO] [stdout] test command::tests::tests::test_command_output ... ok
[INFO] [stdout] test error::tests::tests::test_filesystem_to_monorepo_error_conversion ... ok
[INFO] [stdout] test command::tests::tests::test_command_stream ... ok
[INFO] [stdout] test error::tests::tests::test_monorepo_error_variants ... ok
[INFO] [stdout] test filesystem::tests::tests::test_error_cases ... ok
[INFO] [stdout] test command::tests::tests::test_default_executor_execute ... ok
[INFO] [stdout] test command::tests::tests::test_command_not_found ... ok
[INFO] [stdout] test filesystem::tests::tests::test_filesystem_manager_comprehensive ... ok
[INFO] [stdout] test filesystem::tests::tests::test_filesystem_concurrent_operations ... ok
[INFO] [stdout] test filesystem::tests::tests::test_directory_operations ... ok
[INFO] [stdout] test filesystem::tests::tests::test_node_path_kind ... ok
[INFO] [stdout] test filesystem::tests::tests::test_filesystem_path_validation ... ok
[INFO] [stdout] test filesystem::tests::tests::test_filesystem_directory_operations ... ok
[INFO] [stdout] test filesystem::tests::tests::test_node_path_kind_comprehensive ... ok
[INFO] [stdout] test filesystem::tests::tests::test_path_extensions_comprehensive ... ok
[INFO] [stdout] test filesystem::tests::tests::test_path_canonicalization ... ok
[INFO] [stdout] test filesystem::tests::tests::test_filesystem_empty_files ... ok
[INFO] [stdout] test filesystem::tests::tests::test_filesystem_cross_platform_paths ... ok
[INFO] [stdout] test filesystem::tests::tests::test_filesystem_unicode_handling ... ok
[INFO] [stdout] test filesystem::tests::tests::test_path_ext_methods ... ok
[INFO] [stdout] test error::tests::tests::test_remaining_error_variants_display ... ok
[INFO] [stdout] test filesystem::tests::tests::test_path_utils_edge_cases ... ok
[INFO] [stdout] test monorepo::tests::error_tests::test_monorepo_error_display ... ok
[INFO] [stdout] test monorepo::tests::monorepo_descriptor_tests::test_dependency_graph ... ok
[INFO] [stdout] test monorepo::tests::monorepo_descriptor_tests::test_find_dependencies_by_name ... ok
[INFO] [stdout] test monorepo::tests::monorepo_descriptor_tests::test_find_package_for_path ... ok
[INFO] [stdout] test monorepo::tests::monorepo_kind_tests::test_monorepo_kind_config_files ... ok
[INFO] [stdout] test filesystem::tests::tests::test_filesystem_special_characters ... ok
[INFO] [stdout] test monorepo::tests::monorepo_kind_tests::test_set_custom ... ok
[INFO] [stdout] test monorepo::tests::package_manager_tests::test_package_manager_creation ... ok
[INFO] [stdout] test monorepo::tests::monorepo_kind_tests::test_monorepo_kind_names ... ok
[INFO] [stdout] test filesystem::tests::tests::test_path_utils_make_relative ... ok
[INFO] [stdout] test monorepo::tests::monorepo_descriptor_tests::test_monorepo_descriptor_creation ... ok
[INFO] [stdout] test monorepo::tests::monorepo_descriptor_tests::test_get_package ... ok
[INFO] [stdout] test monorepo::tests::package_manager_tests::test_package_manager_detect_failure ... ok
[INFO] [stdout] test filesystem::tests::tests::test_path_utils ... ok
[INFO] [stdout] test monorepo::tests::package_manager_tests::test_package_manager_kind_commands ... ok
[INFO] [stdout] test filesystem::tests::tests::test_path_utils_comprehensive ... ok
[INFO] [stdout] test monorepo::tests::package_manager_tests::test_package_manager_detect ... ok
[INFO] [stdout] test filesystem::tests::tests::test_read_write_file ... ok
[INFO] [stdout] test filesystem::tests::tests::test_read_write_string ... ok
[INFO] [stdout] test filesystem::tests::tests::test_filesystem_remove_operations ... ok
[INFO] [stdout] test node::tests::tests::test_all_monorepo_kinds_have_workspace_support ... ok
[INFO] [stdout] test monorepo::tests::package_manager_tests::test_package_manager_lock_file_path ... ok
[INFO] [stdout] test node::tests::tests::test_jsr_package_manager ... ok
[INFO] [stdout] test node::tests::tests::test_monorepo_kind_npm ... ok
[INFO] [stdout] test node::tests::tests::test_monorepo_kind_pnpm ... ok
[INFO] [stdout] test node::tests::tests::test_monorepo_kind_yarn ... ok
[INFO] [stdout] test node::tests::tests::test_npm_package_manager ... ok
[INFO] [stdout] test filesystem::tests::tests::test_filesystem_error_conditions ... ok
[INFO] [stdout] test node::tests::tests::test_package_manager_clone ... ok
[INFO] [stdout] test monorepo::tests::package_manager_tests::test_package_manager_kind_lock_files ... ok
[INFO] [stdout] test node::tests::tests::test_package_manager_creation ... ok
[INFO] [stdout] test node::tests::tests::test_package_manager_debug ... ok
[INFO] [stdout] test node::tests::tests::test_package_manager_error_conditions ... ok
[INFO] [stdout] test filesystem::tests::tests::test_filesystem_large_file_handling ... ok
[INFO] [stdout] test node::tests::tests::test_bun_package_manager ... ok
[INFO] [stdout] test node::tests::tests::test_package_manager_kind_case_insensitive_deserialization ... ok
[INFO] [stdout] test node::tests::tests::test_concurrent_package_manager_detection ... ok
[INFO] [stdout] test node::tests::tests::test_package_manager_kind_equality ... ok
[INFO] [stdout] test node::tests::tests::test_package_manager_kind_exhaustiveness ... ok
[INFO] [stdout] test node::tests::tests::test_package_manager_workspace_config_path ... ok
[INFO] [stdout] test node::tests::tests::test_pnpm_package_manager ... ok
[INFO] [stdout] test node::tests::tests::test_package_manager_kind_clone_copy ... ok
[INFO] [stdout] test node::tests::tests::test_package_manager_lock_file_path ... ok
[INFO] [stdout] test node::tests::tests::test_package_manager_with_pathbuf ... ok
[INFO] [stdout] test node::tests::tests::test_pnpm_specific_integration ... ok
[INFO] [stdout] test node::tests::tests::test_package_manager_kind_debug ... ok
[INFO] [stdout] test node::tests::tests::test_repo_kind_all_monorepo_kinds ... ok
[INFO] [stdout] test node::tests::tests::test_repo_kind_boundary_conditions ... ok
[INFO] [stdout] test node::tests::tests::test_package_manager_clone_and_debug ... ok
[INFO] [stdout] test node::tests::tests::test_package_manager_workspace_support ... ok
[INFO] [stdout] test node::tests::tests::test_package_manager_kinds_coverage ... ok
[INFO] [stdout] test node::tests::tests::test_package_manager_all_kinds ... ok
[INFO] [stdout] test node::tests::tests::test_package_manager_detection_edge_cases ... ok
[INFO] [stdout] test node::tests::tests::test_repo_kind_debug ... ok
[INFO] [stdout] test node::tests::tests::test_repo_kind_clone ... ok
[INFO] [stdout] test node::tests::tests::test_repo_kind_equality ... ok
[INFO] [stdout] test node::tests::tests::test_repo_kind_comprehensive_equality ... ok
[INFO] [stdout] test node::tests::tests::test_repository_info_monorepo ... ok
[INFO] [stdout] test node::tests::tests::test_repo_kind_with_package_manager_integration ... ok
[INFO] [stdout] test node::tests::tests::test_repository_info_trait_comprehensive ... ok
[INFO] [stdout] test node::tests::tests::test_repository_info_send_sync ... ok
[INFO] [stdout] test node::tests::tests::test_package_manager_with_complex_paths ... ok
[INFO] [stdout] test node::tests::tests::test_repository_info_trait_object ... ok
[INFO] [stdout] test node::tests::tests::test_simple_repo_kind ... ok
[INFO] [stdout] test node::tests::tests::test_simple_repo_with_npm ... ok
[INFO] [stdout] test node::tests::tests::test_repository_info_simple ... ok
[INFO] [stdout] test node::tests::tests::test_yarn_package_manager ... ok
[INFO] [stdout] test node::tests::tests::test_package_manager_workspace_support_detection ... ok
[INFO] [stdout] test project::tests::tests::test_detect_kind_simple_project ... ok
[INFO] [stdout] test project::tests::tests::test_detector_creation ... ok
[INFO] [stdout] test node::tests::tests::test_repository_info_with_package_manager ... ok
[INFO] [stdout] test project::tests::tests::test_manager_creation ... ok
[INFO] [stdout] test project::tests::tests::test_project_descriptor_trait_object ... ok
[INFO] [stdout] test project::tests::tests::test_is_valid_project_with_invalid_package_json ... ok
[INFO] [stdout] test project::tests::tests::test_is_valid_project_without_package_json ... ok
[INFO] [stdout] test project::tests::tests::test_is_valid_project_with_valid_project ... ok
[INFO] [stdout] test project::tests::tests::test_generic_project_comprehensive ... ok
[INFO] [stdout] test project::tests::tests::test_project_detector_is_valid_project_edge_cases ... ok
[INFO] [stdout] test project::tests::tests::test_is_valid_project ... ok
[INFO] [stdout] test project::tests::tests::test_project_kind_comprehensive_scenarios ... ok
[INFO] [stdout] test project::tests::tests::test_project_kind_monorepo ... ok
[INFO] [stdout] test project::tests::tests::test_project_kind_equality ... ok
[INFO] [stdout] test project::tests::tests::test_project_kind_simple ... ok
[INFO] [stdout] test project::tests::tests::test_project_validation_status_comprehensive ... ok
[INFO] [stdout] test project::tests::tests::test_project_detector_concurrent_access ... ok
[INFO] [stdout] test project::tests::tests::test_simple_project_creation ... ok
[INFO] [stdout] test project::tests::tests::test_simple_project_setters ... ok
[INFO] [stdout] test project::tests::tests::test_simple_project_comprehensive ... ok
[INFO] [stdout] test project::tests::tests::test_simple_project_with_validation ... ok
[INFO] [stdout] test project::tests::tests::test_find_project_root ... ok
[INFO] [stdout] test project::tests::tests::test_validate_project_descriptor_missing_package_json ... ok
[INFO] [stdout] test project::tests::tests::test_create_project ... ok
[INFO] [stdout] test project::tests::tests::test_project_detector_detect_kind_comprehensive ... ok
[INFO] [stdout] test project::tests::tests::test_detect_simple_project ... ok
[INFO] [stdout] test project::tests::tests::test_simple_project_mutations ... ok
[INFO] [stdout] test project::tests::tests::test_validation_status_not_validated ... ok
[INFO] [stdout] test project::tests::tests::test_validation_status_valid ... ok
[INFO] [stdout] test project::tests::tests::test_validation_status_warning ... ok
[INFO] [stdout] test project::tests::tests::test_validator_creation ... ok
[INFO] [stdout] test project::tests::tests::test_validation_status_error ... ok
[INFO] [stdout] test project::tests::tests::test_validate_project_descriptor_valid ... ok
[INFO] [stdout] test project::tests::tests::test_validate_project_descriptor_with_warnings ... ok
[INFO] [stdout] test project::tests::tests::test_find_project_root_not_found ... ok
[INFO] [stdout] test project::tests::tests::test_project_deep_nesting ... ok
[INFO] [stdout] test project::tests::tests::test_project_detector_error_conditions ... ok
[INFO] [stdout] test project::tests::tests::test_project_detector_with_malformed_json ... ok
[INFO] [stdout] test filesystem::tests::tests::test_filesystem_stress_test ... ok
[INFO] [stdout] test project::tests::tests::test_project_stress_testing ... ok
[INFO] [stdout] test command::tests::tests::test_command_queue ... ok
[INFO] [stdout] test command::tests::tests::test_command_timeout ... ok
[INFO] [stdout] test command::tests::tests::test_command_queue_priority_execution ... ok
[INFO] [stderr]      Running tests/e2e_command.rs (/opt/rustwide/target/release/build/sublime_standard_tools/508e360d431f4b35/out/e2e_command-508e360d431f4b35)
[INFO] [stdout] 
[INFO] [stdout] test result: ok. 147 passed; 0 failed; 0 ignored; 0 measured; 0 filtered out; finished in 0.26s
[INFO] [stdout] 
[INFO] [stdout] 
[INFO] [stdout] running 19 tests
[INFO] [stdout] test test_executor_command_not_found ... ok
[INFO] [stdout] test test_command_output_failure_methods ... ok
[INFO] [stdout] test test_command_with_stdin_simulation ... ok
[INFO] [stdout] test test_executor_with_config ... ok
[INFO] [stdout] test test_command_builder_basic ... ok
[INFO] [stdout] test test_command_output_success_methods ... ok
[INFO] [stdout] test test_command_builder_with_current_dir ... ok
[INFO] [stdout] test test_command_builder_with_timeout ... ok
[INFO] [stdout] test test_command_builder_chain ... ok
[INFO] [stdout] test test_executor_exit_code_non_zero ... ok
[INFO] [stdout] test test_executor_with_env_variable ... ok
[INFO] [stdout] test test_command_builder_with_env ... ok
[INFO] [stdout] test test_executor_stderr_capture ... ok
[INFO] [stdout] test test_executor_with_timeout_success ... ok
[INFO] [stdout] test test_executor_working_directory ... ok
[INFO] [stdout] test test_command_with_large_output ... ok
[INFO] [stdout] test test_executor_file_operations ... ok
[INFO] [stdout] test test_executor_echo_command ... ok
[INFO] [stdout] test test_multiple_sequential_commands ... ok
[INFO] [stdout] 
[INFO] [stdout] test result: ok. 19 passed; 0 failed; 0 ignored; 0 measured; 0 filtered out; finished in 0.08s
[INFO] [stdout] 
[INFO] [stderr]      Running tests/e2e_config.rs (/opt/rustwide/target/release/build/sublime_standard_tools/369f911ba5a6f577/out/e2e_config-369f911ba5a6f577)
[INFO] [stdout] 
[INFO] [stdout] running 27 tests
[INFO] [stdout] test test_config_format_from_extension ... ok
[INFO] [stdout] test test_package_manager_config_default ... ok
[INFO] [stdout] test test_monorepo_config_default ... ok
[INFO] [stdout] test test_monorepo_config_exclude_patterns ... ok
[INFO] [stdout] test test_filesystem_config_default ... ok
[INFO] [stdout] test test_config_with_components ... ok
[INFO] [stdout] test test_package_manager_config_custom_order ... ok
[INFO] [stdout] test test_config_roundtrip_json ... ok
[INFO] [stdout] test test_parse_yaml_config ... ok
[INFO] [stdout] test test_config_roundtrip_toml ... ok
[INFO] [stdout] test test_filesystem_config_ignore_patterns ... ok
[INFO] [stdout] test test_serialize_config_to_toml ... ok
[INFO] [stdout] test test_parse_json_config ... ok
[INFO] [stdout] test test_command_config_custom ... ok
[INFO] [stdout] test test_config_format_extension ... ok
[INFO] [stdout] test test_parse_toml_config ... ok
[INFO] [stdout] test test_package_manager_config_with_fallback ... ok
[INFO] [stdout] test test_parse_toml_partial_config ... ok
[INFO] [stdout] test test_serialize_config_to_json ... ok
[INFO] [stdout] test test_standard_config_default ... ok
[INFO] [stdout] test test_standard_config_validation ... ok
[INFO] [stdout] test test_validation_config_default ... ok
[INFO] [stdout] test test_command_config_default ... ok
[INFO] [stdout] test test_monorepo_config_custom_patterns ... ok
[INFO] [stdout] test test_realistic_project_config ... ok
[INFO] [stdout] test test_load_config_from_toml_file ... ok
[INFO] [stdout] test test_load_config_from_json_file ... ok
[INFO] [stdout] 
[INFO] [stdout] test result: ok. 27 passed; 0 failed; 0 ignored; 0 measured; 0 filtered out; finished in 0.03s
[INFO] [stdout] 
[INFO] [stderr]      Running tests/e2e_filesystem.rs (/opt/rustwide/target/release/build/sublime_standard_tools/fe94f3a4d161f5bc/out/e2e_filesystem-fe94f3a4d161f5bc)
[INFO] [stdout] 
[INFO] [stdout] running 34 tests
[INFO] [stdout] test test_filesystem_manager_with_standard_config ... ok
[INFO] [stdout] test test_path_ext_node_path_node_modules ... ok
[INFO] [stdout] test test_path_ext_node_path_dist ... ok
[INFO] [stdout] test test_filesystem_manager_default_trait ... ok
[INFO] [stdout] test test_metadata_nonexistent_error ... ok
[INFO] [stdout] test test_filesystem_manager_new ... ok
[INFO] [stdout] test test_path_ext_node_path_package_json ... ok
[INFO] [stdout] test test_path_ext_node_path_src ... ok
[INFO] [stdout] test test_path_ext_all_node_paths ... ok
[INFO] [stdout] test test_filesystem_manager_with_config ... ok
[INFO] [stdout] test test_read_nonexistent_file_error ... ok
[INFO] [stdout] test test_metadata_directory ... ok
[INFO] [stdout] test test_read_dir_nonexistent_error ... ok
[INFO] [stdout] test test_exists_directory ... ok
[INFO] [stdout] test test_read_unicode_content ... ok
[INFO] [stdout] test test_metadata_file ... ok
[INFO] [stdout] test test_create_dir_all_idempotent ... ok
[INFO] [stdout] test test_write_and_read_file_bytes ... ok
[INFO] [stdout] test test_read_dir ... ok
[INFO] [stdout] test test_exists_file ... ok
[INFO] [stdout] test test_concurrent_file_operations ... ok
[INFO] [stdout] test test_create_dir_all ... ok
[INFO] [stdout] test test_remove_directory ... ok
[INFO] [stdout] test test_special_characters_in_filename ... ok
[INFO] [stdout] test test_read_dir_sorted ... ok
[INFO] [stdout] test test_write_and_read_file_string ... ok
[INFO] [stdout] test test_write_creates_parent_directories ... ok
[INFO] [stdout] test test_walk_dir_empty ... ok
[INFO] [stdout] test test_complex_directory_operations ... ok
[INFO] [stdout] test test_remove_file ... ok
[INFO] [stderr]      Running tests/e2e_monorepo.rs (/opt/rustwide/target/release/build/sublime_standard_tools/d251e28cd21bc48b/out/e2e_monorepo-d251e28cd21bc48b)
[INFO] [stdout] test test_write_overwrites_existing_file ... ok
[INFO] [stdout] test test_remove_nonexistent_error ... ok
[INFO] [stdout] test test_read_large_file ... ok
[INFO] [stdout] test test_walk_dir ... ok
[INFO] [stdout] 
[INFO] [stdout] test result: ok. 34 passed; 0 failed; 0 ignored; 0 measured; 0 filtered out; finished in 0.04s
[INFO] [stdout] 
[INFO] [stdout] 
[INFO] [stdout] running 21 tests
[INFO] [stdout] test test_monorepo_detector_new ... ok
[INFO] [stdout] test test_monorepo_detector_with_filesystem ... ok
[INFO] [stdout] test test_monorepo_kind_names ... ok
[INFO] [stdout] test test_find_monorepo_root_not_found ... ok
[INFO] [stdout] test test_complex_monorepo_structure ... ok
[INFO] [stdout] test test_monorepo_detector_with_config ... ok
[INFO] [stdout] test test_detect_yarn_workspaces_with_apps_and_packages ... ok
[INFO] [stdout] test test_find_monorepo_root_from_package ... ok
[INFO] [stdout] test test_not_monorepo_empty_directory ... ok
[INFO] [stdout] test test_has_multiple_packages_false ... ok
[INFO] [stdout] test test_not_monorepo_simple_package ... ok
[INFO] [stdout] test test_detect_npm_workspaces_with_packages ... ok
[INFO] [stdout] test test_detect_packages_excludes_node_modules ... ok
[INFO] [stdout] test test_detect_pnpm_workspaces_yaml ... ok
[INFO] [stdout] test test_detect_yarn_workspaces ... ok
[INFO] [stdout] test test_detect_pnpm_workspaces_package_json ... ok
[INFO] [stdout] test test_dependency_graph ... ok
[INFO] [stdout] test test_has_multiple_packages_true ... ok
[INFO] [stderr]      Running tests/e2e_node.rs (/opt/rustwide/target/release/build/sublime_standard_tools/cc823a6462c2e2ed/out/e2e_node-cc823a6462c2e2ed)
[INFO] [stdout] test test_monorepo_with_scoped_and_unscoped_packages ... ok
[INFO] [stdout] test test_detect_npm_workspaces ... ok
[INFO] [stdout] test test_detect_packages_with_dependencies ... ok
[INFO] [stdout] 
[INFO] [stdout] test result: ok. 21 passed; 0 failed; 0 ignored; 0 measured; 0 filtered out; finished in 0.03s
[INFO] [stdout] 
[INFO] [stdout] 
[INFO] [stdout] running 21 tests
[INFO] [stdout] test test_detect_fails_empty_directory ... ok
[INFO] [stdout] test test_package_manager_kind_supports_workspaces ... ok
[INFO] [stdout] test test_package_manager_kind_commands ... ok
[INFO] [stdout] test test_package_manager_kind_names ... ok
[INFO] [stdout] test test_package_manager_kind_lock_files ... ok
[INFO] [stdout] test test_repo_kind_monorepo ... ok
[INFO] [stdout] test test_repo_kind_simple ... ok
[INFO] [stdout] test test_package_manager_root ... ok
[INFO] [stdout] test test_package_manager_in_nested_directory ... ok
[INFO] [stdout] test test_detect_bun_from_lock_file ... ok
[INFO] [stdout] test test_detect_fails_without_lock_file ... ok
[INFO] [stdout] test test_yarn_has_priority_over_npm ... ok
[INFO] [stdout] test test_detect_yarn_from_lock_file ... ok
[INFO] [stdout] test test_detect_pnpm_from_lock_file ... ok
[INFO] [stdout] test test_package_manager_with_workspaces ... ok
[INFO] [stdout] test test_pnpm_has_priority_over_npm ... ok
[INFO] [stdout] test test_package_manager_lock_file_path ... ok
[INFO] [stdout] test test_detect_npm_from_lock_file ... ok
[INFO] [stdout] test test_detect_pnpm_from_workspace_yaml ... ok
[INFO] [stdout] test test_package_manager_detection_all_types ... ok
[INFO] [stderr]      Running tests/e2e_project.rs (/opt/rustwide/target/release/build/sublime_standard_tools/7de1aee5907a9b83/out/e2e_project-7de1aee5907a9b83)
[INFO] [stdout] test test_detect_yarn_berry ... ok
[INFO] [stdout] 
[INFO] [stdout] test result: ok. 21 passed; 0 failed; 0 ignored; 0 measured; 0 filtered out; finished in 0.03s
[INFO] [stdout] 
[INFO] [stdout] 
[INFO] [stdout] running 20 tests
[INFO] [stdout] test test_is_valid_project_false_empty ... ok
[INFO] [stdout] test test_detect_project_error_on_invalid_json ... ok
[INFO] [stdout] test test_project_detector_new ... ok
[INFO] [stdout] test test_is_valid_project_false_no_package_json ... ok
[INFO] [stdout] test test_is_valid_project_true ... ok
[INFO] [stdout] test test_project_extracts_package_manager ... ok
[INFO] [stdout] test test_detect_kind_monorepo ... ok
[INFO] [stdout] test test_project_detector_with_filesystem ... ok
[INFO] [stdout] test test_detect_simple_nodejs_project ... ok
[INFO] [stdout] test test_project_kind_names ... ok
[INFO] [stdout] test test_detect_simple_project_with_typescript ... ok
[INFO] [stdout] test test_detect_kind_simple ... ok
[INFO] [stdout] test test_project_with_all_common_files ... ok
[INFO] [stdout] test test_project_manager_with_config ... ok
[INFO] [stdout] test test_detect_monorepo_project ... ok
[INFO] [stdout] test test_project_manager_create_project ... ok
[INFO] [stdout] test test_project_extracts_package_json ... ok
[INFO] [stdout] test test_project_validation_status ... ok
[INFO] [stdout] test test_sequential_project_detection ... ok
[INFO] [stdout] test test_detect_multiple_project_types ... ok
[INFO] [stderr]      Running tests/real_world_usage.rs (/opt/rustwide/target/release/build/sublime_standard_tools/ec0ce6d7d2293597/out/real_world_usage-ec0ce6d7d2293597)
[INFO] [stdout] 
[INFO] [stdout] test result: ok. 20 passed; 0 failed; 0 ignored; 0 measured; 0 filtered out; finished in 0.04s
[INFO] [stdout] 
[INFO] [stdout] 
[INFO] [stdout] running 5 tests
[INFO] [stdout] test test_simple_repository_analysis ... FAILED
[INFO] [stdout] test test_project_type_detection ... ok
[INFO] [stdout] test test_monorepo_analysis ... FAILED
[INFO] [stdout] test test_error_recovery_missing_lock_file ... ok
[INFO] [stdout] test test_comprehensive_real_world_scenario ... ok
[INFO] [stdout] 
[INFO] [stdout] failures:
[INFO] [stdout] 
[INFO] [stdout] ---- test_simple_repository_analysis stdout ----
[INFO] [stdout] 🚀 Testing Simple Repository Analysis
[INFO] [stdout] =====================================
[INFO] [stdout] 🏗️ Setting up simple repository: @scope/simple v0.4.0
[INFO] [stdout] ✅ Simple repository setup completed with custom configuration
[INFO] [stdout] 🔧 Creating analyzer with default configuration...
[INFO] [stdout] 🔍 Analyzing simple repository at: /tmp/.tmpgyrLiR
[INFO] [stdout] 📋 Found repo.config.toml - using project-specific configuration
[INFO] [stdout] 📦 Detected project type: simple
[INFO] [stdout] ✅ Project validation status: Warning(["Package license is missing", "Dependencies declared but node_modules directory is missing"])
[INFO] [stdout] 📋 Using package manager: npm
[INFO] [stdout] 
[INFO] [stdout] 📊 Analysis Results:
[INFO] [stdout]   Name: @scope/simple
[INFO] [stdout]   Version: 0.4.0
[INFO] [stdout]   Package Manager: npm
[INFO] [stdout]   Has TypeScript: true
[INFO] [stdout]   Scripts: ["build", "dev", "lint"]
[INFO] [stdout]   Dependencies: ["node-fetch"]
[INFO] [stdout]   Dev Dependencies: ["@types/node", "typescript"]
[INFO] [stdout] 
[INFO] [stdout] 🏃 Testing Script Execution:
[INFO] [stdout] 🚀 Running scripts in simple repository...
[INFO] [stdout]   Running script: build
[INFO] [stdout]     ❌ Script 'build' failed: Command execution error
[INFO] [stdout]   Running script: lint
[INFO] [stdout]     ❌ Script 'lint' failed: Command execution error
[INFO] [stdout]   Running script: dev
[INFO] [stdout]     ❌ Script 'dev' failed: Command execution error
[INFO] [stdout]   build - ❌
[INFO] [stdout]   lint - ❌
[INFO] [stdout]   dev - ❌
[INFO] [stdout] 
[INFO] [stdout] thread 'test_simple_repository_analysis' (2357) panicked at tests/real_world_usage.rs:1031:5:
[INFO] [stdout] assertion failed: script_results.iter().all(|(_, success)| *success)
[INFO] [stdout] stack backtrace:
[INFO] [stdout]    0:     0x5891390b0d11 - <<std[617be2ca0a6fd877]::sys::backtrace::BacktraceLock>::print::DisplayBacktrace as core[a373ad73a504971]::fmt::Display>::fmt
[INFO] [stdout]    1:     0x5891390c688a - core[a373ad73a504971]::fmt::write
[INFO] [stdout]    2:     0x5891390b540c - <alloc[2e1b2a31b91974c5]::vec::Vec<u8> as core[a373ad73a504971]::io::write::Write>::write_fmt
[INFO] [stdout]    3:     0x58913908a566 - std[617be2ca0a6fd877]::panicking::default_hook::{closure#0}
[INFO] [stdout]    4:     0x5891390a8039 - std[617be2ca0a6fd877]::panicking::default_hook
[INFO] [stdout]    5:     0x589138fe38d0 - test[aada8e7e76ba119b]::test_main_inner::{closure#0}
[INFO] [stdout]    6:     0x5891390a8362 - std[617be2ca0a6fd877]::panicking::panic_with_hook
[INFO] [stdout]    7:     0x58913908a644 - std[617be2ca0a6fd877]::panicking::panic_handler::{closure#0}
[INFO] [stdout]    8:     0x589139082fd9 - std[617be2ca0a6fd877]::sys::backtrace::__rust_end_short_backtrace::<std[617be2ca0a6fd877]::panicking::panic_handler::{closure#0}, !>
[INFO] [stdout]    9:     0x58913908b21d - __rustc[ea4f61d10b84890b]::rust_begin_unwind
[INFO] [stdout]   10:     0x5891390c6fec - core[a373ad73a504971]::panicking::panic_fmt
[INFO] [stdout]   11:     0x5891390c6fb2 - core[a373ad73a504971]::panicking::panic
[INFO] [stdout]   12:     0x589138f97ca0 - real_world_usage[8657bee9ea525019]::test_simple_repository_analysis::{closure#0}
[INFO] [stdout]   13:     0x589138fca14d - <tokio[5f1dac73ff51f911]::runtime::scheduler::current_thread::Context>::enter::<core[a373ad73a504971]::task::poll::Poll<core[a373ad73a504971]::result::Result<(), sublime_standard_tools[fc35a1f449808d87]::error::Error>>, <tokio[5f1dac73ff51f911]::runtime::scheduler::current_thread::CoreGuard>::block_on<core[a373ad73a504971]::pin::Pin<&mut core[a373ad73a504971]::pin::Pin<&mut dyn core[a373ad73a504971]::future::future::Future<Output = core[a373ad73a504971]::result::Result<(), sublime_standard_tools[fc35a1f449808d87]::error::Error>>>>>::{closure#0}::{closure#0}>
[INFO] [stdout]   14:     0x589138fd4c81 - <std[617be2ca0a6fd877]::thread::local::LocalKey<tokio[5f1dac73ff51f911]::runtime::context::Context>>::with::<tokio[5f1dac73ff51f911]::runtime::context::set_scheduler<(alloc[2e1b2a31b91974c5]::boxed::Box<tokio[5f1dac73ff51f911]::runtime::scheduler::current_thread::Core>, core[a373ad73a504971]::option::Option<core[a373ad73a504971]::result::Result<(), sublime_standard_tools[fc35a1f449808d87]::error::Error>>), <tokio[5f1dac73ff51f911]::runtime::scheduler::current_thread::CoreGuard>::enter<<tokio[5f1dac73ff51f911]::runtime::scheduler::current_thread::CoreGuard>::block_on<core[a373ad73a504971]::pin::Pin<&mut core[a373ad73a504971]::pin::Pin<&mut dyn core[a373ad73a504971]::future::future::Future<Output = core[a373ad73a504971]::result::Result<(), sublime_standard_tools[fc35a1f449808d87]::error::Error>>>>>::{closure#0}, core[a373ad73a504971]::option::Option<core[a373ad73a504971]::result::Result<(), sublime_standard_tools[fc35a1f449808d87]::error::Error>>>::{closure#0}>::{closure#0}, (alloc[2e1b2a31b91974c5]::boxed::Box<tokio[5f1dac73ff51f911]::runtime::scheduler::current_thread::Core>, core[a373ad73a504971]::option::Option<core[a373ad73a504971]::result::Result<(), sublime_standard_tools[fc35a1f449808d87]::error::Error>>)>
[INFO] [stdout]   15:     0x589138fca4da - <tokio[5f1dac73ff51f911]::runtime::scheduler::current_thread::CoreGuard>::block_on::<core[a373ad73a504971]::pin::Pin<&mut core[a373ad73a504971]::pin::Pin<&mut dyn core[a373ad73a504971]::future::future::Future<Output = core[a373ad73a504971]::result::Result<(), sublime_standard_tools[fc35a1f449808d87]::error::Error>>>>>
[INFO] [stdout]   16:     0x589138fc998a - tokio[5f1dac73ff51f911]::runtime::context::runtime::enter_runtime::<<tokio[5f1dac73ff51f911]::runtime::scheduler::current_thread::CurrentThread>::block_on<core[a373ad73a504971]::pin::Pin<&mut dyn core[a373ad73a504971]::future::future::Future<Output = core[a373ad73a504971]::result::Result<(), sublime_standard_tools[fc35a1f449808d87]::error::Error>>>>::{closure#0}, core[a373ad73a504971]::result::Result<(), sublime_standard_tools[fc35a1f449808d87]::error::Error>>
[INFO] [stdout]   17:     0x589138fc8c26 - <tokio[5f1dac73ff51f911]::runtime::runtime::Runtime>::block_on::<core[a373ad73a504971]::pin::Pin<&mut dyn core[a373ad73a504971]::future::future::Future<Output = core[a373ad73a504971]::result::Result<(), sublime_standard_tools[fc35a1f449808d87]::error::Error>>>>
[INFO] [stdout]   18:     0x589138fa5f10 - <real_world_usage[8657bee9ea525019]::test_simple_repository_analysis::{closure#0} as core[a373ad73a504971]::ops::function::FnOnce<()>>::call_once
[INFO] [stdout]   19:     0x589138fd6d1b - test[aada8e7e76ba119b]::__rust_begin_short_backtrace::<core[a373ad73a504971]::result::Result<(), alloc[2e1b2a31b91974c5]::string::String>, fn() -> core[a373ad73a504971]::result::Result<(), alloc[2e1b2a31b91974c5]::string::String>>
[INFO] [stdout]   20:     0x589138fe3ef5 - test[aada8e7e76ba119b]::run_test::{closure#0}
[INFO] [stdout]   21:     0x589138fdd7e4 - std[617be2ca0a6fd877]::sys::backtrace::__rust_begin_short_backtrace::<test[aada8e7e76ba119b]::run_test::{closure#1}, ()>
[INFO] [stdout]   22:     0x589138fe6f82 - <std[617be2ca0a6fd877]::thread::lifecycle::spawn_unchecked<test[aada8e7e76ba119b]::run_test::{closure#1}, ()>::{closure#1} as core[a373ad73a504971]::ops::function::FnOnce<()>>::call_once::{shim:vtable#0}
[INFO] [stdout]   23:     0x5891390b001f - <std[617be2ca0a6fd877]::sys::thread::unix::Thread>::new::thread_start
[INFO] [stdout]   24:     0x75b8dcddadfa - <unknown>
[INFO] [stdout]   25:     0x75b8dce6e3d4 - clone
[INFO] [stdout]   26:                0x0 - <unknown>
[INFO] [stdout] 
[INFO] [stdout] ---- test_monorepo_analysis stdout ----
[INFO] [stdout] 🚀 Testing Monorepo Analysis
[INFO] [stdout] ============================
[INFO] [stdout] 🏗️ Setting up monorepo with pnpm workspace...
[INFO] [stdout] ✅ Monorepo setup completed with custom configuration
[INFO] [stdout] 🔍 Analyzing monorepo at: /tmp/.tmprRzobd
[INFO] [stdout] 📋 Found repo.config.toml - using monorepo-specific configuration
[INFO] [stdout]     Custom workspace fields: [@scope/] pattern enabled
[INFO] [stdout]     Extended workspace patterns and higher concurrency configured
[INFO] [stdout] 📦 Detected monorepo type: pnpm
[INFO] [stdout] 📋 Found 3 workspace packages
[INFO] [stdout] 📋 Using package manager: pnpm
[INFO] [stdout] 
[INFO] [stdout] 📊 Monorepo Analysis Results:
[INFO] [stdout]   Name: @scope/monorepo
[INFO] [stdout]   Package Manager: pnpm
[INFO] [stdout]   Workspace Packages: 3
[INFO] [stdout]     - @scope/lib v1.0.0 (/tmp/.tmprRzobd/packages/lib)
[INFO] [stdout]       Scripts: ["build", "dev", "lint"]
[INFO] [stdout]       Dependencies: ["signals"]
[INFO] [stdout]     - @scope/ui v1.0.0 (/tmp/.tmprRzobd/packages/ui)
[INFO] [stdout]       Scripts: ["build", "dev", "lint"]
[INFO] [stdout]       Dependencies: ["zag-js"]
[INFO] [stdout]     - @scope/app v1.0.0 (/tmp/.tmprRzobd/apps/app)
[INFO] [stdout]       Scripts: ["build", "dev", "lint"]
[INFO] [stdout]       Dependencies: ["@scope/lib", "@scope/ui", "react"]
[INFO] [stdout]       Workspace Deps: ["@scope/lib", "@scope/ui"]
[INFO] [stdout] 
[INFO] [stdout] 🔗 Dependency Graph:
[INFO] [stdout]   @scope/lib depends on:
[INFO] [stdout]     - @scope/app
[INFO] [stdout]   @scope/ui depends on:
[INFO] [stdout]     - @scope/app
[INFO] [stdout] 
[INFO] [stdout] 🏃 Testing Workspace Script Execution:
[INFO] [stdout] 🚀 Running 'build' script across workspace packages...
[INFO] [stdout]   Running 'build' for package: @scope/lib
[INFO] [stdout]     ❌ 'build' failed for @scope/lib: Command execution error
[INFO] [stdout]   Running 'build' for package: @scope/ui
[INFO] [stdout]     ❌ 'build' failed for @scope/ui: Command execution error
[INFO] [stdout]   Running 'build' for package: @scope/app
[INFO] [stdout]     ❌ 'build' failed for @scope/app: Command execution error
[INFO] [stdout]   @scope/lib build - ❌
[INFO] [stdout]   @scope/ui build - ❌
[INFO] [stdout]   @scope/app build - ❌
[INFO] [stdout] 
[INFO] [stdout] thread 'test_monorepo_analysis' (2355) panicked at tests/real_world_usage.rs:1123:5:
[INFO] [stdout] assertion failed: build_results.iter().all(|(_, success)| *success)
[INFO] [stdout] stack backtrace:
[INFO] [stdout]    0:     0x5891390b0d11 - <<std[617be2ca0a6fd877]::sys::backtrace::BacktraceLock>::print::DisplayBacktrace as core[a373ad73a504971]::fmt::Display>::fmt
[INFO] [stdout]    1:     0x5891390c688a - core[a373ad73a504971]::fmt::write
[INFO] [stdout]    2:     0x5891390b540c - <alloc[2e1b2a31b91974c5]::vec::Vec<u8> as core[a373ad73a504971]::io::write::Write>::write_fmt
[INFO] [stdout]    3:     0x58913908a566 - std[617be2ca0a6fd877]::panicking::default_hook::{closure#0}
[INFO] [stdout]    4:     0x5891390a8039 - std[617be2ca0a6fd877]::panicking::default_hook
[INFO] [stdout]    5:     0x589138fe38d0 - test[aada8e7e76ba119b]::test_main_inner::{closure#0}
[INFO] [stdout]    6:     0x5891390a8362 - std[617be2ca0a6fd877]::panicking::panic_with_hook
[INFO] [stdout]    7:     0x58913908a644 - std[617be2ca0a6fd877]::panicking::panic_handler::{closure#0}
[INFO] [stdout]    8:     0x589139082fd9 - std[617be2ca0a6fd877]::sys::backtrace::__rust_end_short_backtrace::<std[617be2ca0a6fd877]::panicking::panic_handler::{closure#0}, !>
[INFO] [stdout]    9:     0x58913908b21d - __rustc[ea4f61d10b84890b]::rust_begin_unwind
[INFO] [stdout]   10:     0x5891390c6fec - core[a373ad73a504971]::panicking::panic_fmt
[INFO] [stdout]   11:     0x5891390c6fb2 - core[a373ad73a504971]::panicking::panic
[INFO] [stdout]   12:     0x589138f954a8 - real_world_usage[8657bee9ea525019]::test_monorepo_analysis::{closure#0}
[INFO] [stdout]   13:     0x589138fca14d - <tokio[5f1dac73ff51f911]::runtime::scheduler::current_thread::Context>::enter::<core[a373ad73a504971]::task::poll::Poll<core[a373ad73a504971]::result::Result<(), sublime_standard_tools[fc35a1f449808d87]::error::Error>>, <tokio[5f1dac73ff51f911]::runtime::scheduler::current_thread::CoreGuard>::block_on<core[a373ad73a504971]::pin::Pin<&mut core[a373ad73a504971]::pin::Pin<&mut dyn core[a373ad73a504971]::future::future::Future<Output = core[a373ad73a504971]::result::Result<(), sublime_standard_tools[fc35a1f449808d87]::error::Error>>>>>::{closure#0}::{closure#0}>
[INFO] [stdout]   14:     0x589138fd4c81 - <std[617be2ca0a6fd877]::thread::local::LocalKey<tokio[5f1dac73ff51f911]::runtime::context::Context>>::with::<tokio[5f1dac73ff51f911]::runtime::context::set_scheduler<(alloc[2e1b2a31b91974c5]::boxed::Box<tokio[5f1dac73ff51f911]::runtime::scheduler::current_thread::Core>, core[a373ad73a504971]::option::Option<core[a373ad73a504971]::result::Result<(), sublime_standard_tools[fc35a1f449808d87]::error::Error>>), <tokio[5f1dac73ff51f911]::runtime::scheduler::current_thread::CoreGuard>::enter<<tokio[5f1dac73ff51f911]::runtime::scheduler::current_thread::CoreGuard>::block_on<core[a373ad73a504971]::pin::Pin<&mut core[a373ad73a504971]::pin::Pin<&mut dyn core[a373ad73a504971]::future::future::Future<Output = core[a373ad73a504971]::result::Result<(), sublime_standard_tools[fc35a1f449808d87]::error::Error>>>>>::{closure#0}, core[a373ad73a504971]::option::Option<core[a373ad73a504971]::result::Result<(), sublime_standard_tools[fc35a1f449808d87]::error::Error>>>::{closure#0}>::{closure#0}, (alloc[2e1b2a31b91974c5]::boxed::Box<tokio[5f1dac73ff51f911]::runtime::scheduler::current_thread::Core>, core[a373ad73a504971]::option::Option<core[a373ad73a504971]::result::Result<(), sublime_standard_tools[fc35a1f449808d87]::error::Error>>)>
[INFO] [stdout]   15:     0x589138fca4da - <tokio[5f1dac73ff51f911]::runtime::scheduler::current_thread::CoreGuard>::block_on::<core[a373ad73a504971]::pin::Pin<&mut core[a373ad73a504971]::pin::Pin<&mut dyn core[a373ad73a504971]::future::future::Future<Output = core[a373ad73a504971]::result::Result<(), sublime_standard_tools[fc35a1f449808d87]::error::Error>>>>>
[INFO] [stdout]   16:     0x589138fc998a - tokio[5f1dac73ff51f911]::runtime::context::runtime::enter_runtime::<<tokio[5f1dac73ff51f911]::runtime::scheduler::current_thread::CurrentThread>::block_on<core[a373ad73a504971]::pin::Pin<&mut dyn core[a373ad73a504971]::future::future::Future<Output = core[a373ad73a504971]::result::Result<(), sublime_standard_tools[fc35a1f449808d87]::error::Error>>>>::{closure#0}, core[a373ad73a504971]::result::Result<(), sublime_standard_tools[fc35a1f449808d87]::error::Error>>
[INFO] [stdout]   17:     0x589138fc8c26 - <tokio[5f1dac73ff51f911]::runtime::runtime::Runtime>::block_on::<core[a373ad73a504971]::pin::Pin<&mut dyn core[a373ad73a504971]::future::future::Future<Output = core[a373ad73a504971]::result::Result<(), sublime_standard_tools[fc35a1f449808d87]::error::Error>>>>
[INFO] [stdout]   18:     0x589138fa5a82 - <real_world_usage[8657bee9ea525019]::test_monorepo_analysis::{closure#0} as core[a373ad73a504971]::ops::function::FnOnce<()>>::call_once
[INFO] [stdout]   19:     0x589138fd6d1b - test[aada8e7e76ba119b]::__rust_begin_short_backtrace::<core[a373ad73a504971]::result::Result<(), alloc[2e1b2a31b91974c5]::string::String>, fn() -> core[a373ad73a504971]::result::Result<(), alloc[2e1b2a31b91974c5]::string::String>>
[INFO] [stdout]   20:     0x589138fe3ef5 - test[aada8e7e76ba119b]::run_test::{closure#0}
[INFO] [stdout]   21:     0x589138fdd7e4 - std[617be2ca0a6fd877]::sys::backtrace::__rust_begin_short_backtrace::<test[aada8e7e76ba119b]::run_test::{closure#1}, ()>
[INFO] [stdout]   22:     0x589138fe6f82 - <std[617be2ca0a6fd877]::thread::lifecycle::spawn_unchecked<test[aada8e7e76ba119b]::run_test::{closure#1}, ()>::{closure#1} as core[a373ad73a504971]::ops::function::FnOnce<()>>::call_once::{shim:vtable#0}
[INFO] [stdout]   23:     0x5891390b001f - <std[617be2ca0a6fd877]::sys::thread::unix::Thread>::new::thread_start
[INFO] [stdout]   24:     0x75b8dcddadfa - <unknown>
[INFO] [stdout]   25:     0x75b8dce6e3d4 - clone
[INFO] [stdout]   26:                0x0 - <unknown>
[INFO] [stdout] 
[INFO] [stdout] 
[INFO] [stdout] failures:
[INFO] [stdout]     test_monorepo_analysis
[INFO] [stdout]     test_simple_repository_analysis
[INFO] [stdout] 
[INFO] [stdout] test result: FAILED. 3 passed; 2 failed; 0 ignored; 0 measured; 0 filtered out; finished in 0.05s
[INFO] [stdout] 
[INFO] [stderr] error: test failed, to rerun pass `--test real_world_usage`
[INFO] running `Command { std: "docker" "inspect" "166bafb72d835b51d8579157cb109e8297d0fcf241b71f1ccaf3d9da6f583801", kill_on_drop: false }`
[INFO] running `Command { std: "docker" "rm" "-f" "166bafb72d835b51d8579157cb109e8297d0fcf241b71f1ccaf3d9da6f583801", kill_on_drop: false }`
[INFO] [stdout] 166bafb72d835b51d8579157cb109e8297d0fcf241b71f1ccaf3d9da6f583801
