[INFO] fetching crate structuredmerge-toml-merge 0.2.0...
[INFO] testing structuredmerge-toml-merge-0.2.0 against 1.100.0-beta.1+cargoflags=--release for beta-release-1.100-2
[INFO] extracting crate structuredmerge-toml-merge 0.2.0 into /workspace/builds/worker-0-tc2/source
[INFO] started tweaking crates.io crate structuredmerge-toml-merge 0.2.0
[INFO] removed 0 missing tests
[INFO] finished tweaking crates.io crate structuredmerge-toml-merge 0.2.0
[INFO] tweaked toml for crates.io crate structuredmerge-toml-merge 0.2.0 written to /workspace/builds/worker-0-tc2/source/Cargo.toml
[INFO] validating manifest of crates.io crate structuredmerge-toml-merge 0.2.0 on toolchain 1.100.0-beta.1
[INFO] running `Command { std: CARGO_HOME="/workspace/cargo-home" RUSTUP_HOME="/workspace/rustup-home" "/workspace/cargo-home/bin/cargo" "+1.100.0-beta.1" "metadata" "--manifest-path" "Cargo.toml" "--no-deps", kill_on_drop: false }`
[INFO] crate crates.io crate structuredmerge-toml-merge 0.2.0 already has a lockfile, it will not be regenerated
[INFO] running `Command { std: CARGO_HOME="/workspace/cargo-home" RUSTUP_HOME="/workspace/rustup-home" "/workspace/cargo-home/bin/cargo" "+1.100.0-beta.1" "fetch" "--manifest-path" "Cargo.toml", kill_on_drop: false }`
[INFO] running `Command { std: "docker" "create" "-v" "/var/lib/crater-agent-workspace/builds/worker-0-tc2/source:/opt/rustwide/workdir:ro,Z" "-v" "/var/lib/crater-agent-workspace/builds/worker-0-tc2/target:/opt/rustwide/target:rw,Z" "-v" "/var/lib/crater-agent-workspace/cargo-home:/opt/rustwide/cargo-home:ro,Z" "-v" "/var/lib/crater-agent-workspace/rustup-home:/opt/rustwide/rustup-home:ro,Z" "-m" "1610612736" "--network" "none" "ghcr.io/rust-lang/crates-build-env/linux@sha256:77db811e55d90add9212f6832c23229e3de5f1c1f9905e8cb07319ea15df73ac" "sleep" "infinity", kill_on_drop: false }`
[INFO] [stdout] f53c6a8ce65b3261371907971d83d2ea469ced8347d7581bdfef93172dda6120
[INFO] running `Command { std: "docker" "start" "f53c6a8ce65b3261371907971d83d2ea469ced8347d7581bdfef93172dda6120", kill_on_drop: false }`
[INFO] running `Command { std: "docker" "inspect" "f53c6a8ce65b3261371907971d83d2ea469ced8347d7581bdfef93172dda6120", kill_on_drop: false }`
[INFO] running `Command { std: "docker" "exec" "-e" "SOURCE_DIR=/opt/rustwide/workdir" "-e" "CARGO_HOME=/opt/rustwide/cargo-home" "-e" "RUSTUP_HOME=/opt/rustwide/rustup-home" "-e" "CARGO_TARGET_DIR=/opt/rustwide/target" "-w" "/opt/rustwide/workdir" "--user" "0:0" "f53c6a8ce65b3261371907971d83d2ea469ced8347d7581bdfef93172dda6120" "/opt/rustwide/cargo-home/bin/cargo" "+1.100.0-beta.1" "metadata" "--no-deps" "--format-version=1", kill_on_drop: false }`
[INFO] running `Command { std: "docker" "inspect" "f53c6a8ce65b3261371907971d83d2ea469ced8347d7581bdfef93172dda6120", kill_on_drop: false }`
[INFO] running `Command { std: "docker" "exec" "-e" "SOURCE_DIR=/opt/rustwide/workdir" "-e" "CARGO_HOME=/opt/rustwide/cargo-home" "-e" "RUSTUP_HOME=/opt/rustwide/rustup-home" "-e" "CARGO_TARGET_DIR=/opt/rustwide/target" "-e" "CARGO_INCREMENTAL=0" "-e" "RUST_BACKTRACE=full" "-e" "RUSTFLAGS=--cap-lints=warn" "-e" "RUSTDOCFLAGS=--cap-lints=warn" "-w" "/opt/rustwide/workdir" "--user" "0:0" "f53c6a8ce65b3261371907971d83d2ea469ced8347d7581bdfef93172dda6120" "/opt/rustwide/cargo-home/bin/cargo" "+1.100.0-beta.1" "build" "--frozen" "--message-format=json" "--release", kill_on_drop: false }`
[INFO] [stderr]    Compiling libc v0.2.185
[INFO] [stderr]    Compiling hashbrown v0.17.0
[INFO] [stderr]    Compiling serde_json v1.0.149
[INFO] [stderr]    Compiling tree-sitter-language v0.1.7
[INFO] [stderr]    Compiling typenum v1.20.0
[INFO] [stderr]    Compiling rustix v1.1.4
[INFO] [stderr]    Compiling aho-corasick v1.1.4
[INFO] [stderr]    Compiling rustls v0.23.38
[INFO] [stderr]    Compiling regex-syntax v0.8.10
[INFO] [stderr]    Compiling simd-adler32 v0.3.9
[INFO] [stderr]    Compiling bitflags v2.11.1
[INFO] [stderr]    Compiling http v1.4.0
[INFO] [stderr]    Compiling serde v1.0.228
[INFO] [stderr]    Compiling ahash v0.8.12
[INFO] [stderr]    Compiling webpki-roots v1.0.7
[INFO] [stderr]    Compiling utf8-zero v0.8.1
[INFO] [stderr]    Compiling libloading v0.9.0
[INFO] [stderr]    Compiling winnow v1.0.1
[INFO] [stderr]    Compiling miniz_oxide v0.8.9
[INFO] [stderr]    Compiling toml_parser v1.1.2+spec-1.1.0
[INFO] [stderr]    Compiling indexmap v2.14.0
[INFO] [stderr]    Compiling flate2 v1.1.9
[INFO] [stderr]    Compiling getrandom v0.2.17
[INFO] [stderr]    Compiling dirs-sys v0.5.0
[INFO] [stderr]    Compiling filetime v0.2.27
[INFO] [stderr]    Compiling jobserver v0.1.34
[INFO] [stderr]    Compiling dirs v6.0.0
[INFO] [stderr]    Compiling toml v0.9.12+spec-1.1.0
[INFO] [stderr]    Compiling hybrid-array v0.4.10
[INFO] [stderr]    Compiling const-random-macro v0.1.16
[INFO] [stderr]    Compiling cc v1.2.60
[INFO] [stderr]    Compiling ureq-proto v0.6.0
[INFO] [stderr]    Compiling const-random v0.1.18
[INFO] [stderr]    Compiling crypto-common v0.2.1
[INFO] [stderr]    Compiling block-buffer v0.12.0
[INFO] [stderr]    Compiling regex-automata v0.4.14
[INFO] [stderr]    Compiling ring v0.17.14
[INFO] [stderr]    Compiling zstd-sys v2.0.16+zstd.1.5.7
[INFO] [stderr]    Compiling tree-sitter v0.26.8
[INFO] [stderr]    Compiling xattr v1.6.1
[INFO] [stderr]    Compiling tree-sitter-language-pack v1.6.2
[INFO] [stderr]    Compiling digest v0.11.2
[INFO] [stderr]    Compiling tar v0.4.45
[INFO] [stderr]    Compiling sha2 v0.11.0
[INFO] [stderr]    Compiling regex v1.12.3
[INFO] [stderr]    Compiling rustls-webpki v0.103.12
[INFO] [stderr]    Compiling ureq v3.3.0
[INFO] [stderr]    Compiling zstd-safe v7.2.4
[INFO] [stderr]    Compiling zstd v0.13.3
[INFO] [stderr]    Compiling tree-haver v0.2.0
[INFO] [stderr]    Compiling ast-merge v0.2.0
[INFO] [stderr]    Compiling structuredmerge-toml-merge v0.2.0 (/opt/rustwide/workdir)
[INFO] [stderr]     Finished `release` profile [optimized] target(s) in 1m 17s
[INFO] running `Command { std: "docker" "inspect" "f53c6a8ce65b3261371907971d83d2ea469ced8347d7581bdfef93172dda6120", kill_on_drop: false }`
[INFO] running `Command { std: "docker" "exec" "-e" "SOURCE_DIR=/opt/rustwide/workdir" "-e" "CARGO_HOME=/opt/rustwide/cargo-home" "-e" "RUSTUP_HOME=/opt/rustwide/rustup-home" "-e" "CARGO_TARGET_DIR=/opt/rustwide/target" "-e" "CARGO_INCREMENTAL=0" "-e" "RUST_BACKTRACE=full" "-e" "RUSTFLAGS=--cap-lints=warn" "-e" "RUSTDOCFLAGS=--cap-lints=warn" "-w" "/opt/rustwide/workdir" "--user" "0:0" "f53c6a8ce65b3261371907971d83d2ea469ced8347d7581bdfef93172dda6120" "/opt/rustwide/cargo-home/bin/cargo" "+1.100.0-beta.1" "test" "--frozen" "--no-run" "--message-format=json" "--release", kill_on_drop: false }`
[INFO] [stderr]    Compiling structuredmerge-toml-merge v0.2.0 (/opt/rustwide/workdir)
[INFO] [stderr]     Finished `release` profile [optimized] target(s) in 2.07s
[INFO] running `Command { std: "docker" "inspect" "f53c6a8ce65b3261371907971d83d2ea469ced8347d7581bdfef93172dda6120", kill_on_drop: false }`
[INFO] running `Command { std: "docker" "exec" "-e" "SOURCE_DIR=/opt/rustwide/workdir" "-e" "CARGO_HOME=/opt/rustwide/cargo-home" "-e" "RUSTUP_HOME=/opt/rustwide/rustup-home" "-e" "CARGO_TARGET_DIR=/opt/rustwide/target" "-e" "CARGO_INCREMENTAL=0" "-e" "RUST_BACKTRACE=full" "-e" "RUSTFLAGS=--cap-lints=warn" "-e" "RUSTDOCFLAGS=--cap-lints=warn" "-w" "/opt/rustwide/workdir" "--user" "0:0" "f53c6a8ce65b3261371907971d83d2ea469ced8347d7581bdfef93172dda6120" "/opt/rustwide/cargo-home/bin/cargo" "+1.100.0-beta.1" "test" "--frozen" "--release", kill_on_drop: false }`
[INFO] [stderr]     Finished `release` profile [optimized] target(s) in 0.12s
[INFO] [stderr]      Running unittests src/lib.rs (/opt/rustwide/target/release/build/structuredmerge-toml-merge/a24f3337c38f5347/out/toml_merge-a24f3337c38f5347)
[INFO] [stdout] 
[INFO] [stdout] running 0 tests
[INFO] [stdout] 
[INFO] [stdout] test result: ok. 0 passed; 0 failed; 0 ignored; 0 measured; 0 filtered out; finished in 0.00s
[INFO] [stdout] 
[INFO] [stderr]      Running tests/fixtures.rs (/opt/rustwide/target/release/build/structuredmerge-toml-merge/e7d00f60bd260360/out/fixtures-e7d00f60bd260360)
[INFO] [stdout] 
[INFO] [stdout] running 11 tests
[INFO] [stdout] test conforms_to_slice_135_toml_backend_feature_profiles ... FAILED
[INFO] [stdout] test conforms_to_slice_139_toml_family_named_suite_plan_fixture ... FAILED
[INFO] [stdout] test conforms_to_slice_94_toml_merge_fixtures ... FAILED
[INFO] [stdout] test conforms_to_slice_140_toml_family_manifest_report_fixture ... FAILED
[INFO] [stdout] test conforms_to_slice_90_toml_feature_profile_fixture ... FAILED
[INFO] [stdout] test conforms_to_slice_91_toml_parse_fixtures ... FAILED
[INFO] [stdout] test conforms_to_slice_92_toml_structure_fixture ... FAILED
[INFO] [stdout] test resolves_toml_paths_through_the_canonical_manifest ... FAILED
[INFO] [stdout] test conforms_to_slice_137_toml_family_manifest_fixture ... FAILED
[INFO] [stdout] test conforms_to_slice_93_toml_matching_fixture ... FAILED
[INFO] [stdout] test conforms_to_slice_136_toml_plan_contexts ... FAILED
[INFO] [stdout] 
[INFO] [stdout] failures:
[INFO] [stdout] 
[INFO] [stdout] ---- conforms_to_slice_135_toml_backend_feature_profiles stdout ----
[INFO] [stdout] 
[INFO] [stdout] thread 'conforms_to_slice_135_toml_backend_feature_profiles' (1598) panicked at tests/fixtures.rs:31:58:
[INFO] [stdout] fixture should be readable: Os { code: 2, kind: NotFound, message: "No such file or directory" }
[INFO] [stdout] stack backtrace:
[INFO] [stdout]    0:     0x6462f23da621 - <<std[617be2ca0a6fd877]::sys::backtrace::BacktraceLock>::print::DisplayBacktrace as core[a373ad73a504971]::fmt::Display>::fmt
[INFO] [stdout]    1:     0x6462f23f152a - core[a373ad73a504971]::fmt::write
[INFO] [stdout]    2:     0x6462f23def5c - <alloc[2e1b2a31b91974c5]::vec::Vec<u8> as core[a373ad73a504971]::io::write::Write>::write_fmt
[INFO] [stdout]    3:     0x6462f23b3796 - std[617be2ca0a6fd877]::panicking::default_hook::{closure#0}
[INFO] [stdout]    4:     0x6462f23d1919 - std[617be2ca0a6fd877]::panicking::default_hook
[INFO] [stdout]    5:     0x6462f214ffa0 - test[aada8e7e76ba119b]::test_main_inner::{closure#0}
[INFO] [stdout]    6:     0x6462f23d1ad2 - std[617be2ca0a6fd877]::panicking::panic_with_hook
[INFO] [stdout]    7:     0x6462f23b3842 - std[617be2ca0a6fd877]::panicking::panic_handler::{closure#0}
[INFO] [stdout]    8:     0x6462f23ac089 - std[617be2ca0a6fd877]::sys::backtrace::__rust_end_short_backtrace::<std[617be2ca0a6fd877]::panicking::panic_handler::{closure#0}, !>
[INFO] [stdout]    9:     0x6462f23b48dd - __rustc[ea4f61d10b84890b]::rust_begin_unwind
[INFO] [stdout]   10:     0x6462f23f1c9c - core[a373ad73a504971]::panicking::panic_fmt
[INFO] [stdout]   11:     0x6462f23f1a72 - core[a373ad73a504971]::result::unwrap_failed
[INFO] [stdout]   12:     0x6462f212d012 - fixtures[8935beb1ce692816]::read_fixture
[INFO] [stdout]   13:     0x6462f2130245 - <fixtures[8935beb1ce692816]::conforms_to_slice_135_toml_backend_feature_profiles::{closure#0} as core[a373ad73a504971]::ops::function::FnOnce<()>>::call_once
[INFO] [stdout]   14:     0x6462f21433eb - test[aada8e7e76ba119b]::__rust_begin_short_backtrace::<core[a373ad73a504971]::result::Result<(), alloc[2e1b2a31b91974c5]::string::String>, fn() -> core[a373ad73a504971]::result::Result<(), alloc[2e1b2a31b91974c5]::string::String>>
[INFO] [stdout]   15:     0x6462f21505c5 - test[aada8e7e76ba119b]::run_test::{closure#0}
[INFO] [stdout]   16:     0x6462f2149eb4 - std[617be2ca0a6fd877]::sys::backtrace::__rust_begin_short_backtrace::<test[aada8e7e76ba119b]::run_test::{closure#1}, ()>
[INFO] [stdout]   17:     0x6462f2153652 - <std[617be2ca0a6fd877]::thread::lifecycle::spawn_unchecked<test[aada8e7e76ba119b]::run_test::{closure#1}, ()>::{closure#1} as core[a373ad73a504971]::ops::function::FnOnce<()>>::call_once::{shim:vtable#0}
[INFO] [stdout]   18:     0x6462f23d941f - <std[617be2ca0a6fd877]::sys::thread::unix::Thread>::new::thread_start
[INFO] [stdout]   19:     0x7e8dce325dfa - <unknown>
[INFO] [stdout]   20:     0x7e8dce3b93d4 - clone
[INFO] [stdout]   21:                0x0 - <unknown>
[INFO] [stdout] 
[INFO] [stdout] ---- conforms_to_slice_139_toml_family_named_suite_plan_fixture stdout ----
[INFO] [stdout] 
[INFO] [stdout] thread 'conforms_to_slice_139_toml_family_named_suite_plan_fixture' (1601) panicked at tests/fixtures.rs:31:58:
[INFO] [stdout] fixture should be readable: Os { code: 2, kind: NotFound, message: "No such file or directory" }
[INFO] [stdout] stack backtrace:
[INFO] [stdout]    0:     0x6462f23da621 - <<std[617be2ca0a6fd877]::sys::backtrace::BacktraceLock>::print::DisplayBacktrace as core[a373ad73a504971]::fmt::Display>::fmt
[INFO] [stdout]    1:     0x6462f23f152a - core[a373ad73a504971]::fmt::write
[INFO] [stdout]    2:     0x6462f23def5c - <alloc[2e1b2a31b91974c5]::vec::Vec<u8> as core[a373ad73a504971]::io::write::Write>::write_fmt
[INFO] [stdout]    3:     0x6462f23b3796 - std[617be2ca0a6fd877]::panicking::default_hook::{closure#0}
[INFO] [stdout]    4:     0x6462f23d1919 - std[617be2ca0a6fd877]::panicking::default_hook
[INFO] [stdout]    5:     0x6462f214ffa0 - test[aada8e7e76ba119b]::test_main_inner::{closure#0}
[INFO] [stdout]    6:     0x6462f23d1ad2 - std[617be2ca0a6fd877]::panicking::panic_with_hook
[INFO] [stdout]    7:     0x6462f23b3842 - std[617be2ca0a6fd877]::panicking::panic_handler::{closure#0}
[INFO] [stdout]    8:     0x6462f23ac089 - std[617be2ca0a6fd877]::sys::backtrace::__rust_end_short_backtrace::<std[617be2ca0a6fd877]::panicking::panic_handler::{closure#0}, !>
[INFO] [stdout]    9:     0x6462f23b48dd - __rustc[ea4f61d10b84890b]::rust_begin_unwind
[INFO] [stdout]   10:     0x6462f23f1c9c - core[a373ad73a504971]::panicking::panic_fmt
[INFO] [stdout]   11:     0x6462f23f1a72 - core[a373ad73a504971]::result::unwrap_failed
[INFO] [stdout]   12:     0x6462f212d012 - fixtures[8935beb1ce692816]::read_fixture
[INFO] [stdout]   13:     0x6462f2130d9b - <fixtures[8935beb1ce692816]::conforms_to_slice_139_toml_family_named_suite_plan_fixture::{closure#0} as core[a373ad73a504971]::ops::function::FnOnce<()>>::call_once
[INFO] [stdout]   14:     0x6462f21433eb - test[aada8e7e76ba119b]::__rust_begin_short_backtrace::<core[a373ad73a504971]::result::Result<(), alloc[2e1b2a31b91974c5]::string::String>, fn() -> core[a373ad73a504971]::result::Result<(), alloc[2e1b2a31b91974c5]::string::String>>
[INFO] [stdout]   15:     0x6462f21505c5 - test[aada8e7e76ba119b]::run_test::{closure#0}
[INFO] [stdout]   16:     0x6462f2149eb4 - std[617be2ca0a6fd877]::sys::backtrace::__rust_begin_short_backtrace::<test[aada8e7e76ba119b]::run_test::{closure#1}, ()>
[INFO] [stdout]   17:     0x6462f2153652 - <std[617be2ca0a6fd877]::thread::lifecycle::spawn_unchecked<test[aada8e7e76ba119b]::run_test::{closure#1}, ()>::{closure#1} as core[a373ad73a504971]::ops::function::FnOnce<()>>::call_once::{shim:vtable#0}
[INFO] [stdout]   18:     0x6462f23d941f - <std[617be2ca0a6fd877]::sys::thread::unix::Thread>::new::thread_start
[INFO] [stdout]   19:     0x7e8dce325dfa - <unknown>
[INFO] [stdout]   20:     0x7e8dce3b93d4 - clone
[INFO] [stdout]   21:                0x0 - <unknown>
[INFO] [stdout] 
[INFO] [stdout] ---- conforms_to_slice_94_toml_merge_fixtures stdout ----
[INFO] [stdout] 
[INFO] [stdout] thread 'conforms_to_slice_94_toml_merge_fixtures' (1607) panicked at tests/fixtures.rs:31:58:
[INFO] [stdout] fixture should be readable: Os { code: 2, kind: NotFound, message: "No such file or directory" }
[INFO] [stdout] stack backtrace:
[INFO] [stdout]    0:     0x6462f23da621 - <<std[617be2ca0a6fd877]::sys::backtrace::BacktraceLock>::print::DisplayBacktrace as core[a373ad73a504971]::fmt::Display>::fmt
[INFO] [stdout]    1:     0x6462f23f152a - core[a373ad73a504971]::fmt::write
[INFO] [stdout]    2:     0x6462f23def5c - <alloc[2e1b2a31b91974c5]::vec::Vec<u8> as core[a373ad73a504971]::io::write::Write>::write_fmt
[INFO] [stdout]    3:     0x6462f23b3796 - std[617be2ca0a6fd877]::panicking::default_hook::{closure#0}
[INFO] [stdout]    4:     0x6462f23d1919 - std[617be2ca0a6fd877]::panicking::default_hook
[INFO] [stdout]    5:     0x6462f214ffa0 - test[aada8e7e76ba119b]::test_main_inner::{closure#0}
[INFO] [stdout]    6:     0x6462f23d1ad2 - std[617be2ca0a6fd877]::panicking::panic_with_hook
[INFO] [stdout]    7:     0x6462f23b3842 - std[617be2ca0a6fd877]::panicking::panic_handler::{closure#0}
[INFO] [stdout]    8:     0x6462f23ac089 - std[617be2ca0a6fd877]::sys::backtrace::__rust_end_short_backtrace::<std[617be2ca0a6fd877]::panicking::panic_handler::{closure#0}, !>
[INFO] [stdout]    9:     0x6462f23b48dd - __rustc[ea4f61d10b84890b]::rust_begin_unwind
[INFO] [stdout]   10:     0x6462f23f1c9c - core[a373ad73a504971]::panicking::panic_fmt
[INFO] [stdout]   11:     0x6462f23f1a72 - core[a373ad73a504971]::result::unwrap_failed
[INFO] [stdout]   12:     0x6462f212d012 - fixtures[8935beb1ce692816]::read_fixture
[INFO] [stdout]   13:     0x6462f212d8f4 - <fixtures[8935beb1ce692816]::conforms_to_slice_94_toml_merge_fixtures::{closure#0} as core[a373ad73a504971]::ops::function::FnOnce<()>>::call_once
[INFO] [stdout]   14:     0x6462f21433eb - test[aada8e7e76ba119b]::__rust_begin_short_backtrace::<core[a373ad73a504971]::result::Result<(), alloc[2e1b2a31b91974c5]::string::String>, fn() -> core[a373ad73a504971]::result::Result<(), alloc[2e1b2a31b91974c5]::string::String>>
[INFO] [stdout]   15:     0x6462f21505c5 - test[aada8e7e76ba119b]::run_test::{closure#0}
[INFO] [stdout]   16:     0x6462f2149eb4 - std[617be2ca0a6fd877]::sys::backtrace::__rust_begin_short_backtrace::<test[aada8e7e76ba119b]::run_test::{closure#1}, ()>
[INFO] [stdout]   17:     0x6462f2153652 - <std[617be2ca0a6fd877]::thread::lifecycle::spawn_unchecked<test[aada8e7e76ba119b]::run_test::{closure#1}, ()>::{closure#1} as core[a373ad73a504971]::ops::function::FnOnce<()>>::call_once::{shim:vtable#0}
[INFO] [stdout]   18:     0x6462f23d941f - <std[617be2ca0a6fd877]::sys::thread::unix::Thread>::new::thread_start
[INFO] [stdout]   19:     0x7e8dce325dfa - <unknown>
[INFO] [stdout]   20:     0x7e8dce3b93d4 - clone
[INFO] [stdout]   21:                0x0 - <unknown>
[INFO] [stdout] 
[INFO] [stdout] ---- conforms_to_slice_140_toml_family_manifest_report_fixture stdout ----
[INFO] [stdout] 
[INFO] [stdout] thread 'conforms_to_slice_140_toml_family_manifest_report_fixture' (1602) panicked at tests/fixtures.rs:31:58:
[INFO] [stdout] fixture should be readable: Os { code: 2, kind: NotFound, message: "No such file or directory" }
[INFO] [stdout] stack backtrace:
[INFO] [stdout]    0:     0x6462f23da621 - <<std[617be2ca0a6fd877]::sys::backtrace::BacktraceLock>::print::DisplayBacktrace as core[a373ad73a504971]::fmt::Display>::fmt
[INFO] [stdout]    1:     0x6462f23f152a - core[a373ad73a504971]::fmt::write
[INFO] [stdout]    2:     0x6462f23def5c - <alloc[2e1b2a31b91974c5]::vec::Vec<u8> as core[a373ad73a504971]::io::write::Write>::write_fmt
[INFO] [stdout]    3:     0x6462f23b3796 - std[617be2ca0a6fd877]::panicking::default_hook::{closure#0}
[INFO] [stdout]    4:     0x6462f23d1919 - std[617be2ca0a6fd877]::panicking::default_hook
[INFO] [stdout]    5:     0x6462f214ffa0 - test[aada8e7e76ba119b]::test_main_inner::{closure#0}
[INFO] [stdout]    6:     0x6462f23d1ad2 - std[617be2ca0a6fd877]::panicking::panic_with_hook
[INFO] [stdout]    7:     0x6462f23b3842 - std[617be2ca0a6fd877]::panicking::panic_handler::{closure#0}
[INFO] [stdout]    8:     0x6462f23ac089 - std[617be2ca0a6fd877]::sys::backtrace::__rust_end_short_backtrace::<std[617be2ca0a6fd877]::panicking::panic_handler::{closure#0}, !>
[INFO] [stdout]    9:     0x6462f23b48dd - __rustc[ea4f61d10b84890b]::rust_begin_unwind
[INFO] [stdout]   10:     0x6462f23f1c9c - core[a373ad73a504971]::panicking::panic_fmt
[INFO] [stdout]   11:     0x6462f23f1a72 - core[a373ad73a504971]::result::unwrap_failed
[INFO] [stdout]   12:     0x6462f212d012 - fixtures[8935beb1ce692816]::read_fixture
[INFO] [stdout]   13:     0x6462f213069b - <fixtures[8935beb1ce692816]::conforms_to_slice_140_toml_family_manifest_report_fixture::{closure#0} as core[a373ad73a504971]::ops::function::FnOnce<()>>::call_once
[INFO] [stdout]   14:     0x6462f21433eb - test[aada8e7e76ba119b]::__rust_begin_short_backtrace::<core[a373ad73a504971]::result::Result<(), alloc[2e1b2a31b91974c5]::string::String>, fn() -> core[a373ad73a504971]::result::Result<(), alloc[2e1b2a31b91974c5]::string::String>>
[INFO] [stdout]   15:     0x6462f21505c5 - test[aada8e7e76ba119b]::run_test::{closure#0}
[INFO] [stdout]   16:     0x6462f2149eb4 - std[617be2ca0a6fd877]::sys::backtrace::__rust_begin_short_backtrace::<test[aada8e7e76ba119b]::run_test::{closure#1}, ()>
[INFO] [stdout]   17:     0x6462f2153652 - <std[617be2ca0a6fd877]::thread::lifecycle::spawn_unchecked<test[aada8e7e76ba119b]::run_test::{closure#1}, ()>::{closure#1} as core[a373ad73a504971]::ops::function::FnOnce<()>>::call_once::{shim:vtable#0}
[INFO] [stdout]   18:     0x6462f23d941f - <std[617be2ca0a6fd877]::sys::thread::unix::Thread>::new::thread_start
[INFO] [stdout]   19:     0x7e8dce325dfa - <unknown>
[INFO] [stdout]   20:     0x7e8dce3b93d4 - clone
[INFO] [stdout]   21:                0x0 - <unknown>
[INFO] [stdout] 
[INFO] [stdout] ---- conforms_to_slice_90_toml_feature_profile_fixture stdout ----
[INFO] [stdout] 
[INFO] [stdout] thread 'conforms_to_slice_90_toml_feature_profile_fixture' (1603) panicked at tests/fixtures.rs:31:58:
[INFO] [stdout] fixture should be readable: Os { code: 2, kind: NotFound, message: "No such file or directory" }
[INFO] [stdout] stack backtrace:
[INFO] [stdout]    0:     0x6462f23da621 - <<std[617be2ca0a6fd877]::sys::backtrace::BacktraceLock>::print::DisplayBacktrace as core[a373ad73a504971]::fmt::Display>::fmt
[INFO] [stdout]    1:     0x6462f23f152a - core[a373ad73a504971]::fmt::write
[INFO] [stdout]    2:     0x6462f23def5c - <alloc[2e1b2a31b91974c5]::vec::Vec<u8> as core[a373ad73a504971]::io::write::Write>::write_fmt
[INFO] [stdout]    3:     0x6462f23b3796 - std[617be2ca0a6fd877]::panicking::default_hook::{closure#0}
[INFO] [stdout]    4:     0x6462f23d1919 - std[617be2ca0a6fd877]::panicking::default_hook
[INFO] [stdout]    5:     0x6462f214ffa0 - test[aada8e7e76ba119b]::test_main_inner::{closure#0}
[INFO] [stdout]    6:     0x6462f23d1ad2 - std[617be2ca0a6fd877]::panicking::panic_with_hook
[INFO] [stdout]    7:     0x6462f23b3842 - std[617be2ca0a6fd877]::panicking::panic_handler::{closure#0}
[INFO] [stdout]    8:     0x6462f23ac089 - std[617be2ca0a6fd877]::sys::backtrace::__rust_end_short_backtrace::<std[617be2ca0a6fd877]::panicking::panic_handler::{closure#0}, !>
[INFO] [stdout]    9:     0x6462f23b48dd - __rustc[ea4f61d10b84890b]::rust_begin_unwind
[INFO] [stdout]   10:     0x6462f23f1c9c - core[a373ad73a504971]::panicking::panic_fmt
[INFO] [stdout]   11:     0x6462f23f1a72 - core[a373ad73a504971]::result::unwrap_failed
[INFO] [stdout]   12:     0x6462f212d012 - fixtures[8935beb1ce692816]::read_fixture
[INFO] [stdout]   13:     0x6462f212e687 - <fixtures[8935beb1ce692816]::conforms_to_slice_90_toml_feature_profile_fixture::{closure#0} as core[a373ad73a504971]::ops::function::FnOnce<()>>::call_once
[INFO] [stdout]   14:     0x6462f21433eb - test[aada8e7e76ba119b]::__rust_begin_short_backtrace::<core[a373ad73a504971]::result::Result<(), alloc[2e1b2a31b91974c5]::string::String>, fn() -> core[a373ad73a504971]::result::Result<(), alloc[2e1b2a31b91974c5]::string::String>>
[INFO] [stdout]   15:     0x6462f21505c5 - test[aada8e7e76ba119b]::run_test::{closure#0}
[INFO] [stdout]   16:     0x6462f2149eb4 - std[617be2ca0a6fd877]::sys::backtrace::__rust_begin_short_backtrace::<test[aada8e7e76ba119b]::run_test::{closure#1}, ()>
[INFO] [stdout]   17:     0x6462f2153652 - <std[617be2ca0a6fd877]::thread::lifecycle::spawn_unchecked<test[aada8e7e76ba119b]::run_test::{closure#1}, ()>::{closure#1} as core[a373ad73a504971]::ops::function::FnOnce<()>>::call_once::{shim:vtable#0}
[INFO] [stdout]   18:     0x6462f23d941f - <std[617be2ca0a6fd877]::sys::thread::unix::Thread>::new::thread_start
[INFO] [stdout]   19:     0x7e8dce325dfa - <unknown>
[INFO] [stdout]   20:     0x7e8dce3b93d4 - clone
[INFO] [stdout]   21:                0x0 - <unknown>
[INFO] [stdout] 
[INFO] [stdout] ---- conforms_to_slice_91_toml_parse_fixtures stdout ----
[INFO] [stdout] 
[INFO] [stdout] thread 'conforms_to_slice_91_toml_parse_fixtures' (1604) panicked at tests/fixtures.rs:31:58:
[INFO] [stdout] fixture should be readable: Os { code: 2, kind: NotFound, message: "No such file or directory" }
[INFO] [stdout] stack backtrace:
[INFO] [stdout]    0:     0x6462f23da621 - <<std[617be2ca0a6fd877]::sys::backtrace::BacktraceLock>::print::DisplayBacktrace as core[a373ad73a504971]::fmt::Display>::fmt
[INFO] [stdout]    1:     0x6462f23f152a - core[a373ad73a504971]::fmt::write
[INFO] [stdout]    2:     0x6462f23def5c - <alloc[2e1b2a31b91974c5]::vec::Vec<u8> as core[a373ad73a504971]::io::write::Write>::write_fmt
[INFO] [stdout]    3:     0x6462f23b3796 - std[617be2ca0a6fd877]::panicking::default_hook::{closure#0}
[INFO] [stdout]    4:     0x6462f23d1919 - std[617be2ca0a6fd877]::panicking::default_hook
[INFO] [stdout]    5:     0x6462f214ffa0 - test[aada8e7e76ba119b]::test_main_inner::{closure#0}
[INFO] [stdout]    6:     0x6462f23d1ad2 - std[617be2ca0a6fd877]::panicking::panic_with_hook
[INFO] [stdout]    7:     0x6462f23b3842 - std[617be2ca0a6fd877]::panicking::panic_handler::{closure#0}
[INFO] [stdout]    8:     0x6462f23ac089 - std[617be2ca0a6fd877]::sys::backtrace::__rust_end_short_backtrace::<std[617be2ca0a6fd877]::panicking::panic_handler::{closure#0}, !>
[INFO] [stdout]    9:     0x6462f23b48dd - __rustc[ea4f61d10b84890b]::rust_begin_unwind
[INFO] [stdout]   10:     0x6462f23f1c9c - core[a373ad73a504971]::panicking::panic_fmt
[INFO] [stdout]   11:     0x6462f23f1a72 - core[a373ad73a504971]::result::unwrap_failed
[INFO] [stdout]   12:     0x6462f212d012 - fixtures[8935beb1ce692816]::read_fixture
[INFO] [stdout]   13:     0x6462f212d61e - <fixtures[8935beb1ce692816]::conforms_to_slice_91_toml_parse_fixtures::{closure#0} as core[a373ad73a504971]::ops::function::FnOnce<()>>::call_once
[INFO] [stdout]   14:     0x6462f21433eb - test[aada8e7e76ba119b]::__rust_begin_short_backtrace::<core[a373ad73a504971]::result::Result<(), alloc[2e1b2a31b91974c5]::string::String>, fn() -> core[a373ad73a504971]::result::Result<(), alloc[2e1b2a31b91974c5]::string::String>>
[INFO] [stdout]   15:     0x6462f21505c5 - test[aada8e7e76ba119b]::run_test::{closure#0}
[INFO] [stdout]   16:     0x6462f2149eb4 - std[617be2ca0a6fd877]::sys::backtrace::__rust_begin_short_backtrace::<test[aada8e7e76ba119b]::run_test::{closure#1}, ()>
[INFO] [stdout]   17:     0x6462f2153652 - <std[617be2ca0a6fd877]::thread::lifecycle::spawn_unchecked<test[aada8e7e76ba119b]::run_test::{closure#1}, ()>::{closure#1} as core[a373ad73a504971]::ops::function::FnOnce<()>>::call_once::{shim:vtable#0}
[INFO] [stdout]   18:     0x6462f23d941f - <std[617be2ca0a6fd877]::sys::thread::unix::Thread>::new::thread_start
[INFO] [stdout]   19:     0x7e8dce325dfa - <unknown>
[INFO] [stdout]   20:     0x7e8dce3b93d4 - clone
[INFO] [stdout]   21:                0x0 - <unknown>
[INFO] [stdout] 
[INFO] [stdout] ---- conforms_to_slice_92_toml_structure_fixture stdout ----
[INFO] [stdout] 
[INFO] [stdout] thread 'conforms_to_slice_92_toml_structure_fixture' (1605) panicked at tests/fixtures.rs:31:58:
[INFO] [stdout] fixture should be readable: Os { code: 2, kind: NotFound, message: "No such file or directory" }
[INFO] [stdout] stack backtrace:
[INFO] [stdout]    0:     0x6462f23da621 - <<std[617be2ca0a6fd877]::sys::backtrace::BacktraceLock>::print::DisplayBacktrace as core[a373ad73a504971]::fmt::Display>::fmt
[INFO] [stdout]    1:     0x6462f23f152a - core[a373ad73a504971]::fmt::write
[INFO] [stdout]    2:     0x6462f23def5c - <alloc[2e1b2a31b91974c5]::vec::Vec<u8> as core[a373ad73a504971]::io::write::Write>::write_fmt
[INFO] [stdout]    3:     0x6462f23b3796 - std[617be2ca0a6fd877]::panicking::default_hook::{closure#0}
[INFO] [stdout]    4:     0x6462f23d1919 - std[617be2ca0a6fd877]::panicking::default_hook
[INFO] [stdout]    5:     0x6462f214ffa0 - test[aada8e7e76ba119b]::test_main_inner::{closure#0}
[INFO] [stdout]    6:     0x6462f23d1ad2 - std[617be2ca0a6fd877]::panicking::panic_with_hook
[INFO] [stdout]    7:     0x6462f23b3842 - std[617be2ca0a6fd877]::panicking::panic_handler::{closure#0}
[INFO] [stdout]    8:     0x6462f23ac089 - std[617be2ca0a6fd877]::sys::backtrace::__rust_end_short_backtrace::<std[617be2ca0a6fd877]::panicking::panic_handler::{closure#0}, !>
[INFO] [stdout]    9:     0x6462f23b48dd - __rustc[ea4f61d10b84890b]::rust_begin_unwind
[INFO] [stdout]   10:     0x6462f23f1c9c - core[a373ad73a504971]::panicking::panic_fmt
[INFO] [stdout]   11:     0x6462f23f1a72 - core[a373ad73a504971]::result::unwrap_failed
[INFO] [stdout]   12:     0x6462f212d012 - fixtures[8935beb1ce692816]::read_fixture
[INFO] [stdout]   13:     0x6462f212e491 - <fixtures[8935beb1ce692816]::conforms_to_slice_92_toml_structure_fixture::{closure#0} as core[a373ad73a504971]::ops::function::FnOnce<()>>::call_once
[INFO] [stdout]   14:     0x6462f21433eb - test[aada8e7e76ba119b]::__rust_begin_short_backtrace::<core[a373ad73a504971]::result::Result<(), alloc[2e1b2a31b91974c5]::string::String>, fn() -> core[a373ad73a504971]::result::Result<(), alloc[2e1b2a31b91974c5]::string::String>>
[INFO] [stdout]   15:     0x6462f21505c5 - test[aada8e7e76ba119b]::run_test::{closure#0}
[INFO] [stdout]   16:     0x6462f2149eb4 - std[617be2ca0a6fd877]::sys::backtrace::__rust_begin_short_backtrace::<test[aada8e7e76ba119b]::run_test::{closure#1}, ()>
[INFO] [stdout]   17:     0x6462f2153652 - <std[617be2ca0a6fd877]::thread::lifecycle::spawn_unchecked<test[aada8e7e76ba119b]::run_test::{closure#1}, ()>::{closure#1} as core[a373ad73a504971]::ops::function::FnOnce<()>>::call_once::{shim:vtable#0}
[INFO] [stdout]   18:     0x6462f23d941f - <std[617be2ca0a6fd877]::sys::thread::unix::Thread>::new::thread_start
[INFO] [stdout]   19:     0x7e8dce325dfa - <unknown>
[INFO] [stdout]   20:     0x7e8dce3b93d4 - clone
[INFO] [stdout]   21:                0x0 - <unknown>
[INFO] [stdout] 
[INFO] [stdout] ---- resolves_toml_paths_through_the_canonical_manifest stdout ----
[INFO] [stdout] 
[INFO] [stdout] thread 'resolves_toml_paths_through_the_canonical_manifest' (1608) panicked at tests/fixtures.rs:31:58:
[INFO] [stdout] fixture should be readable: Os { code: 2, kind: NotFound, message: "No such file or directory" }
[INFO] [stdout] stack backtrace:
[INFO] [stdout]    0:     0x6462f23da621 - <<std[617be2ca0a6fd877]::sys::backtrace::BacktraceLock>::print::DisplayBacktrace as core[a373ad73a504971]::fmt::Display>::fmt
[INFO] [stdout]    1:     0x6462f23f152a - core[a373ad73a504971]::fmt::write
[INFO] [stdout]    2:     0x6462f23def5c - <alloc[2e1b2a31b91974c5]::vec::Vec<u8> as core[a373ad73a504971]::io::write::Write>::write_fmt
[INFO] [stdout]    3:     0x6462f23b3796 - std[617be2ca0a6fd877]::panicking::default_hook::{closure#0}
[INFO] [stdout]    4:     0x6462f23d1919 - std[617be2ca0a6fd877]::panicking::default_hook
[INFO] [stdout]    5:     0x6462f214ffa0 - test[aada8e7e76ba119b]::test_main_inner::{closure#0}
[INFO] [stdout]    6:     0x6462f23d1ad2 - std[617be2ca0a6fd877]::panicking::panic_with_hook
[INFO] [stdout]    7:     0x6462f23b3842 - std[617be2ca0a6fd877]::panicking::panic_handler::{closure#0}
[INFO] [stdout]    8:     0x6462f23ac089 - std[617be2ca0a6fd877]::sys::backtrace::__rust_end_short_backtrace::<std[617be2ca0a6fd877]::panicking::panic_handler::{closure#0}, !>
[INFO] [stdout]    9:     0x6462f23b48dd - __rustc[ea4f61d10b84890b]::rust_begin_unwind
[INFO] [stdout]   10:     0x6462f23f1c9c - core[a373ad73a504971]::panicking::panic_fmt
[INFO] [stdout]   11:     0x6462f23f1a72 - core[a373ad73a504971]::result::unwrap_failed
[INFO] [stdout]   12:     0x6462f212d012 - fixtures[8935beb1ce692816]::read_fixture
[INFO] [stdout]   13:     0x6462f212fa45 - <fixtures[8935beb1ce692816]::resolves_toml_paths_through_the_canonical_manifest::{closure#0} as core[a373ad73a504971]::ops::function::FnOnce<()>>::call_once
[INFO] [stdout]   14:     0x6462f21433eb - test[aada8e7e76ba119b]::__rust_begin_short_backtrace::<core[a373ad73a504971]::result::Result<(), alloc[2e1b2a31b91974c5]::string::String>, fn() -> core[a373ad73a504971]::result::Result<(), alloc[2e1b2a31b91974c5]::string::String>>
[INFO] [stdout]   15:     0x6462f21505c5 - test[aada8e7e76ba119b]::run_test::{closure#0}
[INFO] [stdout]   16:     0x6462f2149eb4 - std[617be2ca0a6fd877]::sys::backtrace::__rust_begin_short_backtrace::<test[aada8e7e76ba119b]::run_test::{closure#1}, ()>
[INFO] [stdout]   17:     0x6462f2153652 - <std[617be2ca0a6fd877]::thread::lifecycle::spawn_unchecked<test[aada8e7e76ba119b]::run_test::{closure#1}, ()>::{closure#1} as core[a373ad73a504971]::ops::function::FnOnce<()>>::call_once::{shim:vtable#0}
[INFO] [stdout]   18:     0x6462f23d941f - <std[617be2ca0a6fd877]::sys::thread::unix::Thread>::new::thread_start
[INFO] [stdout]   19:     0x7e8dce325dfa - <unknown>
[INFO] [stdout]   20:     0x7e8dce3b93d4 - clone
[INFO] [stdout]   21:                0x0 - <unknown>
[INFO] [stdout] 
[INFO] [stdout] ---- conforms_to_slice_137_toml_family_manifest_fixture stdout ----
[INFO] [stdout] 
[INFO] [stdout] thread 'conforms_to_slice_137_toml_family_manifest_fixture' (1600) panicked at tests/fixtures.rs:31:58:
[INFO] [stdout] fixture should be readable: Os { code: 2, kind: NotFound, message: "No such file or directory" }
[INFO] [stdout] stack backtrace:
[INFO] [stdout]    0:     0x6462f23da621 - <<std[617be2ca0a6fd877]::sys::backtrace::BacktraceLock>::print::DisplayBacktrace as core[a373ad73a504971]::fmt::Display>::fmt
[INFO] [stdout]    1:     0x6462f23f152a - core[a373ad73a504971]::fmt::write
[INFO] [stdout]    2:     0x6462f23def5c - <alloc[2e1b2a31b91974c5]::vec::Vec<u8> as core[a373ad73a504971]::io::write::Write>::write_fmt
[INFO] [stdout]    3:     0x6462f23b3796 - std[617be2ca0a6fd877]::panicking::default_hook::{closure#0}
[INFO] [stdout]    4:     0x6462f23d1919 - std[617be2ca0a6fd877]::panicking::default_hook
[INFO] [stdout]    5:     0x6462f214ffa0 - test[aada8e7e76ba119b]::test_main_inner::{closure#0}
[INFO] [stdout]    6:     0x6462f23d1ad2 - std[617be2ca0a6fd877]::panicking::panic_with_hook
[INFO] [stdout]    7:     0x6462f23b3842 - std[617be2ca0a6fd877]::panicking::panic_handler::{closure#0}
[INFO] [stdout]    8:     0x6462f23ac089 - std[617be2ca0a6fd877]::sys::backtrace::__rust_end_short_backtrace::<std[617be2ca0a6fd877]::panicking::panic_handler::{closure#0}, !>
[INFO] [stdout]    9:     0x6462f23b48dd - __rustc[ea4f61d10b84890b]::rust_begin_unwind
[INFO] [stdout]   10:     0x6462f23f1c9c - core[a373ad73a504971]::panicking::panic_fmt
[INFO] [stdout]   11:     0x6462f23f1a72 - core[a373ad73a504971]::result::unwrap_failed
[INFO] [stdout]   12:     0x6462f212d012 - fixtures[8935beb1ce692816]::read_fixture
[INFO] [stdout]   13:     0x6462f212ec45 - <fixtures[8935beb1ce692816]::conforms_to_slice_137_toml_family_manifest_fixture::{closure#0} as core[a373ad73a504971]::ops::function::FnOnce<()>>::call_once
[INFO] [stdout]   14:     0x6462f21433eb - test[aada8e7e76ba119b]::__rust_begin_short_backtrace::<core[a373ad73a504971]::result::Result<(), alloc[2e1b2a31b91974c5]::string::String>, fn() -> core[a373ad73a504971]::result::Result<(), alloc[2e1b2a31b91974c5]::string::String>>
[INFO] [stdout]   15:     0x6462f21505c5 - test[aada8e7e76ba119b]::run_test::{closure#0}
[INFO] [stdout]   16:     0x6462f2149eb4 - std[617be2ca0a6fd877]::sys::backtrace::__rust_begin_short_backtrace::<test[aada8e7e76ba119b]::run_test::{closure#1}, ()>
[INFO] [stdout]   17:     0x6462f2153652 - <std[617be2ca0a6fd877]::thread::lifecycle::spawn_unchecked<test[aada8e7e76ba119b]::run_test::{closure#1}, ()>::{closure#1} as core[a373ad73a504971]::ops::function::FnOnce<()>>::call_once::{shim:vtable#0}
[INFO] [stdout]   18:     0x6462f23d941f - <std[617be2ca0a6fd877]::sys::thread::unix::Thread>::new::thread_start
[INFO] [stdout]   19:     0x7e8dce325dfa - <unknown>
[INFO] [stdout]   20:     0x7e8dce3b93d4 - clone
[INFO] [stdout]   21:                0x0 - <unknown>
[INFO] [stdout] 
[INFO] [stdout] ---- conforms_to_slice_93_toml_matching_fixture stdout ----
[INFO] [stdout] 
[INFO] [stdout] thread 'conforms_to_slice_93_toml_matching_fixture' (1606) panicked at tests/fixtures.rs:31:58:
[INFO] [stdout] fixture should be readable: Os { code: 2, kind: NotFound, message: "No such file or directory" }
[INFO] [stdout] stack backtrace:
[INFO] [stdout]    0:     0x6462f23da621 - <<std[617be2ca0a6fd877]::sys::backtrace::BacktraceLock>::print::DisplayBacktrace as core[a373ad73a504971]::fmt::Display>::fmt
[INFO] [stdout]    1:     0x6462f23f152a - core[a373ad73a504971]::fmt::write
[INFO] [stdout]    2:     0x6462f23def5c - <alloc[2e1b2a31b91974c5]::vec::Vec<u8> as core[a373ad73a504971]::io::write::Write>::write_fmt
[INFO] [stdout]    3:     0x6462f23b3796 - std[617be2ca0a6fd877]::panicking::default_hook::{closure#0}
[INFO] [stdout]    4:     0x6462f23d1919 - std[617be2ca0a6fd877]::panicking::default_hook
[INFO] [stdout]    5:     0x6462f214ffa0 - test[aada8e7e76ba119b]::test_main_inner::{closure#0}
[INFO] [stdout]    6:     0x6462f23d1ad2 - std[617be2ca0a6fd877]::panicking::panic_with_hook
[INFO] [stdout]    7:     0x6462f23b3842 - std[617be2ca0a6fd877]::panicking::panic_handler::{closure#0}
[INFO] [stdout]    8:     0x6462f23ac089 - std[617be2ca0a6fd877]::sys::backtrace::__rust_end_short_backtrace::<std[617be2ca0a6fd877]::panicking::panic_handler::{closure#0}, !>
[INFO] [stdout]    9:     0x6462f23b48dd - __rustc[ea4f61d10b84890b]::rust_begin_unwind
[INFO] [stdout]   10:     0x6462f23f1c9c - core[a373ad73a504971]::panicking::panic_fmt
[INFO] [stdout]   11:     0x6462f23f1a72 - core[a373ad73a504971]::result::unwrap_failed
[INFO] [stdout]   12:     0x6462f212d012 - fixtures[8935beb1ce692816]::read_fixture
[INFO] [stdout]   13:     0x6462f212df7a - <fixtures[8935beb1ce692816]::conforms_to_slice_93_toml_matching_fixture::{closure#0} as core[a373ad73a504971]::ops::function::FnOnce<()>>::call_once
[INFO] [stdout]   14:     0x6462f21433eb - test[aada8e7e76ba119b]::__rust_begin_short_backtrace::<core[a373ad73a504971]::result::Result<(), alloc[2e1b2a31b91974c5]::string::String>, fn() -> core[a373ad73a504971]::result::Result<(), alloc[2e1b2a31b91974c5]::string::String>>
[INFO] [stdout]   15:     0x6462f21505c5 - test[aada8e7e76ba119b]::run_test::{closure#0}
[INFO] [stdout]   16:     0x6462f2149eb4 - std[617be2ca0a6fd877]::sys::backtrace::__rust_begin_short_backtrace::<test[aada8e7e76ba119b]::run_test::{closure#1}, ()>
[INFO] [stdout]   17:     0x6462f2153652 - <std[617be2ca0a6fd877]::thread::lifecycle::spawn_unchecked<test[aada8e7e76ba119b]::run_test::{closure#1}, ()>::{closure#1} as core[a373ad73a504971]::ops::function::FnOnce<()>>::call_once::{shim:vtable#0}
[INFO] [stdout]   18:     0x6462f23d941f - <std[617be2ca0a6fd877]::sys::thread::unix::Thread>::new::thread_start
[INFO] [stdout]   19:     0x7e8dce325dfa - <unknown>
[INFO] [stdout]   20:     0x7e8dce3b93d4 - clone
[INFO] [stdout]   21:                0x0 - <unknown>
[INFO] [stdout] 
[INFO] [stdout] ---- conforms_to_slice_136_toml_plan_contexts stdout ----
[INFO] [stdout] 
[INFO] [stdout] thread 'conforms_to_slice_136_toml_plan_contexts' (1599) panicked at tests/fixtures.rs:31:58:
[INFO] [stdout] fixture should be readable: Os { code: 2, kind: NotFound, message: "No such file or directory" }
[INFO] [stdout] stack backtrace:
[INFO] [stdout]    0:     0x6462f23da621 - <<std[617be2ca0a6fd877]::sys::backtrace::BacktraceLock>::print::DisplayBacktrace as core[a373ad73a504971]::fmt::Display>::fmt
[INFO] [stdout]    1:     0x6462f23f152a - core[a373ad73a504971]::fmt::write
[INFO] [stdout]    2:     0x6462f23def5c - <alloc[2e1b2a31b91974c5]::vec::Vec<u8> as core[a373ad73a504971]::io::write::Write>::write_fmt
[INFO] [stdout]    3:     0x6462f23b3796 - std[617be2ca0a6fd877]::panicking::default_hook::{closure#0}
[INFO] [stdout]    4:     0x6462f23d1919 - std[617be2ca0a6fd877]::panicking::default_hook
[INFO] [stdout]    5:     0x6462f214ffa0 - test[aada8e7e76ba119b]::test_main_inner::{closure#0}
[INFO] [stdout]    6:     0x6462f23d1ad2 - std[617be2ca0a6fd877]::panicking::panic_with_hook
[INFO] [stdout]    7:     0x6462f23b3842 - std[617be2ca0a6fd877]::panicking::panic_handler::{closure#0}
[INFO] [stdout]    8:     0x6462f23ac089 - std[617be2ca0a6fd877]::sys::backtrace::__rust_end_short_backtrace::<std[617be2ca0a6fd877]::panicking::panic_handler::{closure#0}, !>
[INFO] [stdout]    9:     0x6462f23b48dd - __rustc[ea4f61d10b84890b]::rust_begin_unwind
[INFO] [stdout]   10:     0x6462f23f1c9c - core[a373ad73a504971]::panicking::panic_fmt
[INFO] [stdout]   11:     0x6462f23f1a72 - core[a373ad73a504971]::result::unwrap_failed
[INFO] [stdout]   12:     0x6462f212d012 - fixtures[8935beb1ce692816]::read_fixture
[INFO] [stdout]   13:     0x6462f212d284 - <fixtures[8935beb1ce692816]::conforms_to_slice_136_toml_plan_contexts::{closure#0} as core[a373ad73a504971]::ops::function::FnOnce<()>>::call_once
[INFO] [stdout]   14:     0x6462f21433eb - test[aada8e7e76ba119b]::__rust_begin_short_backtrace::<core[a373ad73a504971]::result::Result<(), alloc[2e1b2a31b91974c5]::string::String>, fn() -> core[a373ad73a504971]::result::Result<(), alloc[2e1b2a31b91974c5]::string::String>>
[INFO] [stdout]   15:     0x6462f21505c5 - test[aada8e7e76ba119b]::run_test::{closure#0}
[INFO] [stdout]   16:     0x6462f2149eb4 - std[617be2ca0a6fd877]::sys::backtrace::__rust_begin_short_backtrace::<test[aada8e7e76ba119b]::run_test::{closure#1}, ()>
[INFO] [stdout]   17:     0x6462f2153652 - <std[617be2ca0a6fd877]::thread::lifecycle::spawn_unchecked<test[aada8e7e76ba119b]::run_test::{closure#1}, ()>::{closure#1} as core[a373ad73a504971]::ops::function::FnOnce<()>>::call_once::{shim:vtable#0}
[INFO] [stdout]   18:     0x6462f23d941f - <std[617be2ca0a6fd877]::sys::thread::unix::Thread>::new::thread_start
[INFO] [stdout]   19:     0x7e8dce325dfa - <unknown>
[INFO] [stdout]   20:     0x7e8dce3b93d4 - clone
[INFO] [stdout]   21:                0x0 - <unknown>
[INFO] [stdout] 
[INFO] [stdout] 
[INFO] [stdout] failures:
[INFO] [stdout]     conforms_to_slice_135_toml_backend_feature_profiles
[INFO] [stdout]     conforms_to_slice_136_toml_plan_contexts
[INFO] [stdout]     conforms_to_slice_137_toml_family_manifest_fixture
[INFO] [stdout]     conforms_to_slice_139_toml_family_named_suite_plan_fixture
[INFO] [stdout]     conforms_to_slice_140_toml_family_manifest_report_fixture
[INFO] [stdout]     conforms_to_slice_90_toml_feature_profile_fixture
[INFO] [stdout]     conforms_to_slice_91_toml_parse_fixtures
[INFO] [stdout]     conforms_to_slice_92_toml_structure_fixture
[INFO] [stdout]     conforms_to_slice_93_toml_matching_fixture
[INFO] [stdout]     conforms_to_slice_94_toml_merge_fixtures
[INFO] [stdout]     resolves_toml_paths_through_the_canonical_manifest
[INFO] [stdout] 
[INFO] [stdout] test result: FAILED. 0 passed; 11 failed; 0 ignored; 0 measured; 0 filtered out; finished in 0.04s
[INFO] [stdout] 
[INFO] [stderr] error: test failed, to rerun pass `--test fixtures`
[INFO] running `Command { std: "docker" "inspect" "f53c6a8ce65b3261371907971d83d2ea469ced8347d7581bdfef93172dda6120", kill_on_drop: false }`
[INFO] running `Command { std: "docker" "rm" "-f" "f53c6a8ce65b3261371907971d83d2ea469ced8347d7581bdfef93172dda6120", kill_on_drop: false }`
[INFO] [stdout] f53c6a8ce65b3261371907971d83d2ea469ced8347d7581bdfef93172dda6120
