[INFO] fetching crate structure-runner 0.1.0...
[INFO] testing structure-runner-0.1.0 against 1.99.0-beta.8+cargoflags=--release for beta-release-1.100-2
[INFO] extracting crate structure-runner 0.1.0 into /workspace/builds/worker-5-tc1/source
[INFO] started tweaking crates.io crate structure-runner 0.1.0
[INFO] finished tweaking crates.io crate structure-runner 0.1.0
[INFO] tweaked toml for crates.io crate structure-runner 0.1.0 written to /workspace/builds/worker-5-tc1/source/Cargo.toml
[INFO] validating manifest of crates.io crate structure-runner 0.1.0 on toolchain 1.99.0-beta.8
[INFO] running `Command { std: CARGO_HOME="/workspace/cargo-home" RUSTUP_HOME="/workspace/rustup-home" "/workspace/cargo-home/bin/cargo" "+1.99.0-beta.8" "metadata" "--manifest-path" "Cargo.toml" "--no-deps", kill_on_drop: false }`
[INFO] crate crates.io crate structure-runner 0.1.0 already has a lockfile, it will not be regenerated
[INFO] running `Command { std: CARGO_HOME="/workspace/cargo-home" RUSTUP_HOME="/workspace/rustup-home" "/workspace/cargo-home/bin/cargo" "+1.99.0-beta.8" "fetch" "--manifest-path" "Cargo.toml", kill_on_drop: false }`
[INFO] [stderr]     Updating crates.io index
[INFO] [stderr]  Downloading crates ...
[INFO] [stderr]   Downloaded structure-model v0.1.0
[INFO] [stderr]   Downloaded structure-protocol v0.1.0
[INFO] running `Command { std: "docker" "create" "-v" "/var/lib/crater-agent-workspace/builds/worker-5-tc1/source:/opt/rustwide/workdir:ro,Z" "-v" "/var/lib/crater-agent-workspace/builds/worker-5-tc1/target:/opt/rustwide/target:rw,Z" "-v" "/var/lib/crater-agent-workspace/cargo-home:/opt/rustwide/cargo-home:ro,Z" "-v" "/var/lib/crater-agent-workspace/rustup-home:/opt/rustwide/rustup-home:ro,Z" "-m" "1610612736" "--network" "none" "ghcr.io/rust-lang/crates-build-env/linux@sha256:77db811e55d90add9212f6832c23229e3de5f1c1f9905e8cb07319ea15df73ac" "sleep" "infinity", kill_on_drop: false }`
[INFO] [stdout] 2082427a06bcce1d459be43e0445c0175358bded67c755d861893ae445b4d9eb
[INFO] running `Command { std: "docker" "start" "2082427a06bcce1d459be43e0445c0175358bded67c755d861893ae445b4d9eb", kill_on_drop: false }`
[INFO] running `Command { std: "docker" "inspect" "2082427a06bcce1d459be43e0445c0175358bded67c755d861893ae445b4d9eb", kill_on_drop: false }`
[INFO] running `Command { std: "docker" "exec" "-e" "SOURCE_DIR=/opt/rustwide/workdir" "-e" "CARGO_HOME=/opt/rustwide/cargo-home" "-e" "RUSTUP_HOME=/opt/rustwide/rustup-home" "-e" "CARGO_TARGET_DIR=/opt/rustwide/target" "-w" "/opt/rustwide/workdir" "--user" "0:0" "2082427a06bcce1d459be43e0445c0175358bded67c755d861893ae445b4d9eb" "/opt/rustwide/cargo-home/bin/cargo" "+1.99.0-beta.8" "metadata" "--no-deps" "--format-version=1", kill_on_drop: false }`
[INFO] running `Command { std: "docker" "inspect" "2082427a06bcce1d459be43e0445c0175358bded67c755d861893ae445b4d9eb", kill_on_drop: false }`
[INFO] running `Command { std: "docker" "exec" "-e" "SOURCE_DIR=/opt/rustwide/workdir" "-e" "CARGO_HOME=/opt/rustwide/cargo-home" "-e" "RUSTUP_HOME=/opt/rustwide/rustup-home" "-e" "CARGO_TARGET_DIR=/opt/rustwide/target" "-e" "CARGO_INCREMENTAL=0" "-e" "RUST_BACKTRACE=full" "-e" "RUSTFLAGS=--cap-lints=warn" "-e" "RUSTDOCFLAGS=--cap-lints=warn" "-w" "/opt/rustwide/workdir" "--user" "0:0" "2082427a06bcce1d459be43e0445c0175358bded67c755d861893ae445b4d9eb" "/opt/rustwide/cargo-home/bin/cargo" "+1.99.0-beta.8" "build" "--frozen" "--message-format=json" "--release", kill_on_drop: false }`
[INFO] [stderr]    Compiling serde_json v1.0.151
[INFO] [stderr]    Compiling crossbeam-utils v0.8.23
[INFO] [stderr]    Compiling ref-cast v1.0.26
[INFO] [stderr]    Compiling rustix v1.1.5
[INFO] [stderr]    Compiling syn v2.0.119
[INFO] [stderr]    Compiling syn v3.0.3
[INFO] [stderr]    Compiling regex-automata v0.4.18
[INFO] [stderr]    Compiling crossbeam-epoch v0.9.21
[INFO] [stderr]    Compiling crossbeam-deque v0.8.8
[INFO] [stderr]    Compiling serde_derive_internals v0.29.1
[INFO] [stderr]    Compiling globset v0.4.19
[INFO] [stderr]    Compiling regex v1.13.1
[INFO] [stderr]    Compiling schemars_derive v1.2.1
[INFO] [stderr]    Compiling tokio-macros v2.7.1
[INFO] [stderr]    Compiling ref-cast-impl v1.0.26
[INFO] [stderr]    Compiling serde_derive v1.0.229
[INFO] [stderr]    Compiling ignore v0.4.30
[INFO] [stderr]    Compiling tokio v1.53.1
[INFO] [stderr]    Compiling serde v1.0.229
[INFO] [stderr]    Compiling schemars v1.2.1
[INFO] [stderr]    Compiling structure-model v0.1.0
[INFO] [stderr]    Compiling structure-protocol v0.1.0
[INFO] [stderr]    Compiling structure-runner v0.1.0 (/opt/rustwide/workdir)
[INFO] [stderr]     Finished `release` profile [optimized] target(s) in 41.03s
[INFO] running `Command { std: "docker" "inspect" "2082427a06bcce1d459be43e0445c0175358bded67c755d861893ae445b4d9eb", kill_on_drop: false }`
[INFO] running `Command { std: "docker" "exec" "-e" "SOURCE_DIR=/opt/rustwide/workdir" "-e" "CARGO_HOME=/opt/rustwide/cargo-home" "-e" "RUSTUP_HOME=/opt/rustwide/rustup-home" "-e" "CARGO_TARGET_DIR=/opt/rustwide/target" "-e" "CARGO_INCREMENTAL=0" "-e" "RUST_BACKTRACE=full" "-e" "RUSTFLAGS=--cap-lints=warn" "-e" "RUSTDOCFLAGS=--cap-lints=warn" "-w" "/opt/rustwide/workdir" "--user" "0:0" "2082427a06bcce1d459be43e0445c0175358bded67c755d861893ae445b4d9eb" "/opt/rustwide/cargo-home/bin/cargo" "+1.99.0-beta.8" "test" "--frozen" "--no-run" "--message-format=json" "--release", kill_on_drop: false }`
[INFO] [stderr]    Compiling toml_datetime v0.7.5+spec-1.1.0
[INFO] [stderr]    Compiling serde_spanned v1.1.1
[INFO] [stderr]    Compiling toml v0.9.12+spec-1.1.0
[INFO] [stderr]    Compiling structure-runner v0.1.0 (/opt/rustwide/workdir)
[INFO] [stderr]     Finished `release` profile [optimized] target(s) in 12.91s
[INFO] running `Command { std: "docker" "inspect" "2082427a06bcce1d459be43e0445c0175358bded67c755d861893ae445b4d9eb", kill_on_drop: false }`
[INFO] running `Command { std: "docker" "exec" "-e" "SOURCE_DIR=/opt/rustwide/workdir" "-e" "CARGO_HOME=/opt/rustwide/cargo-home" "-e" "RUSTUP_HOME=/opt/rustwide/rustup-home" "-e" "CARGO_TARGET_DIR=/opt/rustwide/target" "-e" "CARGO_INCREMENTAL=0" "-e" "RUST_BACKTRACE=full" "-e" "RUSTFLAGS=--cap-lints=warn" "-e" "RUSTDOCFLAGS=--cap-lints=warn" "-w" "/opt/rustwide/workdir" "--user" "0:0" "2082427a06bcce1d459be43e0445c0175358bded67c755d861893ae445b4d9eb" "/opt/rustwide/cargo-home/bin/cargo" "+1.99.0-beta.8" "test" "--frozen" "--release", kill_on_drop: false }`
[INFO] [stderr]     Finished `release` profile [optimized] target(s) in 0.06s
[INFO] [stderr]      Running unittests src/lib.rs (/opt/rustwide/target/release/deps/structure_runner-2548335b76b12ee3)
[INFO] [stdout] 
[INFO] [stdout] running 28 tests
[INFO] [stdout] test output::tests::output_truncation_keeps_both_ends ... ok
[INFO] [stdout] test shell_classifier::tests::inline_validation_source_does_not_match_build_substrings ... ok
[INFO] [stdout] test shell_classifier::tests::shell_file_redirection_is_mutation_but_descriptor_merging_is_not ... ok
[INFO] [stdout] test shell_classifier::tests::shell_classification_protects_real_mutations_not_dev_null_routing ... ok
[INFO] [stdout] test shell_classifier::tests::python_heredoc_without_dash_is_classified_as_validation ... ok
[INFO] [stdout] test tests::credentials_are_scrubbed_by_name_segment ... ok
[INFO] [stdout] test shell_classifier::tests::shell_interactions_are_classified_before_memory_policy ... ok
[INFO] [stdout] test shell_classifier::tests::shell_classification_uses_command_boundaries_not_argument_substrings ... ok
[INFO] [stdout] test shell_classifier::tests::inline_version_probe_does_not_arm_typed_completion ... ok
[INFO] [stdout] test tests::a_failed_edit_leaves_every_file_untouched ... ok
[INFO] [stdout] test tests::local_runner_reads_only_regular_files_inside_its_root ... ok
[INFO] [stdout] test tests::shell_is_unavailable_unless_the_host_adds_it ... ok
[INFO] [stdout] test tests::the_coding_policy_offers_exactly_one_edit_format ... ok
[INFO] [stdout] test tests::read_file_numbers_lines_only_when_the_policy_asks ... ok
[INFO] [stdout] test tests::a_missing_match_points_at_the_intended_line ... ok
[INFO] [stdout] test tests::list_dir_marks_directories_and_defaults_to_the_root ... ok
[INFO] [stdout] test tests::the_legacy_policy_hides_the_tools_it_does_not_enable ... ok
[INFO] [stdout] test tests::delete_file_is_confined_and_refuses_links ... ok
[INFO] [stdout] test tests::local_runner_writes_only_inside_its_root ... ok
[INFO] [stdout] test tests::the_read_only_policy_cannot_change_the_workspace ... ok
[INFO] [stdout] test tests::the_policy_loads_from_toml_and_is_validated ... ok
[INFO] [stdout] test tests::shell_reports_status_and_keeps_streams_separate ... ok
[INFO] [stdout] test tests::shell_runs_non_interactively ... ok
[INFO] [stdout] test shell_classifier::tests::read_only_inline_validation_and_ordered_pipelines_preserve_final_semantics ... ok
[INFO] [stdout] test tests::find_files_matches_globs_without_crossing_separators ... ok
[INFO] [stdout] test tests::edit_files_applies_a_batch_in_order_across_files ... ok
[INFO] [stdout] test tests::grep_reports_matches_by_path_and_line ... ok
[INFO] [stdout] test tests::a_timeout_kills_every_process_the_command_started ... FAILED
[INFO] [stdout] 
[INFO] [stdout] failures:
[INFO] [stdout] 
[INFO] [stdout] ---- tests::a_timeout_kills_every_process_the_command_started stdout ----
[INFO] [stdout] 
[INFO] [stdout] thread 'tests::a_timeout_kills_every_process_the_command_started' (896) panicked at src/lib.rs:1393:9:
[INFO] [stdout] the background grandchild 948 survived
[INFO] [stdout] stack backtrace:
[INFO] [stdout]    0:     0x5d0e74b3fbf1 - <<std[70759c8f55707aa4]::sys::backtrace::BacktraceLock>::print::DisplayBacktrace as core[df12db4294e9bfd3]::fmt::Display>::fmt
[INFO] [stdout]    1:     0x5d0e74b5689a - core[df12db4294e9bfd3]::fmt::write
[INFO] [stdout]    2:     0x5d0e74b445dc - <alloc[2182bb758b4b3781]::vec::Vec<u8> as core[df12db4294e9bfd3]::io::write::Write>::write_fmt
[INFO] [stdout]    3:     0x5d0e74b18ba6 - std[70759c8f55707aa4]::panicking::default_hook::{closure#0}
[INFO] [stdout]    4:     0x5d0e74b36f99 - std[70759c8f55707aa4]::panicking::default_hook
[INFO] [stdout]    5:     0x5d0e74aa0ff0 - test[9d35eded1c95d3be]::test_main_inner::<test[9d35eded1c95d3be]::test_main_static::{closure#0}>::{closure#0}
[INFO] [stdout]    6:     0x5d0e74b372c2 - std[70759c8f55707aa4]::panicking::panic_with_hook
[INFO] [stdout]    7:     0x5d0e74b18c52 - std[70759c8f55707aa4]::panicking::panic_handler::{closure#0}
[INFO] [stdout]    8:     0x5d0e74b11689 - std[70759c8f55707aa4]::sys::backtrace::__rust_end_short_backtrace::<std[70759c8f55707aa4]::panicking::panic_handler::{closure#0}, !>
[INFO] [stdout]    9:     0x5d0e74b1984d - __rustc[8fa7c3cbc660c2b3]::rust_begin_unwind
[INFO] [stdout]   10:     0x5d0e74b570bc - core[df12db4294e9bfd3]::panicking::panic_fmt
[INFO] [stdout]   11:     0x5d0e74919f0c - structure_runner[680a24b20a603d37]::tests::a_timeout_kills_every_process_the_command_started::{closure#0}
[INFO] [stdout]   12:     0x5d0e7496c9a3 - <tokio[a5dfc781ce5f0e32]::runtime::scheduler::current_thread::Context>::enter::<core[df12db4294e9bfd3]::task::poll::Poll<()>, <tokio[a5dfc781ce5f0e32]::runtime::scheduler::current_thread::CoreGuard>::block_on<core[df12db4294e9bfd3]::pin::Pin<&mut core[df12db4294e9bfd3]::pin::Pin<&mut dyn core[df12db4294e9bfd3]::future::future::Future<Output = ()>>>>::{closure#0}::{closure#0}>
[INFO] [stdout]   13:     0x5d0e7493c87c - <tokio[a5dfc781ce5f0e32]::runtime::context::scoped::Scoped<tokio[a5dfc781ce5f0e32]::runtime::scheduler::Context>>::set::<<tokio[a5dfc781ce5f0e32]::runtime::scheduler::current_thread::CoreGuard>::enter<<tokio[a5dfc781ce5f0e32]::runtime::scheduler::current_thread::CoreGuard>::block_on<core[df12db4294e9bfd3]::pin::Pin<&mut core[df12db4294e9bfd3]::pin::Pin<&mut dyn core[df12db4294e9bfd3]::future::future::Future<Output = ()>>>>::{closure#0}, core[df12db4294e9bfd3]::option::Option<()>>::{closure#0}, (alloc[2182bb758b4b3781]::boxed::Box<tokio[a5dfc781ce5f0e32]::runtime::scheduler::current_thread::Core>, core[df12db4294e9bfd3]::option::Option<()>)>
[INFO] [stdout]   14:     0x5d0e7496cb47 - <tokio[a5dfc781ce5f0e32]::runtime::scheduler::current_thread::CoreGuard>::block_on::<core[df12db4294e9bfd3]::pin::Pin<&mut core[df12db4294e9bfd3]::pin::Pin<&mut dyn core[df12db4294e9bfd3]::future::future::Future<Output = ()>>>>
[INFO] [stdout]   15:     0x5d0e749766fb - tokio[a5dfc781ce5f0e32]::runtime::context::runtime::enter_runtime::<<tokio[a5dfc781ce5f0e32]::runtime::scheduler::current_thread::CurrentThread>::block_on<core[df12db4294e9bfd3]::pin::Pin<&mut dyn core[df12db4294e9bfd3]::future::future::Future<Output = ()>>>::{closure#0}, ()>
[INFO] [stdout]   16:     0x5d0e74973305 - <tokio[a5dfc781ce5f0e32]::runtime::runtime::Runtime>::block_on::<core[df12db4294e9bfd3]::pin::Pin<&mut dyn core[df12db4294e9bfd3]::future::future::Future<Output = ()>>>
[INFO] [stdout]   17:     0x5d0e7492838b - structure_runner[680a24b20a603d37]::tests::a_timeout_kills_every_process_the_command_started
[INFO] [stdout]   18:     0x5d0e7496c639 - <structure_runner[680a24b20a603d37]::tests::a_timeout_kills_every_process_the_command_started::{closure#0} as core[df12db4294e9bfd3]::ops::function::FnOnce<()>>::call_once
[INFO] [stdout]   19:     0x5d0e74a942db - test[9d35eded1c95d3be]::__rust_begin_short_backtrace::<core[df12db4294e9bfd3]::result::Result<(), alloc[2182bb758b4b3781]::string::String>, fn() -> core[df12db4294e9bfd3]::result::Result<(), alloc[2182bb758b4b3781]::string::String>>
[INFO] [stdout]   20:     0x5d0e74aa1945 - test[9d35eded1c95d3be]::run_test::{closure#0}
[INFO] [stdout]   21:     0x5d0e74a9b204 - std[70759c8f55707aa4]::sys::backtrace::__rust_begin_short_backtrace::<test[9d35eded1c95d3be]::run_test::{closure#1}, ()>
[INFO] [stdout]   22:     0x5d0e74aa4aa2 - <std[70759c8f55707aa4]::thread::lifecycle::spawn_unchecked<test[9d35eded1c95d3be]::run_test::{closure#1}, ()>::{closure#1} as core[df12db4294e9bfd3]::ops::function::FnOnce<()>>::call_once::{shim:vtable#0}
[INFO] [stdout]   23:     0x5d0e74b3ef59 - <std[70759c8f55707aa4]::sys::thread::unix::Thread>::new::thread_start
[INFO] [stdout]   24:     0x7acac75dadfa - <unknown>
[INFO] [stdout]   25:     0x7acac766e3d4 - clone
[INFO] [stdout]   26:                0x0 - <unknown>
[INFO] [stdout] 
[INFO] [stdout] 
[INFO] [stdout] failures:
[INFO] [stdout]     tests::a_timeout_kills_every_process_the_command_started
[INFO] [stdout] 
[INFO] [stdout] test result: FAILED. 27 passed; 1 failed; 0 ignored; 0 measured; 0 filtered out; finished in 2.19s
[INFO] [stdout] 
[INFO] [stderr] error: test failed, to rerun pass `--lib`
[INFO] running `Command { std: "docker" "inspect" "2082427a06bcce1d459be43e0445c0175358bded67c755d861893ae445b4d9eb", kill_on_drop: false }`
[INFO] running `Command { std: "docker" "rm" "-f" "2082427a06bcce1d459be43e0445c0175358bded67c755d861893ae445b4d9eb", kill_on_drop: false }`
[INFO] [stdout] 2082427a06bcce1d459be43e0445c0175358bded67c755d861893ae445b4d9eb
