[INFO] fetching crate structqlx 0.2.0-alpha.1...
[INFO] testing structqlx-0.2.0-alpha.1 against 1.100.0-beta.1+cargoflags=--release for beta-release-1.100-2
[INFO] extracting crate structqlx 0.2.0-alpha.1 into /workspace/builds/worker-3-tc2/source
[INFO] started tweaking crates.io crate structqlx 0.2.0-alpha.1
[INFO] removed 0 missing tests
[INFO] finished tweaking crates.io crate structqlx 0.2.0-alpha.1
[INFO] tweaked toml for crates.io crate structqlx 0.2.0-alpha.1 written to /workspace/builds/worker-3-tc2/source/Cargo.toml
[INFO] validating manifest of crates.io crate structqlx 0.2.0-alpha.1 on toolchain 1.100.0-beta.1
[INFO] running `Command { std: CARGO_HOME="/workspace/cargo-home" RUSTUP_HOME="/workspace/rustup-home" "/workspace/cargo-home/bin/cargo" "+1.100.0-beta.1" "metadata" "--manifest-path" "Cargo.toml" "--no-deps", kill_on_drop: false }`
[INFO] crate crates.io crate structqlx 0.2.0-alpha.1 already has a lockfile, it will not be regenerated
[INFO] running `Command { std: CARGO_HOME="/workspace/cargo-home" RUSTUP_HOME="/workspace/rustup-home" "/workspace/cargo-home/bin/cargo" "+1.100.0-beta.1" "fetch" "--manifest-path" "Cargo.toml", kill_on_drop: false }`
[INFO] running `Command { std: "docker" "create" "-v" "/var/lib/crater-agent-workspace/builds/worker-3-tc2/source:/opt/rustwide/workdir:ro,Z" "-v" "/var/lib/crater-agent-workspace/builds/worker-3-tc2/target:/opt/rustwide/target:rw,Z" "-v" "/var/lib/crater-agent-workspace/cargo-home:/opt/rustwide/cargo-home:ro,Z" "-v" "/var/lib/crater-agent-workspace/rustup-home:/opt/rustwide/rustup-home:ro,Z" "-m" "1610612736" "--network" "none" "ghcr.io/rust-lang/crates-build-env/linux@sha256:77db811e55d90add9212f6832c23229e3de5f1c1f9905e8cb07319ea15df73ac" "sleep" "infinity", kill_on_drop: false }`
[INFO] [stdout] 68eba0d94235c1517a4bae5c11e48e875a0741a6434ed4c10653c5ffd57402f4
[INFO] running `Command { std: "docker" "start" "68eba0d94235c1517a4bae5c11e48e875a0741a6434ed4c10653c5ffd57402f4", kill_on_drop: false }`
[INFO] running `Command { std: "docker" "inspect" "68eba0d94235c1517a4bae5c11e48e875a0741a6434ed4c10653c5ffd57402f4", kill_on_drop: false }`
[INFO] running `Command { std: "docker" "exec" "-e" "SOURCE_DIR=/opt/rustwide/workdir" "-e" "CARGO_HOME=/opt/rustwide/cargo-home" "-e" "RUSTUP_HOME=/opt/rustwide/rustup-home" "-e" "CARGO_TARGET_DIR=/opt/rustwide/target" "-w" "/opt/rustwide/workdir" "--user" "0:0" "68eba0d94235c1517a4bae5c11e48e875a0741a6434ed4c10653c5ffd57402f4" "/opt/rustwide/cargo-home/bin/cargo" "+1.100.0-beta.1" "metadata" "--no-deps" "--format-version=1", kill_on_drop: false }`
[INFO] running `Command { std: "docker" "inspect" "68eba0d94235c1517a4bae5c11e48e875a0741a6434ed4c10653c5ffd57402f4", kill_on_drop: false }`
[INFO] running `Command { std: "docker" "exec" "-e" "SOURCE_DIR=/opt/rustwide/workdir" "-e" "CARGO_HOME=/opt/rustwide/cargo-home" "-e" "RUSTUP_HOME=/opt/rustwide/rustup-home" "-e" "CARGO_TARGET_DIR=/opt/rustwide/target" "-e" "CARGO_INCREMENTAL=0" "-e" "RUST_BACKTRACE=full" "-e" "RUSTFLAGS=--cap-lints=warn" "-e" "RUSTDOCFLAGS=--cap-lints=warn" "-w" "/opt/rustwide/workdir" "--user" "0:0" "68eba0d94235c1517a4bae5c11e48e875a0741a6434ed4c10653c5ffd57402f4" "/opt/rustwide/cargo-home/bin/cargo" "+1.100.0-beta.1" "build" "--frozen" "--message-format=json" "--release", kill_on_drop: false }`
[INFO] [stderr]    Compiling syn v2.0.111
[INFO] [stderr]    Compiling serde_core v1.0.228
[INFO] [stderr]    Compiling serde v1.0.228
[INFO] [stderr]    Compiling typenum v1.19.0
[INFO] [stderr]    Compiling libc v0.2.178
[INFO] [stderr]    Compiling writeable v0.6.2
[INFO] [stderr]    Compiling serde_json v1.0.145
[INFO] [stderr]    Compiling litemap v0.8.1
[INFO] [stderr]    Compiling icu_properties_data v2.1.2
[INFO] [stderr]    Compiling icu_normalizer_data v2.1.1
[INFO] [stderr]    Compiling subtle v2.6.1
[INFO] [stderr]    Compiling futures-core v0.3.31
[INFO] [stderr]    Compiling find-msvc-tools v0.1.5
[INFO] [stderr]    Compiling crossbeam-utils v0.8.21
[INFO] [stderr]    Compiling pin-project-lite v0.2.16
[INFO] [stderr]    Compiling futures-sink v0.3.31
[INFO] [stderr]    Compiling cc v1.2.50
[INFO] [stderr]    Compiling crypto-common v0.1.7
[INFO] [stderr]    Compiling memchr v2.7.6
[INFO] [stderr]    Compiling percent-encoding v2.3.2
[INFO] [stderr]    Compiling digest v0.10.7
[INFO] [stderr]    Compiling form_urlencoded v1.2.2
[INFO] [stderr]    Compiling zerocopy v0.8.31
[INFO] [stderr]    Compiling itoa v1.0.15
[INFO] [stderr]    Compiling foldhash v0.1.5
[INFO] [stderr]    Compiling generic-array v0.14.7
[INFO] [stderr]    Compiling pin-utils v0.1.0
[INFO] [stderr]    Compiling ryu v1.0.20
[INFO] [stderr]    Compiling utf8_iter v1.0.4
[INFO] [stderr]    Compiling futures-io v0.3.31
[INFO] [stderr]    Compiling futures-task v0.3.31
[INFO] [stderr]    Compiling slab v0.4.11
[INFO] [stderr]    Compiling allocator-api2 v0.2.21
[INFO] [stderr]    Compiling tracing-core v0.1.36
[INFO] [stderr]    Compiling futures-util v0.3.31
[INFO] [stderr]    Compiling getrandom v0.2.16
[INFO] [stderr]    Compiling hashbrown v0.15.5
[INFO] [stderr]    Compiling block-buffer v0.10.4
[INFO] [stderr]    Compiling concurrent-queue v2.5.0
[INFO] [stderr]    Compiling libsqlite3-sys v0.30.1
[INFO] [stderr]    Compiling thiserror v2.0.17
[INFO] [stderr]    Compiling num-traits v0.2.19
[INFO] [stderr]    Compiling log v0.4.29
[INFO] [stderr]    Compiling tinyvec_macros v0.1.1
[INFO] [stderr]    Compiling parking v2.2.1
[INFO] [stderr]    Compiling crc-catalog v2.4.0
[INFO] [stderr]    Compiling indexmap v2.12.1
[INFO] [stderr]    Compiling hashlink v0.10.0
[INFO] [stderr]    Compiling crc v3.4.0
[INFO] [stderr]    Compiling event-listener v5.4.1
[INFO] [stderr]    Compiling tinyvec v1.10.0
[INFO] [stderr]    Compiling sha2 v0.10.9
[INFO] [stderr]    Compiling rand_core v0.6.4
[INFO] [stderr]    Compiling crossbeam-queue v0.3.12
[INFO] [stderr]    Compiling base64 v0.22.1
[INFO] [stderr]    Compiling bytes v1.11.0
[INFO] [stderr]    Compiling atoi v2.0.0
[INFO] [stderr]    Compiling unicode-normalization v0.1.25
[INFO] [stderr]    Compiling ppv-lite86 v0.2.21
[INFO] [stderr]    Compiling hmac v0.12.1
[INFO] [stderr]    Compiling rand_chacha v0.3.1
[INFO] [stderr]    Compiling futures-channel v0.3.31
[INFO] [stderr]    Compiling spin v0.9.8
[INFO] [stderr]    Compiling unicode-bidi v0.3.18
[INFO] [stderr]    Compiling unicode-properties v0.1.4
[INFO] [stderr]    Compiling stringprep v0.1.5
[INFO] [stderr]    Compiling futures-executor v0.3.31
[INFO] [stderr]    Compiling flume v0.11.1
[INFO] [stderr]    Compiling synstructure v0.13.2
[INFO] [stderr]    Compiling rand v0.8.5
[INFO] [stderr]    Compiling hkdf v0.12.4
[INFO] [stderr]    Compiling md-5 v0.10.6
[INFO] [stderr]    Compiling hex v0.4.3
[INFO] [stderr]    Compiling bitflags v2.10.0
[INFO] [stderr]    Compiling dotenvy v0.15.7
[INFO] [stderr]    Compiling home v0.5.12
[INFO] [stderr]    Compiling whoami v1.6.1
[INFO] [stderr]    Compiling darling_core v0.21.3
[INFO] [stderr]    Compiling zerofrom-derive v0.1.6
[INFO] [stderr]    Compiling yoke-derive v0.8.1
[INFO] [stderr]    Compiling serde_derive v1.0.228
[INFO] [stderr]    Compiling zerovec-derive v0.11.2
[INFO] [stderr]    Compiling displaydoc v0.2.5
[INFO] [stderr]    Compiling zerofrom v0.1.6
[INFO] [stderr]    Compiling yoke v0.8.1
[INFO] [stderr]    Compiling tracing-attributes v0.1.31
[INFO] [stderr]    Compiling zerovec v0.11.5
[INFO] [stderr]    Compiling zerotrie v0.2.3
[INFO] [stderr]    Compiling thiserror-impl v2.0.17
[INFO] [stderr]    Compiling tinystr v0.8.2
[INFO] [stderr]    Compiling icu_locale_core v2.1.1
[INFO] [stderr]    Compiling potential_utf v0.1.4
[INFO] [stderr]    Compiling icu_collections v2.1.1
[INFO] [stderr]    Compiling tracing v0.1.44
[INFO] [stderr]    Compiling icu_provider v2.1.1
[INFO] [stderr]    Compiling icu_properties v2.1.2
[INFO] [stderr]    Compiling smallvec v1.15.1
[INFO] [stderr]    Compiling icu_normalizer v2.1.1
[INFO] [stderr]    Compiling parking_lot_core v0.9.12
[INFO] [stderr]    Compiling parking_lot v0.12.5
[INFO] [stderr]    Compiling futures-intrusive v0.5.0
[INFO] [stderr]    Compiling idna_adapter v1.2.1
[INFO] [stderr]    Compiling idna v1.1.0
[INFO] [stderr]    Compiling either v1.15.0
[INFO] [stderr]    Compiling url v2.5.7
[INFO] [stderr]    Compiling sqlx-core v0.8.6
[INFO] [stderr]    Compiling serde_urlencoded v0.7.1
[INFO] [stderr]    Compiling darling_macro v0.21.3
[INFO] [stderr]    Compiling convert_case v0.9.0
[INFO] [stderr]    Compiling darling v0.21.3
[INFO] [stderr]    Compiling structqlx-macros v0.2.0-alpha.1
[INFO] [stderr]    Compiling sqlx-postgres v0.8.6
[INFO] [stderr]    Compiling sqlx-sqlite v0.8.6
[INFO] [stderr]    Compiling sqlx-macros-core v0.8.6
[INFO] [stderr]    Compiling sqlx-macros v0.8.6
[INFO] [stderr]    Compiling sqlx v0.8.6
[INFO] [stderr]    Compiling structqlx v0.2.0-alpha.1 (/opt/rustwide/workdir)
[INFO] [stderr]     Finished `release` profile [optimized] target(s) in 4m 04s
[INFO] running `Command { std: "docker" "inspect" "68eba0d94235c1517a4bae5c11e48e875a0741a6434ed4c10653c5ffd57402f4", kill_on_drop: false }`
[INFO] running `Command { std: "docker" "exec" "-e" "SOURCE_DIR=/opt/rustwide/workdir" "-e" "CARGO_HOME=/opt/rustwide/cargo-home" "-e" "RUSTUP_HOME=/opt/rustwide/rustup-home" "-e" "CARGO_TARGET_DIR=/opt/rustwide/target" "-e" "CARGO_INCREMENTAL=0" "-e" "RUST_BACKTRACE=full" "-e" "RUSTFLAGS=--cap-lints=warn" "-e" "RUSTDOCFLAGS=--cap-lints=warn" "-w" "/opt/rustwide/workdir" "--user" "0:0" "68eba0d94235c1517a4bae5c11e48e875a0741a6434ed4c10653c5ffd57402f4" "/opt/rustwide/cargo-home/bin/cargo" "+1.100.0-beta.1" "test" "--frozen" "--no-run" "--message-format=json" "--release", kill_on_drop: false }`
[INFO] [stderr]    Compiling futures-core v0.3.31
[INFO] [stderr]    Compiling mio v1.1.1
[INFO] [stderr]    Compiling socket2 v0.6.1
[INFO] [stderr]    Compiling tokio v1.48.0
[INFO] [stderr]    Compiling futures-util v0.3.31
[INFO] [stderr]    Compiling futures-intrusive v0.5.0
[INFO] [stderr]    Compiling futures-channel v0.3.31
[INFO] [stderr]    Compiling flume v0.11.1
[INFO] [stderr]    Compiling futures-executor v0.3.31
[INFO] [stderr]    Compiling tokio-stream v0.1.17
[INFO] [stderr]    Compiling sqlx-core v0.8.6
[INFO] [stderr]    Compiling sqlx-sqlite v0.8.6
[INFO] [stderr]    Compiling sqlx-postgres v0.8.6
[INFO] [stderr]    Compiling sqlx-macros-core v0.8.6
[INFO] [stderr]    Compiling sqlx-macros v0.8.6
[INFO] [stderr]    Compiling sqlx v0.8.6
[INFO] [stderr]    Compiling structqlx v0.2.0-alpha.1 (/opt/rustwide/workdir)
[INFO] [stderr]     Finished `release` profile [optimized] target(s) in 2m 12s
[INFO] running `Command { std: "docker" "inspect" "68eba0d94235c1517a4bae5c11e48e875a0741a6434ed4c10653c5ffd57402f4", kill_on_drop: false }`
[INFO] running `Command { std: "docker" "exec" "-e" "SOURCE_DIR=/opt/rustwide/workdir" "-e" "CARGO_HOME=/opt/rustwide/cargo-home" "-e" "RUSTUP_HOME=/opt/rustwide/rustup-home" "-e" "CARGO_TARGET_DIR=/opt/rustwide/target" "-e" "CARGO_INCREMENTAL=0" "-e" "RUST_BACKTRACE=full" "-e" "RUSTFLAGS=--cap-lints=warn" "-e" "RUSTDOCFLAGS=--cap-lints=warn" "-w" "/opt/rustwide/workdir" "--user" "0:0" "68eba0d94235c1517a4bae5c11e48e875a0741a6434ed4c10653c5ffd57402f4" "/opt/rustwide/cargo-home/bin/cargo" "+1.100.0-beta.1" "test" "--frozen" "--release", kill_on_drop: false }`
[INFO] [stderr]     Finished `release` profile [optimized] target(s) in 0.35s
[INFO] [stderr]      Running unittests src/lib.rs (/opt/rustwide/target/release/build/structqlx/1278b5336052da83/out/structqlx-1278b5336052da83)
[INFO] [stderr]      Running tests/test_postgres.rs (/opt/rustwide/target/release/build/structqlx/95ab44c61798fe3c/out/test_postgres-95ab44c61798fe3c)
[INFO] [stdout] 
[INFO] [stdout] running 0 tests
[INFO] [stdout] 
[INFO] [stdout] test result: ok. 0 passed; 0 failed; 0 ignored; 0 measured; 0 filtered out; finished in 0.00s
[INFO] [stdout] 
[INFO] [stdout] 
[INFO] [stdout] running 13 tests
[INFO] [stdout] test constructor_constructs ... ok
[INFO] [stdout] test bare_derive_macro::can_delete_rows ... FAILED
[INFO] [stdout] test bare_derive_macro::can_update_rows ... FAILED
[INFO] [stdout] test bare_derive_macro::can_insert_from_model_to_table ... FAILED
[INFO] [stdout] test bare_derive_macro::model_may_have_required_id ... FAILED
[INFO] [stdout] test generate_getters_adds_getter_fns ... ok
[INFO] [stdout] test bare_derive_macro::model_may_have_optional_id ... FAILED
[INFO] [stdout] test bare_derive_macro::can_select_into_model ... FAILED
[INFO] [stdout] test with_named_table::can_delete_rows ... FAILED
[INFO] [stdout] test with_named_table::can_insert_from_model_to_table ... FAILED
[INFO] [stdout] test with_named_table::can_select_into_model ... FAILED
[INFO] [stdout] test with_named_table::can_update_rows ... FAILED
[INFO] [stdout] test with_named_table::table_name_matches_declared ... ok
[INFO] [stdout] 
[INFO] [stdout] failures:
[INFO] [stdout] 
[INFO] [stdout] ---- bare_derive_macro::can_delete_rows stdout ----
[INFO] [stdout] 
[INFO] [stdout] thread 'bare_derive_macro::can_delete_rows' (2607) panicked at /opt/rustwide/cargo-home/registry/src/index.crates.io-1949cf8c6b5b557f/sqlx-postgres-0.8.6/src/testing/mod.rs:96:44:
[INFO] [stdout] DATABASE_URL must be set: EnvVar(NotPresent)
[INFO] [stdout] stack backtrace:
[INFO] [stdout]    0:     0x5981e1ce24e1 - <<std[617be2ca0a6fd877]::sys::backtrace::BacktraceLock>::print::DisplayBacktrace as core[a373ad73a504971]::fmt::Display>::fmt
[INFO] [stdout]    1:     0x5981e1cf90da - core[a373ad73a504971]::fmt::write
[INFO] [stdout]    2:     0x5981e1ce6cbc - <alloc[2e1b2a31b91974c5]::vec::Vec<u8> as core[a373ad73a504971]::io::write::Write>::write_fmt
[INFO] [stdout]    3:     0x5981e1cbd386 - std[617be2ca0a6fd877]::panicking::default_hook::{closure#0}
[INFO] [stdout]    4:     0x5981e1cda2c9 - std[617be2ca0a6fd877]::panicking::default_hook
[INFO] [stdout]    5:     0x5981e1b9dfc0 - test[aada8e7e76ba119b]::test_main_inner::{closure#0}
[INFO] [stdout]    6:     0x5981e1cda5f2 - std[617be2ca0a6fd877]::panicking::panic_with_hook
[INFO] [stdout]    7:     0x5981e1cbd432 - std[617be2ca0a6fd877]::panicking::panic_handler::{closure#0}
[INFO] [stdout]    8:     0x5981e1cb5e29 - std[617be2ca0a6fd877]::sys::backtrace::__rust_end_short_backtrace::<std[617be2ca0a6fd877]::panicking::panic_handler::{closure#0}, !>
[INFO] [stdout]    9:     0x5981e1cbe2cd - __rustc[ea4f61d10b84890b]::rust_begin_unwind
[INFO] [stdout]   10:     0x5981e1cf983c - core[a373ad73a504971]::panicking::panic_fmt
[INFO] [stdout]   11:     0x5981e1cf9612 - core[a373ad73a504971]::result::unwrap_failed
[INFO] [stdout]   12:     0x5981e1beee9e - <sqlx_postgres[33e813220dc11f14]::database::Postgres as sqlx_core[2f4ce927812f2631]::testing::TestSupport>::test_context::{closure#0}
[INFO] [stdout]   13:     0x5981e1af9b6a - sqlx_core[2f4ce927812f2631]::testing::run_test::<sqlx_postgres[33e813220dc11f14]::database::Postgres, sqlx_core[2f4ce927812f2631]::testing::run_test_with_pool<sqlx_postgres[33e813220dc11f14]::database::Postgres, fn(sqlx_core[2f4ce927812f2631]::pool::Pool<sqlx_postgres[33e813220dc11f14]::database::Postgres>) -> test_postgres[d581deacc0e6d28]::bare_derive_macro::can_delete_rows::can_delete_rows::{closure#0}, test_postgres[d581deacc0e6d28]::bare_derive_macro::can_delete_rows::can_delete_rows::{closure#0}>::{closure#0}, sqlx_core[2f4ce927812f2631]::testing::run_test_with_pool<sqlx_postgres[33e813220dc11f14]::database::Postgres, fn(sqlx_core[2f4ce927812f2631]::pool::Pool<sqlx_postgres[33e813220dc11f14]::database::Postgres>) -> test_postgres[d581deacc0e6d28]::bare_derive_macro::can_delete_rows::can_delete_rows::{closure#0}, test_postgres[d581deacc0e6d28]::bare_derive_macro::can_delete_rows::can_delete_rows::{closure#0}>::{closure#0}::{closure#0}>::{closure#0}
[INFO] [stdout]   14:     0x5981e1b4cd5e - <tokio[32f327aa7e85f0f2]::runtime::scheduler::current_thread::Context>::enter::<core[a373ad73a504971]::task::poll::Poll<()>, <tokio[32f327aa7e85f0f2]::runtime::scheduler::current_thread::CoreGuard>::block_on<core[a373ad73a504971]::pin::Pin<&mut sqlx_core[2f4ce927812f2631]::testing::run_test<sqlx_postgres[33e813220dc11f14]::database::Postgres, sqlx_core[2f4ce927812f2631]::testing::run_test_with_pool<sqlx_postgres[33e813220dc11f14]::database::Postgres, fn(sqlx_core[2f4ce927812f2631]::pool::Pool<sqlx_postgres[33e813220dc11f14]::database::Postgres>) -> test_postgres[d581deacc0e6d28]::bare_derive_macro::can_delete_rows::can_delete_rows::{closure#0}, test_postgres[d581deacc0e6d28]::bare_derive_macro::can_delete_rows::can_delete_rows::{closure#0}>::{closure#0}, sqlx_core[2f4ce927812f2631]::testing::run_test_with_pool<sqlx_postgres[33e813220dc11f14]::database::Postgres, fn(sqlx_core[2f4ce927812f2631]::pool::Pool<sqlx_postgres[33e813220dc11f14]::database::Postgres>) -> test_postgres[d581deacc0e6d28]::bare_derive_macro::can_delete_rows::can_delete_rows::{closure#0}, test_postgres[d581deacc0e6d28]::bare_derive_macro::can_delete_rows::can_delete_rows::{closure#0}>::{closure#0}::{closure#0}>::{closure#0}>>::{closure#0}::{closure#0}>
[INFO] [stdout]   15:     0x5981e1b6aacc - <tokio[32f327aa7e85f0f2]::runtime::context::scoped::Scoped<tokio[32f327aa7e85f0f2]::runtime::scheduler::Context>>::set::<<tokio[32f327aa7e85f0f2]::runtime::scheduler::current_thread::CoreGuard>::enter<<tokio[32f327aa7e85f0f2]::runtime::scheduler::current_thread::CoreGuard>::block_on<core[a373ad73a504971]::pin::Pin<&mut sqlx_core[2f4ce927812f2631]::testing::run_test<sqlx_postgres[33e813220dc11f14]::database::Postgres, sqlx_core[2f4ce927812f2631]::testing::run_test_with_pool<sqlx_postgres[33e813220dc11f14]::database::Postgres, fn(sqlx_core[2f4ce927812f2631]::pool::Pool<sqlx_postgres[33e813220dc11f14]::database::Postgres>) -> test_postgres[d581deacc0e6d28]::bare_derive_macro::can_delete_rows::can_delete_rows::{closure#0}, test_postgres[d581deacc0e6d28]::bare_derive_macro::can_delete_rows::can_delete_rows::{closure#0}>::{closure#0}, sqlx_core[2f4ce927812f2631]::testing::run_test_with_pool<sqlx_postgres[33e813220dc11f14]::database::Postgres, fn(sqlx_core[2f4ce927812f2631]::pool::Pool<sqlx_postgres[33e813220dc11f14]::database::Postgres>) -> test_postgres[d581deacc0e6d28]::bare_derive_macro::can_delete_rows::can_delete_rows::{closure#0}, test_postgres[d581deacc0e6d28]::bare_derive_macro::can_delete_rows::can_delete_rows::{closure#0}>::{closure#0}::{closure#0}>::{closure#0}>>::{closure#0}, core[a373ad73a504971]::option::Option<()>>::{closure#0}, (alloc[2e1b2a31b91974c5]::boxed::Box<tokio[32f327aa7e85f0f2]::runtime::scheduler::current_thread::Core>, core[a373ad73a504971]::option::Option<()>)>
[INFO] [stdout]   16:     0x5981e1b4e3a5 - <tokio[32f327aa7e85f0f2]::runtime::scheduler::current_thread::CoreGuard>::block_on::<core[a373ad73a504971]::pin::Pin<&mut sqlx_core[2f4ce927812f2631]::testing::run_test<sqlx_postgres[33e813220dc11f14]::database::Postgres, sqlx_core[2f4ce927812f2631]::testing::run_test_with_pool<sqlx_postgres[33e813220dc11f14]::database::Postgres, fn(sqlx_core[2f4ce927812f2631]::pool::Pool<sqlx_postgres[33e813220dc11f14]::database::Postgres>) -> test_postgres[d581deacc0e6d28]::bare_derive_macro::can_delete_rows::can_delete_rows::{closure#0}, test_postgres[d581deacc0e6d28]::bare_derive_macro::can_delete_rows::can_delete_rows::{closure#0}>::{closure#0}, sqlx_core[2f4ce927812f2631]::testing::run_test_with_pool<sqlx_postgres[33e813220dc11f14]::database::Postgres, fn(sqlx_core[2f4ce927812f2631]::pool::Pool<sqlx_postgres[33e813220dc11f14]::database::Postgres>) -> test_postgres[d581deacc0e6d28]::bare_derive_macro::can_delete_rows::can_delete_rows::{closure#0}, test_postgres[d581deacc0e6d28]::bare_derive_macro::can_delete_rows::can_delete_rows::{closure#0}>::{closure#0}::{closure#0}>::{closure#0}>>
[INFO] [stdout]   17:     0x5981e1b67a28 - tokio[32f327aa7e85f0f2]::runtime::context::runtime::enter_runtime::<<tokio[32f327aa7e85f0f2]::runtime::scheduler::current_thread::CurrentThread>::block_on<sqlx_core[2f4ce927812f2631]::testing::run_test<sqlx_postgres[33e813220dc11f14]::database::Postgres, sqlx_core[2f4ce927812f2631]::testing::run_test_with_pool<sqlx_postgres[33e813220dc11f14]::database::Postgres, fn(sqlx_core[2f4ce927812f2631]::pool::Pool<sqlx_postgres[33e813220dc11f14]::database::Postgres>) -> test_postgres[d581deacc0e6d28]::bare_derive_macro::can_delete_rows::can_delete_rows::{closure#0}, test_postgres[d581deacc0e6d28]::bare_derive_macro::can_delete_rows::can_delete_rows::{closure#0}>::{closure#0}, sqlx_core[2f4ce927812f2631]::testing::run_test_with_pool<sqlx_postgres[33e813220dc11f14]::database::Postgres, fn(sqlx_core[2f4ce927812f2631]::pool::Pool<sqlx_postgres[33e813220dc11f14]::database::Postgres>) -> test_postgres[d581deacc0e6d28]::bare_derive_macro::can_delete_rows::can_delete_rows::{closure#0}, test_postgres[d581deacc0e6d28]::bare_derive_macro::can_delete_rows::can_delete_rows::{closure#0}>::{closure#0}::{closure#0}>::{closure#0}>::{closure#0}, ()>
[INFO] [stdout]   18:     0x5981e1b8b4e9 - <tokio[32f327aa7e85f0f2]::runtime::runtime::Runtime>::block_on::<sqlx_core[2f4ce927812f2631]::testing::run_test<sqlx_postgres[33e813220dc11f14]::database::Postgres, sqlx_core[2f4ce927812f2631]::testing::run_test_with_pool<sqlx_postgres[33e813220dc11f14]::database::Postgres, fn(sqlx_core[2f4ce927812f2631]::pool::Pool<sqlx_postgres[33e813220dc11f14]::database::Postgres>) -> test_postgres[d581deacc0e6d28]::bare_derive_macro::can_delete_rows::can_delete_rows::{closure#0}, test_postgres[d581deacc0e6d28]::bare_derive_macro::can_delete_rows::can_delete_rows::{closure#0}>::{closure#0}, sqlx_core[2f4ce927812f2631]::testing::run_test_with_pool<sqlx_postgres[33e813220dc11f14]::database::Postgres, fn(sqlx_core[2f4ce927812f2631]::pool::Pool<sqlx_postgres[33e813220dc11f14]::database::Postgres>) -> test_postgres[d581deacc0e6d28]::bare_derive_macro::can_delete_rows::can_delete_rows::{closure#0}, test_postgres[d581deacc0e6d28]::bare_derive_macro::can_delete_rows::can_delete_rows::{closure#0}>::{closure#0}::{closure#0}>::{closure#0}>
[INFO] [stdout]   19:     0x5981e1b597c7 - <test_postgres[d581deacc0e6d28]::bare_derive_macro::can_delete_rows::{closure#0} as core[a373ad73a504971]::ops::function::FnOnce<()>>::call_once
[INFO] [stdout]   20:     0x5981e1b9140b - test[aada8e7e76ba119b]::__rust_begin_short_backtrace::<core[a373ad73a504971]::result::Result<(), alloc[2e1b2a31b91974c5]::string::String>, fn() -> core[a373ad73a504971]::result::Result<(), alloc[2e1b2a31b91974c5]::string::String>>
[INFO] [stdout]   21:     0x5981e1b9e5e5 - test[aada8e7e76ba119b]::run_test::{closure#0}
[INFO] [stdout]   22:     0x5981e1b97ed4 - std[617be2ca0a6fd877]::sys::backtrace::__rust_begin_short_backtrace::<test[aada8e7e76ba119b]::run_test::{closure#1}, ()>
[INFO] [stdout]   23:     0x5981e1ba1672 - <std[617be2ca0a6fd877]::thread::lifecycle::spawn_unchecked<test[aada8e7e76ba119b]::run_test::{closure#1}, ()>::{closure#1} as core[a373ad73a504971]::ops::function::FnOnce<()>>::call_once::{shim:vtable#0}
[INFO] [stdout]   24:     0x5981e1ce198f - <std[617be2ca0a6fd877]::sys::thread::unix::Thread>::new::thread_start
[INFO] [stdout]   25:     0x7415c5f61dfa - <unknown>
[INFO] [stdout]   26:     0x7415c5ff53d4 - clone
[INFO] [stdout]   27:                0x0 - <unknown>
[INFO] [stdout] 
[INFO] [stdout] ---- bare_derive_macro::can_update_rows stdout ----
[INFO] [stdout] 
[INFO] [stdout] thread 'bare_derive_macro::can_update_rows' (2610) panicked at /opt/rustwide/cargo-home/registry/src/index.crates.io-1949cf8c6b5b557f/sqlx-postgres-0.8.6/src/testing/mod.rs:96:44:
[INFO] [stdout] DATABASE_URL must be set: EnvVar(NotPresent)
[INFO] [stdout] stack backtrace:
[INFO] [stdout]    0:     0x5981e1ce24e1 - <<std[617be2ca0a6fd877]::sys::backtrace::BacktraceLock>::print::DisplayBacktrace as core[a373ad73a504971]::fmt::Display>::fmt
[INFO] [stdout]    1:     0x5981e1cf90da - core[a373ad73a504971]::fmt::write
[INFO] [stdout]    2:     0x5981e1ce6cbc - <alloc[2e1b2a31b91974c5]::vec::Vec<u8> as core[a373ad73a504971]::io::write::Write>::write_fmt
[INFO] [stdout]    3:     0x5981e1cbd386 - std[617be2ca0a6fd877]::panicking::default_hook::{closure#0}
[INFO] [stdout]    4:     0x5981e1cda2c9 - std[617be2ca0a6fd877]::panicking::default_hook
[INFO] [stdout]    5:     0x5981e1b9dfc0 - test[aada8e7e76ba119b]::test_main_inner::{closure#0}
[INFO] [stdout]    6:     0x5981e1cda5f2 - std[617be2ca0a6fd877]::panicking::panic_with_hook
[INFO] [stdout]    7:     0x5981e1cbd432 - std[617be2ca0a6fd877]::panicking::panic_handler::{closure#0}
[INFO] [stdout]    8:     0x5981e1cb5e29 - std[617be2ca0a6fd877]::sys::backtrace::__rust_end_short_backtrace::<std[617be2ca0a6fd877]::panicking::panic_handler::{closure#0}, !>
[INFO] [stdout]    9:     0x5981e1cbe2cd - __rustc[ea4f61d10b84890b]::rust_begin_unwind
[INFO] [stdout]   10:     0x5981e1cf983c - core[a373ad73a504971]::panicking::panic_fmt
[INFO] [stdout]   11:     0x5981e1cf9612 - core[a373ad73a504971]::result::unwrap_failed
[INFO] [stdout]   12:     0x5981e1beee9e - <sqlx_postgres[33e813220dc11f14]::database::Postgres as sqlx_core[2f4ce927812f2631]::testing::TestSupport>::test_context::{closure#0}
[INFO] [stdout]   13:     0x5981e1afae77 - sqlx_core[2f4ce927812f2631]::testing::run_test::<sqlx_postgres[33e813220dc11f14]::database::Postgres, sqlx_core[2f4ce927812f2631]::testing::run_test_with_pool<sqlx_postgres[33e813220dc11f14]::database::Postgres, fn(sqlx_core[2f4ce927812f2631]::pool::Pool<sqlx_postgres[33e813220dc11f14]::database::Postgres>) -> test_postgres[d581deacc0e6d28]::bare_derive_macro::can_update_rows::can_update_rows::{closure#0}, test_postgres[d581deacc0e6d28]::bare_derive_macro::can_update_rows::can_update_rows::{closure#0}>::{closure#0}, sqlx_core[2f4ce927812f2631]::testing::run_test_with_pool<sqlx_postgres[33e813220dc11f14]::database::Postgres, fn(sqlx_core[2f4ce927812f2631]::pool::Pool<sqlx_postgres[33e813220dc11f14]::database::Postgres>) -> test_postgres[d581deacc0e6d28]::bare_derive_macro::can_update_rows::can_update_rows::{closure#0}, test_postgres[d581deacc0e6d28]::bare_derive_macro::can_update_rows::can_update_rows::{closure#0}>::{closure#0}::{closure#0}>::{closure#0}
[INFO] [stdout]   14:     0x5981e1b4ceee - <tokio[32f327aa7e85f0f2]::runtime::scheduler::current_thread::Context>::enter::<core[a373ad73a504971]::task::poll::Poll<()>, <tokio[32f327aa7e85f0f2]::runtime::scheduler::current_thread::CoreGuard>::block_on<core[a373ad73a504971]::pin::Pin<&mut sqlx_core[2f4ce927812f2631]::testing::run_test<sqlx_postgres[33e813220dc11f14]::database::Postgres, sqlx_core[2f4ce927812f2631]::testing::run_test_with_pool<sqlx_postgres[33e813220dc11f14]::database::Postgres, fn(sqlx_core[2f4ce927812f2631]::pool::Pool<sqlx_postgres[33e813220dc11f14]::database::Postgres>) -> test_postgres[d581deacc0e6d28]::bare_derive_macro::can_update_rows::can_update_rows::{closure#0}, test_postgres[d581deacc0e6d28]::bare_derive_macro::can_update_rows::can_update_rows::{closure#0}>::{closure#0}, sqlx_core[2f4ce927812f2631]::testing::run_test_with_pool<sqlx_postgres[33e813220dc11f14]::database::Postgres, fn(sqlx_core[2f4ce927812f2631]::pool::Pool<sqlx_postgres[33e813220dc11f14]::database::Postgres>) -> test_postgres[d581deacc0e6d28]::bare_derive_macro::can_update_rows::can_update_rows::{closure#0}, test_postgres[d581deacc0e6d28]::bare_derive_macro::can_update_rows::can_update_rows::{closure#0}>::{closure#0}::{closure#0}>::{closure#0}>>::{closure#0}::{closure#0}>
[INFO] [stdout]   15:     0x5981e1b6ac9c - <tokio[32f327aa7e85f0f2]::runtime::context::scoped::Scoped<tokio[32f327aa7e85f0f2]::runtime::scheduler::Context>>::set::<<tokio[32f327aa7e85f0f2]::runtime::scheduler::current_thread::CoreGuard>::enter<<tokio[32f327aa7e85f0f2]::runtime::scheduler::current_thread::CoreGuard>::block_on<core[a373ad73a504971]::pin::Pin<&mut sqlx_core[2f4ce927812f2631]::testing::run_test<sqlx_postgres[33e813220dc11f14]::database::Postgres, sqlx_core[2f4ce927812f2631]::testing::run_test_with_pool<sqlx_postgres[33e813220dc11f14]::database::Postgres, fn(sqlx_core[2f4ce927812f2631]::pool::Pool<sqlx_postgres[33e813220dc11f14]::database::Postgres>) -> test_postgres[d581deacc0e6d28]::bare_derive_macro::can_update_rows::can_update_rows::{closure#0}, test_postgres[d581deacc0e6d28]::bare_derive_macro::can_update_rows::can_update_rows::{closure#0}>::{closure#0}, sqlx_core[2f4ce927812f2631]::testing::run_test_with_pool<sqlx_postgres[33e813220dc11f14]::database::Postgres, fn(sqlx_core[2f4ce927812f2631]::pool::Pool<sqlx_postgres[33e813220dc11f14]::database::Postgres>) -> test_postgres[d581deacc0e6d28]::bare_derive_macro::can_update_rows::can_update_rows::{closure#0}, test_postgres[d581deacc0e6d28]::bare_derive_macro::can_update_rows::can_update_rows::{closure#0}>::{closure#0}::{closure#0}>::{closure#0}>>::{closure#0}, core[a373ad73a504971]::option::Option<()>>::{closure#0}, (alloc[2e1b2a31b91974c5]::boxed::Box<tokio[32f327aa7e85f0f2]::runtime::scheduler::current_thread::Core>, core[a373ad73a504971]::option::Option<()>)>
[INFO] [stdout]   16:     0x5981e1b4e575 - <tokio[32f327aa7e85f0f2]::runtime::scheduler::current_thread::CoreGuard>::block_on::<core[a373ad73a504971]::pin::Pin<&mut sqlx_core[2f4ce927812f2631]::testing::run_test<sqlx_postgres[33e813220dc11f14]::database::Postgres, sqlx_core[2f4ce927812f2631]::testing::run_test_with_pool<sqlx_postgres[33e813220dc11f14]::database::Postgres, fn(sqlx_core[2f4ce927812f2631]::pool::Pool<sqlx_postgres[33e813220dc11f14]::database::Postgres>) -> test_postgres[d581deacc0e6d28]::bare_derive_macro::can_update_rows::can_update_rows::{closure#0}, test_postgres[d581deacc0e6d28]::bare_derive_macro::can_update_rows::can_update_rows::{closure#0}>::{closure#0}, sqlx_core[2f4ce927812f2631]::testing::run_test_with_pool<sqlx_postgres[33e813220dc11f14]::database::Postgres, fn(sqlx_core[2f4ce927812f2631]::pool::Pool<sqlx_postgres[33e813220dc11f14]::database::Postgres>) -> test_postgres[d581deacc0e6d28]::bare_derive_macro::can_update_rows::can_update_rows::{closure#0}, test_postgres[d581deacc0e6d28]::bare_derive_macro::can_update_rows::can_update_rows::{closure#0}>::{closure#0}::{closure#0}>::{closure#0}>>
[INFO] [stdout]   17:     0x5981e1b67df8 - tokio[32f327aa7e85f0f2]::runtime::context::runtime::enter_runtime::<<tokio[32f327aa7e85f0f2]::runtime::scheduler::current_thread::CurrentThread>::block_on<sqlx_core[2f4ce927812f2631]::testing::run_test<sqlx_postgres[33e813220dc11f14]::database::Postgres, sqlx_core[2f4ce927812f2631]::testing::run_test_with_pool<sqlx_postgres[33e813220dc11f14]::database::Postgres, fn(sqlx_core[2f4ce927812f2631]::pool::Pool<sqlx_postgres[33e813220dc11f14]::database::Postgres>) -> test_postgres[d581deacc0e6d28]::bare_derive_macro::can_update_rows::can_update_rows::{closure#0}, test_postgres[d581deacc0e6d28]::bare_derive_macro::can_update_rows::can_update_rows::{closure#0}>::{closure#0}, sqlx_core[2f4ce927812f2631]::testing::run_test_with_pool<sqlx_postgres[33e813220dc11f14]::database::Postgres, fn(sqlx_core[2f4ce927812f2631]::pool::Pool<sqlx_postgres[33e813220dc11f14]::database::Postgres>) -> test_postgres[d581deacc0e6d28]::bare_derive_macro::can_update_rows::can_update_rows::{closure#0}, test_postgres[d581deacc0e6d28]::bare_derive_macro::can_update_rows::can_update_rows::{closure#0}>::{closure#0}::{closure#0}>::{closure#0}>::{closure#0}, ()>
[INFO] [stdout]   18:     0x5981e1b8b629 - <tokio[32f327aa7e85f0f2]::runtime::runtime::Runtime>::block_on::<sqlx_core[2f4ce927812f2631]::testing::run_test<sqlx_postgres[33e813220dc11f14]::database::Postgres, sqlx_core[2f4ce927812f2631]::testing::run_test_with_pool<sqlx_postgres[33e813220dc11f14]::database::Postgres, fn(sqlx_core[2f4ce927812f2631]::pool::Pool<sqlx_postgres[33e813220dc11f14]::database::Postgres>) -> test_postgres[d581deacc0e6d28]::bare_derive_macro::can_update_rows::can_update_rows::{closure#0}, test_postgres[d581deacc0e6d28]::bare_derive_macro::can_update_rows::can_update_rows::{closure#0}>::{closure#0}, sqlx_core[2f4ce927812f2631]::testing::run_test_with_pool<sqlx_postgres[33e813220dc11f14]::database::Postgres, fn(sqlx_core[2f4ce927812f2631]::pool::Pool<sqlx_postgres[33e813220dc11f14]::database::Postgres>) -> test_postgres[d581deacc0e6d28]::bare_derive_macro::can_update_rows::can_update_rows::{closure#0}, test_postgres[d581deacc0e6d28]::bare_derive_macro::can_update_rows::can_update_rows::{closure#0}>::{closure#0}::{closure#0}>::{closure#0}>
[INFO] [stdout]   19:     0x5981e1b59987 - <test_postgres[d581deacc0e6d28]::bare_derive_macro::can_update_rows::{closure#0} as core[a373ad73a504971]::ops::function::FnOnce<()>>::call_once
[INFO] [stdout]   20:     0x5981e1b9140b - test[aada8e7e76ba119b]::__rust_begin_short_backtrace::<core[a373ad73a504971]::result::Result<(), alloc[2e1b2a31b91974c5]::string::String>, fn() -> core[a373ad73a504971]::result::Result<(), alloc[2e1b2a31b91974c5]::string::String>>
[INFO] [stdout]   21:     0x5981e1b9e5e5 - test[aada8e7e76ba119b]::run_test::{closure#0}
[INFO] [stdout]   22:     0x5981e1b97ed4 - std[617be2ca0a6fd877]::sys::backtrace::__rust_begin_short_backtrace::<test[aada8e7e76ba119b]::run_test::{closure#1}, ()>
[INFO] [stdout]   23:     0x5981e1ba1672 - <std[617be2ca0a6fd877]::thread::lifecycle::spawn_unchecked<test[aada8e7e76ba119b]::run_test::{closure#1}, ()>::{closure#1} as core[a373ad73a504971]::ops::function::FnOnce<()>>::call_once::{shim:vtable#0}
[INFO] [stdout]   24:     0x5981e1ce198f - <std[617be2ca0a6fd877]::sys::thread::unix::Thread>::new::thread_start
[INFO] [stdout]   25:     0x7415c5f61dfa - <unknown>
[INFO] [stdout]   26:     0x7415c5ff53d4 - clone
[INFO] [stdout]   27:                0x0 - <unknown>
[INFO] [stdout] 
[INFO] [stdout] ---- bare_derive_macro::can_insert_from_model_to_table stdout ----
[INFO] [stdout] 
[INFO] [stdout] thread 'bare_derive_macro::can_insert_from_model_to_table' (2608) panicked at /opt/rustwide/cargo-home/registry/src/index.crates.io-1949cf8c6b5b557f/sqlx-postgres-0.8.6/src/testing/mod.rs:96:44:
[INFO] [stdout] DATABASE_URL must be set: EnvVar(NotPresent)
[INFO] [stdout] stack backtrace:
[INFO] [stdout]    0:     0x5981e1ce24e1 - <<std[617be2ca0a6fd877]::sys::backtrace::BacktraceLock>::print::DisplayBacktrace as core[a373ad73a504971]::fmt::Display>::fmt
[INFO] [stdout]    1:     0x5981e1cf90da - core[a373ad73a504971]::fmt::write
[INFO] [stdout]    2:     0x5981e1ce6cbc - <alloc[2e1b2a31b91974c5]::vec::Vec<u8> as core[a373ad73a504971]::io::write::Write>::write_fmt
[INFO] [stdout]    3:     0x5981e1cbd386 - std[617be2ca0a6fd877]::panicking::default_hook::{closure#0}
[INFO] [stdout]    4:     0x5981e1cda2c9 - std[617be2ca0a6fd877]::panicking::default_hook
[INFO] [stdout]    5:     0x5981e1b9dfc0 - test[aada8e7e76ba119b]::test_main_inner::{closure#0}
[INFO] [stdout]    6:     0x5981e1cda5f2 - std[617be2ca0a6fd877]::panicking::panic_with_hook
[INFO] [stdout]    7:     0x5981e1cbd432 - std[617be2ca0a6fd877]::panicking::panic_handler::{closure#0}
[INFO] [stdout]    8:     0x5981e1cb5e29 - std[617be2ca0a6fd877]::sys::backtrace::__rust_end_short_backtrace::<std[617be2ca0a6fd877]::panicking::panic_handler::{closure#0}, !>
[INFO] [stdout]    9:     0x5981e1cbe2cd - __rustc[ea4f61d10b84890b]::rust_begin_unwind
[INFO] [stdout]   10:     0x5981e1cf983c - core[a373ad73a504971]::panicking::panic_fmt
[INFO] [stdout]   11:     0x5981e1cf9612 - core[a373ad73a504971]::result::unwrap_failed
[INFO] [stdout]   12:     0x5981e1beee9e - <sqlx_postgres[33e813220dc11f14]::database::Postgres as sqlx_core[2f4ce927812f2631]::testing::TestSupport>::test_context::{closure#0}
[INFO] [stdout]   13:     0x5981e1b01424 - sqlx_core[2f4ce927812f2631]::testing::run_test::<sqlx_postgres[33e813220dc11f14]::database::Postgres, sqlx_core[2f4ce927812f2631]::testing::run_test_with_pool<sqlx_postgres[33e813220dc11f14]::database::Postgres, fn(sqlx_core[2f4ce927812f2631]::pool::Pool<sqlx_postgres[33e813220dc11f14]::database::Postgres>) -> test_postgres[d581deacc0e6d28]::bare_derive_macro::can_insert_from_model_to_table::can_insert_from_model_to_table::{closure#0}, test_postgres[d581deacc0e6d28]::bare_derive_macro::can_insert_from_model_to_table::can_insert_from_model_to_table::{closure#0}>::{closure#0}, sqlx_core[2f4ce927812f2631]::testing::run_test_with_pool<sqlx_postgres[33e813220dc11f14]::database::Postgres, fn(sqlx_core[2f4ce927812f2631]::pool::Pool<sqlx_postgres[33e813220dc11f14]::database::Postgres>) -> test_postgres[d581deacc0e6d28]::bare_derive_macro::can_insert_from_model_to_table::can_insert_from_model_to_table::{closure#0}, test_postgres[d581deacc0e6d28]::bare_derive_macro::can_insert_from_model_to_table::can_insert_from_model_to_table::{closure#0}>::{closure#0}::{closure#0}>::{closure#0}
[INFO] [stdout]   14:     0x5981e1b4d52e - <tokio[32f327aa7e85f0f2]::runtime::scheduler::current_thread::Context>::enter::<core[a373ad73a504971]::task::poll::Poll<()>, <tokio[32f327aa7e85f0f2]::runtime::scheduler::current_thread::CoreGuard>::block_on<core[a373ad73a504971]::pin::Pin<&mut sqlx_core[2f4ce927812f2631]::testing::run_test<sqlx_postgres[33e813220dc11f14]::database::Postgres, sqlx_core[2f4ce927812f2631]::testing::run_test_with_pool<sqlx_postgres[33e813220dc11f14]::database::Postgres, fn(sqlx_core[2f4ce927812f2631]::pool::Pool<sqlx_postgres[33e813220dc11f14]::database::Postgres>) -> test_postgres[d581deacc0e6d28]::bare_derive_macro::can_insert_from_model_to_table::can_insert_from_model_to_table::{closure#0}, test_postgres[d581deacc0e6d28]::bare_derive_macro::can_insert_from_model_to_table::can_insert_from_model_to_table::{closure#0}>::{closure#0}, sqlx_core[2f4ce927812f2631]::testing::run_test_with_pool<sqlx_postgres[33e813220dc11f14]::database::Postgres, fn(sqlx_core[2f4ce927812f2631]::pool::Pool<sqlx_postgres[33e813220dc11f14]::database::Postgres>) -> test_postgres[d581deacc0e6d28]::bare_derive_macro::can_insert_from_model_to_table::can_insert_from_model_to_table::{closure#0}, test_postgres[d581deacc0e6d28]::bare_derive_macro::can_insert_from_model_to_table::can_insert_from_model_to_table::{closure#0}>::{closure#0}::{closure#0}>::{closure#0}>>::{closure#0}::{closure#0}>
[INFO] [stdout]   15:     0x5981e1b6b3dc - <tokio[32f327aa7e85f0f2]::runtime::context::scoped::Scoped<tokio[32f327aa7e85f0f2]::runtime::scheduler::Context>>::set::<<tokio[32f327aa7e85f0f2]::runtime::scheduler::current_thread::CoreGuard>::enter<<tokio[32f327aa7e85f0f2]::runtime::scheduler::current_thread::CoreGuard>::block_on<core[a373ad73a504971]::pin::Pin<&mut sqlx_core[2f4ce927812f2631]::testing::run_test<sqlx_postgres[33e813220dc11f14]::database::Postgres, sqlx_core[2f4ce927812f2631]::testing::run_test_with_pool<sqlx_postgres[33e813220dc11f14]::database::Postgres, fn(sqlx_core[2f4ce927812f2631]::pool::Pool<sqlx_postgres[33e813220dc11f14]::database::Postgres>) -> test_postgres[d581deacc0e6d28]::bare_derive_macro::can_insert_from_model_to_table::can_insert_from_model_to_table::{closure#0}, test_postgres[d581deacc0e6d28]::bare_derive_macro::can_insert_from_model_to_table::can_insert_from_model_to_table::{closure#0}>::{closure#0}, sqlx_core[2f4ce927812f2631]::testing::run_test_with_pool<sqlx_postgres[33e813220dc11f14]::database::Postgres, fn(sqlx_core[2f4ce927812f2631]::pool::Pool<sqlx_postgres[33e813220dc11f14]::database::Postgres>) -> test_postgres[d581deacc0e6d28]::bare_derive_macro::can_insert_from_model_to_table::can_insert_from_model_to_table::{closure#0}, test_postgres[d581deacc0e6d28]::bare_derive_macro::can_insert_from_model_to_table::can_insert_from_model_to_table::{closure#0}>::{closure#0}::{closure#0}>::{closure#0}>>::{closure#0}, core[a373ad73a504971]::option::Option<()>>::{closure#0}, (alloc[2e1b2a31b91974c5]::boxed::Box<tokio[32f327aa7e85f0f2]::runtime::scheduler::current_thread::Core>, core[a373ad73a504971]::option::Option<()>)>
[INFO] [stdout]   16:     0x5981e1b4ecb5 - <tokio[32f327aa7e85f0f2]::runtime::scheduler::current_thread::CoreGuard>::block_on::<core[a373ad73a504971]::pin::Pin<&mut sqlx_core[2f4ce927812f2631]::testing::run_test<sqlx_postgres[33e813220dc11f14]::database::Postgres, sqlx_core[2f4ce927812f2631]::testing::run_test_with_pool<sqlx_postgres[33e813220dc11f14]::database::Postgres, fn(sqlx_core[2f4ce927812f2631]::pool::Pool<sqlx_postgres[33e813220dc11f14]::database::Postgres>) -> test_postgres[d581deacc0e6d28]::bare_derive_macro::can_insert_from_model_to_table::can_insert_from_model_to_table::{closure#0}, test_postgres[d581deacc0e6d28]::bare_derive_macro::can_insert_from_model_to_table::can_insert_from_model_to_table::{closure#0}>::{closure#0}, sqlx_core[2f4ce927812f2631]::testing::run_test_with_pool<sqlx_postgres[33e813220dc11f14]::database::Postgres, fn(sqlx_core[2f4ce927812f2631]::pool::Pool<sqlx_postgres[33e813220dc11f14]::database::Postgres>) -> test_postgres[d581deacc0e6d28]::bare_derive_macro::can_insert_from_model_to_table::can_insert_from_model_to_table::{closure#0}, test_postgres[d581deacc0e6d28]::bare_derive_macro::can_insert_from_model_to_table::can_insert_from_model_to_table::{closure#0}>::{closure#0}::{closure#0}>::{closure#0}>>
[INFO] [stdout]   17:     0x5981e1b68d38 - tokio[32f327aa7e85f0f2]::runtime::context::runtime::enter_runtime::<<tokio[32f327aa7e85f0f2]::runtime::scheduler::current_thread::CurrentThread>::block_on<sqlx_core[2f4ce927812f2631]::testing::run_test<sqlx_postgres[33e813220dc11f14]::database::Postgres, sqlx_core[2f4ce927812f2631]::testing::run_test_with_pool<sqlx_postgres[33e813220dc11f14]::database::Postgres, fn(sqlx_core[2f4ce927812f2631]::pool::Pool<sqlx_postgres[33e813220dc11f14]::database::Postgres>) -> test_postgres[d581deacc0e6d28]::bare_derive_macro::can_insert_from_model_to_table::can_insert_from_model_to_table::{closure#0}, test_postgres[d581deacc0e6d28]::bare_derive_macro::can_insert_from_model_to_table::can_insert_from_model_to_table::{closure#0}>::{closure#0}, sqlx_core[2f4ce927812f2631]::testing::run_test_with_pool<sqlx_postgres[33e813220dc11f14]::database::Postgres, fn(sqlx_core[2f4ce927812f2631]::pool::Pool<sqlx_postgres[33e813220dc11f14]::database::Postgres>) -> test_postgres[d581deacc0e6d28]::bare_derive_macro::can_insert_from_model_to_table::can_insert_from_model_to_table::{closure#0}, test_postgres[d581deacc0e6d28]::bare_derive_macro::can_insert_from_model_to_table::can_insert_from_model_to_table::{closure#0}>::{closure#0}::{closure#0}>::{closure#0}>::{closure#0}, ()>
[INFO] [stdout]   18:     0x5981e1b8bb29 - <tokio[32f327aa7e85f0f2]::runtime::runtime::Runtime>::block_on::<sqlx_core[2f4ce927812f2631]::testing::run_test<sqlx_postgres[33e813220dc11f14]::database::Postgres, sqlx_core[2f4ce927812f2631]::testing::run_test_with_pool<sqlx_postgres[33e813220dc11f14]::database::Postgres, fn(sqlx_core[2f4ce927812f2631]::pool::Pool<sqlx_postgres[33e813220dc11f14]::database::Postgres>) -> test_postgres[d581deacc0e6d28]::bare_derive_macro::can_insert_from_model_to_table::can_insert_from_model_to_table::{closure#0}, test_postgres[d581deacc0e6d28]::bare_derive_macro::can_insert_from_model_to_table::can_insert_from_model_to_table::{closure#0}>::{closure#0}, sqlx_core[2f4ce927812f2631]::testing::run_test_with_pool<sqlx_postgres[33e813220dc11f14]::database::Postgres, fn(sqlx_core[2f4ce927812f2631]::pool::Pool<sqlx_postgres[33e813220dc11f14]::database::Postgres>) -> test_postgres[d581deacc0e6d28]::bare_derive_macro::can_insert_from_model_to_table::can_insert_from_model_to_table::{closure#0}, test_postgres[d581deacc0e6d28]::bare_derive_macro::can_insert_from_model_to_table::can_insert_from_model_to_table::{closure#0}>::{closure#0}::{closure#0}>::{closure#0}>
[INFO] [stdout]   19:     0x5981e1b5a087 - <test_postgres[d581deacc0e6d28]::bare_derive_macro::can_insert_from_model_to_table::{closure#0} as core[a373ad73a504971]::ops::function::FnOnce<()>>::call_once
[INFO] [stdout]   20:     0x5981e1b9140b - test[aada8e7e76ba119b]::__rust_begin_short_backtrace::<core[a373ad73a504971]::result::Result<(), alloc[2e1b2a31b91974c5]::string::String>, fn() -> core[a373ad73a504971]::result::Result<(), alloc[2e1b2a31b91974c5]::string::String>>
[INFO] [stdout]   21:     0x5981e1b9e5e5 - test[aada8e7e76ba119b]::run_test::{closure#0}
[INFO] [stdout]   22:     0x5981e1b97ed4 - std[617be2ca0a6fd877]::sys::backtrace::__rust_begin_short_backtrace::<test[aada8e7e76ba119b]::run_test::{closure#1}, ()>
[INFO] [stdout]   23:     0x5981e1ba1672 - <std[617be2ca0a6fd877]::thread::lifecycle::spawn_unchecked<test[aada8e7e76ba119b]::run_test::{closure#1}, ()>::{closure#1} as core[a373ad73a504971]::ops::function::FnOnce<()>>::call_once::{shim:vtable#0}
[INFO] [stdout]   24:     0x5981e1ce198f - <std[617be2ca0a6fd877]::sys::thread::unix::Thread>::new::thread_start
[INFO] [stdout]   25:     0x7415c5f61dfa - <unknown>
[INFO] [stdout]   26:     0x7415c5ff53d4 - clone
[INFO] [stdout]   27:                0x0 - <unknown>
[INFO] [stdout] 
[INFO] [stdout] ---- bare_derive_macro::model_may_have_required_id stdout ----
[INFO] [stdout] 
[INFO] [stdout] thread 'bare_derive_macro::model_may_have_required_id' (2612) panicked at /opt/rustwide/cargo-home/registry/src/index.crates.io-1949cf8c6b5b557f/sqlx-postgres-0.8.6/src/testing/mod.rs:96:44:
[INFO] [stdout] DATABASE_URL must be set: EnvVar(NotPresent)
[INFO] [stdout] stack backtrace:
[INFO] [stdout]    0:     0x5981e1ce24e1 - <<std[617be2ca0a6fd877]::sys::backtrace::BacktraceLock>::print::DisplayBacktrace as core[a373ad73a504971]::fmt::Display>::fmt
[INFO] [stdout]    1:     0x5981e1cf90da - core[a373ad73a504971]::fmt::write
[INFO] [stdout]    2:     0x5981e1ce6cbc - <alloc[2e1b2a31b91974c5]::vec::Vec<u8> as core[a373ad73a504971]::io::write::Write>::write_fmt
[INFO] [stdout]    3:     0x5981e1cbd386 - std[617be2ca0a6fd877]::panicking::default_hook::{closure#0}
[INFO] [stdout]    4:     0x5981e1cda2c9 - std[617be2ca0a6fd877]::panicking::default_hook
[INFO] [stdout]    5:     0x5981e1b9dfc0 - test[aada8e7e76ba119b]::test_main_inner::{closure#0}
[INFO] [stdout]    6:     0x5981e1cda5f2 - std[617be2ca0a6fd877]::panicking::panic_with_hook
[INFO] [stdout]    7:     0x5981e1cbd432 - std[617be2ca0a6fd877]::panicking::panic_handler::{closure#0}
[INFO] [stdout]    8:     0x5981e1cb5e29 - std[617be2ca0a6fd877]::sys::backtrace::__rust_end_short_backtrace::<std[617be2ca0a6fd877]::panicking::panic_handler::{closure#0}, !>
[INFO] [stdout]    9:     0x5981e1cbe2cd - __rustc[ea4f61d10b84890b]::rust_begin_unwind
[INFO] [stdout]   10:     0x5981e1cf983c - core[a373ad73a504971]::panicking::panic_fmt
[INFO] [stdout]   11:     0x5981e1cf9612 - core[a373ad73a504971]::result::unwrap_failed
[INFO] [stdout]   12:     0x5981e1beee9e - <sqlx_postgres[33e813220dc11f14]::database::Postgres as sqlx_core[2f4ce927812f2631]::testing::TestSupport>::test_context::{closure#0}
[INFO] [stdout]   13:     0x5981e1affb2b - sqlx_core[2f4ce927812f2631]::testing::run_test::<sqlx_postgres[33e813220dc11f14]::database::Postgres, sqlx_core[2f4ce927812f2631]::testing::run_test_with_pool<sqlx_postgres[33e813220dc11f14]::database::Postgres, fn(sqlx_core[2f4ce927812f2631]::pool::Pool<sqlx_postgres[33e813220dc11f14]::database::Postgres>) -> test_postgres[d581deacc0e6d28]::bare_derive_macro::model_may_have_required_id::model_may_have_required_id::{closure#0}, test_postgres[d581deacc0e6d28]::bare_derive_macro::model_may_have_required_id::model_may_have_required_id::{closure#0}>::{closure#0}, sqlx_core[2f4ce927812f2631]::testing::run_test_with_pool<sqlx_postgres[33e813220dc11f14]::database::Postgres, fn(sqlx_core[2f4ce927812f2631]::pool::Pool<sqlx_postgres[33e813220dc11f14]::database::Postgres>) -> test_postgres[d581deacc0e6d28]::bare_derive_macro::model_may_have_required_id::model_may_have_required_id::{closure#0}, test_postgres[d581deacc0e6d28]::bare_derive_macro::model_may_have_required_id::model_may_have_required_id::{closure#0}>::{closure#0}::{closure#0}>::{closure#0}
[INFO] [stdout]   14:     0x5981e1b4d39e - <tokio[32f327aa7e85f0f2]::runtime::scheduler::current_thread::Context>::enter::<core[a373ad73a504971]::task::poll::Poll<()>, <tokio[32f327aa7e85f0f2]::runtime::scheduler::current_thread::CoreGuard>::block_on<core[a373ad73a504971]::pin::Pin<&mut sqlx_core[2f4ce927812f2631]::testing::run_test<sqlx_postgres[33e813220dc11f14]::database::Postgres, sqlx_core[2f4ce927812f2631]::testing::run_test_with_pool<sqlx_postgres[33e813220dc11f14]::database::Postgres, fn(sqlx_core[2f4ce927812f2631]::pool::Pool<sqlx_postgres[33e813220dc11f14]::database::Postgres>) -> test_postgres[d581deacc0e6d28]::bare_derive_macro::model_may_have_required_id::model_may_have_required_id::{closure#0}, test_postgres[d581deacc0e6d28]::bare_derive_macro::model_may_have_required_id::model_may_have_required_id::{closure#0}>::{closure#0}, sqlx_core[2f4ce927812f2631]::testing::run_test_with_pool<sqlx_postgres[33e813220dc11f14]::database::Postgres, fn(sqlx_core[2f4ce927812f2631]::pool::Pool<sqlx_postgres[33e813220dc11f14]::database::Postgres>) -> test_postgres[d581deacc0e6d28]::bare_derive_macro::model_may_have_required_id::model_may_have_required_id::{closure#0}, test_postgres[d581deacc0e6d28]::bare_derive_macro::model_may_have_required_id::model_may_have_required_id::{closure#0}>::{closure#0}::{closure#0}>::{closure#0}>>::{closure#0}::{closure#0}>
[INFO] [stdout]   15:     0x5981e1b6b20c - <tokio[32f327aa7e85f0f2]::runtime::context::scoped::Scoped<tokio[32f327aa7e85f0f2]::runtime::scheduler::Context>>::set::<<tokio[32f327aa7e85f0f2]::runtime::scheduler::current_thread::CoreGuard>::enter<<tokio[32f327aa7e85f0f2]::runtime::scheduler::current_thread::CoreGuard>::block_on<core[a373ad73a504971]::pin::Pin<&mut sqlx_core[2f4ce927812f2631]::testing::run_test<sqlx_postgres[33e813220dc11f14]::database::Postgres, sqlx_core[2f4ce927812f2631]::testing::run_test_with_pool<sqlx_postgres[33e813220dc11f14]::database::Postgres, fn(sqlx_core[2f4ce927812f2631]::pool::Pool<sqlx_postgres[33e813220dc11f14]::database::Postgres>) -> test_postgres[d581deacc0e6d28]::bare_derive_macro::model_may_have_required_id::model_may_have_required_id::{closure#0}, test_postgres[d581deacc0e6d28]::bare_derive_macro::model_may_have_required_id::model_may_have_required_id::{closure#0}>::{closure#0}, sqlx_core[2f4ce927812f2631]::testing::run_test_with_pool<sqlx_postgres[33e813220dc11f14]::database::Postgres, fn(sqlx_core[2f4ce927812f2631]::pool::Pool<sqlx_postgres[33e813220dc11f14]::database::Postgres>) -> test_postgres[d581deacc0e6d28]::bare_derive_macro::model_may_have_required_id::model_may_have_required_id::{closure#0}, test_postgres[d581deacc0e6d28]::bare_derive_macro::model_may_have_required_id::model_may_have_required_id::{closure#0}>::{closure#0}::{closure#0}>::{closure#0}>>::{closure#0}, core[a373ad73a504971]::option::Option<()>>::{closure#0}, (alloc[2e1b2a31b91974c5]::boxed::Box<tokio[32f327aa7e85f0f2]::runtime::scheduler::current_thread::Core>, core[a373ad73a504971]::option::Option<()>)>
[INFO] [stdout]   16:     0x5981e1b4eae5 - <tokio[32f327aa7e85f0f2]::runtime::scheduler::current_thread::CoreGuard>::block_on::<core[a373ad73a504971]::pin::Pin<&mut sqlx_core[2f4ce927812f2631]::testing::run_test<sqlx_postgres[33e813220dc11f14]::database::Postgres, sqlx_core[2f4ce927812f2631]::testing::run_test_with_pool<sqlx_postgres[33e813220dc11f14]::database::Postgres, fn(sqlx_core[2f4ce927812f2631]::pool::Pool<sqlx_postgres[33e813220dc11f14]::database::Postgres>) -> test_postgres[d581deacc0e6d28]::bare_derive_macro::model_may_have_required_id::model_may_have_required_id::{closure#0}, test_postgres[d581deacc0e6d28]::bare_derive_macro::model_may_have_required_id::model_may_have_required_id::{closure#0}>::{closure#0}, sqlx_core[2f4ce927812f2631]::testing::run_test_with_pool<sqlx_postgres[33e813220dc11f14]::database::Postgres, fn(sqlx_core[2f4ce927812f2631]::pool::Pool<sqlx_postgres[33e813220dc11f14]::database::Postgres>) -> test_postgres[d581deacc0e6d28]::bare_derive_macro::model_may_have_required_id::model_may_have_required_id::{closure#0}, test_postgres[d581deacc0e6d28]::bare_derive_macro::model_may_have_required_id::model_may_have_required_id::{closure#0}>::{closure#0}::{closure#0}>::{closure#0}>>
[INFO] [stdout]   17:     0x5981e1b68968 - tokio[32f327aa7e85f0f2]::runtime::context::runtime::enter_runtime::<<tokio[32f327aa7e85f0f2]::runtime::scheduler::current_thread::CurrentThread>::block_on<sqlx_core[2f4ce927812f2631]::testing::run_test<sqlx_postgres[33e813220dc11f14]::database::Postgres, sqlx_core[2f4ce927812f2631]::testing::run_test_with_pool<sqlx_postgres[33e813220dc11f14]::database::Postgres, fn(sqlx_core[2f4ce927812f2631]::pool::Pool<sqlx_postgres[33e813220dc11f14]::database::Postgres>) -> test_postgres[d581deacc0e6d28]::bare_derive_macro::model_may_have_required_id::model_may_have_required_id::{closure#0}, test_postgres[d581deacc0e6d28]::bare_derive_macro::model_may_have_required_id::model_may_have_required_id::{closure#0}>::{closure#0}, sqlx_core[2f4ce927812f2631]::testing::run_test_with_pool<sqlx_postgres[33e813220dc11f14]::database::Postgres, fn(sqlx_core[2f4ce927812f2631]::pool::Pool<sqlx_postgres[33e813220dc11f14]::database::Postgres>) -> test_postgres[d581deacc0e6d28]::bare_derive_macro::model_may_have_required_id::model_may_have_required_id::{closure#0}, test_postgres[d581deacc0e6d28]::bare_derive_macro::model_may_have_required_id::model_may_have_required_id::{closure#0}>::{closure#0}::{closure#0}>::{closure#0}>::{closure#0}, ()>
[INFO] [stdout]   18:     0x5981e1b8b9e9 - <tokio[32f327aa7e85f0f2]::runtime::runtime::Runtime>::block_on::<sqlx_core[2f4ce927812f2631]::testing::run_test<sqlx_postgres[33e813220dc11f14]::database::Postgres, sqlx_core[2f4ce927812f2631]::testing::run_test_with_pool<sqlx_postgres[33e813220dc11f14]::database::Postgres, fn(sqlx_core[2f4ce927812f2631]::pool::Pool<sqlx_postgres[33e813220dc11f14]::database::Postgres>) -> test_postgres[d581deacc0e6d28]::bare_derive_macro::model_may_have_required_id::model_may_have_required_id::{closure#0}, test_postgres[d581deacc0e6d28]::bare_derive_macro::model_may_have_required_id::model_may_have_required_id::{closure#0}>::{closure#0}, sqlx_core[2f4ce927812f2631]::testing::run_test_with_pool<sqlx_postgres[33e813220dc11f14]::database::Postgres, fn(sqlx_core[2f4ce927812f2631]::pool::Pool<sqlx_postgres[33e813220dc11f14]::database::Postgres>) -> test_postgres[d581deacc0e6d28]::bare_derive_macro::model_may_have_required_id::model_may_have_required_id::{closure#0}, test_postgres[d581deacc0e6d28]::bare_derive_macro::model_may_have_required_id::model_may_have_required_id::{closure#0}>::{closure#0}::{closure#0}>::{closure#0}>
[INFO] [stdout]   19:     0x5981e1b59ec7 - <test_postgres[d581deacc0e6d28]::bare_derive_macro::model_may_have_required_id::{closure#0} as core[a373ad73a504971]::ops::function::FnOnce<()>>::call_once
[INFO] [stdout]   20:     0x5981e1b9140b - test[aada8e7e76ba119b]::__rust_begin_short_backtrace::<core[a373ad73a504971]::result::Result<(), alloc[2e1b2a31b91974c5]::string::String>, fn() -> core[a373ad73a504971]::result::Result<(), alloc[2e1b2a31b91974c5]::string::String>>
[INFO] [stdout]   21:     0x5981e1b9e5e5 - test[aada8e7e76ba119b]::run_test::{closure#0}
[INFO] [stdout]   22:     0x5981e1b97ed4 - std[617be2ca0a6fd877]::sys::backtrace::__rust_begin_short_backtrace::<test[aada8e7e76ba119b]::run_test::{closure#1}, ()>
[INFO] [stdout]   23:     0x5981e1ba1672 - <std[617be2ca0a6fd877]::thread::lifecycle::spawn_unchecked<test[aada8e7e76ba119b]::run_test::{closure#1}, ()>::{closure#1} as core[a373ad73a504971]::ops::function::FnOnce<()>>::call_once::{shim:vtable#0}
[INFO] [stdout]   24:     0x5981e1ce198f - <std[617be2ca0a6fd877]::sys::thread::unix::Thread>::new::thread_start
[INFO] [stdout]   25:     0x7415c5f61dfa - <unknown>
[INFO] [stdout]   26:     0x7415c5ff53d4 - clone
[INFO] [stdout]   27:                0x0 - <unknown>
[INFO] [stdout] 
[INFO] [stdout] ---- bare_derive_macro::model_may_have_optional_id stdout ----
[INFO] [stdout] 
[INFO] [stdout] thread 'bare_derive_macro::model_may_have_optional_id' (2611) panicked at /opt/rustwide/cargo-home/registry/src/index.crates.io-1949cf8c6b5b557f/sqlx-postgres-0.8.6/src/testing/mod.rs:96:44:
[INFO] [stdout] DATABASE_URL must be set: EnvVar(NotPresent)
[INFO] [stdout] stack backtrace:
[INFO] [stdout]    0:     0x5981e1ce24e1 - <<std[617be2ca0a6fd877]::sys::backtrace::BacktraceLock>::print::DisplayBacktrace as core[a373ad73a504971]::fmt::Display>::fmt
[INFO] [stdout]    1:     0x5981e1cf90da - core[a373ad73a504971]::fmt::write
[INFO] [stdout]    2:     0x5981e1ce6cbc - <alloc[2e1b2a31b91974c5]::vec::Vec<u8> as core[a373ad73a504971]::io::write::Write>::write_fmt
[INFO] [stdout]    3:     0x5981e1cbd386 - std[617be2ca0a6fd877]::panicking::default_hook::{closure#0}
[INFO] [stdout]    4:     0x5981e1cda2c9 - std[617be2ca0a6fd877]::panicking::default_hook
[INFO] [stdout]    5:     0x5981e1b9dfc0 - test[aada8e7e76ba119b]::test_main_inner::{closure#0}
[INFO] [stdout]    6:     0x5981e1cda5f2 - std[617be2ca0a6fd877]::panicking::panic_with_hook
[INFO] [stdout]    7:     0x5981e1cbd432 - std[617be2ca0a6fd877]::panicking::panic_handler::{closure#0}
[INFO] [stdout]    8:     0x5981e1cb5e29 - std[617be2ca0a6fd877]::sys::backtrace::__rust_end_short_backtrace::<std[617be2ca0a6fd877]::panicking::panic_handler::{closure#0}, !>
[INFO] [stdout]    9:     0x5981e1cbe2cd - __rustc[ea4f61d10b84890b]::rust_begin_unwind
[INFO] [stdout]   10:     0x5981e1cf983c - core[a373ad73a504971]::panicking::panic_fmt
[INFO] [stdout]   11:     0x5981e1cf9612 - core[a373ad73a504971]::result::unwrap_failed
[INFO] [stdout]   12:     0x5981e1beee9e - <sqlx_postgres[33e813220dc11f14]::database::Postgres as sqlx_core[2f4ce927812f2631]::testing::TestSupport>::test_context::{closure#0}
[INFO] [stdout]   13:     0x5981e1afdb1a - sqlx_core[2f4ce927812f2631]::testing::run_test::<sqlx_postgres[33e813220dc11f14]::database::Postgres, sqlx_core[2f4ce927812f2631]::testing::run_test_with_pool<sqlx_postgres[33e813220dc11f14]::database::Postgres, fn(sqlx_core[2f4ce927812f2631]::pool::Pool<sqlx_postgres[33e813220dc11f14]::database::Postgres>) -> test_postgres[d581deacc0e6d28]::bare_derive_macro::model_may_have_optional_id::model_may_have_optional_id::{closure#0}, test_postgres[d581deacc0e6d28]::bare_derive_macro::model_may_have_optional_id::model_may_have_optional_id::{closure#0}>::{closure#0}, sqlx_core[2f4ce927812f2631]::testing::run_test_with_pool<sqlx_postgres[33e813220dc11f14]::database::Postgres, fn(sqlx_core[2f4ce927812f2631]::pool::Pool<sqlx_postgres[33e813220dc11f14]::database::Postgres>) -> test_postgres[d581deacc0e6d28]::bare_derive_macro::model_may_have_optional_id::model_may_have_optional_id::{closure#0}, test_postgres[d581deacc0e6d28]::bare_derive_macro::model_may_have_optional_id::model_may_have_optional_id::{closure#0}>::{closure#0}::{closure#0}>::{closure#0}
[INFO] [stdout]   14:     0x5981e1b4d20e - <tokio[32f327aa7e85f0f2]::runtime::scheduler::current_thread::Context>::enter::<core[a373ad73a504971]::task::poll::Poll<()>, <tokio[32f327aa7e85f0f2]::runtime::scheduler::current_thread::CoreGuard>::block_on<core[a373ad73a504971]::pin::Pin<&mut sqlx_core[2f4ce927812f2631]::testing::run_test<sqlx_postgres[33e813220dc11f14]::database::Postgres, sqlx_core[2f4ce927812f2631]::testing::run_test_with_pool<sqlx_postgres[33e813220dc11f14]::database::Postgres, fn(sqlx_core[2f4ce927812f2631]::pool::Pool<sqlx_postgres[33e813220dc11f14]::database::Postgres>) -> test_postgres[d581deacc0e6d28]::bare_derive_macro::model_may_have_optional_id::model_may_have_optional_id::{closure#0}, test_postgres[d581deacc0e6d28]::bare_derive_macro::model_may_have_optional_id::model_may_have_optional_id::{closure#0}>::{closure#0}, sqlx_core[2f4ce927812f2631]::testing::run_test_with_pool<sqlx_postgres[33e813220dc11f14]::database::Postgres, fn(sqlx_core[2f4ce927812f2631]::pool::Pool<sqlx_postgres[33e813220dc11f14]::database::Postgres>) -> test_postgres[d581deacc0e6d28]::bare_derive_macro::model_may_have_optional_id::model_may_have_optional_id::{closure#0}, test_postgres[d581deacc0e6d28]::bare_derive_macro::model_may_have_optional_id::model_may_have_optional_id::{closure#0}>::{closure#0}::{closure#0}>::{closure#0}>>::{closure#0}::{closure#0}>
[INFO] [stdout]   15:     0x5981e1b6b03c - <tokio[32f327aa7e85f0f2]::runtime::context::scoped::Scoped<tokio[32f327aa7e85f0f2]::runtime::scheduler::Context>>::set::<<tokio[32f327aa7e85f0f2]::runtime::scheduler::current_thread::CoreGuard>::enter<<tokio[32f327aa7e85f0f2]::runtime::scheduler::current_thread::CoreGuard>::block_on<core[a373ad73a504971]::pin::Pin<&mut sqlx_core[2f4ce927812f2631]::testing::run_test<sqlx_postgres[33e813220dc11f14]::database::Postgres, sqlx_core[2f4ce927812f2631]::testing::run_test_with_pool<sqlx_postgres[33e813220dc11f14]::database::Postgres, fn(sqlx_core[2f4ce927812f2631]::pool::Pool<sqlx_postgres[33e813220dc11f14]::database::Postgres>) -> test_postgres[d581deacc0e6d28]::bare_derive_macro::model_may_have_optional_id::model_may_have_optional_id::{closure#0}, test_postgres[d581deacc0e6d28]::bare_derive_macro::model_may_have_optional_id::model_may_have_optional_id::{closure#0}>::{closure#0}, sqlx_core[2f4ce927812f2631]::testing::run_test_with_pool<sqlx_postgres[33e813220dc11f14]::database::Postgres, fn(sqlx_core[2f4ce927812f2631]::pool::Pool<sqlx_postgres[33e813220dc11f14]::database::Postgres>) -> test_postgres[d581deacc0e6d28]::bare_derive_macro::model_may_have_optional_id::model_may_have_optional_id::{closure#0}, test_postgres[d581deacc0e6d28]::bare_derive_macro::model_may_have_optional_id::model_may_have_optional_id::{closure#0}>::{closure#0}::{closure#0}>::{closure#0}>>::{closure#0}, core[a373ad73a504971]::option::Option<()>>::{closure#0}, (alloc[2e1b2a31b91974c5]::boxed::Box<tokio[32f327aa7e85f0f2]::runtime::scheduler::current_thread::Core>, core[a373ad73a504971]::option::Option<()>)>
[INFO] [stdout]   16:     0x5981e1b4e915 - <tokio[32f327aa7e85f0f2]::runtime::scheduler::current_thread::CoreGuard>::block_on::<core[a373ad73a504971]::pin::Pin<&mut sqlx_core[2f4ce927812f2631]::testing::run_test<sqlx_postgres[33e813220dc11f14]::database::Postgres, sqlx_core[2f4ce927812f2631]::testing::run_test_with_pool<sqlx_postgres[33e813220dc11f14]::database::Postgres, fn(sqlx_core[2f4ce927812f2631]::pool::Pool<sqlx_postgres[33e813220dc11f14]::database::Postgres>) -> test_postgres[d581deacc0e6d28]::bare_derive_macro::model_may_have_optional_id::model_may_have_optional_id::{closure#0}, test_postgres[d581deacc0e6d28]::bare_derive_macro::model_may_have_optional_id::model_may_have_optional_id::{closure#0}>::{closure#0}, sqlx_core[2f4ce927812f2631]::testing::run_test_with_pool<sqlx_postgres[33e813220dc11f14]::database::Postgres, fn(sqlx_core[2f4ce927812f2631]::pool::Pool<sqlx_postgres[33e813220dc11f14]::database::Postgres>) -> test_postgres[d581deacc0e6d28]::bare_derive_macro::model_may_have_optional_id::model_may_have_optional_id::{closure#0}, test_postgres[d581deacc0e6d28]::bare_derive_macro::model_may_have_optional_id::model_may_have_optional_id::{closure#0}>::{closure#0}::{closure#0}>::{closure#0}>>
[INFO] [stdout]   17:     0x5981e1b68598 - tokio[32f327aa7e85f0f2]::runtime::context::runtime::enter_runtime::<<tokio[32f327aa7e85f0f2]::runtime::scheduler::current_thread::CurrentThread>::block_on<sqlx_core[2f4ce927812f2631]::testing::run_test<sqlx_postgres[33e813220dc11f14]::database::Postgres, sqlx_core[2f4ce927812f2631]::testing::run_test_with_pool<sqlx_postgres[33e813220dc11f14]::database::Postgres, fn(sqlx_core[2f4ce927812f2631]::pool::Pool<sqlx_postgres[33e813220dc11f14]::database::Postgres>) -> test_postgres[d581deacc0e6d28]::bare_derive_macro::model_may_have_optional_id::model_may_have_optional_id::{closure#0}, test_postgres[d581deacc0e6d28]::bare_derive_macro::model_may_have_optional_id::model_may_have_optional_id::{closure#0}>::{closure#0}, sqlx_core[2f4ce927812f2631]::testing::run_test_with_pool<sqlx_postgres[33e813220dc11f14]::database::Postgres, fn(sqlx_core[2f4ce927812f2631]::pool::Pool<sqlx_postgres[33e813220dc11f14]::database::Postgres>) -> test_postgres[d581deacc0e6d28]::bare_derive_macro::model_may_have_optional_id::model_may_have_optional_id::{closure#0}, test_postgres[d581deacc0e6d28]::bare_derive_macro::model_may_have_optional_id::model_may_have_optional_id::{closure#0}>::{closure#0}::{closure#0}>::{closure#0}>::{closure#0}, ()>
[INFO] [stdout]   18:     0x5981e1b8b8a9 - <tokio[32f327aa7e85f0f2]::runtime::runtime::Runtime>::block_on::<sqlx_core[2f4ce927812f2631]::testing::run_test<sqlx_postgres[33e813220dc11f14]::database::Postgres, sqlx_core[2f4ce927812f2631]::testing::run_test_with_pool<sqlx_postgres[33e813220dc11f14]::database::Postgres, fn(sqlx_core[2f4ce927812f2631]::pool::Pool<sqlx_postgres[33e813220dc11f14]::database::Postgres>) -> test_postgres[d581deacc0e6d28]::bare_derive_macro::model_may_have_optional_id::model_may_have_optional_id::{closure#0}, test_postgres[d581deacc0e6d28]::bare_derive_macro::model_may_have_optional_id::model_may_have_optional_id::{closure#0}>::{closure#0}, sqlx_core[2f4ce927812f2631]::testing::run_test_with_pool<sqlx_postgres[33e813220dc11f14]::database::Postgres, fn(sqlx_core[2f4ce927812f2631]::pool::Pool<sqlx_postgres[33e813220dc11f14]::database::Postgres>) -> test_postgres[d581deacc0e6d28]::bare_derive_macro::model_may_have_optional_id::model_may_have_optional_id::{closure#0}, test_postgres[d581deacc0e6d28]::bare_derive_macro::model_may_have_optional_id::model_may_have_optional_id::{closure#0}>::{closure#0}::{closure#0}>::{closure#0}>
[INFO] [stderr] error: test failed, to rerun pass `--test test_postgres`
[INFO] [stdout]   19:     0x5981e1b59d07 - <test_postgres[d581deacc0e6d28]::bare_derive_macro::model_may_have_optional_id::{closure#0} as core[a373ad73a504971]::ops::function::FnOnce<()>>::call_once
[INFO] [stdout]   20:     0x5981e1b9140b - test[aada8e7e76ba119b]::__rust_begin_short_backtrace::<core[a373ad73a504971]::result::Result<(), alloc[2e1b2a31b91974c5]::string::String>, fn() -> core[a373ad73a504971]::result::Result<(), alloc[2e1b2a31b91974c5]::string::String>>
[INFO] [stdout]   21:     0x5981e1b9e5e5 - test[aada8e7e76ba119b]::run_test::{closure#0}
[INFO] [stdout]   22:     0x5981e1b97ed4 - std[617be2ca0a6fd877]::sys::backtrace::__rust_begin_short_backtrace::<test[aada8e7e76ba119b]::run_test::{closure#1}, ()>
[INFO] [stdout]   23:     0x5981e1ba1672 - <std[617be2ca0a6fd877]::thread::lifecycle::spawn_unchecked<test[aada8e7e76ba119b]::run_test::{closure#1}, ()>::{closure#1} as core[a373ad73a504971]::ops::function::FnOnce<()>>::call_once::{shim:vtable#0}
[INFO] [stdout]   24:     0x5981e1ce198f - <std[617be2ca0a6fd877]::sys::thread::unix::Thread>::new::thread_start
[INFO] [stdout]   25:     0x7415c5f61dfa - <unknown>
[INFO] [stdout]   26:     0x7415c5ff53d4 - clone
[INFO] [stdout]   27:                0x0 - <unknown>
[INFO] [stdout] 
[INFO] [stdout] ---- bare_derive_macro::can_select_into_model stdout ----
[INFO] [stdout] 
[INFO] [stdout] thread 'bare_derive_macro::can_select_into_model' (2609) panicked at /opt/rustwide/cargo-home/registry/src/index.crates.io-1949cf8c6b5b557f/sqlx-postgres-0.8.6/src/testing/mod.rs:96:44:
[INFO] [stdout] DATABASE_URL must be set: EnvVar(NotPresent)
[INFO] [stdout] stack backtrace:
[INFO] [stdout]    0:     0x5981e1ce24e1 - <<std[617be2ca0a6fd877]::sys::backtrace::BacktraceLock>::print::DisplayBacktrace as core[a373ad73a504971]::fmt::Display>::fmt
[INFO] [stdout]    1:     0x5981e1cf90da - core[a373ad73a504971]::fmt::write
[INFO] [stdout]    2:     0x5981e1ce6cbc - <alloc[2e1b2a31b91974c5]::vec::Vec<u8> as core[a373ad73a504971]::io::write::Write>::write_fmt
[INFO] [stdout]    3:     0x5981e1cbd386 - std[617be2ca0a6fd877]::panicking::default_hook::{closure#0}
[INFO] [stdout]    4:     0x5981e1cda2c9 - std[617be2ca0a6fd877]::panicking::default_hook
[INFO] [stdout]    5:     0x5981e1b9dfc0 - test[aada8e7e76ba119b]::test_main_inner::{closure#0}
[INFO] [stdout]    6:     0x5981e1cda5f2 - std[617be2ca0a6fd877]::panicking::panic_with_hook
[INFO] [stdout]    7:     0x5981e1cbd432 - std[617be2ca0a6fd877]::panicking::panic_handler::{closure#0}
[INFO] [stdout]    8:     0x5981e1cb5e29 - std[617be2ca0a6fd877]::sys::backtrace::__rust_end_short_backtrace::<std[617be2ca0a6fd877]::panicking::panic_handler::{closure#0}, !>
[INFO] [stdout]    9:     0x5981e1cbe2cd - __rustc[ea4f61d10b84890b]::rust_begin_unwind
[INFO] [stdout]   10:     0x5981e1cf983c - core[a373ad73a504971]::panicking::panic_fmt
[INFO] [stdout]   11:     0x5981e1cf9612 - core[a373ad73a504971]::result::unwrap_failed
[INFO] [stdout]   12:     0x5981e1beee9e - <sqlx_postgres[33e813220dc11f14]::database::Postgres as sqlx_core[2f4ce927812f2631]::testing::TestSupport>::test_context::{closure#0}
[INFO] [stdout]   13:     0x5981e1afcc14 - sqlx_core[2f4ce927812f2631]::testing::run_test::<sqlx_postgres[33e813220dc11f14]::database::Postgres, sqlx_core[2f4ce927812f2631]::testing::run_test_with_pool<sqlx_postgres[33e813220dc11f14]::database::Postgres, fn(sqlx_core[2f4ce927812f2631]::pool::Pool<sqlx_postgres[33e813220dc11f14]::database::Postgres>) -> test_postgres[d581deacc0e6d28]::bare_derive_macro::can_select_into_model::can_select_into_model::{closure#0}, test_postgres[d581deacc0e6d28]::bare_derive_macro::can_select_into_model::can_select_into_model::{closure#0}>::{closure#0}, sqlx_core[2f4ce927812f2631]::testing::run_test_with_pool<sqlx_postgres[33e813220dc11f14]::database::Postgres, fn(sqlx_core[2f4ce927812f2631]::pool::Pool<sqlx_postgres[33e813220dc11f14]::database::Postgres>) -> test_postgres[d581deacc0e6d28]::bare_derive_macro::can_select_into_model::can_select_into_model::{closure#0}, test_postgres[d581deacc0e6d28]::bare_derive_macro::can_select_into_model::can_select_into_model::{closure#0}>::{closure#0}::{closure#0}>::{closure#0}
[INFO] [stdout]   14:     0x5981e1b4d07e - <tokio[32f327aa7e85f0f2]::runtime::scheduler::current_thread::Context>::enter::<core[a373ad73a504971]::task::poll::Poll<()>, <tokio[32f327aa7e85f0f2]::runtime::scheduler::current_thread::CoreGuard>::block_on<core[a373ad73a504971]::pin::Pin<&mut sqlx_core[2f4ce927812f2631]::testing::run_test<sqlx_postgres[33e813220dc11f14]::database::Postgres, sqlx_core[2f4ce927812f2631]::testing::run_test_with_pool<sqlx_postgres[33e813220dc11f14]::database::Postgres, fn(sqlx_core[2f4ce927812f2631]::pool::Pool<sqlx_postgres[33e813220dc11f14]::database::Postgres>) -> test_postgres[d581deacc0e6d28]::bare_derive_macro::can_select_into_model::can_select_into_model::{closure#0}, test_postgres[d581deacc0e6d28]::bare_derive_macro::can_select_into_model::can_select_into_model::{closure#0}>::{closure#0}, sqlx_core[2f4ce927812f2631]::testing::run_test_with_pool<sqlx_postgres[33e813220dc11f14]::database::Postgres, fn(sqlx_core[2f4ce927812f2631]::pool::Pool<sqlx_postgres[33e813220dc11f14]::database::Postgres>) -> test_postgres[d581deacc0e6d28]::bare_derive_macro::can_select_into_model::can_select_into_model::{closure#0}, test_postgres[d581deacc0e6d28]::bare_derive_macro::can_select_into_model::can_select_into_model::{closure#0}>::{closure#0}::{closure#0}>::{closure#0}>>::{closure#0}::{closure#0}>
[INFO] [stdout]   15:     0x5981e1b6ae6c - <tokio[32f327aa7e85f0f2]::runtime::context::scoped::Scoped<tokio[32f327aa7e85f0f2]::runtime::scheduler::Context>>::set::<<tokio[32f327aa7e85f0f2]::runtime::scheduler::current_thread::CoreGuard>::enter<<tokio[32f327aa7e85f0f2]::runtime::scheduler::current_thread::CoreGuard>::block_on<core[a373ad73a504971]::pin::Pin<&mut sqlx_core[2f4ce927812f2631]::testing::run_test<sqlx_postgres[33e813220dc11f14]::database::Postgres, sqlx_core[2f4ce927812f2631]::testing::run_test_with_pool<sqlx_postgres[33e813220dc11f14]::database::Postgres, fn(sqlx_core[2f4ce927812f2631]::pool::Pool<sqlx_postgres[33e813220dc11f14]::database::Postgres>) -> test_postgres[d581deacc0e6d28]::bare_derive_macro::can_select_into_model::can_select_into_model::{closure#0}, test_postgres[d581deacc0e6d28]::bare_derive_macro::can_select_into_model::can_select_into_model::{closure#0}>::{closure#0}, sqlx_core[2f4ce927812f2631]::testing::run_test_with_pool<sqlx_postgres[33e813220dc11f14]::database::Postgres, fn(sqlx_core[2f4ce927812f2631]::pool::Pool<sqlx_postgres[33e813220dc11f14]::database::Postgres>) -> test_postgres[d581deacc0e6d28]::bare_derive_macro::can_select_into_model::can_select_into_model::{closure#0}, test_postgres[d581deacc0e6d28]::bare_derive_macro::can_select_into_model::can_select_into_model::{closure#0}>::{closure#0}::{closure#0}>::{closure#0}>>::{closure#0}, core[a373ad73a504971]::option::Option<()>>::{closure#0}, (alloc[2e1b2a31b91974c5]::boxed::Box<tokio[32f327aa7e85f0f2]::runtime::scheduler::current_thread::Core>, core[a373ad73a504971]::option::Option<()>)>
[INFO] [stdout]   16:     0x5981e1b4e745 - <tokio[32f327aa7e85f0f2]::runtime::scheduler::current_thread::CoreGuard>::block_on::<core[a373ad73a504971]::pin::Pin<&mut sqlx_core[2f4ce927812f2631]::testing::run_test<sqlx_postgres[33e813220dc11f14]::database::Postgres, sqlx_core[2f4ce927812f2631]::testing::run_test_with_pool<sqlx_postgres[33e813220dc11f14]::database::Postgres, fn(sqlx_core[2f4ce927812f2631]::pool::Pool<sqlx_postgres[33e813220dc11f14]::database::Postgres>) -> test_postgres[d581deacc0e6d28]::bare_derive_macro::can_select_into_model::can_select_into_model::{closure#0}, test_postgres[d581deacc0e6d28]::bare_derive_macro::can_select_into_model::can_select_into_model::{closure#0}>::{closure#0}, sqlx_core[2f4ce927812f2631]::testing::run_test_with_pool<sqlx_postgres[33e813220dc11f14]::database::Postgres, fn(sqlx_core[2f4ce927812f2631]::pool::Pool<sqlx_postgres[33e813220dc11f14]::database::Postgres>) -> test_postgres[d581deacc0e6d28]::bare_derive_macro::can_select_into_model::can_select_into_model::{closure#0}, test_postgres[d581deacc0e6d28]::bare_derive_macro::can_select_into_model::can_select_into_model::{closure#0}>::{closure#0}::{closure#0}>::{closure#0}>>
[INFO] [stdout]   17:     0x5981e1b681c8 - tokio[32f327aa7e85f0f2]::runtime::context::runtime::enter_runtime::<<tokio[32f327aa7e85f0f2]::runtime::scheduler::current_thread::CurrentThread>::block_on<sqlx_core[2f4ce927812f2631]::testing::run_test<sqlx_postgres[33e813220dc11f14]::database::Postgres, sqlx_core[2f4ce927812f2631]::testing::run_test_with_pool<sqlx_postgres[33e813220dc11f14]::database::Postgres, fn(sqlx_core[2f4ce927812f2631]::pool::Pool<sqlx_postgres[33e813220dc11f14]::database::Postgres>) -> test_postgres[d581deacc0e6d28]::bare_derive_macro::can_select_into_model::can_select_into_model::{closure#0}, test_postgres[d581deacc0e6d28]::bare_derive_macro::can_select_into_model::can_select_into_model::{closure#0}>::{closure#0}, sqlx_core[2f4ce927812f2631]::testing::run_test_with_pool<sqlx_postgres[33e813220dc11f14]::database::Postgres, fn(sqlx_core[2f4ce927812f2631]::pool::Pool<sqlx_postgres[33e813220dc11f14]::database::Postgres>) -> test_postgres[d581deacc0e6d28]::bare_derive_macro::can_select_into_model::can_select_into_model::{closure#0}, test_postgres[d581deacc0e6d28]::bare_derive_macro::can_select_into_model::can_select_into_model::{closure#0}>::{closure#0}::{closure#0}>::{closure#0}>::{closure#0}, ()>
[INFO] [stdout]   18:     0x5981e1b8b769 - <tokio[32f327aa7e85f0f2]::runtime::runtime::Runtime>::block_on::<sqlx_core[2f4ce927812f2631]::testing::run_test<sqlx_postgres[33e813220dc11f14]::database::Postgres, sqlx_core[2f4ce927812f2631]::testing::run_test_with_pool<sqlx_postgres[33e813220dc11f14]::database::Postgres, fn(sqlx_core[2f4ce927812f2631]::pool::Pool<sqlx_postgres[33e813220dc11f14]::database::Postgres>) -> test_postgres[d581deacc0e6d28]::bare_derive_macro::can_select_into_model::can_select_into_model::{closure#0}, test_postgres[d581deacc0e6d28]::bare_derive_macro::can_select_into_model::can_select_into_model::{closure#0}>::{closure#0}, sqlx_core[2f4ce927812f2631]::testing::run_test_with_pool<sqlx_postgres[33e813220dc11f14]::database::Postgres, fn(sqlx_core[2f4ce927812f2631]::pool::Pool<sqlx_postgres[33e813220dc11f14]::database::Postgres>) -> test_postgres[d581deacc0e6d28]::bare_derive_macro::can_select_into_model::can_select_into_model::{closure#0}, test_postgres[d581deacc0e6d28]::bare_derive_macro::can_select_into_model::can_select_into_model::{closure#0}>::{closure#0}::{closure#0}>::{closure#0}>
[INFO] [stdout]   19:     0x5981e1b59b47 - <test_postgres[d581deacc0e6d28]::bare_derive_macro::can_select_into_model::{closure#0} as core[a373ad73a504971]::ops::function::FnOnce<()>>::call_once
[INFO] [stdout]   20:     0x5981e1b9140b - test[aada8e7e76ba119b]::__rust_begin_short_backtrace::<core[a373ad73a504971]::result::Result<(), alloc[2e1b2a31b91974c5]::string::String>, fn() -> core[a373ad73a504971]::result::Result<(), alloc[2e1b2a31b91974c5]::string::String>>
[INFO] [stdout]   21:     0x5981e1b9e5e5 - test[aada8e7e76ba119b]::run_test::{closure#0}
[INFO] [stdout]   22:     0x5981e1b97ed4 - std[617be2ca0a6fd877]::sys::backtrace::__rust_begin_short_backtrace::<test[aada8e7e76ba119b]::run_test::{closure#1}, ()>
[INFO] [stdout]   23:     0x5981e1ba1672 - <std[617be2ca0a6fd877]::thread::lifecycle::spawn_unchecked<test[aada8e7e76ba119b]::run_test::{closure#1}, ()>::{closure#1} as core[a373ad73a504971]::ops::function::FnOnce<()>>::call_once::{shim:vtable#0}
[INFO] [stdout]   24:     0x5981e1ce198f - <std[617be2ca0a6fd877]::sys::thread::unix::Thread>::new::thread_start
[INFO] [stdout]   25:     0x7415c5f61dfa - <unknown>
[INFO] [stdout]   26:     0x7415c5ff53d4 - clone
[INFO] [stdout]   27:                0x0 - <unknown>
[INFO] [stdout] 
[INFO] [stdout] ---- with_named_table::can_delete_rows stdout ----
[INFO] [stdout] 
[INFO] [stdout] thread 'with_named_table::can_delete_rows' (2615) panicked at /opt/rustwide/cargo-home/registry/src/index.crates.io-1949cf8c6b5b557f/sqlx-postgres-0.8.6/src/testing/mod.rs:96:44:
[INFO] [stdout] DATABASE_URL must be set: EnvVar(NotPresent)
[INFO] [stdout] stack backtrace:
[INFO] [stdout]    0:     0x5981e1ce24e1 - <<std[617be2ca0a6fd877]::sys::backtrace::BacktraceLock>::print::DisplayBacktrace as core[a373ad73a504971]::fmt::Display>::fmt
[INFO] [stdout]    1:     0x5981e1cf90da - core[a373ad73a504971]::fmt::write
[INFO] [stdout]    2:     0x5981e1ce6cbc - <alloc[2e1b2a31b91974c5]::vec::Vec<u8> as core[a373ad73a504971]::io::write::Write>::write_fmt
[INFO] [stdout]    3:     0x5981e1cbd386 - std[617be2ca0a6fd877]::panicking::default_hook::{closure#0}
[INFO] [stdout]    4:     0x5981e1cda2c9 - std[617be2ca0a6fd877]::panicking::default_hook
[INFO] [stdout]    5:     0x5981e1b9dfc0 - test[aada8e7e76ba119b]::test_main_inner::{closure#0}
[INFO] [stdout]    6:     0x5981e1cda5f2 - std[617be2ca0a6fd877]::panicking::panic_with_hook
[INFO] [stdout]    7:     0x5981e1cbd432 - std[617be2ca0a6fd877]::panicking::panic_handler::{closure#0}
[INFO] [stdout]    8:     0x5981e1cb5e29 - std[617be2ca0a6fd877]::sys::backtrace::__rust_end_short_backtrace::<std[617be2ca0a6fd877]::panicking::panic_handler::{closure#0}, !>
[INFO] [stdout]    9:     0x5981e1cbe2cd - __rustc[ea4f61d10b84890b]::rust_begin_unwind
[INFO] [stdout]   10:     0x5981e1cf983c - core[a373ad73a504971]::panicking::panic_fmt
[INFO] [stdout]   11:     0x5981e1cf9612 - core[a373ad73a504971]::result::unwrap_failed
[INFO] [stdout]   12:     0x5981e1beee9e - <sqlx_postgres[33e813220dc11f14]::database::Postgres as sqlx_core[2f4ce927812f2631]::testing::TestSupport>::test_context::{closure#0}
[INFO] [stdout]   13:     0x5981e1af4d6a - sqlx_core[2f4ce927812f2631]::testing::run_test::<sqlx_postgres[33e813220dc11f14]::database::Postgres, sqlx_core[2f4ce927812f2631]::testing::run_test_with_pool<sqlx_postgres[33e813220dc11f14]::database::Postgres, fn(sqlx_core[2f4ce927812f2631]::pool::Pool<sqlx_postgres[33e813220dc11f14]::database::Postgres>) -> test_postgres[d581deacc0e6d28]::with_named_table::can_delete_rows::can_delete_rows::{closure#0}, test_postgres[d581deacc0e6d28]::with_named_table::can_delete_rows::can_delete_rows::{closure#0}>::{closure#0}, sqlx_core[2f4ce927812f2631]::testing::run_test_with_pool<sqlx_postgres[33e813220dc11f14]::database::Postgres, fn(sqlx_core[2f4ce927812f2631]::pool::Pool<sqlx_postgres[33e813220dc11f14]::database::Postgres>) -> test_postgres[d581deacc0e6d28]::with_named_table::can_delete_rows::can_delete_rows::{closure#0}, test_postgres[d581deacc0e6d28]::with_named_table::can_delete_rows::can_delete_rows::{closure#0}>::{closure#0}::{closure#0}>::{closure#0}
[INFO] [stdout]   14:     0x5981e1b4c71e - <tokio[32f327aa7e85f0f2]::runtime::scheduler::current_thread::Context>::enter::<core[a373ad73a504971]::task::poll::Poll<()>, <tokio[32f327aa7e85f0f2]::runtime::scheduler::current_thread::CoreGuard>::block_on<core[a373ad73a504971]::pin::Pin<&mut sqlx_core[2f4ce927812f2631]::testing::run_test<sqlx_postgres[33e813220dc11f14]::database::Postgres, sqlx_core[2f4ce927812f2631]::testing::run_test_with_pool<sqlx_postgres[33e813220dc11f14]::database::Postgres, fn(sqlx_core[2f4ce927812f2631]::pool::Pool<sqlx_postgres[33e813220dc11f14]::database::Postgres>) -> test_postgres[d581deacc0e6d28]::with_named_table::can_delete_rows::can_delete_rows::{closure#0}, test_postgres[d581deacc0e6d28]::with_named_table::can_delete_rows::can_delete_rows::{closure#0}>::{closure#0}, sqlx_core[2f4ce927812f2631]::testing::run_test_with_pool<sqlx_postgres[33e813220dc11f14]::database::Postgres, fn(sqlx_core[2f4ce927812f2631]::pool::Pool<sqlx_postgres[33e813220dc11f14]::database::Postgres>) -> test_postgres[d581deacc0e6d28]::with_named_table::can_delete_rows::can_delete_rows::{closure#0}, test_postgres[d581deacc0e6d28]::with_named_table::can_delete_rows::can_delete_rows::{closure#0}>::{closure#0}::{closure#0}>::{closure#0}>>::{closure#0}::{closure#0}>
[INFO] [stdout]   15:     0x5981e1b6a38c - <tokio[32f327aa7e85f0f2]::runtime::context::scoped::Scoped<tokio[32f327aa7e85f0f2]::runtime::scheduler::Context>>::set::<<tokio[32f327aa7e85f0f2]::runtime::scheduler::current_thread::CoreGuard>::enter<<tokio[32f327aa7e85f0f2]::runtime::scheduler::current_thread::CoreGuard>::block_on<core[a373ad73a504971]::pin::Pin<&mut sqlx_core[2f4ce927812f2631]::testing::run_test<sqlx_postgres[33e813220dc11f14]::database::Postgres, sqlx_core[2f4ce927812f2631]::testing::run_test_with_pool<sqlx_postgres[33e813220dc11f14]::database::Postgres, fn(sqlx_core[2f4ce927812f2631]::pool::Pool<sqlx_postgres[33e813220dc11f14]::database::Postgres>) -> test_postgres[d581deacc0e6d28]::with_named_table::can_delete_rows::can_delete_rows::{closure#0}, test_postgres[d581deacc0e6d28]::with_named_table::can_delete_rows::can_delete_rows::{closure#0}>::{closure#0}, sqlx_core[2f4ce927812f2631]::testing::run_test_with_pool<sqlx_postgres[33e813220dc11f14]::database::Postgres, fn(sqlx_core[2f4ce927812f2631]::pool::Pool<sqlx_postgres[33e813220dc11f14]::database::Postgres>) -> test_postgres[d581deacc0e6d28]::with_named_table::can_delete_rows::can_delete_rows::{closure#0}, test_postgres[d581deacc0e6d28]::with_named_table::can_delete_rows::can_delete_rows::{closure#0}>::{closure#0}::{closure#0}>::{closure#0}>>::{closure#0}, core[a373ad73a504971]::option::Option<()>>::{closure#0}, (alloc[2e1b2a31b91974c5]::boxed::Box<tokio[32f327aa7e85f0f2]::runtime::scheduler::current_thread::Core>, core[a373ad73a504971]::option::Option<()>)>
[INFO] [stdout]   16:     0x5981e1b4dc65 - <tokio[32f327aa7e85f0f2]::runtime::scheduler::current_thread::CoreGuard>::block_on::<core[a373ad73a504971]::pin::Pin<&mut sqlx_core[2f4ce927812f2631]::testing::run_test<sqlx_postgres[33e813220dc11f14]::database::Postgres, sqlx_core[2f4ce927812f2631]::testing::run_test_with_pool<sqlx_postgres[33e813220dc11f14]::database::Postgres, fn(sqlx_core[2f4ce927812f2631]::pool::Pool<sqlx_postgres[33e813220dc11f14]::database::Postgres>) -> test_postgres[d581deacc0e6d28]::with_named_table::can_delete_rows::can_delete_rows::{closure#0}, test_postgres[d581deacc0e6d28]::with_named_table::can_delete_rows::can_delete_rows::{closure#0}>::{closure#0}, sqlx_core[2f4ce927812f2631]::testing::run_test_with_pool<sqlx_postgres[33e813220dc11f14]::database::Postgres, fn(sqlx_core[2f4ce927812f2631]::pool::Pool<sqlx_postgres[33e813220dc11f14]::database::Postgres>) -> test_postgres[d581deacc0e6d28]::with_named_table::can_delete_rows::can_delete_rows::{closure#0}, test_postgres[d581deacc0e6d28]::with_named_table::can_delete_rows::can_delete_rows::{closure#0}>::{closure#0}::{closure#0}>::{closure#0}>>
[INFO] [stdout]   17:     0x5981e1b66ae8 - tokio[32f327aa7e85f0f2]::runtime::context::runtime::enter_runtime::<<tokio[32f327aa7e85f0f2]::runtime::scheduler::current_thread::CurrentThread>::block_on<sqlx_core[2f4ce927812f2631]::testing::run_test<sqlx_postgres[33e813220dc11f14]::database::Postgres, sqlx_core[2f4ce927812f2631]::testing::run_test_with_pool<sqlx_postgres[33e813220dc11f14]::database::Postgres, fn(sqlx_core[2f4ce927812f2631]::pool::Pool<sqlx_postgres[33e813220dc11f14]::database::Postgres>) -> test_postgres[d581deacc0e6d28]::with_named_table::can_delete_rows::can_delete_rows::{closure#0}, test_postgres[d581deacc0e6d28]::with_named_table::can_delete_rows::can_delete_rows::{closure#0}>::{closure#0}, sqlx_core[2f4ce927812f2631]::testing::run_test_with_pool<sqlx_postgres[33e813220dc11f14]::database::Postgres, fn(sqlx_core[2f4ce927812f2631]::pool::Pool<sqlx_postgres[33e813220dc11f14]::database::Postgres>) -> test_postgres[d581deacc0e6d28]::with_named_table::can_delete_rows::can_delete_rows::{closure#0}, test_postgres[d581deacc0e6d28]::with_named_table::can_delete_rows::can_delete_rows::{closure#0}>::{closure#0}::{closure#0}>::{closure#0}>::{closure#0}, ()>
[INFO] [stdout]   18:     0x5981e1b8afe9 - <tokio[32f327aa7e85f0f2]::runtime::runtime::Runtime>::block_on::<sqlx_core[2f4ce927812f2631]::testing::run_test<sqlx_postgres[33e813220dc11f14]::database::Postgres, sqlx_core[2f4ce927812f2631]::testing::run_test_with_pool<sqlx_postgres[33e813220dc11f14]::database::Postgres, fn(sqlx_core[2f4ce927812f2631]::pool::Pool<sqlx_postgres[33e813220dc11f14]::database::Postgres>) -> test_postgres[d581deacc0e6d28]::with_named_table::can_delete_rows::can_delete_rows::{closure#0}, test_postgres[d581deacc0e6d28]::with_named_table::can_delete_rows::can_delete_rows::{closure#0}>::{closure#0}, sqlx_core[2f4ce927812f2631]::testing::run_test_with_pool<sqlx_postgres[33e813220dc11f14]::database::Postgres, fn(sqlx_core[2f4ce927812f2631]::pool::Pool<sqlx_postgres[33e813220dc11f14]::database::Postgres>) -> test_postgres[d581deacc0e6d28]::with_named_table::can_delete_rows::can_delete_rows::{closure#0}, test_postgres[d581deacc0e6d28]::with_named_table::can_delete_rows::can_delete_rows::{closure#0}>::{closure#0}::{closure#0}>::{closure#0}>
[INFO] [stdout]   19:     0x5981e1b5434c - sqlx_core[2f4ce927812f2631]::rt::test_block_on::<sqlx_core[2f4ce927812f2631]::testing::run_test<sqlx_postgres[33e813220dc11f14]::database::Postgres, sqlx_core[2f4ce927812f2631]::testing::run_test_with_pool<sqlx_postgres[33e813220dc11f14]::database::Postgres, fn(sqlx_core[2f4ce927812f2631]::pool::Pool<sqlx_postgres[33e813220dc11f14]::database::Postgres>) -> test_postgres[d581deacc0e6d28]::with_named_table::can_delete_rows::can_delete_rows::{closure#0}, test_postgres[d581deacc0e6d28]::with_named_table::can_delete_rows::can_delete_rows::{closure#0}>::{closure#0}, sqlx_core[2f4ce927812f2631]::testing::run_test_with_pool<sqlx_postgres[33e813220dc11f14]::database::Postgres, fn(sqlx_core[2f4ce927812f2631]::pool::Pool<sqlx_postgres[33e813220dc11f14]::database::Postgres>) -> test_postgres[d581deacc0e6d28]::with_named_table::can_delete_rows::can_delete_rows::{closure#0}, test_postgres[d581deacc0e6d28]::with_named_table::can_delete_rows::can_delete_rows::{closure#0}>::{closure#0}::{closure#0}>::{closure#0}>
[INFO] [stdout]   20:     0x5981e1b83dfd - <test_postgres[d581deacc0e6d28]::with_named_table::can_delete_rows::{closure#0} as core[a373ad73a504971]::ops::function::FnOnce<()>>::call_once
[INFO] [stdout]   21:     0x5981e1b9140b - test[aada8e7e76ba119b]::__rust_begin_short_backtrace::<core[a373ad73a504971]::result::Result<(), alloc[2e1b2a31b91974c5]::string::String>, fn() -> core[a373ad73a504971]::result::Result<(), alloc[2e1b2a31b91974c5]::string::String>>
[INFO] [stdout]   22:     0x5981e1b9e5e5 - test[aada8e7e76ba119b]::run_test::{closure#0}
[INFO] [stdout]   23:     0x5981e1b97ed4 - std[617be2ca0a6fd877]::sys::backtrace::__rust_begin_short_backtrace::<test[aada8e7e76ba119b]::run_test::{closure#1}, ()>
[INFO] [stdout]   24:     0x5981e1ba1672 - <std[617be2ca0a6fd877]::thread::lifecycle::spawn_unchecked<test[aada8e7e76ba119b]::run_test::{closure#1}, ()>::{closure#1} as core[a373ad73a504971]::ops::function::FnOnce<()>>::call_once::{shim:vtable#0}
[INFO] [stdout]   25:     0x5981e1ce198f - <std[617be2ca0a6fd877]::sys::thread::unix::Thread>::new::thread_start
[INFO] [stdout]   26:     0x7415c5f61dfa - <unknown>
[INFO] [stdout]   27:     0x7415c5ff53d4 - clone
[INFO] [stdout]   28:                0x0 - <unknown>
[INFO] [stdout] 
[INFO] [stdout] ---- with_named_table::can_insert_from_model_to_table stdout ----
[INFO] [stdout] 
[INFO] [stdout] thread 'with_named_table::can_insert_from_model_to_table' (2616) panicked at /opt/rustwide/cargo-home/registry/src/index.crates.io-1949cf8c6b5b557f/sqlx-postgres-0.8.6/src/testing/mod.rs:96:44:
[INFO] [stdout] DATABASE_URL must be set: EnvVar(NotPresent)
[INFO] [stdout] stack backtrace:
[INFO] [stdout]    0:     0x5981e1ce24e1 - <<std[617be2ca0a6fd877]::sys::backtrace::BacktraceLock>::print::DisplayBacktrace as core[a373ad73a504971]::fmt::Display>::fmt
[INFO] [stdout]    1:     0x5981e1cf90da - core[a373ad73a504971]::fmt::write
[INFO] [stdout]    2:     0x5981e1ce6cbc - <alloc[2e1b2a31b91974c5]::vec::Vec<u8> as core[a373ad73a504971]::io::write::Write>::write_fmt
[INFO] [stdout]    3:     0x5981e1cbd386 - std[617be2ca0a6fd877]::panicking::default_hook::{closure#0}
[INFO] [stdout]    4:     0x5981e1cda2c9 - std[617be2ca0a6fd877]::panicking::default_hook
[INFO] [stdout]    5:     0x5981e1b9dfc0 - test[aada8e7e76ba119b]::test_main_inner::{closure#0}
[INFO] [stdout]    6:     0x5981e1cda5f2 - std[617be2ca0a6fd877]::panicking::panic_with_hook
[INFO] [stdout]    7:     0x5981e1cbd432 - std[617be2ca0a6fd877]::panicking::panic_handler::{closure#0}
[INFO] [stdout]    8:     0x5981e1cb5e29 - std[617be2ca0a6fd877]::sys::backtrace::__rust_end_short_backtrace::<std[617be2ca0a6fd877]::panicking::panic_handler::{closure#0}, !>
[INFO] [stdout]    9:     0x5981e1cbe2cd - __rustc[ea4f61d10b84890b]::rust_begin_unwind
[INFO] [stdout]   10:     0x5981e1cf983c - core[a373ad73a504971]::panicking::panic_fmt
[INFO] [stdout]   11:     0x5981e1cf9612 - core[a373ad73a504971]::result::unwrap_failed
[INFO] [stdout]   12:     0x5981e1beee9e - <sqlx_postgres[33e813220dc11f14]::database::Postgres as sqlx_core[2f4ce927812f2631]::testing::TestSupport>::test_context::{closure#0}
[INFO] [stdout]   13:     0x5981e1af8cf4 - sqlx_core[2f4ce927812f2631]::testing::run_test::<sqlx_postgres[33e813220dc11f14]::database::Postgres, sqlx_core[2f4ce927812f2631]::testing::run_test_with_pool<sqlx_postgres[33e813220dc11f14]::database::Postgres, fn(sqlx_core[2f4ce927812f2631]::pool::Pool<sqlx_postgres[33e813220dc11f14]::database::Postgres>) -> test_postgres[d581deacc0e6d28]::with_named_table::can_insert_from_model_to_table::can_insert_from_model_to_table::{closure#0}, test_postgres[d581deacc0e6d28]::with_named_table::can_insert_from_model_to_table::can_insert_from_model_to_table::{closure#0}>::{closure#0}, sqlx_core[2f4ce927812f2631]::testing::run_test_with_pool<sqlx_postgres[33e813220dc11f14]::database::Postgres, fn(sqlx_core[2f4ce927812f2631]::pool::Pool<sqlx_postgres[33e813220dc11f14]::database::Postgres>) -> test_postgres[d581deacc0e6d28]::with_named_table::can_insert_from_model_to_table::can_insert_from_model_to_table::{closure#0}, test_postgres[d581deacc0e6d28]::with_named_table::can_insert_from_model_to_table::can_insert_from_model_to_table::{closure#0}>::{closure#0}::{closure#0}>::{closure#0}
[INFO] [stdout]   14:     0x5981e1b4cbce - <tokio[32f327aa7e85f0f2]::runtime::scheduler::current_thread::Context>::enter::<core[a373ad73a504971]::task::poll::Poll<()>, <tokio[32f327aa7e85f0f2]::runtime::scheduler::current_thread::CoreGuard>::block_on<core[a373ad73a504971]::pin::Pin<&mut sqlx_core[2f4ce927812f2631]::testing::run_test<sqlx_postgres[33e813220dc11f14]::database::Postgres, sqlx_core[2f4ce927812f2631]::testing::run_test_with_pool<sqlx_postgres[33e813220dc11f14]::database::Postgres, fn(sqlx_core[2f4ce927812f2631]::pool::Pool<sqlx_postgres[33e813220dc11f14]::database::Postgres>) -> test_postgres[d581deacc0e6d28]::with_named_table::can_insert_from_model_to_table::can_insert_from_model_to_table::{closure#0}, test_postgres[d581deacc0e6d28]::with_named_table::can_insert_from_model_to_table::can_insert_from_model_to_table::{closure#0}>::{closure#0}, sqlx_core[2f4ce927812f2631]::testing::run_test_with_pool<sqlx_postgres[33e813220dc11f14]::database::Postgres, fn(sqlx_core[2f4ce927812f2631]::pool::Pool<sqlx_postgres[33e813220dc11f14]::database::Postgres>) -> test_postgres[d581deacc0e6d28]::with_named_table::can_insert_from_model_to_table::can_insert_from_model_to_table::{closure#0}, test_postgres[d581deacc0e6d28]::with_named_table::can_insert_from_model_to_table::can_insert_from_model_to_table::{closure#0}>::{closure#0}::{closure#0}>::{closure#0}>>::{closure#0}::{closure#0}>
[INFO] [stdout]   15:     0x5981e1b6a8fc - <tokio[32f327aa7e85f0f2]::runtime::context::scoped::Scoped<tokio[32f327aa7e85f0f2]::runtime::scheduler::Context>>::set::<<tokio[32f327aa7e85f0f2]::runtime::scheduler::current_thread::CoreGuard>::enter<<tokio[32f327aa7e85f0f2]::runtime::scheduler::current_thread::CoreGuard>::block_on<core[a373ad73a504971]::pin::Pin<&mut sqlx_core[2f4ce927812f2631]::testing::run_test<sqlx_postgres[33e813220dc11f14]::database::Postgres, sqlx_core[2f4ce927812f2631]::testing::run_test_with_pool<sqlx_postgres[33e813220dc11f14]::database::Postgres, fn(sqlx_core[2f4ce927812f2631]::pool::Pool<sqlx_postgres[33e813220dc11f14]::database::Postgres>) -> test_postgres[d581deacc0e6d28]::with_named_table::can_insert_from_model_to_table::can_insert_from_model_to_table::{closure#0}, test_postgres[d581deacc0e6d28]::with_named_table::can_insert_from_model_to_table::can_insert_from_model_to_table::{closure#0}>::{closure#0}, sqlx_core[2f4ce927812f2631]::testing::run_test_with_pool<sqlx_postgres[33e813220dc11f14]::database::Postgres, fn(sqlx_core[2f4ce927812f2631]::pool::Pool<sqlx_postgres[33e813220dc11f14]::database::Postgres>) -> test_postgres[d581deacc0e6d28]::with_named_table::can_insert_from_model_to_table::can_insert_from_model_to_table::{closure#0}, test_postgres[d581deacc0e6d28]::with_named_table::can_insert_from_model_to_table::can_insert_from_model_to_table::{closure#0}>::{closure#0}::{closure#0}>::{closure#0}>>::{closure#0}, core[a373ad73a504971]::option::Option<()>>::{closure#0}, (alloc[2e1b2a31b91974c5]::boxed::Box<tokio[32f327aa7e85f0f2]::runtime::scheduler::current_thread::Core>, core[a373ad73a504971]::option::Option<()>)>
[INFO] [stdout]   16:     0x5981e1b4e1d5 - <tokio[32f327aa7e85f0f2]::runtime::scheduler::current_thread::CoreGuard>::block_on::<core[a373ad73a504971]::pin::Pin<&mut sqlx_core[2f4ce927812f2631]::testing::run_test<sqlx_postgres[33e813220dc11f14]::database::Postgres, sqlx_core[2f4ce927812f2631]::testing::run_test_with_pool<sqlx_postgres[33e813220dc11f14]::database::Postgres, fn(sqlx_core[2f4ce927812f2631]::pool::Pool<sqlx_postgres[33e813220dc11f14]::database::Postgres>) -> test_postgres[d581deacc0e6d28]::with_named_table::can_insert_from_model_to_table::can_insert_from_model_to_table::{closure#0}, test_postgres[d581deacc0e6d28]::with_named_table::can_insert_from_model_to_table::can_insert_from_model_to_table::{closure#0}>::{closure#0}, sqlx_core[2f4ce927812f2631]::testing::run_test_with_pool<sqlx_postgres[33e813220dc11f14]::database::Postgres, fn(sqlx_core[2f4ce927812f2631]::pool::Pool<sqlx_postgres[33e813220dc11f14]::database::Postgres>) -> test_postgres[d581deacc0e6d28]::with_named_table::can_insert_from_model_to_table::can_insert_from_model_to_table::{closure#0}, test_postgres[d581deacc0e6d28]::with_named_table::can_insert_from_model_to_table::can_insert_from_model_to_table::{closure#0}>::{closure#0}::{closure#0}>::{closure#0}>>
[INFO] [stdout]   17:     0x5981e1b67658 - tokio[32f327aa7e85f0f2]::runtime::context::runtime::enter_runtime::<<tokio[32f327aa7e85f0f2]::runtime::scheduler::current_thread::CurrentThread>::block_on<sqlx_core[2f4ce927812f2631]::testing::run_test<sqlx_postgres[33e813220dc11f14]::database::Postgres, sqlx_core[2f4ce927812f2631]::testing::run_test_with_pool<sqlx_postgres[33e813220dc11f14]::database::Postgres, fn(sqlx_core[2f4ce927812f2631]::pool::Pool<sqlx_postgres[33e813220dc11f14]::database::Postgres>) -> test_postgres[d581deacc0e6d28]::with_named_table::can_insert_from_model_to_table::can_insert_from_model_to_table::{closure#0}, test_postgres[d581deacc0e6d28]::with_named_table::can_insert_from_model_to_table::can_insert_from_model_to_table::{closure#0}>::{closure#0}, sqlx_core[2f4ce927812f2631]::testing::run_test_with_pool<sqlx_postgres[33e813220dc11f14]::database::Postgres, fn(sqlx_core[2f4ce927812f2631]::pool::Pool<sqlx_postgres[33e813220dc11f14]::database::Postgres>) -> test_postgres[d581deacc0e6d28]::with_named_table::can_insert_from_model_to_table::can_insert_from_model_to_table::{closure#0}, test_postgres[d581deacc0e6d28]::with_named_table::can_insert_from_model_to_table::can_insert_from_model_to_table::{closure#0}>::{closure#0}::{closure#0}>::{closure#0}>::{closure#0}, ()>
[INFO] [stdout]   18:     0x5981e1b8b3a9 - <tokio[32f327aa7e85f0f2]::runtime::runtime::Runtime>::block_on::<sqlx_core[2f4ce927812f2631]::testing::run_test<sqlx_postgres[33e813220dc11f14]::database::Postgres, sqlx_core[2f4ce927812f2631]::testing::run_test_with_pool<sqlx_postgres[33e813220dc11f14]::database::Postgres, fn(sqlx_core[2f4ce927812f2631]::pool::Pool<sqlx_postgres[33e813220dc11f14]::database::Postgres>) -> test_postgres[d581deacc0e6d28]::with_named_table::can_insert_from_model_to_table::can_insert_from_model_to_table::{closure#0}, test_postgres[d581deacc0e6d28]::with_named_table::can_insert_from_model_to_table::can_insert_from_model_to_table::{closure#0}>::{closure#0}, sqlx_core[2f4ce927812f2631]::testing::run_test_with_pool<sqlx_postgres[33e813220dc11f14]::database::Postgres, fn(sqlx_core[2f4ce927812f2631]::pool::Pool<sqlx_postgres[33e813220dc11f14]::database::Postgres>) -> test_postgres[d581deacc0e6d28]::with_named_table::can_insert_from_model_to_table::can_insert_from_model_to_table::{closure#0}, test_postgres[d581deacc0e6d28]::with_named_table::can_insert_from_model_to_table::can_insert_from_model_to_table::{closure#0}>::{closure#0}::{closure#0}>::{closure#0}>
[INFO] [stdout]   19:     0x5981e1b546ac - sqlx_core[2f4ce927812f2631]::rt::test_block_on::<sqlx_core[2f4ce927812f2631]::testing::run_test<sqlx_postgres[33e813220dc11f14]::database::Postgres, sqlx_core[2f4ce927812f2631]::testing::run_test_with_pool<sqlx_postgres[33e813220dc11f14]::database::Postgres, fn(sqlx_core[2f4ce927812f2631]::pool::Pool<sqlx_postgres[33e813220dc11f14]::database::Postgres>) -> test_postgres[d581deacc0e6d28]::with_named_table::can_insert_from_model_to_table::can_insert_from_model_to_table::{closure#0}, test_postgres[d581deacc0e6d28]::with_named_table::can_insert_from_model_to_table::can_insert_from_model_to_table::{closure#0}>::{closure#0}, sqlx_core[2f4ce927812f2631]::testing::run_test_with_pool<sqlx_postgres[33e813220dc11f14]::database::Postgres, fn(sqlx_core[2f4ce927812f2631]::pool::Pool<sqlx_postgres[33e813220dc11f14]::database::Postgres>) -> test_postgres[d581deacc0e6d28]::with_named_table::can_insert_from_model_to_table::can_insert_from_model_to_table::{closure#0}, test_postgres[d581deacc0e6d28]::with_named_table::can_insert_from_model_to_table::can_insert_from_model_to_table::{closure#0}>::{closure#0}::{closure#0}>::{closure#0}>
[INFO] [stdout]   20:     0x5981e1b840dd - <test_postgres[d581deacc0e6d28]::with_named_table::can_insert_from_model_to_table::{closure#0} as core[a373ad73a504971]::ops::function::FnOnce<()>>::call_once
[INFO] [stdout]   21:     0x5981e1b9140b - test[aada8e7e76ba119b]::__rust_begin_short_backtrace::<core[a373ad73a504971]::result::Result<(), alloc[2e1b2a31b91974c5]::string::String>, fn() -> core[a373ad73a504971]::result::Result<(), alloc[2e1b2a31b91974c5]::string::String>>
[INFO] [stdout]   22:     0x5981e1b9e5e5 - test[aada8e7e76ba119b]::run_test::{closure#0}
[INFO] [stdout]   23:     0x5981e1b97ed4 - std[617be2ca0a6fd877]::sys::backtrace::__rust_begin_short_backtrace::<test[aada8e7e76ba119b]::run_test::{closure#1}, ()>
[INFO] [stdout]   24:     0x5981e1ba1672 - <std[617be2ca0a6fd877]::thread::lifecycle::spawn_unchecked<test[aada8e7e76ba119b]::run_test::{closure#1}, ()>::{closure#1} as core[a373ad73a504971]::ops::function::FnOnce<()>>::call_once::{shim:vtable#0}
[INFO] [stdout]   25:     0x5981e1ce198f - <std[617be2ca0a6fd877]::sys::thread::unix::Thread>::new::thread_start
[INFO] [stdout]   26:     0x7415c5f61dfa - <unknown>
[INFO] [stdout]   27:     0x7415c5ff53d4 - clone
[INFO] [stdout]   28:                0x0 - <unknown>
[INFO] [stdout] 
[INFO] [stdout] ---- with_named_table::can_select_into_model stdout ----
[INFO] [stdout] 
[INFO] [stdout] thread 'with_named_table::can_select_into_model' (2617) panicked at /opt/rustwide/cargo-home/registry/src/index.crates.io-1949cf8c6b5b557f/sqlx-postgres-0.8.6/src/testing/mod.rs:96:44:
[INFO] [stdout] DATABASE_URL must be set: EnvVar(NotPresent)
[INFO] [stdout] stack backtrace:
[INFO] [stdout]    0:     0x5981e1ce24e1 - <<std[617be2ca0a6fd877]::sys::backtrace::BacktraceLock>::print::DisplayBacktrace as core[a373ad73a504971]::fmt::Display>::fmt
[INFO] [stdout]    1:     0x5981e1cf90da - core[a373ad73a504971]::fmt::write
[INFO] [stdout]    2:     0x5981e1ce6cbc - <alloc[2e1b2a31b91974c5]::vec::Vec<u8> as core[a373ad73a504971]::io::write::Write>::write_fmt
[INFO] [stdout]    3:     0x5981e1cbd386 - std[617be2ca0a6fd877]::panicking::default_hook::{closure#0}
[INFO] [stdout]    4:     0x5981e1cda2c9 - std[617be2ca0a6fd877]::panicking::default_hook
[INFO] [stdout]    5:     0x5981e1b9dfc0 - test[aada8e7e76ba119b]::test_main_inner::{closure#0}
[INFO] [stdout]    6:     0x5981e1cda5f2 - std[617be2ca0a6fd877]::panicking::panic_with_hook
[INFO] [stdout]    7:     0x5981e1cbd432 - std[617be2ca0a6fd877]::panicking::panic_handler::{closure#0}
[INFO] [stdout]    8:     0x5981e1cb5e29 - std[617be2ca0a6fd877]::sys::backtrace::__rust_end_short_backtrace::<std[617be2ca0a6fd877]::panicking::panic_handler::{closure#0}, !>
[INFO] [stdout]    9:     0x5981e1cbe2cd - __rustc[ea4f61d10b84890b]::rust_begin_unwind
[INFO] [stdout]   10:     0x5981e1cf983c - core[a373ad73a504971]::panicking::panic_fmt
[INFO] [stdout]   11:     0x5981e1cf9612 - core[a373ad73a504971]::result::unwrap_failed
[INFO] [stdout]   12:     0x5981e1beee9e - <sqlx_postgres[33e813220dc11f14]::database::Postgres as sqlx_core[2f4ce927812f2631]::testing::TestSupport>::test_context::{closure#0}
[INFO] [stdout]   13:     0x5981e1af7e14 - sqlx_core[2f4ce927812f2631]::testing::run_test::<sqlx_postgres[33e813220dc11f14]::database::Postgres, sqlx_core[2f4ce927812f2631]::testing::run_test_with_pool<sqlx_postgres[33e813220dc11f14]::database::Postgres, fn(sqlx_core[2f4ce927812f2631]::pool::Pool<sqlx_postgres[33e813220dc11f14]::database::Postgres>) -> test_postgres[d581deacc0e6d28]::with_named_table::can_select_into_model::can_select_into_model::{closure#0}, test_postgres[d581deacc0e6d28]::with_named_table::can_select_into_model::can_select_into_model::{closure#0}>::{closure#0}, sqlx_core[2f4ce927812f2631]::testing::run_test_with_pool<sqlx_postgres[33e813220dc11f14]::database::Postgres, fn(sqlx_core[2f4ce927812f2631]::pool::Pool<sqlx_postgres[33e813220dc11f14]::database::Postgres>) -> test_postgres[d581deacc0e6d28]::with_named_table::can_select_into_model::can_select_into_model::{closure#0}, test_postgres[d581deacc0e6d28]::with_named_table::can_select_into_model::can_select_into_model::{closure#0}>::{closure#0}::{closure#0}>::{closure#0}
[INFO] [stdout]   14:     0x5981e1b4ca3e - <tokio[32f327aa7e85f0f2]::runtime::scheduler::current_thread::Context>::enter::<core[a373ad73a504971]::task::poll::Poll<()>, <tokio[32f327aa7e85f0f2]::runtime::scheduler::current_thread::CoreGuard>::block_on<core[a373ad73a504971]::pin::Pin<&mut sqlx_core[2f4ce927812f2631]::testing::run_test<sqlx_postgres[33e813220dc11f14]::database::Postgres, sqlx_core[2f4ce927812f2631]::testing::run_test_with_pool<sqlx_postgres[33e813220dc11f14]::database::Postgres, fn(sqlx_core[2f4ce927812f2631]::pool::Pool<sqlx_postgres[33e813220dc11f14]::database::Postgres>) -> test_postgres[d581deacc0e6d28]::with_named_table::can_select_into_model::can_select_into_model::{closure#0}, test_postgres[d581deacc0e6d28]::with_named_table::can_select_into_model::can_select_into_model::{closure#0}>::{closure#0}, sqlx_core[2f4ce927812f2631]::testing::run_test_with_pool<sqlx_postgres[33e813220dc11f14]::database::Postgres, fn(sqlx_core[2f4ce927812f2631]::pool::Pool<sqlx_postgres[33e813220dc11f14]::database::Postgres>) -> test_postgres[d581deacc0e6d28]::with_named_table::can_select_into_model::can_select_into_model::{closure#0}, test_postgres[d581deacc0e6d28]::with_named_table::can_select_into_model::can_select_into_model::{closure#0}>::{closure#0}::{closure#0}>::{closure#0}>>::{closure#0}::{closure#0}>
[INFO] [stdout]   15:     0x5981e1b6a72c - <tokio[32f327aa7e85f0f2]::runtime::context::scoped::Scoped<tokio[32f327aa7e85f0f2]::runtime::scheduler::Context>>::set::<<tokio[32f327aa7e85f0f2]::runtime::scheduler::current_thread::CoreGuard>::enter<<tokio[32f327aa7e85f0f2]::runtime::scheduler::current_thread::CoreGuard>::block_on<core[a373ad73a504971]::pin::Pin<&mut sqlx_core[2f4ce927812f2631]::testing::run_test<sqlx_postgres[33e813220dc11f14]::database::Postgres, sqlx_core[2f4ce927812f2631]::testing::run_test_with_pool<sqlx_postgres[33e813220dc11f14]::database::Postgres, fn(sqlx_core[2f4ce927812f2631]::pool::Pool<sqlx_postgres[33e813220dc11f14]::database::Postgres>) -> test_postgres[d581deacc0e6d28]::with_named_table::can_select_into_model::can_select_into_model::{closure#0}, test_postgres[d581deacc0e6d28]::with_named_table::can_select_into_model::can_select_into_model::{closure#0}>::{closure#0}, sqlx_core[2f4ce927812f2631]::testing::run_test_with_pool<sqlx_postgres[33e813220dc11f14]::database::Postgres, fn(sqlx_core[2f4ce927812f2631]::pool::Pool<sqlx_postgres[33e813220dc11f14]::database::Postgres>) -> test_postgres[d581deacc0e6d28]::with_named_table::can_select_into_model::can_select_into_model::{closure#0}, test_postgres[d581deacc0e6d28]::with_named_table::can_select_into_model::can_select_into_model::{closure#0}>::{closure#0}::{closure#0}>::{closure#0}>>::{closure#0}, core[a373ad73a504971]::option::Option<()>>::{closure#0}, (alloc[2e1b2a31b91974c5]::boxed::Box<tokio[32f327aa7e85f0f2]::runtime::scheduler::current_thread::Core>, core[a373ad73a504971]::option::Option<()>)>
[INFO] [stdout]   16:     0x5981e1b4e005 - <tokio[32f327aa7e85f0f2]::runtime::scheduler::current_thread::CoreGuard>::block_on::<core[a373ad73a504971]::pin::Pin<&mut sqlx_core[2f4ce927812f2631]::testing::run_test<sqlx_postgres[33e813220dc11f14]::database::Postgres, sqlx_core[2f4ce927812f2631]::testing::run_test_with_pool<sqlx_postgres[33e813220dc11f14]::database::Postgres, fn(sqlx_core[2f4ce927812f2631]::pool::Pool<sqlx_postgres[33e813220dc11f14]::database::Postgres>) -> test_postgres[d581deacc0e6d28]::with_named_table::can_select_into_model::can_select_into_model::{closure#0}, test_postgres[d581deacc0e6d28]::with_named_table::can_select_into_model::can_select_into_model::{closure#0}>::{closure#0}, sqlx_core[2f4ce927812f2631]::testing::run_test_with_pool<sqlx_postgres[33e813220dc11f14]::database::Postgres, fn(sqlx_core[2f4ce927812f2631]::pool::Pool<sqlx_postgres[33e813220dc11f14]::database::Postgres>) -> test_postgres[d581deacc0e6d28]::with_named_table::can_select_into_model::can_select_into_model::{closure#0}, test_postgres[d581deacc0e6d28]::with_named_table::can_select_into_model::can_select_into_model::{closure#0}>::{closure#0}::{closure#0}>::{closure#0}>>
[INFO] [stdout]   17:     0x5981e1b67288 - tokio[32f327aa7e85f0f2]::runtime::context::runtime::enter_runtime::<<tokio[32f327aa7e85f0f2]::runtime::scheduler::current_thread::CurrentThread>::block_on<sqlx_core[2f4ce927812f2631]::testing::run_test<sqlx_postgres[33e813220dc11f14]::database::Postgres, sqlx_core[2f4ce927812f2631]::testing::run_test_with_pool<sqlx_postgres[33e813220dc11f14]::database::Postgres, fn(sqlx_core[2f4ce927812f2631]::pool::Pool<sqlx_postgres[33e813220dc11f14]::database::Postgres>) -> test_postgres[d581deacc0e6d28]::with_named_table::can_select_into_model::can_select_into_model::{closure#0}, test_postgres[d581deacc0e6d28]::with_named_table::can_select_into_model::can_select_into_model::{closure#0}>::{closure#0}, sqlx_core[2f4ce927812f2631]::testing::run_test_with_pool<sqlx_postgres[33e813220dc11f14]::database::Postgres, fn(sqlx_core[2f4ce927812f2631]::pool::Pool<sqlx_postgres[33e813220dc11f14]::database::Postgres>) -> test_postgres[d581deacc0e6d28]::with_named_table::can_select_into_model::can_select_into_model::{closure#0}, test_postgres[d581deacc0e6d28]::with_named_table::can_select_into_model::can_select_into_model::{closure#0}>::{closure#0}::{closure#0}>::{closure#0}>::{closure#0}, ()>
[INFO] [stdout]   18:     0x5981e1b8b269 - <tokio[32f327aa7e85f0f2]::runtime::runtime::Runtime>::block_on::<sqlx_core[2f4ce927812f2631]::testing::run_test<sqlx_postgres[33e813220dc11f14]::database::Postgres, sqlx_core[2f4ce927812f2631]::testing::run_test_with_pool<sqlx_postgres[33e813220dc11f14]::database::Postgres, fn(sqlx_core[2f4ce927812f2631]::pool::Pool<sqlx_postgres[33e813220dc11f14]::database::Postgres>) -> test_postgres[d581deacc0e6d28]::with_named_table::can_select_into_model::can_select_into_model::{closure#0}, test_postgres[d581deacc0e6d28]::with_named_table::can_select_into_model::can_select_into_model::{closure#0}>::{closure#0}, sqlx_core[2f4ce927812f2631]::testing::run_test_with_pool<sqlx_postgres[33e813220dc11f14]::database::Postgres, fn(sqlx_core[2f4ce927812f2631]::pool::Pool<sqlx_postgres[33e813220dc11f14]::database::Postgres>) -> test_postgres[d581deacc0e6d28]::with_named_table::can_select_into_model::can_select_into_model::{closure#0}, test_postgres[d581deacc0e6d28]::with_named_table::can_select_into_model::can_select_into_model::{closure#0}>::{closure#0}::{closure#0}>::{closure#0}>
[INFO] [stdout]   19:     0x5981e1b5458c - sqlx_core[2f4ce927812f2631]::rt::test_block_on::<sqlx_core[2f4ce927812f2631]::testing::run_test<sqlx_postgres[33e813220dc11f14]::database::Postgres, sqlx_core[2f4ce927812f2631]::testing::run_test_with_pool<sqlx_postgres[33e813220dc11f14]::database::Postgres, fn(sqlx_core[2f4ce927812f2631]::pool::Pool<sqlx_postgres[33e813220dc11f14]::database::Postgres>) -> test_postgres[d581deacc0e6d28]::with_named_table::can_select_into_model::can_select_into_model::{closure#0}, test_postgres[d581deacc0e6d28]::with_named_table::can_select_into_model::can_select_into_model::{closure#0}>::{closure#0}, sqlx_core[2f4ce927812f2631]::testing::run_test_with_pool<sqlx_postgres[33e813220dc11f14]::database::Postgres, fn(sqlx_core[2f4ce927812f2631]::pool::Pool<sqlx_postgres[33e813220dc11f14]::database::Postgres>) -> test_postgres[d581deacc0e6d28]::with_named_table::can_select_into_model::can_select_into_model::{closure#0}, test_postgres[d581deacc0e6d28]::with_named_table::can_select_into_model::can_select_into_model::{closure#0}>::{closure#0}::{closure#0}>::{closure#0}>
[INFO] [stdout]   20:     0x5981e1b83f3d - <test_postgres[d581deacc0e6d28]::with_named_table::can_select_into_model::{closure#0} as core[a373ad73a504971]::ops::function::FnOnce<()>>::call_once
[INFO] [stdout]   21:     0x5981e1b9140b - test[aada8e7e76ba119b]::__rust_begin_short_backtrace::<core[a373ad73a504971]::result::Result<(), alloc[2e1b2a31b91974c5]::string::String>, fn() -> core[a373ad73a504971]::result::Result<(), alloc[2e1b2a31b91974c5]::string::String>>
[INFO] [stdout]   22:     0x5981e1b9e5e5 - test[aada8e7e76ba119b]::run_test::{closure#0}
[INFO] [stdout]   23:     0x5981e1b97ed4 - std[617be2ca0a6fd877]::sys::backtrace::__rust_begin_short_backtrace::<test[aada8e7e76ba119b]::run_test::{closure#1}, ()>
[INFO] [stdout]   24:     0x5981e1ba1672 - <std[617be2ca0a6fd877]::thread::lifecycle::spawn_unchecked<test[aada8e7e76ba119b]::run_test::{closure#1}, ()>::{closure#1} as core[a373ad73a504971]::ops::function::FnOnce<()>>::call_once::{shim:vtable#0}
[INFO] [stdout]   25:     0x5981e1ce198f - <std[617be2ca0a6fd877]::sys::thread::unix::Thread>::new::thread_start
[INFO] [stdout]   26:     0x7415c5f61dfa - <unknown>
[INFO] [stdout]   27:     0x7415c5ff53d4 - clone
[INFO] [stdout]   28:                0x0 - <unknown>
[INFO] [stdout] 
[INFO] [stdout] ---- with_named_table::can_update_rows stdout ----
[INFO] [stdout] 
[INFO] [stdout] thread 'with_named_table::can_update_rows' (2618) panicked at /opt/rustwide/cargo-home/registry/src/index.crates.io-1949cf8c6b5b557f/sqlx-postgres-0.8.6/src/testing/mod.rs:96:44:
[INFO] [stdout] DATABASE_URL must be set: EnvVar(NotPresent)
[INFO] [stdout] stack backtrace:
[INFO] [stdout]    0:     0x5981e1ce24e1 - <<std[617be2ca0a6fd877]::sys::backtrace::BacktraceLock>::print::DisplayBacktrace as core[a373ad73a504971]::fmt::Display>::fmt
[INFO] [stdout]    1:     0x5981e1cf90da - core[a373ad73a504971]::fmt::write
[INFO] [stdout]    2:     0x5981e1ce6cbc - <alloc[2e1b2a31b91974c5]::vec::Vec<u8> as core[a373ad73a504971]::io::write::Write>::write_fmt
[INFO] [stdout]    3:     0x5981e1cbd386 - std[617be2ca0a6fd877]::panicking::default_hook::{closure#0}
[INFO] [stdout]    4:     0x5981e1cda2c9 - std[617be2ca0a6fd877]::panicking::default_hook
[INFO] [stdout]    5:     0x5981e1b9dfc0 - test[aada8e7e76ba119b]::test_main_inner::{closure#0}
[INFO] [stdout]    6:     0x5981e1cda5f2 - std[617be2ca0a6fd877]::panicking::panic_with_hook
[INFO] [stdout]    7:     0x5981e1cbd432 - std[617be2ca0a6fd877]::panicking::panic_handler::{closure#0}
[INFO] [stdout]    8:     0x5981e1cb5e29 - std[617be2ca0a6fd877]::sys::backtrace::__rust_end_short_backtrace::<std[617be2ca0a6fd877]::panicking::panic_handler::{closure#0}, !>
[INFO] [stdout]    9:     0x5981e1cbe2cd - __rustc[ea4f61d10b84890b]::rust_begin_unwind
[INFO] [stdout]   10:     0x5981e1cf983c - core[a373ad73a504971]::panicking::panic_fmt
[INFO] [stdout]   11:     0x5981e1cf9612 - core[a373ad73a504971]::result::unwrap_failed
[INFO] [stdout]   12:     0x5981e1beee9e - <sqlx_postgres[33e813220dc11f14]::database::Postgres as sqlx_core[2f4ce927812f2631]::testing::TestSupport>::test_context::{closure#0}
[INFO] [stdout]   13:     0x5981e1af6077 - sqlx_core[2f4ce927812f2631]::testing::run_test::<sqlx_postgres[33e813220dc11f14]::database::Postgres, sqlx_core[2f4ce927812f2631]::testing::run_test_with_pool<sqlx_postgres[33e813220dc11f14]::database::Postgres, fn(sqlx_core[2f4ce927812f2631]::pool::Pool<sqlx_postgres[33e813220dc11f14]::database::Postgres>) -> test_postgres[d581deacc0e6d28]::with_named_table::can_update_rows::can_update_rows::{closure#0}, test_postgres[d581deacc0e6d28]::with_named_table::can_update_rows::can_update_rows::{closure#0}>::{closure#0}, sqlx_core[2f4ce927812f2631]::testing::run_test_with_pool<sqlx_postgres[33e813220dc11f14]::database::Postgres, fn(sqlx_core[2f4ce927812f2631]::pool::Pool<sqlx_postgres[33e813220dc11f14]::database::Postgres>) -> test_postgres[d581deacc0e6d28]::with_named_table::can_update_rows::can_update_rows::{closure#0}, test_postgres[d581deacc0e6d28]::with_named_table::can_update_rows::can_update_rows::{closure#0}>::{closure#0}::{closure#0}>::{closure#0}
[INFO] [stdout]   14:     0x5981e1b4c8ae - <tokio[32f327aa7e85f0f2]::runtime::scheduler::current_thread::Context>::enter::<core[a373ad73a504971]::task::poll::Poll<()>, <tokio[32f327aa7e85f0f2]::runtime::scheduler::current_thread::CoreGuard>::block_on<core[a373ad73a504971]::pin::Pin<&mut sqlx_core[2f4ce927812f2631]::testing::run_test<sqlx_postgres[33e813220dc11f14]::database::Postgres, sqlx_core[2f4ce927812f2631]::testing::run_test_with_pool<sqlx_postgres[33e813220dc11f14]::database::Postgres, fn(sqlx_core[2f4ce927812f2631]::pool::Pool<sqlx_postgres[33e813220dc11f14]::database::Postgres>) -> test_postgres[d581deacc0e6d28]::with_named_table::can_update_rows::can_update_rows::{closure#0}, test_postgres[d581deacc0e6d28]::with_named_table::can_update_rows::can_update_rows::{closure#0}>::{closure#0}, sqlx_core[2f4ce927812f2631]::testing::run_test_with_pool<sqlx_postgres[33e813220dc11f14]::database::Postgres, fn(sqlx_core[2f4ce927812f2631]::pool::Pool<sqlx_postgres[33e813220dc11f14]::database::Postgres>) -> test_postgres[d581deacc0e6d28]::with_named_table::can_update_rows::can_update_rows::{closure#0}, test_postgres[d581deacc0e6d28]::with_named_table::can_update_rows::can_update_rows::{closure#0}>::{closure#0}::{closure#0}>::{closure#0}>>::{closure#0}::{closure#0}>
[INFO] [stdout]   15:     0x5981e1b6a55c - <tokio[32f327aa7e85f0f2]::runtime::context::scoped::Scoped<tokio[32f327aa7e85f0f2]::runtime::scheduler::Context>>::set::<<tokio[32f327aa7e85f0f2]::runtime::scheduler::current_thread::CoreGuard>::enter<<tokio[32f327aa7e85f0f2]::runtime::scheduler::current_thread::CoreGuard>::block_on<core[a373ad73a504971]::pin::Pin<&mut sqlx_core[2f4ce927812f2631]::testing::run_test<sqlx_postgres[33e813220dc11f14]::database::Postgres, sqlx_core[2f4ce927812f2631]::testing::run_test_with_pool<sqlx_postgres[33e813220dc11f14]::database::Postgres, fn(sqlx_core[2f4ce927812f2631]::pool::Pool<sqlx_postgres[33e813220dc11f14]::database::Postgres>) -> test_postgres[d581deacc0e6d28]::with_named_table::can_update_rows::can_update_rows::{closure#0}, test_postgres[d581deacc0e6d28]::with_named_table::can_update_rows::can_update_rows::{closure#0}>::{closure#0}, sqlx_core[2f4ce927812f2631]::testing::run_test_with_pool<sqlx_postgres[33e813220dc11f14]::database::Postgres, fn(sqlx_core[2f4ce927812f2631]::pool::Pool<sqlx_postgres[33e813220dc11f14]::database::Postgres>) -> test_postgres[d581deacc0e6d28]::with_named_table::can_update_rows::can_update_rows::{closure#0}, test_postgres[d581deacc0e6d28]::with_named_table::can_update_rows::can_update_rows::{closure#0}>::{closure#0}::{closure#0}>::{closure#0}>>::{closure#0}, core[a373ad73a504971]::option::Option<()>>::{closure#0}, (alloc[2e1b2a31b91974c5]::boxed::Box<tokio[32f327aa7e85f0f2]::runtime::scheduler::current_thread::Core>, core[a373ad73a504971]::option::Option<()>)>
[INFO] [stdout]   16:     0x5981e1b4de35 - <tokio[32f327aa7e85f0f2]::runtime::scheduler::current_thread::CoreGuard>::block_on::<core[a373ad73a504971]::pin::Pin<&mut sqlx_core[2f4ce927812f2631]::testing::run_test<sqlx_postgres[33e813220dc11f14]::database::Postgres, sqlx_core[2f4ce927812f2631]::testing::run_test_with_pool<sqlx_postgres[33e813220dc11f14]::database::Postgres, fn(sqlx_core[2f4ce927812f2631]::pool::Pool<sqlx_postgres[33e813220dc11f14]::database::Postgres>) -> test_postgres[d581deacc0e6d28]::with_named_table::can_update_rows::can_update_rows::{closure#0}, test_postgres[d581deacc0e6d28]::with_named_table::can_update_rows::can_update_rows::{closure#0}>::{closure#0}, sqlx_core[2f4ce927812f2631]::testing::run_test_with_pool<sqlx_postgres[33e813220dc11f14]::database::Postgres, fn(sqlx_core[2f4ce927812f2631]::pool::Pool<sqlx_postgres[33e813220dc11f14]::database::Postgres>) -> test_postgres[d581deacc0e6d28]::with_named_table::can_update_rows::can_update_rows::{closure#0}, test_postgres[d581deacc0e6d28]::with_named_table::can_update_rows::can_update_rows::{closure#0}>::{closure#0}::{closure#0}>::{closure#0}>>
[INFO] [stdout]   17:     0x5981e1b66eb8 - tokio[32f327aa7e85f0f2]::runtime::context::runtime::enter_runtime::<<tokio[32f327aa7e85f0f2]::runtime::scheduler::current_thread::CurrentThread>::block_on<sqlx_core[2f4ce927812f2631]::testing::run_test<sqlx_postgres[33e813220dc11f14]::database::Postgres, sqlx_core[2f4ce927812f2631]::testing::run_test_with_pool<sqlx_postgres[33e813220dc11f14]::database::Postgres, fn(sqlx_core[2f4ce927812f2631]::pool::Pool<sqlx_postgres[33e813220dc11f14]::database::Postgres>) -> test_postgres[d581deacc0e6d28]::with_named_table::can_update_rows::can_update_rows::{closure#0}, test_postgres[d581deacc0e6d28]::with_named_table::can_update_rows::can_update_rows::{closure#0}>::{closure#0}, sqlx_core[2f4ce927812f2631]::testing::run_test_with_pool<sqlx_postgres[33e813220dc11f14]::database::Postgres, fn(sqlx_core[2f4ce927812f2631]::pool::Pool<sqlx_postgres[33e813220dc11f14]::database::Postgres>) -> test_postgres[d581deacc0e6d28]::with_named_table::can_update_rows::can_update_rows::{closure#0}, test_postgres[d581deacc0e6d28]::with_named_table::can_update_rows::can_update_rows::{closure#0}>::{closure#0}::{closure#0}>::{closure#0}>::{closure#0}, ()>
[INFO] [stdout]   18:     0x5981e1b8b129 - <tokio[32f327aa7e85f0f2]::runtime::runtime::Runtime>::block_on::<sqlx_core[2f4ce927812f2631]::testing::run_test<sqlx_postgres[33e813220dc11f14]::database::Postgres, sqlx_core[2f4ce927812f2631]::testing::run_test_with_pool<sqlx_postgres[33e813220dc11f14]::database::Postgres, fn(sqlx_core[2f4ce927812f2631]::pool::Pool<sqlx_postgres[33e813220dc11f14]::database::Postgres>) -> test_postgres[d581deacc0e6d28]::with_named_table::can_update_rows::can_update_rows::{closure#0}, test_postgres[d581deacc0e6d28]::with_named_table::can_update_rows::can_update_rows::{closure#0}>::{closure#0}, sqlx_core[2f4ce927812f2631]::testing::run_test_with_pool<sqlx_postgres[33e813220dc11f14]::database::Postgres, fn(sqlx_core[2f4ce927812f2631]::pool::Pool<sqlx_postgres[33e813220dc11f14]::database::Postgres>) -> test_postgres[d581deacc0e6d28]::with_named_table::can_update_rows::can_update_rows::{closure#0}, test_postgres[d581deacc0e6d28]::with_named_table::can_update_rows::can_update_rows::{closure#0}>::{closure#0}::{closure#0}>::{closure#0}>
[INFO] [stdout]   19:     0x5981e1b5446c - sqlx_core[2f4ce927812f2631]::rt::test_block_on::<sqlx_core[2f4ce927812f2631]::testing::run_test<sqlx_postgres[33e813220dc11f14]::database::Postgres, sqlx_core[2f4ce927812f2631]::testing::run_test_with_pool<sqlx_postgres[33e813220dc11f14]::database::Postgres, fn(sqlx_core[2f4ce927812f2631]::pool::Pool<sqlx_postgres[33e813220dc11f14]::database::Postgres>) -> test_postgres[d581deacc0e6d28]::with_named_table::can_update_rows::can_update_rows::{closure#0}, test_postgres[d581deacc0e6d28]::with_named_table::can_update_rows::can_update_rows::{closure#0}>::{closure#0}, sqlx_core[2f4ce927812f2631]::testing::run_test_with_pool<sqlx_postgres[33e813220dc11f14]::database::Postgres, fn(sqlx_core[2f4ce927812f2631]::pool::Pool<sqlx_postgres[33e813220dc11f14]::database::Postgres>) -> test_postgres[d581deacc0e6d28]::with_named_table::can_update_rows::can_update_rows::{closure#0}, test_postgres[d581deacc0e6d28]::with_named_table::can_update_rows::can_update_rows::{closure#0}>::{closure#0}::{closure#0}>::{closure#0}>
[INFO] [stdout]   20:     0x5981e1b83e9d - <test_postgres[d581deacc0e6d28]::with_named_table::can_update_rows::{closure#0} as core[a373ad73a504971]::ops::function::FnOnce<()>>::call_once
[INFO] [stdout]   21:     0x5981e1b9140b - test[aada8e7e76ba119b]::__rust_begin_short_backtrace::<core[a373ad73a504971]::result::Result<(), alloc[2e1b2a31b91974c5]::string::String>, fn() -> core[a373ad73a504971]::result::Result<(), alloc[2e1b2a31b91974c5]::string::String>>
[INFO] [stdout]   22:     0x5981e1b9e5e5 - test[aada8e7e76ba119b]::run_test::{closure#0}
[INFO] [stdout]   23:     0x5981e1b97ed4 - std[617be2ca0a6fd877]::sys::backtrace::__rust_begin_short_backtrace::<test[aada8e7e76ba119b]::run_test::{closure#1}, ()>
[INFO] [stdout]   24:     0x5981e1ba1672 - <std[617be2ca0a6fd877]::thread::lifecycle::spawn_unchecked<test[aada8e7e76ba119b]::run_test::{closure#1}, ()>::{closure#1} as core[a373ad73a504971]::ops::function::FnOnce<()>>::call_once::{shim:vtable#0}
[INFO] [stdout]   25:     0x5981e1ce198f - <std[617be2ca0a6fd877]::sys::thread::unix::Thread>::new::thread_start
[INFO] [stdout]   26:     0x7415c5f61dfa - <unknown>
[INFO] [stdout]   27:     0x7415c5ff53d4 - clone
[INFO] [stdout]   28:                0x0 - <unknown>
[INFO] [stdout] 
[INFO] [stdout] 
[INFO] [stdout] failures:
[INFO] [stdout]     bare_derive_macro::can_delete_rows
[INFO] [stdout]     bare_derive_macro::can_insert_from_model_to_table
[INFO] [stdout]     bare_derive_macro::can_select_into_model
[INFO] [stdout]     bare_derive_macro::can_update_rows
[INFO] [stdout]     bare_derive_macro::model_may_have_optional_id
[INFO] [stdout]     bare_derive_macro::model_may_have_required_id
[INFO] [stdout]     with_named_table::can_delete_rows
[INFO] [stdout]     with_named_table::can_insert_from_model_to_table
[INFO] [stdout]     with_named_table::can_select_into_model
[INFO] [stdout]     with_named_table::can_update_rows
[INFO] [stdout] 
[INFO] [stdout] test result: FAILED. 3 passed; 10 failed; 0 ignored; 0 measured; 0 filtered out; finished in 0.01s
[INFO] [stdout] 
[INFO] running `Command { std: "docker" "inspect" "68eba0d94235c1517a4bae5c11e48e875a0741a6434ed4c10653c5ffd57402f4", kill_on_drop: false }`
[INFO] running `Command { std: "docker" "rm" "-f" "68eba0d94235c1517a4bae5c11e48e875a0741a6434ed4c10653c5ffd57402f4", kill_on_drop: false }`
[INFO] [stdout] 68eba0d94235c1517a4bae5c11e48e875a0741a6434ed4c10653c5ffd57402f4
