[INFO] fetching crate struct_cache_field 0.0.2...
[INFO] testing struct_cache_field-0.0.2 against 1.99.0-beta.8+cargoflags=--release for beta-release-1.100-2
[INFO] extracting crate struct_cache_field 0.0.2 into /workspace/builds/worker-4-tc1/source
[INFO] removed /workspace/builds/worker-4-tc1/source/rust-toolchain
[INFO] started tweaking crates.io crate struct_cache_field 0.0.2
[INFO] removed 0 missing tests
[INFO] finished tweaking crates.io crate struct_cache_field 0.0.2
[INFO] tweaked toml for crates.io crate struct_cache_field 0.0.2 written to /workspace/builds/worker-4-tc1/source/Cargo.toml
[INFO] validating manifest of crates.io crate struct_cache_field 0.0.2 on toolchain 1.99.0-beta.8
[INFO] running `Command { std: CARGO_HOME="/workspace/cargo-home" RUSTUP_HOME="/workspace/rustup-home" "/workspace/cargo-home/bin/cargo" "+1.99.0-beta.8" "metadata" "--manifest-path" "Cargo.toml" "--no-deps", kill_on_drop: false }`
[INFO] running `Command { std: CARGO_HOME="/workspace/cargo-home" RUSTUP_HOME="/workspace/rustup-home" "/workspace/cargo-home/bin/cargo" "+1.99.0-beta.8" "generate-lockfile" "--manifest-path" "Cargo.toml", kill_on_drop: false }`
[INFO] [stderr]     Updating crates.io index
[INFO] [stderr]      Locking 33 packages to highest compatible versions
[INFO] [stderr]       Adding itertools v0.13.0 (available: v0.15.0)
[INFO] [stderr]       Adding syn v2.0.119 (available: v3.0.9)
[INFO] running `Command { std: CARGO_HOME="/workspace/cargo-home" RUSTUP_HOME="/workspace/rustup-home" "/workspace/cargo-home/bin/cargo" "+1.99.0-beta.8" "fetch" "--manifest-path" "Cargo.toml", kill_on_drop: false }`
[INFO] [stderr]  Downloading crates ...
[INFO] [stderr]   Downloaded big_s v1.0.2
[INFO] running `Command { std: "docker" "create" "-v" "/var/lib/crater-agent-workspace/builds/worker-4-tc1/source:/opt/rustwide/workdir:ro,Z" "-v" "/var/lib/crater-agent-workspace/builds/worker-4-tc1/target:/opt/rustwide/target:rw,Z" "-v" "/var/lib/crater-agent-workspace/cargo-home:/opt/rustwide/cargo-home:ro,Z" "-v" "/var/lib/crater-agent-workspace/rustup-home:/opt/rustwide/rustup-home:ro,Z" "-m" "1610612736" "--network" "none" "ghcr.io/rust-lang/crates-build-env/linux@sha256:77db811e55d90add9212f6832c23229e3de5f1c1f9905e8cb07319ea15df73ac" "sleep" "infinity", kill_on_drop: false }`
[INFO] [stdout] 6bb7570a5882e387b5783b55bdf767a72bbdff98ac070c4522a6fc2067f55703
[INFO] running `Command { std: "docker" "start" "6bb7570a5882e387b5783b55bdf767a72bbdff98ac070c4522a6fc2067f55703", kill_on_drop: false }`
[INFO] running `Command { std: "docker" "inspect" "6bb7570a5882e387b5783b55bdf767a72bbdff98ac070c4522a6fc2067f55703", kill_on_drop: false }`
[INFO] running `Command { std: "docker" "exec" "-e" "SOURCE_DIR=/opt/rustwide/workdir" "-e" "CARGO_HOME=/opt/rustwide/cargo-home" "-e" "RUSTUP_HOME=/opt/rustwide/rustup-home" "-e" "CARGO_TARGET_DIR=/opt/rustwide/target" "-w" "/opt/rustwide/workdir" "--user" "0:0" "6bb7570a5882e387b5783b55bdf767a72bbdff98ac070c4522a6fc2067f55703" "/opt/rustwide/cargo-home/bin/cargo" "+1.99.0-beta.8" "metadata" "--no-deps" "--format-version=1", kill_on_drop: false }`
[INFO] running `Command { std: "docker" "inspect" "6bb7570a5882e387b5783b55bdf767a72bbdff98ac070c4522a6fc2067f55703", kill_on_drop: false }`
[INFO] running `Command { std: "docker" "exec" "-e" "SOURCE_DIR=/opt/rustwide/workdir" "-e" "CARGO_HOME=/opt/rustwide/cargo-home" "-e" "RUSTUP_HOME=/opt/rustwide/rustup-home" "-e" "CARGO_TARGET_DIR=/opt/rustwide/target" "-e" "CARGO_INCREMENTAL=0" "-e" "RUST_BACKTRACE=full" "-e" "RUSTFLAGS=--cap-lints=warn" "-e" "RUSTDOCFLAGS=--cap-lints=warn" "-w" "/opt/rustwide/workdir" "--user" "0:0" "6bb7570a5882e387b5783b55bdf767a72bbdff98ac070c4522a6fc2067f55703" "/opt/rustwide/cargo-home/bin/cargo" "+1.99.0-beta.8" "build" "--frozen" "--message-format=json" "--release", kill_on_drop: false }`
[INFO] [stderr]    Compiling target-tuple v1.0.2
[INFO] [stderr]    Compiling winnow v1.0.4
[INFO] [stderr]    Compiling toml_datetime v1.1.2+spec-1.1.0
[INFO] [stderr]    Compiling serde_spanned v1.1.2
[INFO] [stderr]    Compiling toml_writer v1.1.3+spec-1.1.0
[INFO] [stderr]    Compiling itertools v0.13.0
[INFO] [stderr]    Compiling big_s v1.0.2
[INFO] [stderr]    Compiling serde v1.0.229
[INFO] [stderr]    Compiling serde_json v1.0.154
[INFO] [stderr]    Compiling toml_parser v1.1.5+spec-1.1.0
[INFO] [stderr]    Compiling toml v1.1.8+spec-1.1.0
[INFO] [stderr]    Compiling trybuild v1.0.122
[INFO] [stderr]    Compiling struct_cache_field v0.0.2 (/opt/rustwide/workdir)
[INFO] [stderr]     Finished `release` profile [optimized] target(s) in 6.86s
[INFO] running `Command { std: "docker" "inspect" "6bb7570a5882e387b5783b55bdf767a72bbdff98ac070c4522a6fc2067f55703", kill_on_drop: false }`
[INFO] running `Command { std: "docker" "exec" "-e" "SOURCE_DIR=/opt/rustwide/workdir" "-e" "CARGO_HOME=/opt/rustwide/cargo-home" "-e" "RUSTUP_HOME=/opt/rustwide/rustup-home" "-e" "CARGO_TARGET_DIR=/opt/rustwide/target" "-e" "CARGO_INCREMENTAL=0" "-e" "RUST_BACKTRACE=full" "-e" "RUSTFLAGS=--cap-lints=warn" "-e" "RUSTDOCFLAGS=--cap-lints=warn" "-w" "/opt/rustwide/workdir" "--user" "0:0" "6bb7570a5882e387b5783b55bdf767a72bbdff98ac070c4522a6fc2067f55703" "/opt/rustwide/cargo-home/bin/cargo" "+1.99.0-beta.8" "test" "--frozen" "--no-run" "--message-format=json" "--release", kill_on_drop: false }`
[INFO] [stderr]    Compiling toml_datetime v1.1.2+spec-1.1.0
[INFO] [stderr]    Compiling toml_parser v1.1.5+spec-1.1.0
[INFO] [stderr]    Compiling serde_spanned v1.1.2
[INFO] [stderr]    Compiling target-tuple v1.0.2
[INFO] [stderr]    Compiling toml_writer v1.1.3+spec-1.1.0
[INFO] [stderr]    Compiling serde v1.0.229
[INFO] [stderr]    Compiling glob v0.3.4
[INFO] [stderr]    Compiling big_s v1.0.2
[INFO] [stderr]    Compiling syn v2.0.119
[INFO] [stderr]    Compiling struct_cache_field v0.0.2 (/opt/rustwide/workdir)
[INFO] [stderr]    Compiling toml v1.1.8+spec-1.1.0
[INFO] [stderr]    Compiling trybuild v1.0.122
[INFO] [stderr]     Finished `release` profile [optimized] target(s) in 22.44s
[INFO] running `Command { std: "docker" "inspect" "6bb7570a5882e387b5783b55bdf767a72bbdff98ac070c4522a6fc2067f55703", kill_on_drop: false }`
[INFO] running `Command { std: "docker" "exec" "-e" "SOURCE_DIR=/opt/rustwide/workdir" "-e" "CARGO_HOME=/opt/rustwide/cargo-home" "-e" "RUSTUP_HOME=/opt/rustwide/rustup-home" "-e" "CARGO_TARGET_DIR=/opt/rustwide/target" "-e" "CARGO_INCREMENTAL=0" "-e" "RUST_BACKTRACE=full" "-e" "RUSTFLAGS=--cap-lints=warn" "-e" "RUSTDOCFLAGS=--cap-lints=warn" "-w" "/opt/rustwide/workdir" "--user" "0:0" "6bb7570a5882e387b5783b55bdf767a72bbdff98ac070c4522a6fc2067f55703" "/opt/rustwide/cargo-home/bin/cargo" "+1.99.0-beta.8" "test" "--frozen" "--release", kill_on_drop: false }`
[INFO] [stderr]     Finished `release` profile [optimized] target(s) in 0.07s
[INFO] [stderr]      Running unittests src/lib.rs (/opt/rustwide/target/release/deps/struct_cache_field-cb39d3b357b8f344)
[INFO] [stdout] 
[INFO] [stdout] running 2 tests
[INFO] [stdout] test tests::test_rewrite_cached_method_1 ... ok
[INFO] [stderr]      Running tests/test.rs (/opt/rustwide/target/release/deps/tests-cc3230fa62a08739)
[INFO] [stdout] test tests::test_rewrite_cached_method_2 ... ok
[INFO] [stdout] 
[INFO] [stdout] test result: ok. 2 passed; 0 failed; 0 ignored; 0 measured; 0 filtered out; finished in 0.00s
[INFO] [stdout] 
[INFO] [stdout] 
[INFO] [stdout] running 1 test
[INFO] [stderr]    Compiling proc-macro2 v1.0.107
[INFO] [stderr]    Compiling quote v1.0.47
[INFO] [stderr]    Compiling serde_core v1.0.229
[INFO] [stderr]    Compiling unicode-ident v1.0.27
[INFO] [stderr]    Compiling zmij v1.0.23
[INFO] [stderr]    Compiling serde_json v1.0.154
[INFO] [stderr]    Compiling serde v1.0.229
[INFO] [stderr]    Compiling target-tuple v1.0.2
[INFO] [stderr]    Compiling winnow v1.0.4
[INFO] [stderr]    Compiling memchr v2.8.3
[INFO] [stderr]    Compiling itoa v1.0.18
[INFO] [stderr]    Compiling toml_writer v1.1.3+spec-1.1.0
[INFO] [stderr]    Compiling either v1.19.0
[INFO] [stderr]    Compiling termcolor v1.4.1
[INFO] [stderr]    Compiling glob v0.3.4
[INFO] [stderr]    Compiling big_s v1.0.2
[INFO] [stderr]    Compiling indoc v2.0.8
[INFO] [stderr]    Compiling itertools v0.13.0
[INFO] [stderr]    Compiling toml_parser v1.1.5+spec-1.1.0
[INFO] [stderr]    Compiling syn v3.0.9
[INFO] [stderr]    Compiling syn v2.0.119
[INFO] [stderr]    Compiling serde_spanned v1.1.2
[INFO] [stderr]    Compiling toml_datetime v1.1.2+spec-1.1.0
[INFO] [stderr]    Compiling toml v1.1.8+spec-1.1.0
[INFO] [stderr]    Compiling serde_derive v1.0.229
[INFO] [stderr]    Compiling trybuild v1.0.122
[INFO] [stderr]    Compiling struct_cache_field v0.0.2 (/opt/rustwide/workdir)
[INFO] [stderr]    Compiling struct_cache_field-tests v0.0.0 (/opt/rustwide/target/tests/trybuild/struct_cache_field)
[INFO] [stderr]     Finished `dev` profile [unoptimized + debuginfo] target(s) in 19.49s
[INFO] [stderr] 
[INFO] [stderr] 
[INFO] [stderr] test tests/ui/pass_basic.rs [should pass] ... ok
[INFO] [stderr] test tests/ui/pass_generics_complex.rs [should pass] ... ok
[INFO] [stderr] test tests/ui/pass_generics_const.rs [should pass] ... ok
[INFO] [stderr] test tests/ui/pass_generics_lifetime.rs [should pass] ... ok
[INFO] [stderr] test tests/ui/pass_generics_multiple_params.rs [should pass] ... ok
[INFO] [stderr] test tests/ui/pass_generics_param.rs [should pass] ... ok
[INFO] [stderr] test tests/ui/pass_generics_unrelated_param.rs [should pass] ... ok
[INFO] [stderr] test tests/ui/pass_modules.rs [should pass] ... ok
[INFO] [stderr] test tests/ui/pass_recursive_call.rs [should pass] ... ok
[INFO] [stderr] test tests/ui/fail_generics_params_differ.rs [should fail to compile] ... mismatch
[INFO] [stderr] 
[INFO] [stderr] EXPECTED:
[INFO] [stderr] ┈┈┈┈┈┈┈┈┈┈┈┈┈┈┈┈┈┈┈┈┈┈┈┈┈┈┈┈┈┈┈┈┈┈┈┈┈┈┈┈┈┈┈┈┈┈┈┈┈┈┈┈┈┈┈┈┈┈┈┈
[INFO] [stderr] error: generics differ, which must coincide as string:
[INFO] [stderr]            in impl cached methods: < T > where T : ToString + From < String > ,
[INFO] [stderr]            in struct definition:   < S > where S : ToString + From < String > ,
[INFO] [stderr]   --> tests/ui/fail_generics_params_differ.rs:13:12
[INFO] [stderr]    |
[INFO] [stderr] 13 | struct Hoge<S>
[INFO] [stderr]    |            ^^^
[INFO] [stderr] 
[INFO] [stderr] error[E0609]: no field `__cache_fields__` on type `&Hoge<T>`
[INFO] [stderr]  --> tests/ui/fail_generics_params_differ.rs:1:1
[INFO] [stderr]   |
[INFO] [stderr] 1 | #[struct_cache_field::impl_cached_method]
[INFO] [stderr]   | ^^^^^^^^^^^^^^^^^^^^^^^^^^^^^^^^^^^^^^^^^ unknown field
[INFO] [stderr]   |
[INFO] [stderr]   = note: this error originates in the attribute macro `struct_cache_field::impl_cached_method` (in Nightly builds, run with -Z macro-backtrace for more info)
[INFO] [stderr] ┈┈┈┈┈┈┈┈┈┈┈┈┈┈┈┈┈┈┈┈┈┈┈┈┈┈┈┈┈┈┈┈┈┈┈┈┈┈┈┈┈┈┈┈┈┈┈┈┈┈┈┈┈┈┈┈┈┈┈┈
[INFO] [stderr] 
[INFO] [stderr] ACTUAL OUTPUT:
[INFO] [stderr] ┈┈┈┈┈┈┈┈┈┈┈┈┈┈┈┈┈┈┈┈┈┈┈┈┈┈┈┈┈┈┈┈┈┈┈┈┈┈┈┈┈┈┈┈┈┈┈┈┈┈┈┈┈┈┈┈┈┈┈┈
[INFO] [stderr] error: generics differ, which must coincide as string:
[INFO] [stderr]            in impl cached methods: < T > where T : ToString + From < String > ,
[INFO] [stderr]            in struct definition:   < S > where S : ToString + From < String > ,
[INFO] [stderr] 
[INFO] [stderr]   --> tests/ui/fail_generics_params_differ.rs:13:12
[INFO] [stderr]    |
[INFO] [stderr] 13 | struct Hoge<S>
[INFO] [stderr]    |            ^^^
[INFO] [stderr] 
[INFO] [stderr] error[E0609]: no field `__cache_fields__` on type `&Hoge<T>`
[INFO] [stderr]  --> tests/ui/fail_generics_params_differ.rs:1:1
[INFO] [stderr]   |
[INFO] [stderr] 1 | #[struct_cache_field::impl_cached_method]
[INFO] [stderr]   | ^^^^^^^^^^^^^^^^^^^^^^^^^^^^^^^^^^^^^^^^^ unknown field
[INFO] [stderr]   |
[INFO] [stderr]   = note: this error originates in the attribute macro `struct_cache_field::impl_cached_method` (in Nightly builds, run with -Z macro-backtrace for more info)
[INFO] [stderr] ┈┈┈┈┈┈┈┈┈┈┈┈┈┈┈┈┈┈┈┈┈┈┈┈┈┈┈┈┈┈┈┈┈┈┈┈┈┈┈┈┈┈┈┈┈┈┈┈┈┈┈┈┈┈┈┈┈┈┈┈
[INFO] [stderr] note: If the actual output is the correct output you can bless it by rerunning
[INFO] [stderr]       your test with the environment variable TRYBUILD=overwrite
[INFO] [stderr] 
[INFO] [stderr] test tests/ui/fail_generics_where_differ.rs [should fail to compile] ... mismatch
[INFO] [stderr] 
[INFO] [stderr] EXPECTED:
[INFO] [stderr] ┈┈┈┈┈┈┈┈┈┈┈┈┈┈┈┈┈┈┈┈┈┈┈┈┈┈┈┈┈┈┈┈┈┈┈┈┈┈┈┈┈┈┈┈┈┈┈┈┈┈┈┈┈┈┈┈┈┈┈┈
[INFO] [stderr] error: generics differ, which must coincide as string:
[INFO] [stderr]            in impl cached methods: < T > where T : ToString + From < String > ,
[INFO] [stderr]            in struct definition:   < T > where T : ToString,
[INFO] [stderr]   --> tests/ui/fail_generics_where_differ.rs:13:12
[INFO] [stderr]    |
[INFO] [stderr] 13 | struct Hoge<T>
[INFO] [stderr]    |            ^^^
[INFO] [stderr] 
[INFO] [stderr] error[E0609]: no field `__cache_fields__` on type `&Hoge<T>`
[INFO] [stderr]  --> tests/ui/fail_generics_where_differ.rs:1:1
[INFO] [stderr]   |
[INFO] [stderr] 1 | #[struct_cache_field::impl_cached_method]
[INFO] [stderr]   | ^^^^^^^^^^^^^^^^^^^^^^^^^^^^^^^^^^^^^^^^^ unknown field
[INFO] [stderr]   |
[INFO] [stderr]   = note: this error originates in the attribute macro `struct_cache_field::impl_cached_method` (in Nightly builds, run with -Z macro-backtrace for more info)
[INFO] [stderr] 
[INFO] [stderr] error[E0560]: struct `Hoge<String>` has no field named `__cache_fields__`
[INFO] [stderr]   --> tests/ui/fail_generics_where_differ.rs:25:9
[INFO] [stderr]    |
[INFO] [stderr] 25 |         __cache_fields__: Default::default(),
[INFO] [stderr]    |         ^^^^^^^^^^^^^^^^ `Hoge<_>` does not have this field
[INFO] [stderr]    |
[INFO] [stderr]    = note: all struct fields are already assigned
[INFO] [stderr] ┈┈┈┈┈┈┈┈┈┈┈┈┈┈┈┈┈┈┈┈┈┈┈┈┈┈┈┈┈┈┈┈┈┈┈┈┈┈┈┈┈┈┈┈┈┈┈┈┈┈┈┈┈┈┈┈┈┈┈┈
[INFO] [stderr] 
[INFO] [stderr] ACTUAL OUTPUT:
[INFO] [stderr] ┈┈┈┈┈┈┈┈┈┈┈┈┈┈┈┈┈┈┈┈┈┈┈┈┈┈┈┈┈┈┈┈┈┈┈┈┈┈┈┈┈┈┈┈┈┈┈┈┈┈┈┈┈┈┈┈┈┈┈┈
[INFO] [stderr] error: generics differ, which must coincide as string:
[INFO] [stderr]            in impl cached methods: < T > where T : ToString + From < String > ,
[INFO] [stderr]            in struct definition:   < T > where T : ToString,
[INFO] [stderr] 
[INFO] [stderr]   --> tests/ui/fail_generics_where_differ.rs:13:12
[INFO] [stderr]    |
[INFO] [stderr] 13 | struct Hoge<T>
[INFO] [stderr]    |            ^^^
[INFO] [stderr] 
[INFO] [stderr] error[E0609]: no field `__cache_fields__` on type `&Hoge<T>`
[INFO] [stderr]  --> tests/ui/fail_generics_where_differ.rs:1:1
[INFO] [stderr]   |
[INFO] [stderr] 1 | #[struct_cache_field::impl_cached_method]
[INFO] [stderr]   | ^^^^^^^^^^^^^^^^^^^^^^^^^^^^^^^^^^^^^^^^^ unknown field
[INFO] [stderr]   |
[INFO] [stderr]   = note: this error originates in the attribute macro `struct_cache_field::impl_cached_method` (in Nightly builds, run with -Z macro-backtrace for more info)
[INFO] [stderr] 
[INFO] [stderr] error[E0560]: struct `Hoge<String>` has no field named `__cache_fields__`
[INFO] [stderr]   --> tests/ui/fail_generics_where_differ.rs:25:9
[INFO] [stderr]    |
[INFO] [stderr] 25 |         __cache_fields__: Default::default(),
[INFO] [stderr]    |         ^^^^^^^^^^^^^^^^ `Hoge<_>` does not have this field
[INFO] [stderr]    |
[INFO] [stderr]    = note: all struct fields are already assigned
[INFO] [stderr] ┈┈┈┈┈┈┈┈┈┈┈┈┈┈┈┈┈┈┈┈┈┈┈┈┈┈┈┈┈┈┈┈┈┈┈┈┈┈┈┈┈┈┈┈┈┈┈┈┈┈┈┈┈┈┈┈┈┈┈┈
[INFO] [stderr] note: If the actual output is the correct output you can bless it by rerunning
[INFO] [stderr]       your test with the environment variable TRYBUILD=overwrite
[INFO] [stderr] 
[INFO] [stdout] test ui_test ... FAILED
[INFO] [stderr] test tests/ui/fail_modules.rs [should fail to compile] ... mismatch
[INFO] [stdout] 
[INFO] [stderr] 
[INFO] [stdout] failures:
[INFO] [stderr] EXPECTED:
[INFO] [stdout] 
[INFO] [stderr] ┈┈┈┈┈┈┈┈┈┈┈┈┈┈┈┈┈┈┈┈┈┈┈┈┈┈┈┈┈┈┈┈┈┈┈┈┈┈┈┈┈┈┈┈┈┈┈┈┈┈┈┈┈┈┈┈┈┈┈┈
[INFO] [stdout] ---- ui_test stdout ----
[INFO] [stderr] error: type name conflicted, cache fields arleady registered. maybe someone forgot to add `#[struct_cache_field::add_cache_field]`?
[INFO] [stdout] 
[INFO] [stderr]   --> tests/ui/fail_modules.rs:12:10
[INFO] [stdout] thread 'ui_test' (596) panicked at /opt/rustwide/cargo-home/registry/src/index.crates.io-1949cf8c6b5b557f/trybuild-1.0.122/src/run.rs:103:13:
[INFO] [stderr]    |
[INFO] [stdout] 3 of 12 tests failed
[INFO] [stderr] 12 |     impl Hoge {
[INFO] [stdout] stack backtrace:
[INFO] [stderr]    |          ^^^^
[INFO] [stdout]    0:     0x5f161316acd1 - <<std[70759c8f55707aa4]::sys::backtrace::BacktraceLock>::print::DisplayBacktrace as core[df12db4294e9bfd3]::fmt::Display>::fmt
[INFO] [stderr] 
[INFO] [stdout]    1:     0x5f161318135a - core[df12db4294e9bfd3]::fmt::write
[INFO] [stderr] error[E0412]: cannot find type `Hoge` in this scope
[INFO] [stdout]    2:     0x5f161316f79c - <alloc[2182bb758b4b3781]::vec::Vec<u8> as core[df12db4294e9bfd3]::io::write::Write>::write_fmt
[INFO] [stderr]  --> tests/ui/fail_modules.rs:3:10
[INFO] [stdout]    3:     0x5f16131441b6 - std[70759c8f55707aa4]::panicking::default_hook::{closure#0}
[INFO] [stderr]   |
[INFO] [stdout]    4:     0x5f1613162349 - std[70759c8f55707aa4]::panicking::default_hook
[INFO] [stderr] 3 |     impl Hoge {
[INFO] [stdout]    5:     0x5f16130fb620 - test[9d35eded1c95d3be]::test_main_inner::<test[9d35eded1c95d3be]::test_main_static::{closure#0}>::{closure#0}
[INFO] [stderr]   |          ^^^^ not found in this scope
[INFO] [stdout]    6:     0x5f1613162502 - std[70759c8f55707aa4]::panicking::panic_with_hook
[INFO] [stderr]   |
[INFO] [stdout]    7:     0x5f1613144262 - std[70759c8f55707aa4]::panicking::panic_handler::{closure#0}
[INFO] [stderr] help: consider importing this struct
[INFO] [stdout]    8:     0x5f161313cb29 - std[70759c8f55707aa4]::sys::backtrace::__rust_end_short_backtrace::<std[70759c8f55707aa4]::panicking::panic_handler::{closure#0}, !>
[INFO] [stderr]   |
[INFO] [stdout]    9:     0x5f1613144e5d - __rustc[8fa7c3cbc660c2b3]::rust_begin_unwind
[INFO] [stderr] 2 +     use crate::module2::Hoge;
[INFO] [stdout]   10:     0x5f1613181acc - core[df12db4294e9bfd3]::panicking::panic_fmt
[INFO] [stderr]   |
[INFO] [stdout]   11:     0x5f161304ed4b - <trybuild[6c188aa1e2891758]::Runner>::run
[INFO] [stderr] ┈┈┈┈┈┈┈┈┈┈┈┈┈┈┈┈┈┈┈┈┈┈┈┈┈┈┈┈┈┈┈┈┈┈┈┈┈┈┈┈┈┈┈┈┈┈┈┈┈┈┈┈┈┈┈┈┈┈┈┈
[INFO] [stdout]   12:     0x5f1613052140 - <trybuild[6c188aa1e2891758]::TestCases as core[df12db4294e9bfd3]::ops::drop::Drop>::drop
[INFO] [stderr] 
[INFO] [stdout]   13:     0x5f1613048c76 - tests[e3f468bd987e8041]::ui_test
[INFO] [stderr] ACTUAL OUTPUT:
[INFO] [stdout]   14:     0x5f1613048ea9 - <tests[e3f468bd987e8041]::ui_test::{closure#0} as core[df12db4294e9bfd3]::ops::function::FnOnce<()>>::call_once
[INFO] [stderr] ┈┈┈┈┈┈┈┈┈┈┈┈┈┈┈┈┈┈┈┈┈┈┈┈┈┈┈┈┈┈┈┈┈┈┈┈┈┈┈┈┈┈┈┈┈┈┈┈┈┈┈┈┈┈┈┈┈┈┈┈
[INFO] [stdout]   15:     0x5f16130ee90b - test[9d35eded1c95d3be]::__rust_begin_short_backtrace::<core[df12db4294e9bfd3]::result::Result<(), alloc[2182bb758b4b3781]::string::String>, fn() -> core[df12db4294e9bfd3]::result::Result<(), alloc[2182bb758b4b3781]::string::String>>
[INFO] [stderr] error: type name conflicted, cache fields arleady registered. maybe someone forgot to add `#[struct_cache_field::add_cache_field]`?
[INFO] [stdout]   16:     0x5f16130fbf75 - test[9d35eded1c95d3be]::run_test::{closure#0}
[INFO] [stderr]   --> tests/ui/fail_modules.rs:12:10
[INFO] [stdout]   17:     0x5f16130f5834 - std[70759c8f55707aa4]::sys::backtrace::__rust_begin_short_backtrace::<test[9d35eded1c95d3be]::run_test::{closure#1}, ()>
[INFO] [stderr]    |
[INFO] [stdout]   18:     0x5f16130ff0d2 - <std[70759c8f55707aa4]::thread::lifecycle::spawn_unchecked<test[9d35eded1c95d3be]::run_test::{closure#1}, ()>::{closure#1} as core[df12db4294e9bfd3]::ops::function::FnOnce<()>>::call_once::{shim:vtable#0}
[INFO] [stderr] 12 |     impl Hoge {
[INFO] [stdout]   19:     0x5f1613169f89 - <std[70759c8f55707aa4]::sys::thread::unix::Thread>::new::thread_start
[INFO] [stderr]    |          ^^^^
[INFO] [stdout]   20:     0x741d201a5dfa - <unknown>
[INFO] [stderr] 
[INFO] [stdout]   21:     0x741d202393d4 - clone
[INFO] [stderr] error[E0425]: cannot find type `Hoge` in this scope
[INFO] [stdout]   22:                0x0 - <unknown>
[INFO] [stderr]  --> tests/ui/fail_modules.rs:3:10
[INFO] [stdout] 
[INFO] [stderr]   |
[INFO] [stdout] 
[INFO] [stderr] 3 |     impl Hoge {
[INFO] [stdout] failures:
[INFO] [stderr]   |          ^^^^ not found in this scope
[INFO] [stdout]     ui_test
[INFO] [stderr]   |
[INFO] [stdout] 
[INFO] [stderr] help: consider importing this struct
[INFO] [stdout] test result: FAILED. 0 passed; 1 failed; 0 ignored; 0 measured; 0 filtered out; finished in 31.47s
[INFO] [stderr]   |
[INFO] [stdout] 
[INFO] [stderr] 2 +     use crate::module2::Hoge;
[INFO] [stderr]   |
[INFO] [stderr] ┈┈┈┈┈┈┈┈┈┈┈┈┈┈┈┈┈┈┈┈┈┈┈┈┈┈┈┈┈┈┈┈┈┈┈┈┈┈┈┈┈┈┈┈┈┈┈┈┈┈┈┈┈┈┈┈┈┈┈┈
[INFO] [stderr] note: If the actual output is the correct output you can bless it by rerunning
[INFO] [stderr]       your test with the environment variable TRYBUILD=overwrite
[INFO] [stderr] 
[INFO] [stderr] 
[INFO] [stderr] 
[INFO] [stderr] error: test failed, to rerun pass `--test tests`
[INFO] running `Command { std: "docker" "inspect" "6bb7570a5882e387b5783b55bdf767a72bbdff98ac070c4522a6fc2067f55703", kill_on_drop: false }`
[INFO] running `Command { std: "docker" "rm" "-f" "6bb7570a5882e387b5783b55bdf767a72bbdff98ac070c4522a6fc2067f55703", kill_on_drop: false }`
[INFO] [stdout] 6bb7570a5882e387b5783b55bdf767a72bbdff98ac070c4522a6fc2067f55703
