[INFO] fetching crate struct-variant 1.0.2...
[INFO] testing struct-variant-1.0.2 against 1.99.0-beta.8+cargoflags=--release for beta-release-1.100-2
[INFO] extracting crate struct-variant 1.0.2 into /workspace/builds/worker-0-tc1/source
[INFO] started tweaking crates.io crate struct-variant 1.0.2
[INFO] finished tweaking crates.io crate struct-variant 1.0.2
[INFO] tweaked toml for crates.io crate struct-variant 1.0.2 written to /workspace/builds/worker-0-tc1/source/Cargo.toml
[INFO] validating manifest of crates.io crate struct-variant 1.0.2 on toolchain 1.99.0-beta.8
[INFO] running `Command { std: CARGO_HOME="/workspace/cargo-home" RUSTUP_HOME="/workspace/rustup-home" "/workspace/cargo-home/bin/cargo" "+1.99.0-beta.8" "metadata" "--manifest-path" "Cargo.toml" "--no-deps", kill_on_drop: false }`
[INFO] running `Command { std: CARGO_HOME="/workspace/cargo-home" RUSTUP_HOME="/workspace/rustup-home" "/workspace/cargo-home/bin/cargo" "+1.99.0-beta.8" "generate-lockfile" "--manifest-path" "Cargo.toml", kill_on_drop: false }`
[INFO] [stderr]     Updating crates.io index
[INFO] [stderr]      Locking 33 packages to highest compatible versions
[INFO] [stderr]       Adding itertools v0.10.5 (available: v0.15.0)
[INFO] [stderr]       Adding syn v1.0.109 (available: v3.0.9)
[INFO] running `Command { std: CARGO_HOME="/workspace/cargo-home" RUSTUP_HOME="/workspace/rustup-home" "/workspace/cargo-home/bin/cargo" "+1.99.0-beta.8" "fetch" "--manifest-path" "Cargo.toml", kill_on_drop: false }`
[INFO] [stderr]  Downloading crates ...
[INFO] [stderr]   Downloaded toml v1.1.8+spec-1.1.0
[INFO] [stderr]   Downloaded serde_spanned v1.1.2
[INFO] [stderr]   Downloaded target-tuple v1.0.2
[INFO] [stderr]   Downloaded trybuild v1.0.122
[INFO] [stderr]   Downloaded toml_writer v1.1.3+spec-1.1.0
[INFO] running `Command { std: "docker" "create" "-v" "/var/lib/crater-agent-workspace/builds/worker-0-tc1/source:/opt/rustwide/workdir:ro,Z" "-v" "/var/lib/crater-agent-workspace/builds/worker-0-tc1/target:/opt/rustwide/target:rw,Z" "-v" "/var/lib/crater-agent-workspace/cargo-home:/opt/rustwide/cargo-home:ro,Z" "-v" "/var/lib/crater-agent-workspace/rustup-home:/opt/rustwide/rustup-home:ro,Z" "-m" "1610612736" "--network" "none" "ghcr.io/rust-lang/crates-build-env/linux@sha256:77db811e55d90add9212f6832c23229e3de5f1c1f9905e8cb07319ea15df73ac" "sleep" "infinity", kill_on_drop: false }`
[INFO] [stdout] 529207f777ef72a6f23117758e828628baa6bd5999362d321eae4aaf5ee87242
[INFO] running `Command { std: "docker" "start" "529207f777ef72a6f23117758e828628baa6bd5999362d321eae4aaf5ee87242", kill_on_drop: false }`
[INFO] running `Command { std: "docker" "inspect" "529207f777ef72a6f23117758e828628baa6bd5999362d321eae4aaf5ee87242", kill_on_drop: false }`
[INFO] running `Command { std: "docker" "exec" "-e" "SOURCE_DIR=/opt/rustwide/workdir" "-e" "CARGO_HOME=/opt/rustwide/cargo-home" "-e" "RUSTUP_HOME=/opt/rustwide/rustup-home" "-e" "CARGO_TARGET_DIR=/opt/rustwide/target" "-w" "/opt/rustwide/workdir" "--user" "0:0" "529207f777ef72a6f23117758e828628baa6bd5999362d321eae4aaf5ee87242" "/opt/rustwide/cargo-home/bin/cargo" "+1.99.0-beta.8" "metadata" "--no-deps" "--format-version=1", kill_on_drop: false }`
[INFO] running `Command { std: "docker" "inspect" "529207f777ef72a6f23117758e828628baa6bd5999362d321eae4aaf5ee87242", kill_on_drop: false }`
[INFO] running `Command { std: "docker" "exec" "-e" "SOURCE_DIR=/opt/rustwide/workdir" "-e" "CARGO_HOME=/opt/rustwide/cargo-home" "-e" "RUSTUP_HOME=/opt/rustwide/rustup-home" "-e" "CARGO_TARGET_DIR=/opt/rustwide/target" "-e" "CARGO_INCREMENTAL=0" "-e" "RUST_BACKTRACE=full" "-e" "RUSTFLAGS=--cap-lints=warn" "-e" "RUSTDOCFLAGS=--cap-lints=warn" "-w" "/opt/rustwide/workdir" "--user" "0:0" "529207f777ef72a6f23117758e828628baa6bd5999362d321eae4aaf5ee87242" "/opt/rustwide/cargo-home/bin/cargo" "+1.99.0-beta.8" "build" "--frozen" "--message-format=json" "--release", kill_on_drop: false }`
[INFO] [stderr]    Compiling version_check v0.9.5
[INFO] [stderr]    Compiling unicode-ident v1.0.27
[INFO] [stderr]    Compiling syn v1.0.109
[INFO] [stderr]    Compiling either v1.19.0
[INFO] [stderr]    Compiling proc-macro2 v1.0.107
[INFO] [stderr]    Compiling itertools v0.10.5
[INFO] [stderr]    Compiling proc-macro-error-attr v1.0.4
[INFO] [stderr]    Compiling proc-macro-error v1.0.4
[INFO] [stderr]    Compiling quote v1.0.47
[INFO] [stderr]    Compiling struct-variant v1.0.2 (/opt/rustwide/workdir)
[INFO] [stdout] warning: field `paren_token` is never read
[INFO] [stdout]   --> src/lib.rs:36:6
[INFO] [stdout]    |
[INFO] [stdout] 35 | struct Field {
[INFO] [stdout]    |        ----- field in this struct
[INFO] [stdout] 36 |     pub paren_token: Paren,
[INFO] [stdout]    |         ^^^^^^^^^^^
[INFO] [stdout]    |
[INFO] [stdout]    = note: `#[warn(dead_code)]` (part of `#[warn(unused)]`) on by default
[INFO] [stdout] 
[INFO] [stdout] 
[INFO] [stdout] warning: fields `enum_token` and `brace_token` are never read
[INFO] [stdout]    --> src/lib.rs:120:6
[INFO] [stdout]     |
[INFO] [stdout] 117 | struct VariantEnum {
[INFO] [stdout]     |        ----------- fields in this struct
[INFO] [stdout] ...
[INFO] [stdout] 120 |     pub enum_token: Token![enum],
[INFO] [stdout]     |         ^^^^^^^^^^
[INFO] [stdout] ...
[INFO] [stdout] 123 |     pub brace_token: Brace,
[INFO] [stdout]     |         ^^^^^^^^^^^
[INFO] [stdout] 
[INFO] [stdout] 
[INFO] [stderr]     Finished `release` profile [optimized] target(s) in 13.96s
[INFO] running `Command { std: "docker" "inspect" "529207f777ef72a6f23117758e828628baa6bd5999362d321eae4aaf5ee87242", kill_on_drop: false }`
[INFO] running `Command { std: "docker" "exec" "-e" "SOURCE_DIR=/opt/rustwide/workdir" "-e" "CARGO_HOME=/opt/rustwide/cargo-home" "-e" "RUSTUP_HOME=/opt/rustwide/rustup-home" "-e" "CARGO_TARGET_DIR=/opt/rustwide/target" "-e" "CARGO_INCREMENTAL=0" "-e" "RUST_BACKTRACE=full" "-e" "RUSTFLAGS=--cap-lints=warn" "-e" "RUSTDOCFLAGS=--cap-lints=warn" "-w" "/opt/rustwide/workdir" "--user" "0:0" "529207f777ef72a6f23117758e828628baa6bd5999362d321eae4aaf5ee87242" "/opt/rustwide/cargo-home/bin/cargo" "+1.99.0-beta.8" "test" "--frozen" "--no-run" "--message-format=json" "--release", kill_on_drop: false }`
[INFO] [stderr]    Compiling serde_core v1.0.229
[INFO] [stderr]    Compiling zmij v1.0.23
[INFO] [stderr]    Compiling target-tuple v1.0.2
[INFO] [stderr]    Compiling winnow v1.0.4
[INFO] [stderr]    Compiling serde v1.0.229
[INFO] [stderr]    Compiling syn v3.0.9
[INFO] [stderr]    Compiling serde_json v1.0.154
[INFO] [stderr]    Compiling memchr v2.8.3
[INFO] [stderr]    Compiling toml_writer v1.1.3+spec-1.1.0
[INFO] [stderr]    Compiling itoa v1.0.18
[INFO] [stderr]    Compiling glob v0.3.4
[INFO] [stderr]    Compiling termcolor v1.4.1
[INFO] [stderr]    Compiling struct-variant v1.0.2 (/opt/rustwide/workdir)
[INFO] [stdout] warning: field `paren_token` is never read
[INFO] [stdout]   --> src/lib.rs:36:6
[INFO] [stdout]    |
[INFO] [stdout] 35 | struct Field {
[INFO] [stdout]    |        ----- field in this struct
[INFO] [stdout] 36 |     pub paren_token: Paren,
[INFO] [stdout]    |         ^^^^^^^^^^^
[INFO] [stdout]    |
[INFO] [stdout]    = note: `#[warn(dead_code)]` (part of `#[warn(unused)]`) on by default
[INFO] [stdout] 
[INFO] [stdout] 
[INFO] [stdout] warning: fields `enum_token` and `brace_token` are never read
[INFO] [stdout]    --> src/lib.rs:120:6
[INFO] [stdout]     |
[INFO] [stdout] 117 | struct VariantEnum {
[INFO] [stdout]     |        ----------- fields in this struct
[INFO] [stdout] ...
[INFO] [stdout] 120 |     pub enum_token: Token![enum],
[INFO] [stdout]     |         ^^^^^^^^^^
[INFO] [stdout] ...
[INFO] [stdout] 123 |     pub brace_token: Brace,
[INFO] [stdout]     |         ^^^^^^^^^^^
[INFO] [stdout] 
[INFO] [stdout] 
[INFO] [stderr]    Compiling toml_parser v1.1.5+spec-1.1.0
[INFO] [stderr]    Compiling serde_derive v1.0.229
[INFO] [stderr]    Compiling toml_datetime v1.1.2+spec-1.1.0
[INFO] [stderr]    Compiling serde_spanned v1.1.2
[INFO] [stderr]    Compiling toml v1.1.8+spec-1.1.0
[INFO] [stderr]    Compiling trybuild v1.0.122
[INFO] [stdout] warning: field `paren_token` is never read
[INFO] [stdout]   --> src/lib.rs:36:6
[INFO] [stdout]    |
[INFO] [stdout] 35 | struct Field {
[INFO] [stdout]    |        ----- field in this struct
[INFO] [stdout] 36 |     pub paren_token: Paren,
[INFO] [stdout]    |         ^^^^^^^^^^^
[INFO] [stdout]    |
[INFO] [stdout]    = note: `#[warn(dead_code)]` (part of `#[warn(unused)]`) on by default
[INFO] [stdout] 
[INFO] [stdout] 
[INFO] [stdout] warning: fields `enum_token` and `brace_token` are never read
[INFO] [stdout]    --> src/lib.rs:120:6
[INFO] [stdout]     |
[INFO] [stdout] 117 | struct VariantEnum {
[INFO] [stdout]     |        ----------- fields in this struct
[INFO] [stdout] ...
[INFO] [stdout] 120 |     pub enum_token: Token![enum],
[INFO] [stdout]     |         ^^^^^^^^^^
[INFO] [stdout] ...
[INFO] [stdout] 123 |     pub brace_token: Brace,
[INFO] [stdout]     |         ^^^^^^^^^^^
[INFO] [stdout] 
[INFO] [stdout] 
[INFO] [stderr]     Finished `release` profile [optimized] target(s) in 18.75s
[INFO] running `Command { std: "docker" "inspect" "529207f777ef72a6f23117758e828628baa6bd5999362d321eae4aaf5ee87242", kill_on_drop: false }`
[INFO] running `Command { std: "docker" "exec" "-e" "SOURCE_DIR=/opt/rustwide/workdir" "-e" "CARGO_HOME=/opt/rustwide/cargo-home" "-e" "RUSTUP_HOME=/opt/rustwide/rustup-home" "-e" "CARGO_TARGET_DIR=/opt/rustwide/target" "-e" "CARGO_INCREMENTAL=0" "-e" "RUST_BACKTRACE=full" "-e" "RUSTFLAGS=--cap-lints=warn" "-e" "RUSTDOCFLAGS=--cap-lints=warn" "-w" "/opt/rustwide/workdir" "--user" "0:0" "529207f777ef72a6f23117758e828628baa6bd5999362d321eae4aaf5ee87242" "/opt/rustwide/cargo-home/bin/cargo" "+1.99.0-beta.8" "test" "--frozen" "--release", kill_on_drop: false }`
[INFO] [stderr] warning: field `paren_token` is never read
[INFO] [stderr]   --> src/lib.rs:36:6
[INFO] [stderr]    |
[INFO] [stderr] 35 | struct Field {
[INFO] [stderr]    |        ----- field in this struct
[INFO] [stderr] 36 |     pub paren_token: Paren,
[INFO] [stderr]    |         ^^^^^^^^^^^
[INFO] [stderr]    |
[INFO] [stderr]    = note: `#[warn(dead_code)]` (part of `#[warn(unused)]`) on by default
[INFO] [stderr] 
[INFO] [stderr] warning: fields `enum_token` and `brace_token` are never read
[INFO] [stderr]    --> src/lib.rs:120:6
[INFO] [stderr]     |
[INFO] [stderr] 117 | struct VariantEnum {
[INFO] [stderr]     |        ----------- fields in this struct
[INFO] [stderr] ...
[INFO] [stderr] 120 |     pub enum_token: Token![enum],
[INFO] [stderr]     |         ^^^^^^^^^^
[INFO] [stderr] ...
[INFO] [stderr] 123 |     pub brace_token: Brace,
[INFO] [stderr]     |         ^^^^^^^^^^^
[INFO] [stderr] 
[INFO] [stderr] warning: `struct-variant` (lib) generated 2 warnings
[INFO] [stderr] warning: `struct-variant` (lib test) generated 2 warnings (2 duplicates)
[INFO] [stderr]     Finished `release` profile [optimized] target(s) in 0.08s
[INFO] [stderr]      Running unittests src/lib.rs (/opt/rustwide/target/release/deps/struct_variant-ba07abca056c51c7)
[INFO] [stdout] 
[INFO] [stdout] running 1 test
[INFO] [stderr]    Compiling proc-macro2 v1.0.107
[INFO] [stderr]    Compiling quote v1.0.47
[INFO] [stderr]    Compiling version_check v0.9.5
[INFO] [stderr]    Compiling unicode-ident v1.0.27
[INFO] [stderr]    Compiling syn v1.0.109
[INFO] [stderr]    Compiling either v1.19.0
[INFO] [stderr]    Compiling itertools v0.10.5
[INFO] [stderr]    Compiling proc-macro-error-attr v1.0.4
[INFO] [stderr]    Compiling proc-macro-error v1.0.4
[INFO] [stderr]    Compiling struct-variant v1.0.2 (/opt/rustwide/workdir)
[INFO] [stderr] warning: field `paren_token` is never read
[INFO] [stderr]   --> /opt/rustwide/workdir/src/lib.rs:36:6
[INFO] [stderr]    |
[INFO] [stderr] 35 | struct Field {
[INFO] [stderr]    |        ----- field in this struct
[INFO] [stderr] 36 |     pub paren_token: Paren,
[INFO] [stderr]    |         ^^^^^^^^^^^
[INFO] [stderr]    |
[INFO] [stderr]    = note: `#[warn(dead_code)]` (part of `#[warn(unused)]`) on by default
[INFO] [stderr] 
[INFO] [stderr] warning: fields `enum_token` and `brace_token` are never read
[INFO] [stderr]    --> /opt/rustwide/workdir/src/lib.rs:120:6
[INFO] [stderr]     |
[INFO] [stderr] 117 | struct VariantEnum {
[INFO] [stderr]     |        ----------- fields in this struct
[INFO] [stderr] ...
[INFO] [stderr] 120 |     pub enum_token: Token![enum],
[INFO] [stderr]     |         ^^^^^^^^^^
[INFO] [stderr] ...
[INFO] [stderr] 123 |     pub brace_token: Brace,
[INFO] [stderr]     |         ^^^^^^^^^^^
[INFO] [stderr] 
[INFO] [stderr] warning: `struct-variant` (lib) generated 2 warnings
[INFO] [stderr]    Compiling struct-variant-tests v0.0.0 (/opt/rustwide/target/tests/trybuild/struct-variant)
[INFO] [stderr]     Finished `dev` profile [unoptimized + debuginfo] target(s) in 19.11s
[INFO] [stderr] 
[INFO] [stderr] 
[INFO] [stderr] test tests/fail/missing-struct.rs [should fail to compile] ... error
[INFO] [stderr] tests/fail/missing-struct.rs: No such file or directory (os error 2)
[INFO] [stderr] 
[INFO] [stderr] test tests/fail/enum-syntax.rs [should fail to compile] ... error
[INFO] [stderr] tests/fail/enum-syntax.rs: No such file or directory (os error 2)
[INFO] [stderr] 
[INFO] [stderr] test tests/fail/not-enum.rs [should fail to compile] ... error
[INFO] [stderr] tests/fail/not-enum.rs: No such file or directory (os error 2)
[INFO] [stderr] 
[INFO] [stderr] test tests/pass/bound-single.rs [should pass] ... error
[INFO] [stderr] tests/pass/bound-single.rs: No such file or directory (os error 2)
[INFO] [stderr] 
[INFO] [stderr] test tests/pass/bound-none.rs [should pass] ... error
[INFO] [stderr] tests/pass/bound-none.rs: No such file or directory (os error 2)
[INFO] [stderr] 
[INFO] [stderr] test tests/pass/bound-multi.rs [should pass] ... error
[INFO] [stderr] tests/pass/bound-multi.rs: No such file or directory (os error 2)
[INFO] [stderr] 
[INFO] [stderr] test tests/pass/rename.rs [should pass] ... error
[INFO] [stderr] tests/pass/rename.rs: No such file or directory (os error 2)
[INFO] [stderr] 
[INFO] [stderr] test tests/pass/generic.rs [should pass] ... error
[INFO] [stderr] tests/pass/generic.rs: No such file or directory (os error 2)
[INFO] [stderr] 
[INFO] [stderr] 
[INFO] [stderr] 
[INFO] [stdout] test ui ... FAILED
[INFO] [stdout] 
[INFO] [stdout] failures:
[INFO] [stdout] 
[INFO] [stdout] ---- ui stdout ----
[INFO] [stdout] 
[INFO] [stdout] thread 'ui' (599) panicked at /opt/rustwide/cargo-home/registry/src/index.crates.io-1949cf8c6b5b557f/trybuild-1.0.122/src/run.rs:103:13:
[INFO] [stdout] 8 of 8 tests failed
[INFO] [stdout] stack backtrace:
[INFO] [stdout]    0:     0x7f1971d1a821 - std[70759c8f55707aa4]::backtrace_rs::backtrace::libunwind::trace
[INFO] [stdout]                                at /rustc/dfb0accb7f508ae8be965d8629557221c889dd98/library/std/src/../../backtrace/src/backtrace/libunwind.rs:117:9
[INFO] [stdout]    1:     0x7f1971d1a821 - std[70759c8f55707aa4]::backtrace_rs::backtrace::trace_unsynchronized::<std[70759c8f55707aa4]::sys::backtrace::_print_fmt::{closure#1}>
[INFO] [stdout]                                at /rustc/dfb0accb7f508ae8be965d8629557221c889dd98/library/std/src/../../backtrace/src/backtrace/mod.rs:66:14
[INFO] [stdout]    2:     0x7f1971d1a821 - std[70759c8f55707aa4]::sys::backtrace::_print_fmt
[INFO] [stdout]                                at /rustc/dfb0accb7f508ae8be965d8629557221c889dd98/library/std/src/sys/backtrace.rs:74:9
[INFO] [stdout]    3:     0x7f1971d1a821 - <<std[70759c8f55707aa4]::sys::backtrace::BacktraceLock>::print::DisplayBacktrace as core[df12db4294e9bfd3]::fmt::Display>::fmt
[INFO] [stdout]                                at /rustc/dfb0accb7f508ae8be965d8629557221c889dd98/library/std/src/sys/backtrace.rs:44:26
[INFO] [stdout]    4:     0x7f1971d61aea - <core[df12db4294e9bfd3]::fmt::rt::Argument>::fmt
[INFO] [stdout]                                at /rustc/dfb0accb7f508ae8be965d8629557221c889dd98/library/core/src/fmt/rt.rs:152:76
[INFO] [stdout]    5:     0x7f1971d61aea - core[df12db4294e9bfd3]::fmt::write
[INFO] [stdout]    6:     0x7f1971d2b7cc - core[df12db4294e9bfd3]::io::write::default_write_fmt::<alloc[2182bb758b4b3781]::vec::Vec<u8>>
[INFO] [stdout]                                at /rustc/dfb0accb7f508ae8be965d8629557221c889dd98/library/core/src/io/write.rs:402:11
[INFO] [stdout]    7:     0x7f1971d2b7cc - <alloc[2182bb758b4b3781]::vec::Vec<u8> as core[df12db4294e9bfd3]::io::write::Write>::write_fmt
[INFO] [stdout]                                at /rustc/dfb0accb7f508ae8be965d8629557221c889dd98/library/core/src/io/write.rs:335:13
[INFO] [stdout]    8:     0x7f1971ce41a6 - <std[70759c8f55707aa4]::sys::backtrace::BacktraceLock>::print
[INFO] [stdout]                                at /rustc/dfb0accb7f508ae8be965d8629557221c889dd98/library/std/src/sys/backtrace.rs:47:9
[INFO] [stdout]    9:     0x7f1971ce41a6 - std[70759c8f55707aa4]::panicking::default_hook::{closure#0}
[INFO] [stdout]                                at /rustc/dfb0accb7f508ae8be965d8629557221c889dd98/library/std/src/panicking.rs:292:27
[INFO] [stdout]   10:     0x7f1971d0b2a9 - std[70759c8f55707aa4]::panicking::default_hook
[INFO] [stdout]                                at /rustc/dfb0accb7f508ae8be965d8629557221c889dd98/library/std/src/panicking.rs:316:9
[INFO] [stdout]   11:     0x571f4db16710 - test[9d35eded1c95d3be]::test_main_inner::<test[9d35eded1c95d3be]::test_main_static::{closure#0}>::{closure#0}
[INFO] [stdout]   12:     0x7f1971d0b5d2 - <alloc[2182bb758b4b3781]::boxed::Box<dyn for<'a, 'b> core[df12db4294e9bfd3]::ops::function::Fn<(&'a std[70759c8f55707aa4]::panic::PanicHookInfo<'b>,), Output = ()> + core[df12db4294e9bfd3]::marker::Send + core[df12db4294e9bfd3]::marker::Sync> as core[df12db4294e9bfd3]::ops::function::Fn<(&std[70759c8f55707aa4]::panic::PanicHookInfo,)>>::call
[INFO] [stdout]                                at /rustc/dfb0accb7f508ae8be965d8629557221c889dd98/library/alloc/src/boxed.rs:2334:9
[INFO] [stdout]   13:     0x7f1971d0b5d2 - std[70759c8f55707aa4]::panicking::panic_with_hook
[INFO] [stdout]                                at /rustc/dfb0accb7f508ae8be965d8629557221c889dd98/library/std/src/panicking.rs:823:13
[INFO] [stdout]   14:     0x7f1971ce4252 - std[70759c8f55707aa4]::panicking::panic_handler::{closure#0}
[INFO] [stdout]                                at /rustc/dfb0accb7f508ae8be965d8629557221c889dd98/library/std/src/panicking.rs:688:13
[INFO] [stdout]   15:     0x7f1971cdb8a9 - std[70759c8f55707aa4]::sys::backtrace::__rust_end_short_backtrace::<std[70759c8f55707aa4]::panicking::panic_handler::{closure#0}, !>
[INFO] [stdout]                                at /rustc/dfb0accb7f508ae8be965d8629557221c889dd98/library/std/src/sys/backtrace.rs:182:18
[INFO] [stdout]   16:     0x7f1971ce5b5d - __rustc[8fa7c3cbc660c2b3]::rust_begin_unwind
[INFO] [stdout]                                at /rustc/dfb0accb7f508ae8be965d8629557221c889dd98/library/std/src/panicking.rs:679:5
[INFO] [stdout]   17:     0x7f1971d6257c - core[df12db4294e9bfd3]::panicking::panic_fmt
[INFO] [stdout]                                at /rustc/dfb0accb7f508ae8be965d8629557221c889dd98/library/core/src/panicking.rs:80:14
[INFO] [stdout]   18:     0x571f4d94c9aa - <trybuild[f49015847988d860]::Runner>::run
[INFO] [stdout]   19:     0x571f4d9570b5 - <trybuild[f49015847988d860]::TestCases as core[df12db4294e9bfd3]::ops::drop::Drop>::drop
[INFO] [stdout]   20:     0x571f4d946ce5 - <struct_variant[c9badef6db18b7ad]::ui::{closure#0} as core[df12db4294e9bfd3]::ops::function::FnOnce<()>>::call_once
[INFO] [stdout]   21:     0x571f4db099fb - test[9d35eded1c95d3be]::__rust_begin_short_backtrace::<core[df12db4294e9bfd3]::result::Result<(), alloc[2182bb758b4b3781]::string::String>, fn() -> core[df12db4294e9bfd3]::result::Result<(), alloc[2182bb758b4b3781]::string::String>>
[INFO] [stdout]   22:     0x571f4db17065 - test[9d35eded1c95d3be]::run_test::{closure#0}
[INFO] [stdout]   23:     0x571f4db10924 - std[70759c8f55707aa4]::sys::backtrace::__rust_begin_short_backtrace::<test[9d35eded1c95d3be]::run_test::{closure#1}, ()>
[INFO] [stdout]   24:     0x571f4db1a1c2 - <std[70759c8f55707aa4]::thread::lifecycle::spawn_unchecked<test[9d35eded1c95d3be]::run_test::{closure#1}, ()>::{closure#1} as core[df12db4294e9bfd3]::ops::function::FnOnce<()>>::call_once::{shim:vtable#0}
[INFO] [stdout]   25:     0x7f1971d16df9 - <alloc[2182bb758b4b3781]::boxed::Box<dyn core[df12db4294e9bfd3]::ops::function::FnOnce<(), Output = ()> + core[df12db4294e9bfd3]::marker::Send> as core[df12db4294e9bfd3]::ops::function::FnOnce<()>>::call_once
[INFO] [stdout]                                at /rustc/dfb0accb7f508ae8be965d8629557221c889dd98/library/alloc/src/boxed.rs:2320:9
[INFO] [stdout]   26:     0x7f1971d16df9 - <std[70759c8f55707aa4]::sys::thread::unix::Thread>::new::thread_start
[INFO] [stdout]                                at /rustc/dfb0accb7f508ae8be965d8629557221c889dd98/library/std/src/sys/thread/unix.rs:123:17
[INFO] [stdout]   27:     0x7f1971a73dfa - <unknown>
[INFO] [stdout]   28:     0x7f1971b073d4 - clone
[INFO] [stdout]   29:                0x0 - <unknown>
[INFO] [stdout] 
[INFO] [stdout] 
[INFO] [stdout] failures:
[INFO] [stdout]     ui
[INFO] [stdout] 
[INFO] [stdout] test result: FAILED. 0 passed; 1 failed; 0 ignored; 0 measured; 0 filtered out; finished in 19.26s
[INFO] [stdout] 
[INFO] [stderr] error: test failed, to rerun pass `--lib`
[INFO] running `Command { std: "docker" "inspect" "529207f777ef72a6f23117758e828628baa6bd5999362d321eae4aaf5ee87242", kill_on_drop: false }`
[INFO] running `Command { std: "docker" "rm" "-f" "529207f777ef72a6f23117758e828628baa6bd5999362d321eae4aaf5ee87242", kill_on_drop: false }`
[INFO] [stdout] 529207f777ef72a6f23117758e828628baa6bd5999362d321eae4aaf5ee87242
