[INFO] fetching crate streameroo 0.7.0...
[INFO] testing streameroo-0.7.0 against 1.99.0-beta.8+cargoflags=--release for beta-release-1.100-2
[INFO] extracting crate streameroo 0.7.0 into /workspace/builds/worker-5-tc1/source
[INFO] started tweaking crates.io crate streameroo 0.7.0
[INFO] finished tweaking crates.io crate streameroo 0.7.0
[INFO] tweaked toml for crates.io crate streameroo 0.7.0 written to /workspace/builds/worker-5-tc1/source/Cargo.toml
[INFO] validating manifest of crates.io crate streameroo 0.7.0 on toolchain 1.99.0-beta.8
[INFO] running `Command { std: CARGO_HOME="/workspace/cargo-home" RUSTUP_HOME="/workspace/rustup-home" "/workspace/cargo-home/bin/cargo" "+1.99.0-beta.8" "metadata" "--manifest-path" "Cargo.toml" "--no-deps", kill_on_drop: false }`
[INFO] crate crates.io crate streameroo 0.7.0 already has a lockfile, it will not be regenerated
[INFO] running `Command { std: CARGO_HOME="/workspace/cargo-home" RUSTUP_HOME="/workspace/rustup-home" "/workspace/cargo-home/bin/cargo" "+1.99.0-beta.8" "fetch" "--manifest-path" "Cargo.toml", kill_on_drop: false }`
[INFO] [stderr]     Updating crates.io index
[INFO] [stderr]  Downloading crates ...
[INFO] [stderr]   Downloaded tracing-opentelemetry-instrumentation-sdk v0.42.1
[INFO] [stderr]   Downloaded opentelemetry v0.33.0
[INFO] [stderr]   Downloaded tokio-stream v0.1.16
[INFO] [stderr]   Downloaded xattr v1.5.0
[INFO] [stderr]   Downloaded schannel v0.1.26
[INFO] [stderr]   Downloaded test-context v0.3.0
[INFO] [stderr]   Downloaded tracing-opentelemetry v0.34.0
[INFO] [stderr]   Downloaded test-context-macros v0.3.0
[INFO] [stderr]   Downloaded opentelemetry-semantic-conventions v0.33.0
[INFO] [stderr]   Downloaded testcontainers-modules v0.12.1
[INFO] [stderr]   Downloaded init-tracing-opentelemetry v0.43.0
[INFO] [stderr]   Downloaded object v0.36.5
[INFO] [stderr]   Downloaded opentelemetry_sdk v0.33.0
[INFO] [stderr]   Downloaded opentelemetry-otlp v0.33.0
[INFO] [stderr]   Downloaded tonic-types v0.14.5
[INFO] [stderr]   Downloaded opentelemetry-proto v0.33.0
[INFO] [stderr]   Downloaded bson v2.13.0
[INFO] [stderr]   Downloaded opentelemetry-http v0.33.0
[INFO] [stderr]   Downloaded amqp_serde v0.4.2
[INFO] [stderr]   Downloaded amqprs v2.1.1
[INFO] running `Command { std: "docker" "create" "-v" "/var/lib/crater-agent-workspace/builds/worker-5-tc1/source:/opt/rustwide/workdir:ro,Z" "-v" "/var/lib/crater-agent-workspace/builds/worker-5-tc1/target:/opt/rustwide/target:rw,Z" "-v" "/var/lib/crater-agent-workspace/cargo-home:/opt/rustwide/cargo-home:ro,Z" "-v" "/var/lib/crater-agent-workspace/rustup-home:/opt/rustwide/rustup-home:ro,Z" "-m" "1610612736" "--network" "none" "ghcr.io/rust-lang/crates-build-env/linux@sha256:77db811e55d90add9212f6832c23229e3de5f1c1f9905e8cb07319ea15df73ac" "sleep" "infinity", kill_on_drop: false }`
[INFO] [stdout] 4327102c194a8e813d1e1435625e934502e6011811d2c51cfbd2c7c1f2b3c205
[INFO] running `Command { std: "docker" "start" "4327102c194a8e813d1e1435625e934502e6011811d2c51cfbd2c7c1f2b3c205", kill_on_drop: false }`
[INFO] running `Command { std: "docker" "inspect" "4327102c194a8e813d1e1435625e934502e6011811d2c51cfbd2c7c1f2b3c205", kill_on_drop: false }`
[INFO] running `Command { std: "docker" "exec" "-e" "SOURCE_DIR=/opt/rustwide/workdir" "-e" "CARGO_HOME=/opt/rustwide/cargo-home" "-e" "RUSTUP_HOME=/opt/rustwide/rustup-home" "-e" "CARGO_TARGET_DIR=/opt/rustwide/target" "-w" "/opt/rustwide/workdir" "--user" "0:0" "4327102c194a8e813d1e1435625e934502e6011811d2c51cfbd2c7c1f2b3c205" "/opt/rustwide/cargo-home/bin/cargo" "+1.99.0-beta.8" "metadata" "--no-deps" "--format-version=1", kill_on_drop: false }`
[INFO] running `Command { std: "docker" "inspect" "4327102c194a8e813d1e1435625e934502e6011811d2c51cfbd2c7c1f2b3c205", kill_on_drop: false }`
[INFO] running `Command { std: "docker" "exec" "-e" "SOURCE_DIR=/opt/rustwide/workdir" "-e" "CARGO_HOME=/opt/rustwide/cargo-home" "-e" "RUSTUP_HOME=/opt/rustwide/rustup-home" "-e" "CARGO_TARGET_DIR=/opt/rustwide/target" "-e" "CARGO_INCREMENTAL=0" "-e" "RUST_BACKTRACE=full" "-e" "RUSTFLAGS=--cap-lints=warn" "-e" "RUSTDOCFLAGS=--cap-lints=warn" "-w" "/opt/rustwide/workdir" "--user" "0:0" "4327102c194a8e813d1e1435625e934502e6011811d2c51cfbd2c7c1f2b3c205" "/opt/rustwide/cargo-home/bin/cargo" "+1.99.0-beta.8" "build" "--frozen" "--message-format=json" "--release", kill_on_drop: false }`
[INFO] [stderr]    Compiling proc-macro2 v1.0.88
[INFO] [stderr]    Compiling libc v0.2.172
[INFO] [stderr]    Compiling cfg-if v1.0.0
[INFO] [stderr]    Compiling serde v1.0.213
[INFO] [stderr]    Compiling smallvec v1.13.2
[INFO] [stderr]    Compiling scopeguard v1.2.0
[INFO] [stderr]    Compiling pin-project-lite v0.2.14
[INFO] [stderr]    Compiling bytes v1.8.0
[INFO] [stderr]    Compiling serde_json v1.0.132
[INFO] [stderr]    Compiling thiserror v2.0.3
[INFO] [stderr]    Compiling lazy_static v1.5.0
[INFO] [stderr]    Compiling fnv v1.0.7
[INFO] [stderr]    Compiling once_cell v1.20.2
[INFO] [stderr]    Compiling itoa v1.0.11
[INFO] [stderr]    Compiling lock_api v0.4.12
[INFO] [stderr]    Compiling ryu v1.0.18
[INFO] [stderr]    Compiling uriparse v0.6.4
[INFO] [stderr]    Compiling memchr v2.7.4
[INFO] [stderr]    Compiling futures-core v0.3.31
[INFO] [stderr]    Compiling tracing-core v0.1.36
[INFO] [stderr]    Compiling quote v1.0.37
[INFO] [stderr]    Compiling parking_lot_core v0.9.10
[INFO] [stderr]    Compiling socket2 v0.5.10
[INFO] [stderr]    Compiling mio v1.0.2
[INFO] [stderr]    Compiling signal-hook-registry v1.4.2
[INFO] [stderr]    Compiling getrandom v0.2.15
[INFO] [stderr]    Compiling uuid v1.11.0
[INFO] [stderr]    Compiling syn v2.0.87
[INFO] [stderr]    Compiling parking_lot v0.12.3
[INFO] [stderr]    Compiling serde_derive v1.0.213
[INFO] [stderr]    Compiling tokio-macros v2.4.0
[INFO] [stderr]    Compiling thiserror-impl v2.0.3
[INFO] [stderr]    Compiling tracing-attributes v0.1.31
[INFO] [stderr]    Compiling async-trait v0.1.83
[INFO] [stderr]    Compiling tokio v1.40.0
[INFO] [stderr]    Compiling tracing v0.1.44
[INFO] [stderr]    Compiling serde_bytes v0.11.15
[INFO] [stderr]    Compiling amqp_serde v0.4.2
[INFO] [stderr]    Compiling tokio-stream v0.1.16
[INFO] [stderr]    Compiling amqprs v2.1.1
[INFO] [stderr]    Compiling streameroo v0.7.0 (/opt/rustwide/workdir)
[INFO] [stderr]     Finished `release` profile [optimized] target(s) in 30.14s
[INFO] running `Command { std: "docker" "inspect" "4327102c194a8e813d1e1435625e934502e6011811d2c51cfbd2c7c1f2b3c205", kill_on_drop: false }`
[INFO] running `Command { std: "docker" "exec" "-e" "SOURCE_DIR=/opt/rustwide/workdir" "-e" "CARGO_HOME=/opt/rustwide/cargo-home" "-e" "RUSTUP_HOME=/opt/rustwide/rustup-home" "-e" "CARGO_TARGET_DIR=/opt/rustwide/target" "-e" "CARGO_INCREMENTAL=0" "-e" "RUST_BACKTRACE=full" "-e" "RUSTFLAGS=--cap-lints=warn" "-e" "RUSTDOCFLAGS=--cap-lints=warn" "-w" "/opt/rustwide/workdir" "--user" "0:0" "4327102c194a8e813d1e1435625e934502e6011811d2c51cfbd2c7c1f2b3c205" "/opt/rustwide/cargo-home/bin/cargo" "+1.99.0-beta.8" "test" "--frozen" "--no-run" "--message-format=json" "--release", kill_on_drop: false }`
[INFO] [stderr]    Compiling syn v2.0.87
[INFO] [stderr]    Compiling pin-project-lite v0.2.14
[INFO] [stderr]    Compiling memchr v2.7.4
[INFO] [stderr]    Compiling bytes v1.8.0
[INFO] [stderr]    Compiling smallvec v1.13.2
[INFO] [stderr]    Compiling once_cell v1.20.2
[INFO] [stderr]    Compiling itoa v1.0.11
[INFO] [stderr]    Compiling serde v1.0.213
[INFO] [stderr]    Compiling libc v0.2.172
[INFO] [stderr]    Compiling mio v1.0.2
[INFO] [stderr]    Compiling signal-hook-registry v1.4.2
[INFO] [stderr]    Compiling lock_api v0.4.12
[INFO] [stderr]    Compiling hashbrown v0.15.2
[INFO] [stderr]    Compiling getrandom v0.2.15
[INFO] [stderr]    Compiling aws-lc-rs v1.18.1
[INFO] [stderr]    Compiling rustls-pki-types v1.15.1
[INFO] [stderr]    Compiling log v0.4.22
[INFO] [stderr]    Compiling rustls v0.23.45
[INFO] [stderr]    Compiling anyhow v1.0.91
[INFO] [stderr]    Compiling tracing-core v0.1.36
[INFO] [stderr]    Compiling tinyvec v1.8.0
[INFO] [stderr]    Compiling ryu v1.0.18
[INFO] [stderr]    Compiling unicode-bidi v0.3.17
[INFO] [stderr]    Compiling parking_lot_core v0.9.10
[INFO] [stderr]    Compiling getrandom v0.3.3
[INFO] [stderr]    Compiling rustls-native-certs v0.8.1
[INFO] [stderr]    Compiling http v1.3.1
[INFO] [stderr]    Compiling jobserver v0.1.35
[INFO] [stderr]    Compiling parking_lot v0.12.3
[INFO] [stderr]    Compiling aho-corasick v1.1.3
[INFO] [stderr]    Compiling cc v1.5.1
[INFO] [stderr]    Compiling unicode-normalization v0.1.24
[INFO] [stderr]    Compiling rustix v1.0.7
[INFO] [stderr]    Compiling regex-syntax v0.8.5
[INFO] [stderr]    Compiling tracing-log v0.2.0
[INFO] [stderr]    Compiling rand_core v0.9.3
[INFO] [stderr]    Compiling thread_local v1.1.8
[INFO] [stderr]    Compiling http-body v1.0.1
[INFO] [stderr]    Compiling idna v0.5.0
[INFO] [stderr]    Compiling rustls-pemfile v2.2.0
[INFO] [stderr]    Compiling http-body-util v0.1.3
[INFO] [stderr]    Compiling filetime v0.2.25
[INFO] [stderr]    Compiling nix v0.29.0
[INFO] [stderr]    Compiling indexmap v2.7.0
[INFO] [stderr]    Compiling etcetera v0.10.0
[INFO] [stderr]    Compiling uriparse v0.6.4
[INFO] [stderr]    Compiling opentelemetry-semantic-conventions v0.33.0
[INFO] [stderr]    Compiling uuid v1.11.0
[INFO] [stderr]    Compiling cmake v0.1.58
[INFO] [stderr]    Compiling regex-automata v0.4.9
[INFO] [stderr]    Compiling aws-lc-sys v0.45.0
[INFO] [stderr]    Compiling ring v0.17.8
[INFO] [stderr]    Compiling darling_core v0.20.11
[INFO] [stderr]    Compiling tokio-macros v2.4.0
[INFO] [stderr]    Compiling tracing-attributes v0.1.31
[INFO] [stderr]    Compiling futures-macro v0.3.31
[INFO] [stderr]    Compiling serde_derive v1.0.213
[INFO] [stderr]    Compiling thiserror-impl v2.0.3
[INFO] [stderr]    Compiling async-trait v0.1.83
[INFO] [stderr]    Compiling zerocopy-derive v0.7.35
[INFO] [stderr]    Compiling prost-derive v0.14.3
[INFO] [stderr]    Compiling pin-project-internal v1.1.10
[INFO] [stderr]    Compiling futures-util v0.3.31
[INFO] [stderr]    Compiling zerocopy v0.7.35
[INFO] [stderr]    Compiling tokio v1.40.0
[INFO] [stderr]    Compiling structmeta-derive v0.3.0
[INFO] [stderr]    Compiling tracing v0.1.44
[INFO] [stderr]    Compiling thiserror v2.0.3
[INFO] [stderr]    Compiling opentelemetry v0.33.0
[INFO] [stderr]    Compiling pin-project v1.1.10
[INFO] [stderr]    Compiling serde_repr v0.1.20
[INFO] [stderr]    Compiling xattr v1.5.0
[INFO] [stderr]    Compiling ppv-lite86 v0.2.20
[INFO] [stderr]    Compiling test-context-macros v0.3.0
[INFO] [stderr]    Compiling rand_chacha v0.9.0
[INFO] [stderr]    Compiling prost v0.14.3
[INFO] [stderr]    Compiling darling_macro v0.20.11
[INFO] [stderr]    Compiling structmeta v0.3.0
[INFO] [stderr]    Compiling rand v0.9.2
[INFO] [stderr]    Compiling matchers v0.2.0
[INFO] [stderr]    Compiling regex v1.11.1
[INFO] [stderr]    Compiling darling v0.20.11
[INFO] [stderr]    Compiling serde_with_macros v3.12.0
[INFO] [stderr]    Compiling prost-types v0.14.3
[INFO] [stderr]    Compiling parse-display-derive v0.9.1
[INFO] [stderr]    Compiling parse-display v0.9.1
[INFO] [stderr]    Compiling futures-executor v0.3.31
[INFO] [stderr]    Compiling futures v0.3.31
[INFO] [stderr]    Compiling test-context v0.3.0
[INFO] [stderr]    Compiling serde_json v1.0.132
[INFO] [stderr]    Compiling url v2.5.2
[INFO] [stderr]    Compiling tracing-serde v0.2.0
[INFO] [stderr]    Compiling serde_with v3.12.0
[INFO] [stderr]    Compiling serde_bytes v0.11.15
[INFO] [stderr]    Compiling serde_urlencoded v0.7.1
[INFO] [stderr]    Compiling amqp_serde v0.4.2
[INFO] [stderr]    Compiling tracing-subscriber v0.3.22
[INFO] [stderr]    Compiling docker_credential v1.3.2
[INFO] [stderr]    Compiling tokio-util v0.7.15
[INFO] [stderr]    Compiling tokio-stream v0.1.16
[INFO] [stderr]    Compiling amqprs v2.1.1
[INFO] [stderr]    Compiling h2 v0.4.11
[INFO] [stderr]    Compiling tower v0.5.2
[INFO] [stderr]    Compiling opentelemetry_sdk v0.33.0
[INFO] [stderr]    Compiling tokio-tar v0.3.1
[INFO] [stderr]    Compiling bollard-stubs v1.47.1-rc.27.3.1
[INFO] [stderr]    Compiling tracing-opentelemetry v0.34.0
[INFO] [stderr]    Compiling tracing-opentelemetry-instrumentation-sdk v0.42.1
[INFO] [stderr]    Compiling tower-http v0.6.11
[INFO] [stderr]    Compiling streameroo v0.7.0 (/opt/rustwide/workdir)
[INFO] [stderr]    Compiling hyper v1.6.0
[INFO] [stderr]    Compiling hyper-util v0.1.13
[INFO] [stderr]    Compiling hyper-timeout v0.5.2
[INFO] [stderr]    Compiling hyperlocal v0.9.1
[INFO] [stderr]    Compiling tonic v0.14.2
[INFO] [stderr]    Compiling tonic-prost v0.14.2
[INFO] [stderr]    Compiling tonic-types v0.14.5
[INFO] [stderr]    Compiling opentelemetry-proto v0.33.0
[INFO] [stderr]    Compiling rustls-webpki v0.103.15
[INFO] [stderr]    Compiling tokio-rustls v0.26.2
[INFO] [stderr]    Compiling rustls-platform-verifier v0.7.1
[INFO] [stderr]    Compiling hyper-rustls v0.27.6
[INFO] [stderr]    Compiling reqwest v0.13.5
[INFO] [stderr]    Compiling bollard v0.18.1
[INFO] [stderr]    Compiling opentelemetry-http v0.33.0
[INFO] [stderr]    Compiling opentelemetry-otlp v0.33.0
[INFO] [stderr]    Compiling init-tracing-opentelemetry v0.43.0
[INFO] [stderr]    Compiling testcontainers v0.24.0
[INFO] [stderr]    Compiling testcontainers-modules v0.12.1
[INFO] [stderr]     Finished `release` profile [optimized] target(s) in 3m 31s
[INFO] running `Command { std: "docker" "inspect" "4327102c194a8e813d1e1435625e934502e6011811d2c51cfbd2c7c1f2b3c205", kill_on_drop: false }`
[INFO] running `Command { std: "docker" "exec" "-e" "SOURCE_DIR=/opt/rustwide/workdir" "-e" "CARGO_HOME=/opt/rustwide/cargo-home" "-e" "RUSTUP_HOME=/opt/rustwide/rustup-home" "-e" "CARGO_TARGET_DIR=/opt/rustwide/target" "-e" "CARGO_INCREMENTAL=0" "-e" "RUST_BACKTRACE=full" "-e" "RUSTFLAGS=--cap-lints=warn" "-e" "RUSTDOCFLAGS=--cap-lints=warn" "-w" "/opt/rustwide/workdir" "--user" "0:0" "4327102c194a8e813d1e1435625e934502e6011811d2c51cfbd2c7c1f2b3c205" "/opt/rustwide/cargo-home/bin/cargo" "+1.99.0-beta.8" "test" "--frozen" "--release", kill_on_drop: false }`
[INFO] [stderr]     Finished `release` profile [optimized] target(s) in 0.33s
[INFO] [stderr]      Running unittests src/lib.rs (/opt/rustwide/target/release/deps/streameroo-e22070b486c178e4)
[INFO] [stdout] 
[INFO] [stdout] running 12 tests
[INFO] [stdout] {"timestamp":"2026-10-18T18:10:37.570621Z","level":"INFO","fields":{"message":"init logging & tracing"},"target":"init_tracing_opentelemetry::config","filename":"/opt/rustwide/cargo-home/registry/src/index.crates.io-1949cf8c6b5b557f/init-tracing-opentelemetry-0.43.0/src/config.rs"}
[INFO] [stdout] {"timestamp":"2026-10-18T18:10:37.570755Z","level":"WARN","fields":{"message":"no env var set or infered for OTEL_EXPORTER_OTLP_TRACES_PROTOCOL or OTEL_EXPORTER_OTLP_PROTOCOL; no span exporter will be created"},"target":"init_tracing_opentelemetry::otlp::traces","filename":"/opt/rustwide/cargo-home/registry/src/index.crates.io-1949cf8c6b5b557f/init-tracing-opentelemetry-0.43.0/src/otlp/traces.rs"}
[INFO] [stdout] {"timestamp":"2026-10-18T18:10:37.570757Z","level":"INFO","fields":{"message":"init logging & tracing"},"target":"init_tracing_opentelemetry::config","filename":"/opt/rustwide/cargo-home/registry/src/index.crates.io-1949cf8c6b5b557f/init-tracing-opentelemetry-0.43.0/src/config.rs"}
[INFO] [stdout] {"timestamp":"2026-10-18T18:10:37.570828Z","level":"WARN","fields":{"message":"no env var set or infered for OTEL_EXPORTER_OTLP_TRACES_PROTOCOL or OTEL_EXPORTER_OTLP_PROTOCOL; no span exporter will be created"},"target":"init_tracing_opentelemetry::otlp::traces","filename":"/opt/rustwide/cargo-home/registry/src/index.crates.io-1949cf8c6b5b557f/init-tracing-opentelemetry-0.43.0/src/otlp/traces.rs"}
[INFO] [stdout] {"timestamp":"2026-10-18T18:10:37.570835Z","level":"INFO","fields":{"message":"init logging & tracing"},"target":"init_tracing_opentelemetry::config","filename":"/opt/rustwide/cargo-home/registry/src/index.crates.io-1949cf8c6b5b557f/init-tracing-opentelemetry-0.43.0/src/config.rs"}
[INFO] [stdout] {"timestamp":"2026-10-18T18:10:37.570904Z","level":"WARN","fields":{"message":"no env var set or infered for OTEL_EXPORTER_OTLP_TRACES_PROTOCOL or OTEL_EXPORTER_OTLP_PROTOCOL; no span exporter will be created"},"target":"init_tracing_opentelemetry::otlp::traces","filename":"/opt/rustwide/cargo-home/registry/src/index.crates.io-1949cf8c6b5b557f/init-tracing-opentelemetry-0.43.0/src/otlp/traces.rs"}
[INFO] [stdout] {"timestamp":"2026-10-18T18:10:37.571122Z","level":"INFO","fields":{"message":"init logging & tracing"},"target":"init_tracing_opentelemetry::config","filename":"/opt/rustwide/cargo-home/registry/src/index.crates.io-1949cf8c6b5b557f/init-tracing-opentelemetry-0.43.0/src/config.rs"}
[INFO] [stdout] {"timestamp":"2026-10-18T18:10:37.571200Z","level":"WARN","fields":{"message":"no env var set or infered for OTEL_EXPORTER_OTLP_TRACES_PROTOCOL or OTEL_EXPORTER_OTLP_PROTOCOL; no span exporter will be created"},"target":"init_tracing_opentelemetry::otlp::traces","filename":"/opt/rustwide/cargo-home/registry/src/index.crates.io-1949cf8c6b5b557f/init-tracing-opentelemetry-0.43.0/src/otlp/traces.rs"}
[INFO] [stdout] {"timestamp":"2026-10-18T18:10:37.570613Z","level":"INFO","fields":{"message":"init logging & tracing"},"target":"init_tracing_opentelemetry::config","filename":"/opt/rustwide/cargo-home/registry/src/index.crates.io-1949cf8c6b5b557f/init-tracing-opentelemetry-0.43.0/src/config.rs"}
[INFO] [stdout] {"timestamp":"2026-10-18T18:10:37.571338Z","level":"WARN","fields":{"message":"no env var set or infered for OTEL_EXPORTER_OTLP_TRACES_PROTOCOL or OTEL_EXPORTER_OTLP_PROTOCOL; no span exporter will be created"},"target":"init_tracing_opentelemetry::otlp::traces","filename":"/opt/rustwide/cargo-home/registry/src/index.crates.io-1949cf8c6b5b557f/init-tracing-opentelemetry-0.43.0/src/otlp/traces.rs"}
[INFO] [stdout] {"timestamp":"2026-10-18T18:10:37.571638Z","level":"INFO","fields":{"message":"init logging & tracing"},"target":"init_tracing_opentelemetry::config","filename":"/opt/rustwide/cargo-home/registry/src/index.crates.io-1949cf8c6b5b557f/init-tracing-opentelemetry-0.43.0/src/config.rs"}
[INFO] [stdout] {"timestamp":"2026-10-18T18:10:37.571715Z","level":"WARN","fields":{"message":"no env var set or infered for OTEL_EXPORTER_OTLP_TRACES_PROTOCOL or OTEL_EXPORTER_OTLP_PROTOCOL; no span exporter will be created"},"target":"init_tracing_opentelemetry::otlp::traces","filename":"/opt/rustwide/cargo-home/registry/src/index.crates.io-1949cf8c6b5b557f/init-tracing-opentelemetry-0.43.0/src/otlp/traces.rs"}
[INFO] [stdout] {"timestamp":"2026-10-18T18:10:37.572287Z","level":"INFO","fields":{"message":"init logging & tracing"},"target":"init_tracing_opentelemetry::config","filename":"/opt/rustwide/cargo-home/registry/src/index.crates.io-1949cf8c6b5b557f/init-tracing-opentelemetry-0.43.0/src/config.rs"}
[INFO] [stdout] {"timestamp":"2026-10-18T18:10:37.572366Z","level":"WARN","fields":{"message":"no env var set or infered for OTEL_EXPORTER_OTLP_TRACES_PROTOCOL or OTEL_EXPORTER_OTLP_PROTOCOL; no span exporter will be created"},"target":"init_tracing_opentelemetry::otlp::traces","filename":"/opt/rustwide/cargo-home/registry/src/index.crates.io-1949cf8c6b5b557f/init-tracing-opentelemetry-0.43.0/src/otlp/traces.rs"}
[INFO] [stdout] {"timestamp":"2026-10-18T18:10:37.575237Z","level":"INFO","fields":{"message":"init logging & tracing"},"target":"init_tracing_opentelemetry::config","filename":"/opt/rustwide/cargo-home/registry/src/index.crates.io-1949cf8c6b5b557f/init-tracing-opentelemetry-0.43.0/src/config.rs"}
[INFO] [stdout] {"timestamp":"2026-10-18T18:10:37.575325Z","level":"WARN","fields":{"message":"no env var set or infered for OTEL_EXPORTER_OTLP_TRACES_PROTOCOL or OTEL_EXPORTER_OTLP_PROTOCOL; no span exporter will be created"},"target":"init_tracing_opentelemetry::otlp::traces","filename":"/opt/rustwide/cargo-home/registry/src/index.crates.io-1949cf8c6b5b557f/init-tracing-opentelemetry-0.43.0/src/otlp/traces.rs"}
[INFO] [stdout] {"timestamp":"2026-10-18T18:10:37.575316Z","level":"INFO","fields":{"message":"init logging & tracing"},"target":"init_tracing_opentelemetry::config","filename":"/opt/rustwide/cargo-home/registry/src/index.crates.io-1949cf8c6b5b557f/init-tracing-opentelemetry-0.43.0/src/config.rs"}
[INFO] [stdout] {"timestamp":"2026-10-18T18:10:37.575427Z","level":"WARN","fields":{"message":"no env var set or infered for OTEL_EXPORTER_OTLP_TRACES_PROTOCOL or OTEL_EXPORTER_OTLP_PROTOCOL; no span exporter will be created"},"target":"init_tracing_opentelemetry::otlp::traces","filename":"/opt/rustwide/cargo-home/registry/src/index.crates.io-1949cf8c6b5b557f/init-tracing-opentelemetry-0.43.0/src/otlp/traces.rs"}
[INFO] [stdout] test amqp::extensions::test::test_field_table ... ok
[INFO] [stdout] test amqp::test::test_delivery_limit ... FAILED
[INFO] [stdout] test amqp::extensions::test::test_field_table_quorum ... FAILED
[INFO] [stdout] test amqp::connection::test::test_reconnect ... FAILED
[INFO] [stdout] test amqp::test::test_publish_action_with_consume_next ... FAILED
[INFO] [stdout] test amqp::test::test_simple_handler_graceful_shutdown ... FAILED
[INFO] [stdout] test amqp::test::test_manual_ack_handler ... FAILED
[INFO] [stdout] test amqp::test::test_decode_error_nacks_without_requeue ... FAILED
[INFO] [stdout] test amqp::test::test_reply_to_handler ... FAILED
[INFO] [stdout] test amqp::test::test_consumer_reconnect ... FAILED
[INFO] [stdout] test amqp::test::test_delivery_context_fields ... FAILED
[INFO] [stdout] test amqp::test::test_simple_handler ... FAILED
[INFO] [stdout] 
[INFO] [stdout] failures:
[INFO] [stdout] 
[INFO] [stdout] ---- amqp::test::test_delivery_limit stdout ----
[INFO] [stdout] 
[INFO] [stdout] thread 'amqp::test::test_delivery_limit' (4857) panicked at src/amqp/connection.rs:268:18:
[INFO] [stdout] called `Result::unwrap()` on an `Err` value: SetGlobalDefaultError(SetGlobalDefaultError("a global default trace dispatcher has already been set"))
[INFO] [stdout] stack backtrace:
[INFO] [stdout]    0:     0x58240cabb591 - <<std[70759c8f55707aa4]::sys::backtrace::BacktraceLock>::print::DisplayBacktrace as core[df12db4294e9bfd3]::fmt::Display>::fmt
[INFO] [stdout]    1:     0x58240cad5a5a - core[df12db4294e9bfd3]::fmt::write
[INFO] [stdout]    2:     0x58240cac11cc - <alloc[2182bb758b4b3781]::vec::Vec<u8> as core[df12db4294e9bfd3]::io::write::Write>::write_fmt
[INFO] [stdout]    3:     0x58240ca943c6 - std[70759c8f55707aa4]::panicking::default_hook::{closure#0}
[INFO] [stdout]    4:     0x58240cab21b9 - std[70759c8f55707aa4]::panicking::default_hook
[INFO] [stdout]    5:     0x58240c5152a0 - test[9d35eded1c95d3be]::test_main_inner::<test[9d35eded1c95d3be]::test_main_static::{closure#0}>::{closure#0}
[INFO] [stdout]    6:     0x58240cab24e2 - std[70759c8f55707aa4]::panicking::panic_with_hook
[INFO] [stdout]    7:     0x58240ca94472 - std[70759c8f55707aa4]::panicking::panic_handler::{closure#0}
[INFO] [stdout]    8:     0x58240ca8c959 - std[70759c8f55707aa4]::sys::backtrace::__rust_end_short_backtrace::<std[70759c8f55707aa4]::panicking::panic_handler::{closure#0}, !>
[INFO] [stdout]    9:     0x58240ca9536d - __rustc[8fa7c3cbc660c2b3]::rust_begin_unwind
[INFO] [stdout]   10:     0x58240cad623c - core[df12db4294e9bfd3]::panicking::panic_fmt
[INFO] [stdout]   11:     0x58240cad6012 - core[df12db4294e9bfd3]::result::unwrap_failed
[INFO] [stdout]   12:     0x58240c03b67d - <streameroo[30a2b3aa2e593ec2]::amqp::connection::amqp_test::AMQPTest as test_context[9c366c3e97bdb743]::AsyncTestContext>::setup::{closure#0}
[INFO] [stdout]   13:     0x58240c0342d9 - streameroo[30a2b3aa2e593ec2]::amqp::test::test_delivery_limit::{closure#0}
[INFO] [stdout]   14:     0x58240c08aaa8 - <tokio[2604c6163e3f7496]::runtime::scheduler::current_thread::Context>::enter::<core[df12db4294e9bfd3]::task::poll::Poll<core[df12db4294e9bfd3]::result::Result<(), anyhow[73d10dc6d8fb35f]::Error>>, <tokio[2604c6163e3f7496]::runtime::scheduler::current_thread::CoreGuard>::block_on<core[df12db4294e9bfd3]::pin::Pin<&mut core[df12db4294e9bfd3]::pin::Pin<&mut dyn core[df12db4294e9bfd3]::future::future::Future<Output = core[df12db4294e9bfd3]::result::Result<(), anyhow[73d10dc6d8fb35f]::Error>>>>>::{closure#0}::{closure#0}>
[INFO] [stdout]   15:     0x58240c1040ff - <std[70759c8f55707aa4]::thread::local::LocalKey<tokio[2604c6163e3f7496]::runtime::context::Context>>::with::<tokio[2604c6163e3f7496]::runtime::context::set_scheduler<(alloc[2182bb758b4b3781]::boxed::Box<tokio[2604c6163e3f7496]::runtime::scheduler::current_thread::Core>, core[df12db4294e9bfd3]::option::Option<core[df12db4294e9bfd3]::result::Result<(), anyhow[73d10dc6d8fb35f]::Error>>), <tokio[2604c6163e3f7496]::runtime::scheduler::current_thread::CoreGuard>::enter<<tokio[2604c6163e3f7496]::runtime::scheduler::current_thread::CoreGuard>::block_on<core[df12db4294e9bfd3]::pin::Pin<&mut core[df12db4294e9bfd3]::pin::Pin<&mut dyn core[df12db4294e9bfd3]::future::future::Future<Output = core[df12db4294e9bfd3]::result::Result<(), anyhow[73d10dc6d8fb35f]::Error>>>>>::{closure#0}, core[df12db4294e9bfd3]::option::Option<core[df12db4294e9bfd3]::result::Result<(), anyhow[73d10dc6d8fb35f]::Error>>>::{closure#0}>::{closure#0}, (alloc[2182bb758b4b3781]::boxed::Box<tokio[2604c6163e3f7496]::runtime::scheduler::current_thread::Core>, core[df12db4294e9bfd3]::option::Option<core[df12db4294e9bfd3]::result::Result<(), anyhow[73d10dc6d8fb35f]::Error>>)>
[INFO] [stdout]   16:     0x58240c08a6f1 - <tokio[2604c6163e3f7496]::runtime::scheduler::current_thread::CurrentThread>::block_on::<core[df12db4294e9bfd3]::pin::Pin<&mut dyn core[df12db4294e9bfd3]::future::future::Future<Output = core[df12db4294e9bfd3]::result::Result<(), anyhow[73d10dc6d8fb35f]::Error>>>>
[INFO] [stdout]   17:     0x58240c0ad6c2 - <tokio[2604c6163e3f7496]::runtime::runtime::Runtime>::block_on_inner::<core[df12db4294e9bfd3]::pin::Pin<&mut dyn core[df12db4294e9bfd3]::future::future::Future<Output = core[df12db4294e9bfd3]::result::Result<(), anyhow[73d10dc6d8fb35f]::Error>>>>
[INFO] [stdout]   18:     0x58240c03bcfa - streameroo[30a2b3aa2e593ec2]::amqp::test::test_delivery_limit
[INFO] [stdout]   19:     0x58240c127eef - <streameroo[30a2b3aa2e593ec2]::amqp::test::test_delivery_limit::{closure#0} as core[df12db4294e9bfd3]::ops::function::FnOnce<()>>::call_once
[INFO] [stdout]   20:     0x58240c50858b - test[9d35eded1c95d3be]::__rust_begin_short_backtrace::<core[df12db4294e9bfd3]::result::Result<(), alloc[2182bb758b4b3781]::string::String>, fn() -> core[df12db4294e9bfd3]::result::Result<(), alloc[2182bb758b4b3781]::string::String>>
[INFO] [stdout]   21:     0x58240c515bf5 - test[9d35eded1c95d3be]::run_test::{closure#0}
[INFO] [stdout]   22:     0x58240c50f4b4 - std[70759c8f55707aa4]::sys::backtrace::__rust_begin_short_backtrace::<test[9d35eded1c95d3be]::run_test::{closure#1}, ()>
[INFO] [stdout]   23:     0x58240c518d52 - <std[70759c8f55707aa4]::thread::lifecycle::spawn_unchecked<test[9d35eded1c95d3be]::run_test::{closure#1}, ()>::{closure#1} as core[df12db4294e9bfd3]::ops::function::FnOnce<()>>::call_once::{shim:vtable#0}
[INFO] [stdout]   24:     0x58240caba429 - <std[70759c8f55707aa4]::sys::thread::unix::Thread>::new::thread_start
[INFO] [stdout]   25:     0x79f061bb8dfa - <unknown>
[INFO] [stdout]   26:     0x79f061c4c3d4 - clone
[INFO] [stdout]   27:                0x0 - <unknown>
[INFO] [stdout] 
[INFO] [stdout] ---- amqp::extensions::test::test_field_table_quorum stdout ----
[INFO] [stdout] 
[INFO] [stdout] thread 'amqp::extensions::test::test_field_table_quorum' (4853) panicked at src/amqp/connection.rs:268:18:
[INFO] [stdout] called `Result::unwrap()` on an `Err` value: SetGlobalDefaultError(SetGlobalDefaultError("a global default trace dispatcher has already been set"))
[INFO] [stdout] stack backtrace:
[INFO] [stdout]    0:     0x58240cabb591 - <<std[70759c8f55707aa4]::sys::backtrace::BacktraceLock>::print::DisplayBacktrace as core[df12db4294e9bfd3]::fmt::Display>::fmt
[INFO] [stdout]    1:     0x58240cad5a5a - core[df12db4294e9bfd3]::fmt::write
[INFO] [stdout]    2:     0x58240cac11cc - <alloc[2182bb758b4b3781]::vec::Vec<u8> as core[df12db4294e9bfd3]::io::write::Write>::write_fmt
[INFO] [stdout]    3:     0x58240ca943c6 - std[70759c8f55707aa4]::panicking::default_hook::{closure#0}
[INFO] [stdout]    4:     0x58240cab21b9 - std[70759c8f55707aa4]::panicking::default_hook
[INFO] [stdout]    5:     0x58240c5152a0 - test[9d35eded1c95d3be]::test_main_inner::<test[9d35eded1c95d3be]::test_main_static::{closure#0}>::{closure#0}
[INFO] [stdout]    6:     0x58240cab24e2 - std[70759c8f55707aa4]::panicking::panic_with_hook
[INFO] [stdout]    7:     0x58240ca94472 - std[70759c8f55707aa4]::panicking::panic_handler::{closure#0}
[INFO] [stdout]    8:     0x58240ca8c959 - std[70759c8f55707aa4]::sys::backtrace::__rust_end_short_backtrace::<std[70759c8f55707aa4]::panicking::panic_handler::{closure#0}, !>
[INFO] [stdout]    9:     0x58240ca9536d - __rustc[8fa7c3cbc660c2b3]::rust_begin_unwind
[INFO] [stdout]   10:     0x58240cad623c - core[df12db4294e9bfd3]::panicking::panic_fmt
[INFO] [stdout]   11:     0x58240cad6012 - core[df12db4294e9bfd3]::result::unwrap_failed
[INFO] [stdout]   12:     0x58240c165e2c - streameroo[30a2b3aa2e593ec2]::amqp::extensions::test::test_field_table_quorum::{closure#0}
[INFO] [stdout]   13:     0x58240c08aaa8 - <tokio[2604c6163e3f7496]::runtime::scheduler::current_thread::Context>::enter::<core[df12db4294e9bfd3]::task::poll::Poll<core[df12db4294e9bfd3]::result::Result<(), anyhow[73d10dc6d8fb35f]::Error>>, <tokio[2604c6163e3f7496]::runtime::scheduler::current_thread::CoreGuard>::block_on<core[df12db4294e9bfd3]::pin::Pin<&mut core[df12db4294e9bfd3]::pin::Pin<&mut dyn core[df12db4294e9bfd3]::future::future::Future<Output = core[df12db4294e9bfd3]::result::Result<(), anyhow[73d10dc6d8fb35f]::Error>>>>>::{closure#0}::{closure#0}>
[INFO] [stdout]   14:     0x58240c1040ff - <std[70759c8f55707aa4]::thread::local::LocalKey<tokio[2604c6163e3f7496]::runtime::context::Context>>::with::<tokio[2604c6163e3f7496]::runtime::context::set_scheduler<(alloc[2182bb758b4b3781]::boxed::Box<tokio[2604c6163e3f7496]::runtime::scheduler::current_thread::Core>, core[df12db4294e9bfd3]::option::Option<core[df12db4294e9bfd3]::result::Result<(), anyhow[73d10dc6d8fb35f]::Error>>), <tokio[2604c6163e3f7496]::runtime::scheduler::current_thread::CoreGuard>::enter<<tokio[2604c6163e3f7496]::runtime::scheduler::current_thread::CoreGuard>::block_on<core[df12db4294e9bfd3]::pin::Pin<&mut core[df12db4294e9bfd3]::pin::Pin<&mut dyn core[df12db4294e9bfd3]::future::future::Future<Output = core[df12db4294e9bfd3]::result::Result<(), anyhow[73d10dc6d8fb35f]::Error>>>>>::{closure#0}, core[df12db4294e9bfd3]::option::Option<core[df12db4294e9bfd3]::result::Result<(), anyhow[73d10dc6d8fb35f]::Error>>>::{closure#0}>::{closure#0}, (alloc[2182bb758b4b3781]::boxed::Box<tokio[2604c6163e3f7496]::runtime::scheduler::current_thread::Core>, core[df12db4294e9bfd3]::option::Option<core[df12db4294e9bfd3]::result::Result<(), anyhow[73d10dc6d8fb35f]::Error>>)>
[INFO] [stdout]   15:     0x58240c08a6f1 - <tokio[2604c6163e3f7496]::runtime::scheduler::current_thread::CurrentThread>::block_on::<core[df12db4294e9bfd3]::pin::Pin<&mut dyn core[df12db4294e9bfd3]::future::future::Future<Output = core[df12db4294e9bfd3]::result::Result<(), anyhow[73d10dc6d8fb35f]::Error>>>>
[INFO] [stdout]   16:     0x58240c0ad6c2 - <tokio[2604c6163e3f7496]::runtime::runtime::Runtime>::block_on_inner::<core[df12db4294e9bfd3]::pin::Pin<&mut dyn core[df12db4294e9bfd3]::future::future::Future<Output = core[df12db4294e9bfd3]::result::Result<(), anyhow[73d10dc6d8fb35f]::Error>>>>
[INFO] [stdout]   17:     0x58240c16a83a - streameroo[30a2b3aa2e593ec2]::amqp::extensions::test::test_field_table_quorum
[INFO] [stdout]   18:     0x58240c1285ef - <streameroo[30a2b3aa2e593ec2]::amqp::extensions::test::test_field_table_quorum::{closure#0} as core[df12db4294e9bfd3]::ops::function::FnOnce<()>>::call_once
[INFO] [stdout]   19:     0x58240c50858b - test[9d35eded1c95d3be]::__rust_begin_short_backtrace::<core[df12db4294e9bfd3]::result::Result<(), alloc[2182bb758b4b3781]::string::String>, fn() -> core[df12db4294e9bfd3]::result::Result<(), alloc[2182bb758b4b3781]::string::String>>
[INFO] [stdout]   20:     0x58240c515bf5 - test[9d35eded1c95d3be]::run_test::{closure#0}
[INFO] [stdout]   21:     0x58240c50f4b4 - std[70759c8f55707aa4]::sys::backtrace::__rust_begin_short_backtrace::<test[9d35eded1c95d3be]::run_test::{closure#1}, ()>
[INFO] [stdout]   22:     0x58240c518d52 - <std[70759c8f55707aa4]::thread::lifecycle::spawn_unchecked<test[9d35eded1c95d3be]::run_test::{closure#1}, ()>::{closure#1} as core[df12db4294e9bfd3]::ops::function::FnOnce<()>>::call_once::{shim:vtable#0}
[INFO] [stdout]   23:     0x58240caba429 - <std[70759c8f55707aa4]::sys::thread::unix::Thread>::new::thread_start
[INFO] [stdout]   24:     0x79f061bb8dfa - <unknown>
[INFO] [stdout]   25:     0x79f061c4c3d4 - clone
[INFO] [stdout]   26:                0x0 - <unknown>
[INFO] [stdout] 
[INFO] [stdout] ---- amqp::connection::test::test_reconnect stdout ----
[INFO] [stdout] 
[INFO] [stdout] thread 'amqp::connection::test::test_reconnect' (4851) panicked at /opt/rustwide/cargo-home/registry/src/index.crates.io-1949cf8c6b5b557f/tracing-subscriber-0.3.22/src/fmt/mod.rs:520:14:
[INFO] [stdout] Unable to install global subscriber: SetGlobalDefaultError("a global default trace dispatcher has already been set")
[INFO] [stdout] stack backtrace:
[INFO] [stdout]    0:     0x58240cabb591 - <<std[70759c8f55707aa4]::sys::backtrace::BacktraceLock>::print::DisplayBacktrace as core[df12db4294e9bfd3]::fmt::Display>::fmt
[INFO] [stdout]    1:     0x58240cad5a5a - core[df12db4294e9bfd3]::fmt::write
[INFO] [stdout]    2:     0x58240cac11cc - <alloc[2182bb758b4b3781]::vec::Vec<u8> as core[df12db4294e9bfd3]::io::write::Write>::write_fmt
[INFO] [stdout]    3:     0x58240ca943c6 - std[70759c8f55707aa4]::panicking::default_hook::{closure#0}
[INFO] [stdout]    4:     0x58240cab21b9 - std[70759c8f55707aa4]::panicking::default_hook
[INFO] [stdout]    5:     0x58240c5152a0 - test[9d35eded1c95d3be]::test_main_inner::<test[9d35eded1c95d3be]::test_main_static::{closure#0}>::{closure#0}
[INFO] [stdout]    6:     0x58240cab24e2 - std[70759c8f55707aa4]::panicking::panic_with_hook
[INFO] [stdout]    7:     0x58240ca94472 - std[70759c8f55707aa4]::panicking::panic_handler::{closure#0}
[INFO] [stdout]    8:     0x58240ca8c959 - std[70759c8f55707aa4]::sys::backtrace::__rust_end_short_backtrace::<std[70759c8f55707aa4]::panicking::panic_handler::{closure#0}, !>
[INFO] [stdout]    9:     0x58240ca9536d - __rustc[8fa7c3cbc660c2b3]::rust_begin_unwind
[INFO] [stdout]   10:     0x58240cad623c - core[df12db4294e9bfd3]::panicking::panic_fmt
[INFO] [stdout]   11:     0x58240cad6012 - core[df12db4294e9bfd3]::result::unwrap_failed
[INFO] [stdout]   12:     0x58240c113495 - <tracing_subscriber[c8233152b5a8c7f2]::fmt::SubscriberBuilder>::init
[INFO] [stdout]   13:     0x58240c1b0edf - streameroo[30a2b3aa2e593ec2]::amqp::connection::test::test_reconnect::{closure#0}
[INFO] [stdout]   14:     0x58240c08aaa8 - <tokio[2604c6163e3f7496]::runtime::scheduler::current_thread::Context>::enter::<core[df12db4294e9bfd3]::task::poll::Poll<core[df12db4294e9bfd3]::result::Result<(), anyhow[73d10dc6d8fb35f]::Error>>, <tokio[2604c6163e3f7496]::runtime::scheduler::current_thread::CoreGuard>::block_on<core[df12db4294e9bfd3]::pin::Pin<&mut core[df12db4294e9bfd3]::pin::Pin<&mut dyn core[df12db4294e9bfd3]::future::future::Future<Output = core[df12db4294e9bfd3]::result::Result<(), anyhow[73d10dc6d8fb35f]::Error>>>>>::{closure#0}::{closure#0}>
[INFO] [stdout]   15:     0x58240c1040ff - <std[70759c8f55707aa4]::thread::local::LocalKey<tokio[2604c6163e3f7496]::runtime::context::Context>>::with::<tokio[2604c6163e3f7496]::runtime::context::set_scheduler<(alloc[2182bb758b4b3781]::boxed::Box<tokio[2604c6163e3f7496]::runtime::scheduler::current_thread::Core>, core[df12db4294e9bfd3]::option::Option<core[df12db4294e9bfd3]::result::Result<(), anyhow[73d10dc6d8fb35f]::Error>>), <tokio[2604c6163e3f7496]::runtime::scheduler::current_thread::CoreGuard>::enter<<tokio[2604c6163e3f7496]::runtime::scheduler::current_thread::CoreGuard>::block_on<core[df12db4294e9bfd3]::pin::Pin<&mut core[df12db4294e9bfd3]::pin::Pin<&mut dyn core[df12db4294e9bfd3]::future::future::Future<Output = core[df12db4294e9bfd3]::result::Result<(), anyhow[73d10dc6d8fb35f]::Error>>>>>::{closure#0}, core[df12db4294e9bfd3]::option::Option<core[df12db4294e9bfd3]::result::Result<(), anyhow[73d10dc6d8fb35f]::Error>>>::{closure#0}>::{closure#0}, (alloc[2182bb758b4b3781]::boxed::Box<tokio[2604c6163e3f7496]::runtime::scheduler::current_thread::Core>, core[df12db4294e9bfd3]::option::Option<core[df12db4294e9bfd3]::result::Result<(), anyhow[73d10dc6d8fb35f]::Error>>)>
[INFO] [stdout]   16:     0x58240c08a6f1 - <tokio[2604c6163e3f7496]::runtime::scheduler::current_thread::CurrentThread>::block_on::<core[df12db4294e9bfd3]::pin::Pin<&mut dyn core[df12db4294e9bfd3]::future::future::Future<Output = core[df12db4294e9bfd3]::result::Result<(), anyhow[73d10dc6d8fb35f]::Error>>>>
[INFO] [stdout]   17:     0x58240c0ad6c2 - <tokio[2604c6163e3f7496]::runtime::runtime::Runtime>::block_on_inner::<core[df12db4294e9bfd3]::pin::Pin<&mut dyn core[df12db4294e9bfd3]::future::future::Future<Output = core[df12db4294e9bfd3]::result::Result<(), anyhow[73d10dc6d8fb35f]::Error>>>>
[INFO] [stdout]   18:     0x58240c1b8093 - streameroo[30a2b3aa2e593ec2]::amqp::connection::test::test_reconnect
[INFO] [stdout]   19:     0x58240c12851f - <streameroo[30a2b3aa2e593ec2]::amqp::connection::test::test_reconnect::{closure#0} as core[df12db4294e9bfd3]::ops::function::FnOnce<()>>::call_once
[INFO] [stdout]   20:     0x58240c50858b - test[9d35eded1c95d3be]::__rust_begin_short_backtrace::<core[df12db4294e9bfd3]::result::Result<(), alloc[2182bb758b4b3781]::string::String>, fn() -> core[df12db4294e9bfd3]::result::Result<(), alloc[2182bb758b4b3781]::string::String>>
[INFO] [stdout]   21:     0x58240c515bf5 - test[9d35eded1c95d3be]::run_test::{closure#0}
[INFO] [stdout]   22:     0x58240c50f4b4 - std[70759c8f55707aa4]::sys::backtrace::__rust_begin_short_backtrace::<test[9d35eded1c95d3be]::run_test::{closure#1}, ()>
[INFO] [stdout]   23:     0x58240c518d52 - <std[70759c8f55707aa4]::thread::lifecycle::spawn_unchecked<test[9d35eded1c95d3be]::run_test::{closure#1}, ()>::{closure#1} as core[df12db4294e9bfd3]::ops::function::FnOnce<()>>::call_once::{shim:vtable#0}
[INFO] [stdout]   24:     0x58240caba429 - <std[70759c8f55707aa4]::sys::thread::unix::Thread>::new::thread_start
[INFO] [stdout]   25:     0x79f061bb8dfa - <unknown>
[INFO] [stdout]   26:     0x79f061c4c3d4 - clone
[INFO] [stdout]   27:                0x0 - <unknown>
[INFO] [stdout] 
[INFO] [stdout] ---- amqp::test::test_publish_action_with_consume_next stdout ----
[INFO] [stdout] 
[INFO] [stdout] thread 'amqp::test::test_publish_action_with_consume_next' (4859) panicked at src/amqp/connection.rs:268:18:
[INFO] [stdout] called `Result::unwrap()` on an `Err` value: SetGlobalDefaultError(SetGlobalDefaultError("a global default trace dispatcher has already been set"))
[INFO] [stdout] stack backtrace:
[INFO] [stdout]    0:     0x58240cabb591 - <<std[70759c8f55707aa4]::sys::backtrace::BacktraceLock>::print::DisplayBacktrace as core[df12db4294e9bfd3]::fmt::Display>::fmt
[INFO] [stdout]    1:     0x58240cad5a5a - core[df12db4294e9bfd3]::fmt::write
[INFO] [stdout]    2:     0x58240cac11cc - <alloc[2182bb758b4b3781]::vec::Vec<u8> as core[df12db4294e9bfd3]::io::write::Write>::write_fmt
[INFO] [stdout]    3:     0x58240ca943c6 - std[70759c8f55707aa4]::panicking::default_hook::{closure#0}
[INFO] [stdout]    4:     0x58240cab21b9 - std[70759c8f55707aa4]::panicking::default_hook
[INFO] [stdout]    5:     0x58240c5152a0 - test[9d35eded1c95d3be]::test_main_inner::<test[9d35eded1c95d3be]::test_main_static::{closure#0}>::{closure#0}
[INFO] [stdout]    6:     0x58240cab24e2 - std[70759c8f55707aa4]::panicking::panic_with_hook
[INFO] [stdout]    7:     0x58240ca94472 - std[70759c8f55707aa4]::panicking::panic_handler::{closure#0}
[INFO] [stdout]    8:     0x58240ca8c959 - std[70759c8f55707aa4]::sys::backtrace::__rust_end_short_backtrace::<std[70759c8f55707aa4]::panicking::panic_handler::{closure#0}, !>
[INFO] [stdout]    9:     0x58240ca9536d - __rustc[8fa7c3cbc660c2b3]::rust_begin_unwind
[INFO] [stdout]   10:     0x58240cad623c - core[df12db4294e9bfd3]::panicking::panic_fmt
[INFO] [stdout]   11:     0x58240cad6012 - core[df12db4294e9bfd3]::result::unwrap_failed
[INFO] [stdout]   12:     0x58240c03b67d - <streameroo[30a2b3aa2e593ec2]::amqp::connection::amqp_test::AMQPTest as test_context[9c366c3e97bdb743]::AsyncTestContext>::setup::{closure#0}
[INFO] [stdout]   13:     0x58240c039cf9 - streameroo[30a2b3aa2e593ec2]::amqp::test::test_publish_action_with_consume_next::{closure#0}
[INFO] [stdout]   14:     0x58240c08aaa8 - <tokio[2604c6163e3f7496]::runtime::scheduler::current_thread::Context>::enter::<core[df12db4294e9bfd3]::task::poll::Poll<core[df12db4294e9bfd3]::result::Result<(), anyhow[73d10dc6d8fb35f]::Error>>, <tokio[2604c6163e3f7496]::runtime::scheduler::current_thread::CoreGuard>::block_on<core[df12db4294e9bfd3]::pin::Pin<&mut core[df12db4294e9bfd3]::pin::Pin<&mut dyn core[df12db4294e9bfd3]::future::future::Future<Output = core[df12db4294e9bfd3]::result::Result<(), anyhow[73d10dc6d8fb35f]::Error>>>>>::{closure#0}::{closure#0}>
[INFO] [stdout]   15:     0x58240c1040ff - <std[70759c8f55707aa4]::thread::local::LocalKey<tokio[2604c6163e3f7496]::runtime::context::Context>>::with::<tokio[2604c6163e3f7496]::runtime::context::set_scheduler<(alloc[2182bb758b4b3781]::boxed::Box<tokio[2604c6163e3f7496]::runtime::scheduler::current_thread::Core>, core[df12db4294e9bfd3]::option::Option<core[df12db4294e9bfd3]::result::Result<(), anyhow[73d10dc6d8fb35f]::Error>>), <tokio[2604c6163e3f7496]::runtime::scheduler::current_thread::CoreGuard>::enter<<tokio[2604c6163e3f7496]::runtime::scheduler::current_thread::CoreGuard>::block_on<core[df12db4294e9bfd3]::pin::Pin<&mut core[df12db4294e9bfd3]::pin::Pin<&mut dyn core[df12db4294e9bfd3]::future::future::Future<Output = core[df12db4294e9bfd3]::result::Result<(), anyhow[73d10dc6d8fb35f]::Error>>>>>::{closure#0}, core[df12db4294e9bfd3]::option::Option<core[df12db4294e9bfd3]::result::Result<(), anyhow[73d10dc6d8fb35f]::Error>>>::{closure#0}>::{closure#0}, (alloc[2182bb758b4b3781]::boxed::Box<tokio[2604c6163e3f7496]::runtime::scheduler::current_thread::Core>, core[df12db4294e9bfd3]::option::Option<core[df12db4294e9bfd3]::result::Result<(), anyhow[73d10dc6d8fb35f]::Error>>)>
[INFO] [stdout]   16:     0x58240c08a6f1 - <tokio[2604c6163e3f7496]::runtime::scheduler::current_thread::CurrentThread>::block_on::<core[df12db4294e9bfd3]::pin::Pin<&mut dyn core[df12db4294e9bfd3]::future::future::Future<Output = core[df12db4294e9bfd3]::result::Result<(), anyhow[73d10dc6d8fb35f]::Error>>>>
[INFO] [stdout]   17:     0x58240c0ad6c2 - <tokio[2604c6163e3f7496]::runtime::runtime::Runtime>::block_on_inner::<core[df12db4294e9bfd3]::pin::Pin<&mut dyn core[df12db4294e9bfd3]::future::future::Future<Output = core[df12db4294e9bfd3]::result::Result<(), anyhow[73d10dc6d8fb35f]::Error>>>>
[INFO] [stdout]   18:     0x58240c03c52a - streameroo[30a2b3aa2e593ec2]::amqp::test::test_publish_action_with_consume_next
[INFO] [stdout]   19:     0x58240c12830f - <streameroo[30a2b3aa2e593ec2]::amqp::test::test_publish_action_with_consume_next::{closure#0} as core[df12db4294e9bfd3]::ops::function::FnOnce<()>>::call_once
[INFO] [stdout]   20:     0x58240c50858b - test[9d35eded1c95d3be]::__rust_begin_short_backtrace::<core[df12db4294e9bfd3]::result::Result<(), alloc[2182bb758b4b3781]::string::String>, fn() -> core[df12db4294e9bfd3]::result::Result<(), alloc[2182bb758b4b3781]::string::String>>
[INFO] [stdout]   21:     0x58240c515bf5 - test[9d35eded1c95d3be]::run_test::{closure#0}
[INFO] [stdout]   22:     0x58240c50f4b4 - std[70759c8f55707aa4]::sys::backtrace::__rust_begin_short_backtrace::<test[9d35eded1c95d3be]::run_test::{closure#1}, ()>
[INFO] [stdout]   23:     0x58240c518d52 - <std[70759c8f55707aa4]::thread::lifecycle::spawn_unchecked<test[9d35eded1c95d3be]::run_test::{closure#1}, ()>::{closure#1} as core[df12db4294e9bfd3]::ops::function::FnOnce<()>>::call_once::{shim:vtable#0}
[INFO] [stdout]   24:     0x58240caba429 - <std[70759c8f55707aa4]::sys::thread::unix::Thread>::new::thread_start
[INFO] [stdout]   25:     0x79f061bb8dfa - <unknown>
[INFO] [stdout]   26:     0x79f061c4c3d4 - clone
[INFO] [stdout]   27:                0x0 - <unknown>
[INFO] [stdout] 
[INFO] [stdout] ---- amqp::test::test_simple_handler_graceful_shutdown stdout ----
[INFO] [stdout] 
[INFO] [stdout] thread 'amqp::test::test_simple_handler_graceful_shutdown' (4863) panicked at src/amqp/connection.rs:268:18:
[INFO] [stdout] called `Result::unwrap()` on an `Err` value: SetGlobalDefaultError(SetGlobalDefaultError("a global default trace dispatcher has already been set"))
[INFO] [stdout] stack backtrace:
[INFO] [stdout]    0:     0x58240cabb591 - <<std[70759c8f55707aa4]::sys::backtrace::BacktraceLock>::print::DisplayBacktrace as core[df12db4294e9bfd3]::fmt::Display>::fmt
[INFO] [stdout]    1:     0x58240cad5a5a - core[df12db4294e9bfd3]::fmt::write
[INFO] [stdout]    2:     0x58240cac11cc - <alloc[2182bb758b4b3781]::vec::Vec<u8> as core[df12db4294e9bfd3]::io::write::Write>::write_fmt
[INFO] [stdout]    3:     0x58240ca943c6 - std[70759c8f55707aa4]::panicking::default_hook::{closure#0}
[INFO] [stdout]    4:     0x58240cab21b9 - std[70759c8f55707aa4]::panicking::default_hook
[INFO] [stdout]    5:     0x58240c5152a0 - test[9d35eded1c95d3be]::test_main_inner::<test[9d35eded1c95d3be]::test_main_static::{closure#0}>::{closure#0}
[INFO] [stdout]    6:     0x58240cab24e2 - std[70759c8f55707aa4]::panicking::panic_with_hook
[INFO] [stdout]    7:     0x58240ca94472 - std[70759c8f55707aa4]::panicking::panic_handler::{closure#0}
[INFO] [stdout]    8:     0x58240ca8c959 - std[70759c8f55707aa4]::sys::backtrace::__rust_end_short_backtrace::<std[70759c8f55707aa4]::panicking::panic_handler::{closure#0}, !>
[INFO] [stdout]    9:     0x58240ca9536d - __rustc[8fa7c3cbc660c2b3]::rust_begin_unwind
[INFO] [stdout]   10:     0x58240cad623c - core[df12db4294e9bfd3]::panicking::panic_fmt
[INFO] [stdout]   11:     0x58240cad6012 - core[df12db4294e9bfd3]::result::unwrap_failed
[INFO] [stdout]   12:     0x58240c03b67d - <streameroo[30a2b3aa2e593ec2]::amqp::connection::amqp_test::AMQPTest as test_context[9c366c3e97bdb743]::AsyncTestContext>::setup::{closure#0}
[INFO] [stdout]   13:     0x58240c039f49 - streameroo[30a2b3aa2e593ec2]::amqp::test::test_simple_handler_graceful_shutdown::{closure#0}
[INFO] [stdout]   14:     0x58240c08aaa8 - <tokio[2604c6163e3f7496]::runtime::scheduler::current_thread::Context>::enter::<core[df12db4294e9bfd3]::task::poll::Poll<core[df12db4294e9bfd3]::result::Result<(), anyhow[73d10dc6d8fb35f]::Error>>, <tokio[2604c6163e3f7496]::runtime::scheduler::current_thread::CoreGuard>::block_on<core[df12db4294e9bfd3]::pin::Pin<&mut core[df12db4294e9bfd3]::pin::Pin<&mut dyn core[df12db4294e9bfd3]::future::future::Future<Output = core[df12db4294e9bfd3]::result::Result<(), anyhow[73d10dc6d8fb35f]::Error>>>>>::{closure#0}::{closure#0}>
[INFO] [stdout]   15:     0x58240c1040ff - <std[70759c8f55707aa4]::thread::local::LocalKey<tokio[2604c6163e3f7496]::runtime::context::Context>>::with::<tokio[2604c6163e3f7496]::runtime::context::set_scheduler<(alloc[2182bb758b4b3781]::boxed::Box<tokio[2604c6163e3f7496]::runtime::scheduler::current_thread::Core>, core[df12db4294e9bfd3]::option::Option<core[df12db4294e9bfd3]::result::Result<(), anyhow[73d10dc6d8fb35f]::Error>>), <tokio[2604c6163e3f7496]::runtime::scheduler::current_thread::CoreGuard>::enter<<tokio[2604c6163e3f7496]::runtime::scheduler::current_thread::CoreGuard>::block_on<core[df12db4294e9bfd3]::pin::Pin<&mut core[df12db4294e9bfd3]::pin::Pin<&mut dyn core[df12db4294e9bfd3]::future::future::Future<Output = core[df12db4294e9bfd3]::result::Result<(), anyhow[73d10dc6d8fb35f]::Error>>>>>::{closure#0}, core[df12db4294e9bfd3]::option::Option<core[df12db4294e9bfd3]::result::Result<(), anyhow[73d10dc6d8fb35f]::Error>>>::{closure#0}>::{closure#0}, (alloc[2182bb758b4b3781]::boxed::Box<tokio[2604c6163e3f7496]::runtime::scheduler::current_thread::Core>, core[df12db4294e9bfd3]::option::Option<core[df12db4294e9bfd3]::result::Result<(), anyhow[73d10dc6d8fb35f]::Error>>)>
[INFO] [stdout]   16:     0x58240c08a6f1 - <tokio[2604c6163e3f7496]::runtime::scheduler::current_thread::CurrentThread>::block_on::<core[df12db4294e9bfd3]::pin::Pin<&mut dyn core[df12db4294e9bfd3]::future::future::Future<Output = core[df12db4294e9bfd3]::result::Result<(), anyhow[73d10dc6d8fb35f]::Error>>>>
[INFO] [stdout]   17:     0x58240c0ad6c2 - <tokio[2604c6163e3f7496]::runtime::runtime::Runtime>::block_on_inner::<core[df12db4294e9bfd3]::pin::Pin<&mut dyn core[df12db4294e9bfd3]::future::future::Future<Output = core[df12db4294e9bfd3]::result::Result<(), anyhow[73d10dc6d8fb35f]::Error>>>>
[INFO] [stdout]   18:     0x58240c03c68a - streameroo[30a2b3aa2e593ec2]::amqp::test::test_simple_handler_graceful_shutdown
[INFO] [stdout]   19:     0x58240c1283bf - <streameroo[30a2b3aa2e593ec2]::amqp::test::test_simple_handler_graceful_shutdown::{closure#0} as core[df12db4294e9bfd3]::ops::function::FnOnce<()>>::call_once
[INFO] [stdout]   20:     0x58240c50858b - test[9d35eded1c95d3be]::__rust_begin_short_backtrace::<core[df12db4294e9bfd3]::result::Result<(), alloc[2182bb758b4b3781]::string::String>, fn() -> core[df12db4294e9bfd3]::result::Result<(), alloc[2182bb758b4b3781]::string::String>>
[INFO] [stdout]   21:     0x58240c515bf5 - test[9d35eded1c95d3be]::run_test::{closure#0}
[INFO] [stdout]   22:     0x58240c50f4b4 - std[70759c8f55707aa4]::sys::backtrace::__rust_begin_short_backtrace::<test[9d35eded1c95d3be]::run_test::{closure#1}, ()>
[INFO] [stdout]   23:     0x58240c518d52 - <std[70759c8f55707aa4]::thread::lifecycle::spawn_unchecked<test[9d35eded1c95d3be]::run_test::{closure#1}, ()>::{closure#1} as core[df12db4294e9bfd3]::ops::function::FnOnce<()>>::call_once::{shim:vtable#0}
[INFO] [stdout]   24:     0x58240caba429 - <std[70759c8f55707aa4]::sys::thread::unix::Thread>::new::thread_start
[INFO] [stdout]   25:     0x79f061bb8dfa - <unknown>
[INFO] [stdout]   26:     0x79f061c4c3d4 - clone
[INFO] [stdout]   27:                0x0 - <unknown>
[INFO] [stdout] 
[INFO] [stdout] ---- amqp::test::test_manual_ack_handler stdout ----
[INFO] [stdout] 
[INFO] [stdout] thread 'amqp::test::test_manual_ack_handler' (4858) panicked at src/amqp/connection.rs:255:47:
[INFO] [stdout] called `Result::unwrap()` on an `Err` value: Client(Init(SocketNotFoundError("/var/run/docker.sock")))
[INFO] [stdout] stack backtrace:
[INFO] [stdout]    0:     0x58240cabb591 - <<std[70759c8f55707aa4]::sys::backtrace::BacktraceLock>::print::DisplayBacktrace as core[df12db4294e9bfd3]::fmt::Display>::fmt
[INFO] [stdout]    1:     0x58240cad5a5a - core[df12db4294e9bfd3]::fmt::write
[INFO] [stdout]    2:     0x58240cac11cc - <alloc[2182bb758b4b3781]::vec::Vec<u8> as core[df12db4294e9bfd3]::io::write::Write>::write_fmt
[INFO] [stdout]    3:     0x58240ca943c6 - std[70759c8f55707aa4]::panicking::default_hook::{closure#0}
[INFO] [stdout]    4:     0x58240cab21b9 - std[70759c8f55707aa4]::panicking::default_hook
[INFO] [stdout]    5:     0x58240c5152a0 - test[9d35eded1c95d3be]::test_main_inner::<test[9d35eded1c95d3be]::test_main_static::{closure#0}>::{closure#0}
[INFO] [stdout]    6:     0x58240cab24e2 - std[70759c8f55707aa4]::panicking::panic_with_hook
[INFO] [stdout]    7:     0x58240ca94472 - std[70759c8f55707aa4]::panicking::panic_handler::{closure#0}
[INFO] [stdout]    8:     0x58240ca8c959 - std[70759c8f55707aa4]::sys::backtrace::__rust_end_short_backtrace::<std[70759c8f55707aa4]::panicking::panic_handler::{closure#0}, !>
[INFO] [stdout]    9:     0x58240ca9536d - __rustc[8fa7c3cbc660c2b3]::rust_begin_unwind
[INFO] [stdout]   10:     0x58240cad623c - core[df12db4294e9bfd3]::panicking::panic_fmt
[INFO] [stdout]   11:     0x58240cad6012 - core[df12db4294e9bfd3]::result::unwrap_failed
[INFO] [stdout]   12:     0x58240c03b132 - streameroo[30a2b3aa2e593ec2]::amqp::connection::amqp_test::start_rabbitmq_with_port::{closure#0}
[INFO] [stdout]   13:     0x58240c03b500 - <streameroo[30a2b3aa2e593ec2]::amqp::connection::amqp_test::AMQPTest as test_context[9c366c3e97bdb743]::AsyncTestContext>::setup::{closure#0}
[INFO] [stdout]   14:     0x58240c039859 - streameroo[30a2b3aa2e593ec2]::amqp::test::test_manual_ack_handler::{closure#0}
[INFO] [stdout]   15:     0x58240c08aaa8 - <tokio[2604c6163e3f7496]::runtime::scheduler::current_thread::Context>::enter::<core[df12db4294e9bfd3]::task::poll::Poll<core[df12db4294e9bfd3]::result::Result<(), anyhow[73d10dc6d8fb35f]::Error>>, <tokio[2604c6163e3f7496]::runtime::scheduler::current_thread::CoreGuard>::block_on<core[df12db4294e9bfd3]::pin::Pin<&mut core[df12db4294e9bfd3]::pin::Pin<&mut dyn core[df12db4294e9bfd3]::future::future::Future<Output = core[df12db4294e9bfd3]::result::Result<(), anyhow[73d10dc6d8fb35f]::Error>>>>>::{closure#0}::{closure#0}>
[INFO] [stdout]   16:     0x58240c1040ff - <std[70759c8f55707aa4]::thread::local::LocalKey<tokio[2604c6163e3f7496]::runtime::context::Context>>::with::<tokio[2604c6163e3f7496]::runtime::context::set_scheduler<(alloc[2182bb758b4b3781]::boxed::Box<tokio[2604c6163e3f7496]::runtime::scheduler::current_thread::Core>, core[df12db4294e9bfd3]::option::Option<core[df12db4294e9bfd3]::result::Result<(), anyhow[73d10dc6d8fb35f]::Error>>), <tokio[2604c6163e3f7496]::runtime::scheduler::current_thread::CoreGuard>::enter<<tokio[2604c6163e3f7496]::runtime::scheduler::current_thread::CoreGuard>::block_on<core[df12db4294e9bfd3]::pin::Pin<&mut core[df12db4294e9bfd3]::pin::Pin<&mut dyn core[df12db4294e9bfd3]::future::future::Future<Output = core[df12db4294e9bfd3]::result::Result<(), anyhow[73d10dc6d8fb35f]::Error>>>>>::{closure#0}, core[df12db4294e9bfd3]::option::Option<core[df12db4294e9bfd3]::result::Result<(), anyhow[73d10dc6d8fb35f]::Error>>>::{closure#0}>::{closure#0}, (alloc[2182bb758b4b3781]::boxed::Box<tokio[2604c6163e3f7496]::runtime::scheduler::current_thread::Core>, core[df12db4294e9bfd3]::option::Option<core[df12db4294e9bfd3]::result::Result<(), anyhow[73d10dc6d8fb35f]::Error>>)>
[INFO] [stdout]   17:     0x58240c08a6f1 - <tokio[2604c6163e3f7496]::runtime::scheduler::current_thread::CurrentThread>::block_on::<core[df12db4294e9bfd3]::pin::Pin<&mut dyn core[df12db4294e9bfd3]::future::future::Future<Output = core[df12db4294e9bfd3]::result::Result<(), anyhow[73d10dc6d8fb35f]::Error>>>>
[INFO] [stdout]   18:     0x58240c0ad6c2 - <tokio[2604c6163e3f7496]::runtime::runtime::Runtime>::block_on_inner::<core[df12db4294e9bfd3]::pin::Pin<&mut dyn core[df12db4294e9bfd3]::future::future::Future<Output = core[df12db4294e9bfd3]::result::Result<(), anyhow[73d10dc6d8fb35f]::Error>>>>
[INFO] [stdout]   19:     0x58240c03c26a - streameroo[30a2b3aa2e593ec2]::amqp::test::test_manual_ack_handler
[INFO] [stdout]   20:     0x58240c1281af - <streameroo[30a2b3aa2e593ec2]::amqp::test::test_manual_ack_handler::{closure#0} as core[df12db4294e9bfd3]::ops::function::FnOnce<()>>::call_once
[INFO] [stdout]   21:     0x58240c50858b - test[9d35eded1c95d3be]::__rust_begin_short_backtrace::<core[df12db4294e9bfd3]::result::Result<(), alloc[2182bb758b4b3781]::string::String>, fn() -> core[df12db4294e9bfd3]::result::Result<(), alloc[2182bb758b4b3781]::string::String>>
[INFO] [stdout]   22:     0x58240c515bf5 - test[9d35eded1c95d3be]::run_test::{closure#0}
[INFO] [stdout]   23:     0x58240c50f4b4 - std[70759c8f55707aa4]::sys::backtrace::__rust_begin_short_backtrace::<test[9d35eded1c95d3be]::run_test::{closure#1}, ()>
[INFO] [stdout]   24:     0x58240c518d52 - <std[70759c8f55707aa4]::thread::lifecycle::spawn_unchecked<test[9d35eded1c95d3be]::run_test::{closure#1}, ()>::{closure#1} as core[df12db4294e9bfd3]::ops::function::FnOnce<()>>::call_once::{shim:vtable#0}
[INFO] [stdout]   25:     0x58240caba429 - <std[70759c8f55707aa4]::sys::thread::unix::Thread>::new::thread_start
[INFO] [stdout]   26:     0x79f061bb8dfa - <unknown>
[INFO] [stdout]   27:     0x79f061c4c3d4 - clone
[INFO] [stdout]   28:                0x0 - <unknown>
[INFO] [stdout] 
[INFO] [stdout] ---- amqp::test::test_decode_error_nacks_without_requeue stdout ----
[INFO] [stdout] 
[INFO] [stdout] thread 'amqp::test::test_decode_error_nacks_without_requeue' (4855) panicked at src/amqp/connection.rs:268:18:
[INFO] [stdout] called `Result::unwrap()` on an `Err` value: SetGlobalDefaultError(SetGlobalDefaultError("a global default trace dispatcher has already been set"))
[INFO] [stdout] stack backtrace:
[INFO] [stdout]    0:     0x58240cabb591 - <<std[70759c8f55707aa4]::sys::backtrace::BacktraceLock>::print::DisplayBacktrace as core[df12db4294e9bfd3]::fmt::Display>::fmt
[INFO] [stdout]    1:     0x58240cad5a5a - core[df12db4294e9bfd3]::fmt::write
[INFO] [stdout]    2:     0x58240cac11cc - <alloc[2182bb758b4b3781]::vec::Vec<u8> as core[df12db4294e9bfd3]::io::write::Write>::write_fmt
[INFO] [stdout]    3:     0x58240ca943c6 - std[70759c8f55707aa4]::panicking::default_hook::{closure#0}
[INFO] [stdout]    4:     0x58240cab21b9 - std[70759c8f55707aa4]::panicking::default_hook
[INFO] [stdout]    5:     0x58240c5152a0 - test[9d35eded1c95d3be]::test_main_inner::<test[9d35eded1c95d3be]::test_main_static::{closure#0}>::{closure#0}
[INFO] [stdout]    6:     0x58240cab24e2 - std[70759c8f55707aa4]::panicking::panic_with_hook
[INFO] [stdout]    7:     0x58240ca94472 - std[70759c8f55707aa4]::panicking::panic_handler::{closure#0}
[INFO] [stdout]    8:     0x58240ca8c959 - std[70759c8f55707aa4]::sys::backtrace::__rust_end_short_backtrace::<std[70759c8f55707aa4]::panicking::panic_handler::{closure#0}, !>
[INFO] [stdout]    9:     0x58240ca9536d - __rustc[8fa7c3cbc660c2b3]::rust_begin_unwind
[INFO] [stdout]   10:     0x58240cad623c - core[df12db4294e9bfd3]::panicking::panic_fmt
[INFO] [stdout]   11:     0x58240cad6012 - core[df12db4294e9bfd3]::result::unwrap_failed
[INFO] [stdout]   12:     0x58240c03b67d - <streameroo[30a2b3aa2e593ec2]::amqp::connection::amqp_test::AMQPTest as test_context[9c366c3e97bdb743]::AsyncTestContext>::setup::{closure#0}
[INFO] [stdout]   13:     0x58240c03a199 - streameroo[30a2b3aa2e593ec2]::amqp::test::test_decode_error_nacks_without_requeue::{closure#0}
[INFO] [stdout]   14:     0x58240c08aaa8 - <tokio[2604c6163e3f7496]::runtime::scheduler::current_thread::Context>::enter::<core[df12db4294e9bfd3]::task::poll::Poll<core[df12db4294e9bfd3]::result::Result<(), anyhow[73d10dc6d8fb35f]::Error>>, <tokio[2604c6163e3f7496]::runtime::scheduler::current_thread::CoreGuard>::block_on<core[df12db4294e9bfd3]::pin::Pin<&mut core[df12db4294e9bfd3]::pin::Pin<&mut dyn core[df12db4294e9bfd3]::future::future::Future<Output = core[df12db4294e9bfd3]::result::Result<(), anyhow[73d10dc6d8fb35f]::Error>>>>>::{closure#0}::{closure#0}>
[INFO] [stdout]   15:     0x58240c1040ff - <std[70759c8f55707aa4]::thread::local::LocalKey<tokio[2604c6163e3f7496]::runtime::context::Context>>::with::<tokio[2604c6163e3f7496]::runtime::context::set_scheduler<(alloc[2182bb758b4b3781]::boxed::Box<tokio[2604c6163e3f7496]::runtime::scheduler::current_thread::Core>, core[df12db4294e9bfd3]::option::Option<core[df12db4294e9bfd3]::result::Result<(), anyhow[73d10dc6d8fb35f]::Error>>), <tokio[2604c6163e3f7496]::runtime::scheduler::current_thread::CoreGuard>::enter<<tokio[2604c6163e3f7496]::runtime::scheduler::current_thread::CoreGuard>::block_on<core[df12db4294e9bfd3]::pin::Pin<&mut core[df12db4294e9bfd3]::pin::Pin<&mut dyn core[df12db4294e9bfd3]::future::future::Future<Output = core[df12db4294e9bfd3]::result::Result<(), anyhow[73d10dc6d8fb35f]::Error>>>>>::{closure#0}, core[df12db4294e9bfd3]::option::Option<core[df12db4294e9bfd3]::result::Result<(), anyhow[73d10dc6d8fb35f]::Error>>>::{closure#0}>::{closure#0}, (alloc[2182bb758b4b3781]::boxed::Box<tokio[2604c6163e3f7496]::runtime::scheduler::current_thread::Core>, core[df12db4294e9bfd3]::option::Option<core[df12db4294e9bfd3]::result::Result<(), anyhow[73d10dc6d8fb35f]::Error>>)>
[INFO] [stdout]   16:     0x58240c08a6f1 - <tokio[2604c6163e3f7496]::runtime::scheduler::current_thread::CurrentThread>::block_on::<core[df12db4294e9bfd3]::pin::Pin<&mut dyn core[df12db4294e9bfd3]::future::future::Future<Output = core[df12db4294e9bfd3]::result::Result<(), anyhow[73d10dc6d8fb35f]::Error>>>>
[INFO] [stdout]   17:     0x58240c0ad6c2 - <tokio[2604c6163e3f7496]::runtime::runtime::Runtime>::block_on_inner::<core[df12db4294e9bfd3]::pin::Pin<&mut dyn core[df12db4294e9bfd3]::future::future::Future<Output = core[df12db4294e9bfd3]::result::Result<(), anyhow[73d10dc6d8fb35f]::Error>>>>
[INFO] [stdout]   18:     0x58240c03c7ea - streameroo[30a2b3aa2e593ec2]::amqp::test::test_decode_error_nacks_without_requeue
[INFO] [stdout]   19:     0x58240c12846f - <streameroo[30a2b3aa2e593ec2]::amqp::test::test_decode_error_nacks_without_requeue::{closure#0} as core[df12db4294e9bfd3]::ops::function::FnOnce<()>>::call_once
[INFO] [stdout]   20:     0x58240c50858b - test[9d35eded1c95d3be]::__rust_begin_short_backtrace::<core[df12db4294e9bfd3]::result::Result<(), alloc[2182bb758b4b3781]::string::String>, fn() -> core[df12db4294e9bfd3]::result::Result<(), alloc[2182bb758b4b3781]::string::String>>
[INFO] [stdout]   21:     0x58240c515bf5 - test[9d35eded1c95d3be]::run_test::{closure#0}
[INFO] [stdout]   22:     0x58240c50f4b4 - std[70759c8f55707aa4]::sys::backtrace::__rust_begin_short_backtrace::<test[9d35eded1c95d3be]::run_test::{closure#1}, ()>
[INFO] [stdout]   23:     0x58240c518d52 - <std[70759c8f55707aa4]::thread::lifecycle::spawn_unchecked<test[9d35eded1c95d3be]::run_test::{closure#1}, ()>::{closure#1} as core[df12db4294e9bfd3]::ops::function::FnOnce<()>>::call_once::{shim:vtable#0}
[INFO] [stdout]   24:     0x58240caba429 - <std[70759c8f55707aa4]::sys::thread::unix::Thread>::new::thread_start
[INFO] [stdout]   25:     0x79f061bb8dfa - <unknown>
[INFO] [stdout]   26:     0x79f061c4c3d4 - clone
[INFO] [stdout]   27:                0x0 - <unknown>
[INFO] [stdout] 
[INFO] [stdout] ---- amqp::test::test_reply_to_handler stdout ----
[INFO] [stdout] 
[INFO] [stdout] thread 'amqp::test::test_reply_to_handler' (4860) panicked at src/amqp/connection.rs:268:18:
[INFO] [stdout] called `Result::unwrap()` on an `Err` value: SetGlobalDefaultError(SetGlobalDefaultError("a global default trace dispatcher has already been set"))
[INFO] [stdout] stack backtrace:
[INFO] [stdout]    0:     0x58240cabb591 - <<std[70759c8f55707aa4]::sys::backtrace::BacktraceLock>::print::DisplayBacktrace as core[df12db4294e9bfd3]::fmt::Display>::fmt
[INFO] [stdout]    1:     0x58240cad5a5a - core[df12db4294e9bfd3]::fmt::write
[INFO] [stdout]    2:     0x58240cac11cc - <alloc[2182bb758b4b3781]::vec::Vec<u8> as core[df12db4294e9bfd3]::io::write::Write>::write_fmt
[INFO] [stdout]    3:     0x58240ca943c6 - std[70759c8f55707aa4]::panicking::default_hook::{closure#0}
[INFO] [stdout]    4:     0x58240cab21b9 - std[70759c8f55707aa4]::panicking::default_hook
[INFO] [stdout]    5:     0x58240c5152a0 - test[9d35eded1c95d3be]::test_main_inner::<test[9d35eded1c95d3be]::test_main_static::{closure#0}>::{closure#0}
[INFO] [stdout]    6:     0x58240cab24e2 - std[70759c8f55707aa4]::panicking::panic_with_hook
[INFO] [stdout]    7:     0x58240ca94472 - std[70759c8f55707aa4]::panicking::panic_handler::{closure#0}
[INFO] [stdout]    8:     0x58240ca8c959 - std[70759c8f55707aa4]::sys::backtrace::__rust_end_short_backtrace::<std[70759c8f55707aa4]::panicking::panic_handler::{closure#0}, !>
[INFO] [stdout]    9:     0x58240ca9536d - __rustc[8fa7c3cbc660c2b3]::rust_begin_unwind
[INFO] [stdout]   10:     0x58240cad623c - core[df12db4294e9bfd3]::panicking::panic_fmt
[INFO] [stdout]   11:     0x58240cad6012 - core[df12db4294e9bfd3]::result::unwrap_failed
[INFO] [stdout]   12:     0x58240c03b67d - <streameroo[30a2b3aa2e593ec2]::amqp::connection::amqp_test::AMQPTest as test_context[9c366c3e97bdb743]::AsyncTestContext>::setup::{closure#0}
[INFO] [stdout]   13:     0x58240c034779 - streameroo[30a2b3aa2e593ec2]::amqp::test::test_reply_to_handler::{closure#0}
[INFO] [stdout]   14:     0x58240c08aaa8 - <tokio[2604c6163e3f7496]::runtime::scheduler::current_thread::Context>::enter::<core[df12db4294e9bfd3]::task::poll::Poll<core[df12db4294e9bfd3]::result::Result<(), anyhow[73d10dc6d8fb35f]::Error>>, <tokio[2604c6163e3f7496]::runtime::scheduler::current_thread::CoreGuard>::block_on<core[df12db4294e9bfd3]::pin::Pin<&mut core[df12db4294e9bfd3]::pin::Pin<&mut dyn core[df12db4294e9bfd3]::future::future::Future<Output = core[df12db4294e9bfd3]::result::Result<(), anyhow[73d10dc6d8fb35f]::Error>>>>>::{closure#0}::{closure#0}>
[INFO] [stdout]   15:     0x58240c1040ff - <std[70759c8f55707aa4]::thread::local::LocalKey<tokio[2604c6163e3f7496]::runtime::context::Context>>::with::<tokio[2604c6163e3f7496]::runtime::context::set_scheduler<(alloc[2182bb758b4b3781]::boxed::Box<tokio[2604c6163e3f7496]::runtime::scheduler::current_thread::Core>, core[df12db4294e9bfd3]::option::Option<core[df12db4294e9bfd3]::result::Result<(), anyhow[73d10dc6d8fb35f]::Error>>), <tokio[2604c6163e3f7496]::runtime::scheduler::current_thread::CoreGuard>::enter<<tokio[2604c6163e3f7496]::runtime::scheduler::current_thread::CoreGuard>::block_on<core[df12db4294e9bfd3]::pin::Pin<&mut core[df12db4294e9bfd3]::pin::Pin<&mut dyn core[df12db4294e9bfd3]::future::future::Future<Output = core[df12db4294e9bfd3]::result::Result<(), anyhow[73d10dc6d8fb35f]::Error>>>>>::{closure#0}, core[df12db4294e9bfd3]::option::Option<core[df12db4294e9bfd3]::result::Result<(), anyhow[73d10dc6d8fb35f]::Error>>>::{closure#0}>::{closure#0}, (alloc[2182bb758b4b3781]::boxed::Box<tokio[2604c6163e3f7496]::runtime::scheduler::current_thread::Core>, core[df12db4294e9bfd3]::option::Option<core[df12db4294e9bfd3]::result::Result<(), anyhow[73d10dc6d8fb35f]::Error>>)>
[INFO] [stdout]   16:     0x58240c08a6f1 - <tokio[2604c6163e3f7496]::runtime::scheduler::current_thread::CurrentThread>::block_on::<core[df12db4294e9bfd3]::pin::Pin<&mut dyn core[df12db4294e9bfd3]::future::future::Future<Output = core[df12db4294e9bfd3]::result::Result<(), anyhow[73d10dc6d8fb35f]::Error>>>>
[INFO] [stdout]   17:     0x58240c0ad6c2 - <tokio[2604c6163e3f7496]::runtime::runtime::Runtime>::block_on_inner::<core[df12db4294e9bfd3]::pin::Pin<&mut dyn core[df12db4294e9bfd3]::future::future::Future<Output = core[df12db4294e9bfd3]::result::Result<(), anyhow[73d10dc6d8fb35f]::Error>>>>
[INFO] [stdout]   18:     0x58240c03bfba - streameroo[30a2b3aa2e593ec2]::amqp::test::test_reply_to_handler
[INFO] [stdout]   19:     0x58240c12804f - <streameroo[30a2b3aa2e593ec2]::amqp::test::test_reply_to_handler::{closure#0} as core[df12db4294e9bfd3]::ops::function::FnOnce<()>>::call_once
[INFO] [stdout]   20:     0x58240c50858b - test[9d35eded1c95d3be]::__rust_begin_short_backtrace::<core[df12db4294e9bfd3]::result::Result<(), alloc[2182bb758b4b3781]::string::String>, fn() -> core[df12db4294e9bfd3]::result::Result<(), alloc[2182bb758b4b3781]::string::String>>
[INFO] [stdout]   21:     0x58240c515bf5 - test[9d35eded1c95d3be]::run_test::{closure#0}
[INFO] [stdout]   22:     0x58240c50f4b4 - std[70759c8f55707aa4]::sys::backtrace::__rust_begin_short_backtrace::<test[9d35eded1c95d3be]::run_test::{closure#1}, ()>
[INFO] [stdout]   23:     0x58240c518d52 - <std[70759c8f55707aa4]::thread::lifecycle::spawn_unchecked<test[9d35eded1c95d3be]::run_test::{closure#1}, ()>::{closure#1} as core[df12db4294e9bfd3]::ops::function::FnOnce<()>>::call_once::{shim:vtable#0}
[INFO] [stdout]   24:     0x58240caba429 - <std[70759c8f55707aa4]::sys::thread::unix::Thread>::new::thread_start
[INFO] [stdout]   25:     0x79f061bb8dfa - <unknown>
[INFO] [stdout]   26:     0x79f061c4c3d4 - clone
[INFO] [stdout]   27:                0x0 - <unknown>
[INFO] [stdout] 
[INFO] [stdout] ---- amqp::test::test_consumer_reconnect stdout ----
[INFO] [stdout] 
[INFO] [stdout] thread 'amqp::test::test_consumer_reconnect' (4854) panicked at /opt/rustwide/cargo-home/registry/src/index.crates.io-1949cf8c6b5b557f/tracing-subscriber-0.3.22/src/fmt/mod.rs:520:14:
[INFO] [stdout] Unable to install global subscriber: SetGlobalDefaultError("a global default trace dispatcher has already been set")
[INFO] [stdout] stack backtrace:
[INFO] [stdout]    0:     0x58240cabb591 - <<std[70759c8f55707aa4]::sys::backtrace::BacktraceLock>::print::DisplayBacktrace as core[df12db4294e9bfd3]::fmt::Display>::fmt
[INFO] [stdout]    1:     0x58240cad5a5a - core[df12db4294e9bfd3]::fmt::write
[INFO] [stdout]    2:     0x58240cac11cc - <alloc[2182bb758b4b3781]::vec::Vec<u8> as core[df12db4294e9bfd3]::io::write::Write>::write_fmt
[INFO] [stdout]    3:     0x58240ca943c6 - std[70759c8f55707aa4]::panicking::default_hook::{closure#0}
[INFO] [stdout]    4:     0x58240cab21b9 - std[70759c8f55707aa4]::panicking::default_hook
[INFO] [stdout]    5:     0x58240c5152a0 - test[9d35eded1c95d3be]::test_main_inner::<test[9d35eded1c95d3be]::test_main_static::{closure#0}>::{closure#0}
[INFO] [stdout]    6:     0x58240cab24e2 - std[70759c8f55707aa4]::panicking::panic_with_hook
[INFO] [stdout]    7:     0x58240ca94472 - std[70759c8f55707aa4]::panicking::panic_handler::{closure#0}
[INFO] [stdout]    8:     0x58240ca8c959 - std[70759c8f55707aa4]::sys::backtrace::__rust_end_short_backtrace::<std[70759c8f55707aa4]::panicking::panic_handler::{closure#0}, !>
[INFO] [stdout]    9:     0x58240ca9536d - __rustc[8fa7c3cbc660c2b3]::rust_begin_unwind
[INFO] [stdout]   10:     0x58240cad623c - core[df12db4294e9bfd3]::panicking::panic_fmt
[INFO] [stdout]   11:     0x58240cad6012 - core[df12db4294e9bfd3]::result::unwrap_failed
[INFO] [stdout]   12:     0x58240c113495 - <tracing_subscriber[c8233152b5a8c7f2]::fmt::SubscriberBuilder>::init
[INFO] [stdout]   13:     0x58240c0349d8 - streameroo[30a2b3aa2e593ec2]::amqp::test::test_consumer_reconnect::{closure#0}
[INFO] [stdout]   14:     0x58240c08aaa8 - <tokio[2604c6163e3f7496]::runtime::scheduler::current_thread::Context>::enter::<core[df12db4294e9bfd3]::task::poll::Poll<core[df12db4294e9bfd3]::result::Result<(), anyhow[73d10dc6d8fb35f]::Error>>, <tokio[2604c6163e3f7496]::runtime::scheduler::current_thread::CoreGuard>::block_on<core[df12db4294e9bfd3]::pin::Pin<&mut core[df12db4294e9bfd3]::pin::Pin<&mut dyn core[df12db4294e9bfd3]::future::future::Future<Output = core[df12db4294e9bfd3]::result::Result<(), anyhow[73d10dc6d8fb35f]::Error>>>>>::{closure#0}::{closure#0}>
[INFO] [stdout]   15:     0x58240c1040ff - <std[70759c8f55707aa4]::thread::local::LocalKey<tokio[2604c6163e3f7496]::runtime::context::Context>>::with::<tokio[2604c6163e3f7496]::runtime::context::set_scheduler<(alloc[2182bb758b4b3781]::boxed::Box<tokio[2604c6163e3f7496]::runtime::scheduler::current_thread::Core>, core[df12db4294e9bfd3]::option::Option<core[df12db4294e9bfd3]::result::Result<(), anyhow[73d10dc6d8fb35f]::Error>>), <tokio[2604c6163e3f7496]::runtime::scheduler::current_thread::CoreGuard>::enter<<tokio[2604c6163e3f7496]::runtime::scheduler::current_thread::CoreGuard>::block_on<core[df12db4294e9bfd3]::pin::Pin<&mut core[df12db4294e9bfd3]::pin::Pin<&mut dyn core[df12db4294e9bfd3]::future::future::Future<Output = core[df12db4294e9bfd3]::result::Result<(), anyhow[73d10dc6d8fb35f]::Error>>>>>::{closure#0}, core[df12db4294e9bfd3]::option::Option<core[df12db4294e9bfd3]::result::Result<(), anyhow[73d10dc6d8fb35f]::Error>>>::{closure#0}>::{closure#0}, (alloc[2182bb758b4b3781]::boxed::Box<tokio[2604c6163e3f7496]::runtime::scheduler::current_thread::Core>, core[df12db4294e9bfd3]::option::Option<core[df12db4294e9bfd3]::result::Result<(), anyhow[73d10dc6d8fb35f]::Error>>)>
[INFO] [stdout]   16:     0x58240c08a6f1 - <tokio[2604c6163e3f7496]::runtime::scheduler::current_thread::CurrentThread>::block_on::<core[df12db4294e9bfd3]::pin::Pin<&mut dyn core[df12db4294e9bfd3]::future::future::Future<Output = core[df12db4294e9bfd3]::result::Result<(), anyhow[73d10dc6d8fb35f]::Error>>>>
[INFO] [stdout]   17:     0x58240c0ad6c2 - <tokio[2604c6163e3f7496]::runtime::runtime::Runtime>::block_on_inner::<core[df12db4294e9bfd3]::pin::Pin<&mut dyn core[df12db4294e9bfd3]::future::future::Future<Output = core[df12db4294e9bfd3]::result::Result<(), anyhow[73d10dc6d8fb35f]::Error>>>>
[INFO] [stdout]   18:     0x58240c03c113 - streameroo[30a2b3aa2e593ec2]::amqp::test::test_consumer_reconnect
[INFO] [stdout]   19:     0x58240c1280ff - <streameroo[30a2b3aa2e593ec2]::amqp::test::test_consumer_reconnect::{closure#0} as core[df12db4294e9bfd3]::ops::function::FnOnce<()>>::call_once
[INFO] [stdout]   20:     0x58240c50858b - test[9d35eded1c95d3be]::__rust_begin_short_backtrace::<core[df12db4294e9bfd3]::result::Result<(), alloc[2182bb758b4b3781]::string::String>, fn() -> core[df12db4294e9bfd3]::result::Result<(), alloc[2182bb758b4b3781]::string::String>>
[INFO] [stdout]   21:     0x58240c515bf5 - test[9d35eded1c95d3be]::run_test::{closure#0}
[INFO] [stdout]   22:     0x58240c50f4b4 - std[70759c8f55707aa4]::sys::backtrace::__rust_begin_short_backtrace::<test[9d35eded1c95d3be]::run_test::{closure#1}, ()>
[INFO] [stdout]   23:     0x58240c518d52 - <std[70759c8f55707aa4]::thread::lifecycle::spawn_unchecked<test[9d35eded1c95d3be]::run_test::{closure#1}, ()>::{closure#1} as core[df12db4294e9bfd3]::ops::function::FnOnce<()>>::call_once::{shim:vtable#0}
[INFO] [stdout]   24:     0x58240caba429 - <std[70759c8f55707aa4]::sys::thread::unix::Thread>::new::thread_start
[INFO] [stdout]   25:     0x79f061bb8dfa - <unknown>
[INFO] [stdout]   26:     0x79f061c4c3d4 - clone
[INFO] [stdout]   27:                0x0 - <unknown>
[INFO] [stdout] 
[INFO] [stdout] ---- amqp::test::test_delivery_context_fields stdout ----
[INFO] [stdout] 
[INFO] [stdout] thread 'amqp::test::test_delivery_context_fields' (4856) panicked at src/amqp/connection.rs:268:18:
[INFO] [stdout] called `Result::unwrap()` on an `Err` value: SetGlobalDefaultError(SetGlobalDefaultError("a global default trace dispatcher has already been set"))
[INFO] [stdout] stack backtrace:
[INFO] [stdout]    0:     0x58240cabb591 - <<std[70759c8f55707aa4]::sys::backtrace::BacktraceLock>::print::DisplayBacktrace as core[df12db4294e9bfd3]::fmt::Display>::fmt
[INFO] [stdout]    1:     0x58240cad5a5a - core[df12db4294e9bfd3]::fmt::write
[INFO] [stdout]    2:     0x58240cac11cc - <alloc[2182bb758b4b3781]::vec::Vec<u8> as core[df12db4294e9bfd3]::io::write::Write>::write_fmt
[INFO] [stdout]    3:     0x58240ca943c6 - std[70759c8f55707aa4]::panicking::default_hook::{closure#0}
[INFO] [stdout]    4:     0x58240cab21b9 - std[70759c8f55707aa4]::panicking::default_hook
[INFO] [stdout]    5:     0x58240c5152a0 - test[9d35eded1c95d3be]::test_main_inner::<test[9d35eded1c95d3be]::test_main_static::{closure#0}>::{closure#0}
[INFO] [stdout]    6:     0x58240cab24e2 - std[70759c8f55707aa4]::panicking::panic_with_hook
[INFO] [stdout]    7:     0x58240ca94472 - std[70759c8f55707aa4]::panicking::panic_handler::{closure#0}
[INFO] [stdout]    8:     0x58240ca8c959 - std[70759c8f55707aa4]::sys::backtrace::__rust_end_short_backtrace::<std[70759c8f55707aa4]::panicking::panic_handler::{closure#0}, !>
[INFO] [stdout]    9:     0x58240ca9536d - __rustc[8fa7c3cbc660c2b3]::rust_begin_unwind
[INFO] [stdout]   10:     0x58240cad623c - core[df12db4294e9bfd3]::panicking::panic_fmt
[INFO] [stdout]   11:     0x58240cad6012 - core[df12db4294e9bfd3]::result::unwrap_failed
[INFO] [stdout]   12:     0x58240c03b67d - <streameroo[30a2b3aa2e593ec2]::amqp::connection::amqp_test::AMQPTest as test_context[9c366c3e97bdb743]::AsyncTestContext>::setup::{closure#0}
[INFO] [stdout]   13:     0x58240c039aa9 - streameroo[30a2b3aa2e593ec2]::amqp::test::test_delivery_context_fields::{closure#0}
[INFO] [stdout]   14:     0x58240c08aaa8 - <tokio[2604c6163e3f7496]::runtime::scheduler::current_thread::Context>::enter::<core[df12db4294e9bfd3]::task::poll::Poll<core[df12db4294e9bfd3]::result::Result<(), anyhow[73d10dc6d8fb35f]::Error>>, <tokio[2604c6163e3f7496]::runtime::scheduler::current_thread::CoreGuard>::block_on<core[df12db4294e9bfd3]::pin::Pin<&mut core[df12db4294e9bfd3]::pin::Pin<&mut dyn core[df12db4294e9bfd3]::future::future::Future<Output = core[df12db4294e9bfd3]::result::Result<(), anyhow[73d10dc6d8fb35f]::Error>>>>>::{closure#0}::{closure#0}>
[INFO] [stdout]   15:     0x58240c1040ff - <std[70759c8f55707aa4]::thread::local::LocalKey<tokio[2604c6163e3f7496]::runtime::context::Context>>::with::<tokio[2604c6163e3f7496]::runtime::context::set_scheduler<(alloc[2182bb758b4b3781]::boxed::Box<tokio[2604c6163e3f7496]::runtime::scheduler::current_thread::Core>, core[df12db4294e9bfd3]::option::Option<core[df12db4294e9bfd3]::result::Result<(), anyhow[73d10dc6d8fb35f]::Error>>), <tokio[2604c6163e3f7496]::runtime::scheduler::current_thread::CoreGuard>::enter<<tokio[2604c6163e3f7496]::runtime::scheduler::current_thread::CoreGuard>::block_on<core[df12db4294e9bfd3]::pin::Pin<&mut core[df12db4294e9bfd3]::pin::Pin<&mut dyn core[df12db4294e9bfd3]::future::future::Future<Output = core[df12db4294e9bfd3]::result::Result<(), anyhow[73d10dc6d8fb35f]::Error>>>>>::{closure#0}, core[df12db4294e9bfd3]::option::Option<core[df12db4294e9bfd3]::result::Result<(), anyhow[73d10dc6d8fb35f]::Error>>>::{closure#0}>::{closure#0}, (alloc[2182bb758b4b3781]::boxed::Box<tokio[2604c6163e3f7496]::runtime::scheduler::current_thread::Core>, core[df12db4294e9bfd3]::option::Option<core[df12db4294e9bfd3]::result::Result<(), anyhow[73d10dc6d8fb35f]::Error>>)>
[INFO] [stdout]   16:     0x58240c08a6f1 - <tokio[2604c6163e3f7496]::runtime::scheduler::current_thread::CurrentThread>::block_on::<core[df12db4294e9bfd3]::pin::Pin<&mut dyn core[df12db4294e9bfd3]::future::future::Future<Output = core[df12db4294e9bfd3]::result::Result<(), anyhow[73d10dc6d8fb35f]::Error>>>>
[INFO] [stdout]   17:     0x58240c0ad6c2 - <tokio[2604c6163e3f7496]::runtime::runtime::Runtime>::block_on_inner::<core[df12db4294e9bfd3]::pin::Pin<&mut dyn core[df12db4294e9bfd3]::future::future::Future<Output = core[df12db4294e9bfd3]::result::Result<(), anyhow[73d10dc6d8fb35f]::Error>>>>
[INFO] [stdout]   18:     0x58240c03c3ca - streameroo[30a2b3aa2e593ec2]::amqp::test::test_delivery_context_fields
[INFO] [stdout]   19:     0x58240c12825f - <streameroo[30a2b3aa2e593ec2]::amqp::test::test_delivery_context_fields::{closure#0} as core[df12db4294e9bfd3]::ops::function::FnOnce<()>>::call_once
[INFO] [stdout]   20:     0x58240c50858b - test[9d35eded1c95d3be]::__rust_begin_short_backtrace::<core[df12db4294e9bfd3]::result::Result<(), alloc[2182bb758b4b3781]::string::String>, fn() -> core[df12db4294e9bfd3]::result::Result<(), alloc[2182bb758b4b3781]::string::String>>
[INFO] [stdout]   21:     0x58240c515bf5 - test[9d35eded1c95d3be]::run_test::{closure#0}
[INFO] [stdout]   22:     0x58240c50f4b4 - std[70759c8f55707aa4]::sys::backtrace::__rust_begin_short_backtrace::<test[9d35eded1c95d3be]::run_test::{closure#1}, ()>
[INFO] [stdout]   23:     0x58240c518d52 - <std[70759c8f55707aa4]::thread::lifecycle::spawn_unchecked<test[9d35eded1c95d3be]::run_test::{closure#1}, ()>::{closure#1} as core[df12db4294e9bfd3]::ops::function::FnOnce<()>>::call_once::{shim:vtable#0}
[INFO] [stdout]   24:     0x58240caba429 - <std[70759c8f55707aa4]::sys::thread::unix::Thread>::new::thread_start
[INFO] [stdout]   25:     0x79f061bb8dfa - <unknown>
[INFO] [stdout]   26:     0x79f061c4c3d4 - clone
[INFO] [stdout]   27:                0x0 - <unknown>
[INFO] [stdout] 
[INFO] [stdout] ---- amqp::test::test_simple_handler stdout ----
[INFO] [stdout] 
[INFO] [stdout] thread 'amqp::test::test_simple_handler' (4862) panicked at src/amqp/connection.rs:268:18:
[INFO] [stdout] called `Result::unwrap()` on an `Err` value: SetGlobalDefaultError(SetGlobalDefaultError("a global default trace dispatcher has already been set"))
[INFO] [stdout] stack backtrace:
[INFO] [stdout]    0:     0x58240cabb591 - <<std[70759c8f55707aa4]::sys::backtrace::BacktraceLock>::print::DisplayBacktrace as core[df12db4294e9bfd3]::fmt::Display>::fmt
[INFO] [stdout]    1:     0x58240cad5a5a - core[df12db4294e9bfd3]::fmt::write
[INFO] [stdout]    2:     0x58240cac11cc - <alloc[2182bb758b4b3781]::vec::Vec<u8> as core[df12db4294e9bfd3]::io::write::Write>::write_fmt
[INFO] [stdout]    3:     0x58240ca943c6 - std[70759c8f55707aa4]::panicking::default_hook::{closure#0}
[INFO] [stdout]    4:     0x58240cab21b9 - std[70759c8f55707aa4]::panicking::default_hook
[INFO] [stdout]    5:     0x58240c5152a0 - test[9d35eded1c95d3be]::test_main_inner::<test[9d35eded1c95d3be]::test_main_static::{closure#0}>::{closure#0}
[INFO] [stdout]    6:     0x58240cab24e2 - std[70759c8f55707aa4]::panicking::panic_with_hook
[INFO] [stdout]    7:     0x58240ca94472 - std[70759c8f55707aa4]::panicking::panic_handler::{closure#0}
[INFO] [stdout]    8:     0x58240ca8c959 - std[70759c8f55707aa4]::sys::backtrace::__rust_end_short_backtrace::<std[70759c8f55707aa4]::panicking::panic_handler::{closure#0}, !>
[INFO] [stdout]    9:     0x58240ca9536d - __rustc[8fa7c3cbc660c2b3]::rust_begin_unwind
[INFO] [stdout]   10:     0x58240cad623c - core[df12db4294e9bfd3]::panicking::panic_fmt
[INFO] [stdout]   11:     0x58240cad6012 - core[df12db4294e9bfd3]::result::unwrap_failed
[INFO] [stdout]   12:     0x58240c03b67d - <streameroo[30a2b3aa2e593ec2]::amqp::connection::amqp_test::AMQPTest as test_context[9c366c3e97bdb743]::AsyncTestContext>::setup::{closure#0}
[INFO] [stdout]   13:     0x58240c034529 - streameroo[30a2b3aa2e593ec2]::amqp::test::test_simple_handler::{closure#0}
[INFO] [stdout]   14:     0x58240c08aaa8 - <tokio[2604c6163e3f7496]::runtime::scheduler::current_thread::Context>::enter::<core[df12db4294e9bfd3]::task::poll::Poll<core[df12db4294e9bfd3]::result::Result<(), anyhow[73d10dc6d8fb35f]::Error>>, <tokio[2604c6163e3f7496]::runtime::scheduler::current_thread::CoreGuard>::block_on<core[df12db4294e9bfd3]::pin::Pin<&mut core[df12db4294e9bfd3]::pin::Pin<&mut dyn core[df12db4294e9bfd3]::future::future::Future<Output = core[df12db4294e9bfd3]::result::Result<(), anyhow[73d10dc6d8fb35f]::Error>>>>>::{closure#0}::{closure#0}>
[INFO] [stdout]   15:     0x58240c1040ff - <std[70759c8f55707aa4]::thread::local::LocalKey<tokio[2604c6163e3f7496]::runtime::context::Context>>::with::<tokio[2604c6163e3f7496]::runtime::context::set_scheduler<(alloc[2182bb758b4b3781]::boxed::Box<tokio[2604c6163e3f7496]::runtime::scheduler::current_thread::Core>, core[df12db4294e9bfd3]::option::Option<core[df12db4294e9bfd3]::result::Result<(), anyhow[73d10dc6d8fb35f]::Error>>), <tokio[2604c6163e3f7496]::runtime::scheduler::current_thread::CoreGuard>::enter<<tokio[2604c6163e3f7496]::runtime::scheduler::current_thread::CoreGuard>::block_on<core[df12db4294e9bfd3]::pin::Pin<&mut core[df12db4294e9bfd3]::pin::Pin<&mut dyn core[df12db4294e9bfd3]::future::future::Future<Output = core[df12db4294e9bfd3]::result::Result<(), anyhow[73d10dc6d8fb35f]::Error>>>>>::{closure#0}, core[df12db4294e9bfd3]::option::Option<core[df12db4294e9bfd3]::result::Result<(), anyhow[73d10dc6d8fb35f]::Error>>>::{closure#0}>::{closure#0}, (alloc[2182bb758b4b3781]::boxed::Box<tokio[2604c6163e3f7496]::runtime::scheduler::current_thread::Core>, core[df12db4294e9bfd3]::option::Option<core[df12db4294e9bfd3]::result::Result<(), anyhow[73d10dc6d8fb35f]::Error>>)>
[INFO] [stdout]   16:     0x58240c08a6f1 - <tokio[2604c6163e3f7496]::runtime::scheduler::current_thread::CurrentThread>::block_on::<core[df12db4294e9bfd3]::pin::Pin<&mut dyn core[df12db4294e9bfd3]::future::future::Future<Output = core[df12db4294e9bfd3]::result::Result<(), anyhow[73d10dc6d8fb35f]::Error>>>>
[INFO] [stdout]   17:     0x58240c0ad6c2 - <tokio[2604c6163e3f7496]::runtime::runtime::Runtime>::block_on_inner::<core[df12db4294e9bfd3]::pin::Pin<&mut dyn core[df12db4294e9bfd3]::future::future::Future<Output = core[df12db4294e9bfd3]::result::Result<(), anyhow[73d10dc6d8fb35f]::Error>>>>
[INFO] [stdout]   18:     0x58240c03be5a - streameroo[30a2b3aa2e593ec2]::amqp::test::test_simple_handler
[INFO] [stdout]   19:     0x58240c127f9f - <streameroo[30a2b3aa2e593ec2]::amqp::test::test_simple_handler::{closure#0} as core[df12db4294e9bfd3]::ops::function::FnOnce<()>>::call_once
[INFO] [stdout]   20:     0x58240c50858b - test[9d35eded1c95d3be]::__rust_begin_short_backtrace::<core[df12db4294e9bfd3]::result::Result<(), alloc[2182bb758b4b3781]::string::String>, fn() -> core[df12db4294e9bfd3]::result::Result<(), alloc[2182bb758b4b3781]::string::String>>
[INFO] [stdout]   21:     0x58240c515bf5 - test[9d35eded1c95d3be]::run_test::{closure#0}
[INFO] [stdout]   22:     0x58240c50f4b4 - std[70759c8f55707aa4]::sys::backtrace::__rust_begin_short_backtrace::<test[9d35eded1c95d3be]::run_test::{closure#1}, ()>
[INFO] [stdout]   23:     0x58240c518d52 - <std[70759c8f55707aa4]::thread::lifecycle::spawn_unchecked<test[9d35eded1c95d3be]::run_test::{closure#1}, ()>::{closure#1} as core[df12db4294e9bfd3]::ops::function::FnOnce<()>>::call_once::{shim:vtable#0}
[INFO] [stdout]   24:     0x58240caba429 - <std[70759c8f55707aa4]::sys::thread::unix::Thread>::new::thread_start
[INFO] [stdout]   25:     0x79f061bb8dfa - <unknown>
[INFO] [stdout]   26:     0x79f061c4c3d4 - clone
[INFO] [stdout]   27:                0x0 - <unknown>
[INFO] [stdout] 
[INFO] [stdout] 
[INFO] [stdout] failures:
[INFO] [stdout]     amqp::connection::test::test_reconnect
[INFO] [stdout]     amqp::extensions::test::test_field_table_quorum
[INFO] [stdout]     amqp::test::test_consumer_reconnect
[INFO] [stdout]     amqp::test::test_decode_error_nacks_without_requeue
[INFO] [stdout]     amqp::test::test_delivery_context_fields
[INFO] [stdout]     amqp::test::test_delivery_limit
[INFO] [stdout]     amqp::test::test_manual_ack_handler
[INFO] [stdout]     amqp::test::test_publish_action_with_consume_next
[INFO] [stdout]     amqp::test::test_reply_to_handler
[INFO] [stdout]     amqp::test::test_simple_handler
[INFO] [stdout]     amqp::test::test_simple_handler_graceful_shutdown
[INFO] [stdout] 
[INFO] [stdout] test result: FAILED. 1 passed; 11 failed; 0 ignored; 0 measured; 0 filtered out; finished in 0.02s
[INFO] [stdout] 
[INFO] [stderr] error: test failed, to rerun pass `--lib`
[INFO] running `Command { std: "docker" "inspect" "4327102c194a8e813d1e1435625e934502e6011811d2c51cfbd2c7c1f2b3c205", kill_on_drop: false }`
[INFO] running `Command { std: "docker" "rm" "-f" "4327102c194a8e813d1e1435625e934502e6011811d2c51cfbd2c7c1f2b3c205", kill_on_drop: false }`
[INFO] [stdout] 4327102c194a8e813d1e1435625e934502e6011811d2c51cfbd2c7c1f2b3c205
