[INFO] fetching crate stratifykit-core 0.11.6...
[INFO] testing stratifykit-core-0.11.6 against 1.100.0-beta.1+cargoflags=--release for beta-release-1.100-2
[INFO] extracting crate stratifykit-core 0.11.6 into /workspace/builds/worker-7-tc2/source
[INFO] started tweaking crates.io crate stratifykit-core 0.11.6
[INFO] finished tweaking crates.io crate stratifykit-core 0.11.6
[INFO] tweaked toml for crates.io crate stratifykit-core 0.11.6 written to /workspace/builds/worker-7-tc2/source/Cargo.toml
[INFO] validating manifest of crates.io crate stratifykit-core 0.11.6 on toolchain 1.100.0-beta.1
[INFO] running `Command { std: CARGO_HOME="/workspace/cargo-home" RUSTUP_HOME="/workspace/rustup-home" "/workspace/cargo-home/bin/cargo" "+1.100.0-beta.1" "metadata" "--manifest-path" "Cargo.toml" "--no-deps", kill_on_drop: false }`
[INFO] crate crates.io crate stratifykit-core 0.11.6 already has a lockfile, it will not be regenerated
[INFO] running `Command { std: CARGO_HOME="/workspace/cargo-home" RUSTUP_HOME="/workspace/rustup-home" "/workspace/cargo-home/bin/cargo" "+1.100.0-beta.1" "fetch" "--manifest-path" "Cargo.toml", kill_on_drop: false }`
[INFO] [stderr] warning: `package.homepage` is redundant with `package.repository`
[INFO] [stderr]   --> Cargo.toml:26:12
[INFO] [stderr]    |
[INFO] [stderr] 26 | homepage = "https://github.com/kent-tokyo/shogiesa"
[INFO] [stderr]    |            ^^^^^^^^^^^^^^^^^^^^^^^^^^^^^^^^^^^^^^^^
[INFO] [stderr] ...
[INFO] [stderr] 31 | repository = "https://github.com/kent-tokyo/shogiesa"
[INFO] [stderr]    |              ----------------------------------------
[INFO] [stderr]    |
[INFO] [stderr]    = note: `cargo::redundant_homepage` is set to `warn` by default
[INFO] [stderr] help: consider removing `package.homepage`
[INFO] [stderr] warning: `stratifykit-core` (manifest) generated 1 warning
[INFO] running `Command { std: "docker" "create" "-v" "/var/lib/crater-agent-workspace/builds/worker-7-tc2/source:/opt/rustwide/workdir:ro,Z" "-v" "/var/lib/crater-agent-workspace/builds/worker-7-tc2/target:/opt/rustwide/target:rw,Z" "-v" "/var/lib/crater-agent-workspace/cargo-home:/opt/rustwide/cargo-home:ro,Z" "-v" "/var/lib/crater-agent-workspace/rustup-home:/opt/rustwide/rustup-home:ro,Z" "-m" "1610612736" "--network" "none" "ghcr.io/rust-lang/crates-build-env/linux@sha256:77db811e55d90add9212f6832c23229e3de5f1c1f9905e8cb07319ea15df73ac" "sleep" "infinity", kill_on_drop: false }`
[INFO] [stdout] b1510ff6f0d315334a631d171c06f6f571e5ce0e64c52d341bcec34d2002ed7a
[INFO] running `Command { std: "docker" "start" "b1510ff6f0d315334a631d171c06f6f571e5ce0e64c52d341bcec34d2002ed7a", kill_on_drop: false }`
[INFO] running `Command { std: "docker" "inspect" "b1510ff6f0d315334a631d171c06f6f571e5ce0e64c52d341bcec34d2002ed7a", kill_on_drop: false }`
[INFO] running `Command { std: "docker" "exec" "-e" "SOURCE_DIR=/opt/rustwide/workdir" "-e" "CARGO_HOME=/opt/rustwide/cargo-home" "-e" "RUSTUP_HOME=/opt/rustwide/rustup-home" "-e" "CARGO_TARGET_DIR=/opt/rustwide/target" "-w" "/opt/rustwide/workdir" "--user" "0:0" "b1510ff6f0d315334a631d171c06f6f571e5ce0e64c52d341bcec34d2002ed7a" "/opt/rustwide/cargo-home/bin/cargo" "+1.100.0-beta.1" "metadata" "--no-deps" "--format-version=1", kill_on_drop: false }`
[INFO] running `Command { std: "docker" "inspect" "b1510ff6f0d315334a631d171c06f6f571e5ce0e64c52d341bcec34d2002ed7a", kill_on_drop: false }`
[INFO] running `Command { std: "docker" "exec" "-e" "SOURCE_DIR=/opt/rustwide/workdir" "-e" "CARGO_HOME=/opt/rustwide/cargo-home" "-e" "RUSTUP_HOME=/opt/rustwide/rustup-home" "-e" "CARGO_TARGET_DIR=/opt/rustwide/target" "-e" "CARGO_INCREMENTAL=0" "-e" "RUST_BACKTRACE=full" "-e" "RUSTFLAGS=--cap-lints=warn" "-e" "RUSTDOCFLAGS=--cap-lints=warn" "-w" "/opt/rustwide/workdir" "--user" "0:0" "b1510ff6f0d315334a631d171c06f6f571e5ce0e64c52d341bcec34d2002ed7a" "/opt/rustwide/cargo-home/bin/cargo" "+1.100.0-beta.1" "build" "--frozen" "--message-format=json" "--release", kill_on_drop: false }`
[INFO] [stderr] warning: `package.homepage` is redundant with `package.repository`
[INFO] [stderr]   --> Cargo.toml:26:12
[INFO] [stderr]    |
[INFO] [stderr] 26 | homepage = "https://github.com/kent-tokyo/shogiesa"
[INFO] [stderr]    |            ^^^^^^^^^^^^^^^^^^^^^^^^^^^^^^^^^^^^^^^^
[INFO] [stderr] ...
[INFO] [stderr] 31 | repository = "https://github.com/kent-tokyo/shogiesa"
[INFO] [stderr]    |              ----------------------------------------
[INFO] [stderr]    |
[INFO] [stderr]    = note: `cargo::redundant_homepage` is set to `warn` by default
[INFO] [stderr] help: consider removing `package.homepage`
[INFO] [stderr] warning: `stratifykit-core` (manifest) generated 1 warning
[INFO] [stderr]    Compiling proc-macro2 v1.0.106
[INFO] [stderr]    Compiling unicode-ident v1.0.24
[INFO] [stderr]    Compiling quote v1.0.46
[INFO] [stderr]    Compiling find-msvc-tools v0.1.9
[INFO] [stderr]    Compiling shlex v2.0.1
[INFO] [stderr]    Compiling serde_core v1.0.229
[INFO] [stderr]    Compiling serde v1.0.229
[INFO] [stderr]    Compiling constant_time_eq v0.4.2
[INFO] [stderr]    Compiling cpufeatures v0.3.0
[INFO] [stderr]    Compiling arrayvec v0.7.8
[INFO] [stderr]    Compiling cfg-if v1.0.4
[INFO] [stderr]    Compiling cc v1.2.65
[INFO] [stderr]    Compiling syn v3.0.3
[INFO] [stderr]    Compiling blake3 v1.8.7
[INFO] [stderr]    Compiling serde_derive v1.0.229
[INFO] [stderr]    Compiling stratifykit-core v0.11.6 (/opt/rustwide/workdir)
[INFO] [stderr]     Finished `release` profile [optimized] target(s) in 15.15s
[INFO] running `Command { std: "docker" "inspect" "b1510ff6f0d315334a631d171c06f6f571e5ce0e64c52d341bcec34d2002ed7a", kill_on_drop: false }`
[INFO] running `Command { std: "docker" "exec" "-e" "SOURCE_DIR=/opt/rustwide/workdir" "-e" "CARGO_HOME=/opt/rustwide/cargo-home" "-e" "RUSTUP_HOME=/opt/rustwide/rustup-home" "-e" "CARGO_TARGET_DIR=/opt/rustwide/target" "-e" "CARGO_INCREMENTAL=0" "-e" "RUST_BACKTRACE=full" "-e" "RUSTFLAGS=--cap-lints=warn" "-e" "RUSTDOCFLAGS=--cap-lints=warn" "-w" "/opt/rustwide/workdir" "--user" "0:0" "b1510ff6f0d315334a631d171c06f6f571e5ce0e64c52d341bcec34d2002ed7a" "/opt/rustwide/cargo-home/bin/cargo" "+1.100.0-beta.1" "test" "--frozen" "--no-run" "--message-format=json" "--release", kill_on_drop: false }`
[INFO] [stderr] warning: `package.homepage` is redundant with `package.repository`
[INFO] [stderr]   --> Cargo.toml:26:12
[INFO] [stderr]    |
[INFO] [stderr] 26 | homepage = "https://github.com/kent-tokyo/shogiesa"
[INFO] [stderr]    |            ^^^^^^^^^^^^^^^^^^^^^^^^^^^^^^^^^^^^^^^^
[INFO] [stderr] ...
[INFO] [stderr] 31 | repository = "https://github.com/kent-tokyo/shogiesa"
[INFO] [stderr]    |              ----------------------------------------
[INFO] [stderr]    |
[INFO] [stderr]    = note: `cargo::redundant_homepage` is set to `warn` by default
[INFO] [stderr] help: consider removing `package.homepage`
[INFO] [stderr] warning: `stratifykit-core` (manifest) generated 1 warning
[INFO] [stderr]    Compiling zmij v1.0.21
[INFO] [stderr]    Compiling serde_json v1.0.151
[INFO] [stderr]    Compiling memchr v2.8.2
[INFO] [stderr]    Compiling itoa v1.0.18
[INFO] [stderr]    Compiling stratifykit-core v0.11.6 (/opt/rustwide/workdir)
[INFO] [stderr]     Finished `release` profile [optimized] target(s) in 10.26s
[INFO] running `Command { std: "docker" "inspect" "b1510ff6f0d315334a631d171c06f6f571e5ce0e64c52d341bcec34d2002ed7a", kill_on_drop: false }`
[INFO] running `Command { std: "docker" "exec" "-e" "SOURCE_DIR=/opt/rustwide/workdir" "-e" "CARGO_HOME=/opt/rustwide/cargo-home" "-e" "RUSTUP_HOME=/opt/rustwide/rustup-home" "-e" "CARGO_TARGET_DIR=/opt/rustwide/target" "-e" "CARGO_INCREMENTAL=0" "-e" "RUST_BACKTRACE=full" "-e" "RUSTFLAGS=--cap-lints=warn" "-e" "RUSTDOCFLAGS=--cap-lints=warn" "-w" "/opt/rustwide/workdir" "--user" "0:0" "b1510ff6f0d315334a631d171c06f6f571e5ce0e64c52d341bcec34d2002ed7a" "/opt/rustwide/cargo-home/bin/cargo" "+1.100.0-beta.1" "test" "--frozen" "--release", kill_on_drop: false }`
[INFO] [stderr] warning: `package.homepage` is redundant with `package.repository`
[INFO] [stderr]   --> Cargo.toml:26:12
[INFO] [stderr]    |
[INFO] [stderr] 26 | homepage = "https://github.com/kent-tokyo/shogiesa"
[INFO] [stderr]    |            ^^^^^^^^^^^^^^^^^^^^^^^^^^^^^^^^^^^^^^^^
[INFO] [stderr] ...
[INFO] [stderr] 31 | repository = "https://github.com/kent-tokyo/shogiesa"
[INFO] [stderr]    |              ----------------------------------------
[INFO] [stderr]    |
[INFO] [stderr]    = note: `cargo::redundant_homepage` is set to `warn` by default
[INFO] [stderr] help: consider removing `package.homepage`
[INFO] [stderr] warning: `stratifykit-core` (manifest) generated 1 warning
[INFO] [stderr]     Finished `release` profile [optimized] target(s) in 0.07s
[INFO] [stderr]      Running unittests src/lib.rs (/opt/rustwide/target/release/build/stratifykit-core/4c545b9a3a40f5dc/out/stratifykit_core-4c545b9a3a40f5dc)
[INFO] [stdout] 
[INFO] [stdout] running 19 tests
[INFO] [stdout] test hash::tests::different_seeds_spread_the_same_input ... ok
[INFO] [stdout] test heap::tests::push_bounded_keeps_k_smallest_keys ... ok
[INFO] [stdout] test coverage::tests::mean_of_empty_is_zero ... ok
[INFO] [stdout] test hash::tests::different_inputs_spread_the_same_seed ... ok
[INFO] [stdout] test coverage::tests::bucket_floor_rounds_down_to_multiple ... ok
[INFO] [stdout] test coverage::tests::classify_bucket_flags_missing_under_over_ok ... ok
[INFO] [stdout] test coverage::tests::mean_of_averages ... ok
[INFO] [stdout] test hash::tests::same_seed_and_input_are_deterministic ... ok
[INFO] [stdout] test hash::tests::seeded_hash_is_a_stable_golden_value ... ok
[INFO] [stdout] test sampling::tests::group_aware_fill_on_empty_input_is_a_safe_no_op ... ok
[INFO] [stdout] test sampling::tests::group_aware_fill_reports_bucket_not_in_quota ... ok
[INFO] [stdout] test sampling::tests::reservoir_sample_restores_input_order_and_is_deterministic ... ok
[INFO] [stdout] test sampling::tests::group_aware_fill_does_not_let_one_group_starve_out_another ... ok
[INFO] [stdout] test heap::tests::push_bounded_matches_sort_then_truncate ... ok
[INFO] [stderr] error: test failed, to rerun pass `--lib`
[INFO] [stdout] test quota::tests::round_trips_through_json ... ok
[INFO] [stdout] test sampling::tests::group_aware_fill_with_no_quotas_drops_every_item ... ok
[INFO] [stdout] test sampling::tests::reservoir_sample_on_empty_input_returns_nothing ... ok
[INFO] [stdout] test tests::cargo_toml_has_no_shogiesa_dependency ... FAILED
[INFO] [stdout] test heap::tests::total_f32_orders_like_a_float_comparison ... ok
[INFO] [stdout] 
[INFO] [stdout] failures:
[INFO] [stdout] 
[INFO] [stdout] ---- tests::cargo_toml_has_no_shogiesa_dependency stdout ----
[INFO] [stdout] 
[INFO] [stdout] thread 'tests::cargo_toml_has_no_shogiesa_dependency' (617) panicked at src/lib.rs:37:9:
[INFO] [stdout] stratifykit-core must stay zero-shogi-vocabulary; found a `shogiesa` reference in Cargo.toml
[INFO] [stdout] stack backtrace:
[INFO] [stdout]    0:     0x55a22628d9c1 - <<std[617be2ca0a6fd877]::sys::backtrace::BacktraceLock>::print::DisplayBacktrace as core[a373ad73a504971]::fmt::Display>::fmt
[INFO] [stdout]    1:     0x55a2262a2f8a - core[a373ad73a504971]::fmt::write
[INFO] [stdout]    2:     0x55a226291bdc - <alloc[2e1b2a31b91974c5]::vec::Vec<u8> as core[a373ad73a504971]::io::write::Write>::write_fmt
[INFO] [stdout]    3:     0x55a226269e26 - std[617be2ca0a6fd877]::panicking::default_hook::{closure#0}
[INFO] [stdout]    4:     0x55a226286059 - std[617be2ca0a6fd877]::panicking::default_hook
[INFO] [stdout]    5:     0x55a226222260 - test[aada8e7e76ba119b]::test_main_inner::{closure#0}
[INFO] [stdout]    6:     0x55a226286212 - std[617be2ca0a6fd877]::panicking::panic_with_hook
[INFO] [stdout]    7:     0x55a226269f04 - std[617be2ca0a6fd877]::panicking::panic_handler::{closure#0}
[INFO] [stdout]    8:     0x55a226262be9 - std[617be2ca0a6fd877]::sys::backtrace::__rust_end_short_backtrace::<std[617be2ca0a6fd877]::panicking::panic_handler::{closure#0}, !>
[INFO] [stdout]    9:     0x55a22626aadd - __rustc[ea4f61d10b84890b]::rust_begin_unwind
[INFO] [stdout]   10:     0x55a2262a36bc - core[a373ad73a504971]::panicking::panic_fmt
[INFO] [stdout]   11:     0x55a2261fa467 - <stratifykit_core[f3691ddb8590185d]::tests::cargo_toml_has_no_shogiesa_dependency::{closure#0} as core[a373ad73a504971]::ops::function::FnOnce<()>>::call_once
[INFO] [stdout]   12:     0x55a2262156ab - test[aada8e7e76ba119b]::__rust_begin_short_backtrace::<core[a373ad73a504971]::result::Result<(), alloc[2e1b2a31b91974c5]::string::String>, fn() -> core[a373ad73a504971]::result::Result<(), alloc[2e1b2a31b91974c5]::string::String>>
[INFO] [stdout]   13:     0x55a226222885 - test[aada8e7e76ba119b]::run_test::{closure#0}
[INFO] [stdout]   14:     0x55a22621c174 - std[617be2ca0a6fd877]::sys::backtrace::__rust_begin_short_backtrace::<test[aada8e7e76ba119b]::run_test::{closure#1}, ()>
[INFO] [stdout]   15:     0x55a226225912 - <std[617be2ca0a6fd877]::thread::lifecycle::spawn_unchecked<test[aada8e7e76ba119b]::run_test::{closure#1}, ()>::{closure#1} as core[a373ad73a504971]::ops::function::FnOnce<()>>::call_once::{shim:vtable#0}
[INFO] [stdout]   16:     0x55a22628d21f - <std[617be2ca0a6fd877]::sys::thread::unix::Thread>::new::thread_start
[INFO] [stdout]   17:     0x7dc9b537fdfa - <unknown>
[INFO] [stdout]   18:     0x7dc9b54133d4 - clone
[INFO] [stdout]   19:                0x0 - <unknown>
[INFO] [stdout] 
[INFO] [stdout] 
[INFO] [stdout] failures:
[INFO] [stdout]     tests::cargo_toml_has_no_shogiesa_dependency
[INFO] [stdout] 
[INFO] [stdout] test result: FAILED. 18 passed; 1 failed; 0 ignored; 0 measured; 0 filtered out; finished in 0.02s
[INFO] [stdout] 
[INFO] running `Command { std: "docker" "inspect" "b1510ff6f0d315334a631d171c06f6f571e5ce0e64c52d341bcec34d2002ed7a", kill_on_drop: false }`
[INFO] running `Command { std: "docker" "rm" "-f" "b1510ff6f0d315334a631d171c06f6f571e5ce0e64c52d341bcec34d2002ed7a", kill_on_drop: false }`
[INFO] [stdout] b1510ff6f0d315334a631d171c06f6f571e5ce0e64c52d341bcec34d2002ed7a
