[INFO] fetching crate strata-rs 0.4.4...
[INFO] testing strata-rs-0.4.4 against 1.100.0-beta.1+cargoflags=--release for beta-release-1.100-2
[INFO] extracting crate strata-rs 0.4.4 into /workspace/builds/worker-3-tc2/source
[INFO] started tweaking crates.io crate strata-rs 0.4.4
[INFO] removed 0 missing tests
[INFO] finished tweaking crates.io crate strata-rs 0.4.4
[INFO] tweaked toml for crates.io crate strata-rs 0.4.4 written to /workspace/builds/worker-3-tc2/source/Cargo.toml
[INFO] validating manifest of crates.io crate strata-rs 0.4.4 on toolchain 1.100.0-beta.1
[INFO] running `Command { std: CARGO_HOME="/workspace/cargo-home" RUSTUP_HOME="/workspace/rustup-home" "/workspace/cargo-home/bin/cargo" "+1.100.0-beta.1" "metadata" "--manifest-path" "Cargo.toml" "--no-deps", kill_on_drop: false }`
[INFO] crate crates.io crate strata-rs 0.4.4 already has a lockfile, it will not be regenerated
[INFO] running `Command { std: CARGO_HOME="/workspace/cargo-home" RUSTUP_HOME="/workspace/rustup-home" "/workspace/cargo-home/bin/cargo" "+1.100.0-beta.1" "fetch" "--manifest-path" "Cargo.toml", kill_on_drop: false }`
[INFO] running `Command { std: "docker" "create" "-v" "/var/lib/crater-agent-workspace/builds/worker-3-tc2/source:/opt/rustwide/workdir:ro,Z" "-v" "/var/lib/crater-agent-workspace/builds/worker-3-tc2/target:/opt/rustwide/target:rw,Z" "-v" "/var/lib/crater-agent-workspace/cargo-home:/opt/rustwide/cargo-home:ro,Z" "-v" "/var/lib/crater-agent-workspace/rustup-home:/opt/rustwide/rustup-home:ro,Z" "-m" "1610612736" "--network" "none" "ghcr.io/rust-lang/crates-build-env/linux@sha256:77db811e55d90add9212f6832c23229e3de5f1c1f9905e8cb07319ea15df73ac" "sleep" "infinity", kill_on_drop: false }`
[INFO] [stdout] bb7f731da826fe0af2971c3f554d195078af880b3a6fdd06a4bbb37c9d4043ca
[INFO] running `Command { std: "docker" "start" "bb7f731da826fe0af2971c3f554d195078af880b3a6fdd06a4bbb37c9d4043ca", kill_on_drop: false }`
[INFO] running `Command { std: "docker" "inspect" "bb7f731da826fe0af2971c3f554d195078af880b3a6fdd06a4bbb37c9d4043ca", kill_on_drop: false }`
[INFO] running `Command { std: "docker" "exec" "-e" "SOURCE_DIR=/opt/rustwide/workdir" "-e" "CARGO_HOME=/opt/rustwide/cargo-home" "-e" "RUSTUP_HOME=/opt/rustwide/rustup-home" "-e" "CARGO_TARGET_DIR=/opt/rustwide/target" "-w" "/opt/rustwide/workdir" "--user" "0:0" "bb7f731da826fe0af2971c3f554d195078af880b3a6fdd06a4bbb37c9d4043ca" "/opt/rustwide/cargo-home/bin/cargo" "+1.100.0-beta.1" "metadata" "--no-deps" "--format-version=1", kill_on_drop: false }`
[INFO] running `Command { std: "docker" "inspect" "bb7f731da826fe0af2971c3f554d195078af880b3a6fdd06a4bbb37c9d4043ca", kill_on_drop: false }`
[INFO] running `Command { std: "docker" "exec" "-e" "SOURCE_DIR=/opt/rustwide/workdir" "-e" "CARGO_HOME=/opt/rustwide/cargo-home" "-e" "RUSTUP_HOME=/opt/rustwide/rustup-home" "-e" "CARGO_TARGET_DIR=/opt/rustwide/target" "-e" "CARGO_INCREMENTAL=0" "-e" "RUST_BACKTRACE=full" "-e" "RUSTFLAGS=--cap-lints=warn" "-e" "RUSTDOCFLAGS=--cap-lints=warn" "-w" "/opt/rustwide/workdir" "--user" "0:0" "bb7f731da826fe0af2971c3f554d195078af880b3a6fdd06a4bbb37c9d4043ca" "/opt/rustwide/cargo-home/bin/cargo" "+1.100.0-beta.1" "build" "--frozen" "--message-format=json" "--release", kill_on_drop: false }`
[INFO] [stderr]    Compiling proc-macro2 v1.0.104
[INFO] [stderr]    Compiling quote v1.0.42
[INFO] [stderr]    Compiling find-msvc-tools v0.1.6
[INFO] [stderr]    Compiling clap_lex v0.7.6
[INFO] [stderr]    Compiling cc v1.2.51
[INFO] [stderr]    Compiling clap_builder v4.5.53
[INFO] [stderr]    Compiling syn v2.0.112
[INFO] [stderr]    Compiling blake3 v1.8.2
[INFO] [stderr]    Compiling clap_derive v4.5.49
[INFO] [stderr]    Compiling thiserror-impl v1.0.69
[INFO] [stderr]    Compiling thiserror v1.0.69
[INFO] [stderr]    Compiling clap v4.5.53
[INFO] [stderr]    Compiling strata-rs v0.4.4 (/opt/rustwide/workdir)
[INFO] [stderr] warning: unused dependency `thiserror`
[INFO] [stderr]   --> Cargo.toml:12:15
[INFO] [stderr]    |
[INFO] [stderr] 12 | [dependencies.thiserror]
[INFO] [stderr]    |               ^^^^^^^^^^
[INFO] [stderr]    |
[INFO] [stderr]    = note: `cargo::unused_dependencies` is set to `warn` by default
[INFO] [stderr] help: consider removing the dependency on `thiserror`
[INFO] [stderr] warning: `strata-rs` (manifest) generated 1 warning
[INFO] [stderr]     Finished `release` profile [optimized] target(s) in 18.16s
[INFO] running `Command { std: "docker" "inspect" "bb7f731da826fe0af2971c3f554d195078af880b3a6fdd06a4bbb37c9d4043ca", kill_on_drop: false }`
[INFO] running `Command { std: "docker" "exec" "-e" "SOURCE_DIR=/opt/rustwide/workdir" "-e" "CARGO_HOME=/opt/rustwide/cargo-home" "-e" "RUSTUP_HOME=/opt/rustwide/rustup-home" "-e" "CARGO_TARGET_DIR=/opt/rustwide/target" "-e" "CARGO_INCREMENTAL=0" "-e" "RUST_BACKTRACE=full" "-e" "RUSTFLAGS=--cap-lints=warn" "-e" "RUSTDOCFLAGS=--cap-lints=warn" "-w" "/opt/rustwide/workdir" "--user" "0:0" "bb7f731da826fe0af2971c3f554d195078af880b3a6fdd06a4bbb37c9d4043ca" "/opt/rustwide/cargo-home/bin/cargo" "+1.100.0-beta.1" "test" "--frozen" "--no-run" "--message-format=json" "--release", kill_on_drop: false }`
[INFO] [stderr]    Compiling libc v0.2.178
[INFO] [stderr]    Compiling aho-corasick v1.1.4
[INFO] [stderr]    Compiling assert_cmd v2.1.1
[INFO] [stderr]    Compiling float-cmp v0.10.0
[INFO] [stderr]    Compiling wait-timeout v0.2.1
[INFO] [stderr]    Compiling regex-automata v0.4.13
[INFO] [stderr]    Compiling regex v1.12.2
[INFO] [stderr]    Compiling bstr v1.12.1
[INFO] [stderr]    Compiling predicates v3.1.3
[INFO] [stderr]    Compiling strata-rs v0.4.4 (/opt/rustwide/workdir)
[INFO] [stderr] warning: unused dependency `thiserror`
[INFO] [stderr]   --> Cargo.toml:12:15
[INFO] [stderr]    |
[INFO] [stderr] 12 | [dependencies.thiserror]
[INFO] [stderr]    |               ^^^^^^^^^^
[INFO] [stderr]    |
[INFO] [stderr]    = note: `cargo::unused_dependencies` is set to `warn` by default
[INFO] [stderr] help: consider removing the dependency on `thiserror`
[INFO] [stderr] warning: `strata-rs` (manifest) generated 1 warning
[INFO] [stderr]     Finished `release` profile [optimized] target(s) in 20.31s
[INFO] running `Command { std: "docker" "inspect" "bb7f731da826fe0af2971c3f554d195078af880b3a6fdd06a4bbb37c9d4043ca", kill_on_drop: false }`
[INFO] running `Command { std: "docker" "exec" "-e" "SOURCE_DIR=/opt/rustwide/workdir" "-e" "CARGO_HOME=/opt/rustwide/cargo-home" "-e" "RUSTUP_HOME=/opt/rustwide/rustup-home" "-e" "CARGO_TARGET_DIR=/opt/rustwide/target" "-e" "CARGO_INCREMENTAL=0" "-e" "RUST_BACKTRACE=full" "-e" "RUSTFLAGS=--cap-lints=warn" "-e" "RUSTDOCFLAGS=--cap-lints=warn" "-w" "/opt/rustwide/workdir" "--user" "0:0" "bb7f731da826fe0af2971c3f554d195078af880b3a6fdd06a4bbb37c9d4043ca" "/opt/rustwide/cargo-home/bin/cargo" "+1.100.0-beta.1" "test" "--frozen" "--release", kill_on_drop: false }`
[INFO] [stderr] warning: unused dependency `thiserror`
[INFO] [stderr]   --> Cargo.toml:12:15
[INFO] [stderr]    |
[INFO] [stderr] 12 | [dependencies.thiserror]
[INFO] [stderr]    |               ^^^^^^^^^^
[INFO] [stderr]    |
[INFO] [stderr]    = note: `cargo::unused_dependencies` is set to `warn` by default
[INFO] [stderr] help: consider removing the dependency on `thiserror`
[INFO] [stderr] warning: `strata-rs` (manifest) generated 1 warning
[INFO] [stderr]     Finished `release` profile [optimized] target(s) in 0.09s
[INFO] [stderr]      Running unittests src/lib.rs (/opt/rustwide/target/release/build/strata-rs/a169e1e45ce25533/out/strata-a169e1e45ce25533)
[INFO] [stdout] 
[INFO] [stdout] running 75 tests
[INFO] [stdout] test decode_tests::tests::decode_bool ... ok
[INFO] [stdout] test decode_tests::tests::decode_int ... ok
[INFO] [stdout] test decode_tests::tests::decode_nested ... ok
[INFO] [stdout] test decode_tests::tests::decode_truncated_string ... ok
[INFO] [stdout] test decode_tests::tests::decode_bytes ... ok
[INFO] [stdout] test encode_tests::tests::encode_bytes ... ok
[INFO] [stdout] test encode_tests::tests::encode_int ... ok
[INFO] [stdout] test decode_tests::tests::decode_map ... ok
[INFO] [stdout] test encode_tests::tests::encode_bool ... ok
[INFO] [stdout] test encode_tests::tests::encode_map_sorted ... ok
[INFO] [stdout] test encode_tests::tests::encode_list ... ok
[INFO] [stdout] test decode_tests::tests::decode_null ... ok
[INFO] [stdout] test decode_tests::tests::decode_list ... ok
[INFO] [stdout] test decode_tests::tests::decode_trailing_bytes ... ok
[INFO] [stdout] test decode_tests::tests::decode_string ... ok
[INFO] [stdout] test encode_tests::tests::encode_null ... ok
[INFO] [stdout] test encode_tests::tests::encode_nested ... ok
[INFO] [stdout] test encode_tests::tests::framed_vs_unframed ... ok
[INFO] [stdout] test hash_tests::tests::hash_changes_on_value_change ... ok
[INFO] [stdout] test fmt_tests::tests::fmt_bytes ... ok
[INFO] [stdout] test encode_tests::tests::uleb128_basic ... ok
[INFO] [stdout] test fmt_tests::tests::fmt_is_deterministic ... ok
[INFO] [stdout] test fmt_tests::tests::fmt_ast_mode ... ok
[INFO] [stdout] test fmt_tests::tests::fmt_string ... ok
[INFO] [stdout] test fmt_tests::tests::fmt_list ... ok
[INFO] [stdout] test encode_tests::tests::encode_string ... ok
[INFO] [stdout] test hash_tests::tests::hash_respects_structure ... ok
[INFO] [stdout] test fmt_tests::tests::fmt_map_multiline ... ok
[INFO] [stdout] test encode_tests::tests::sleb128_basic ... ok
[INFO] [stdout] test lexer_tests::tests::lex_bytes_literal ... ok
[INFO] [stdout] test hash_tests::tests::hash_is_deterministic ... ok
[INFO] [stdout] test decode_tests::tests::decode_invalid_tag ... ok
[INFO] [stdout] test fmt_tests::tests::fmt_nested_structure ... ok
[INFO] [stdout] test lexer_tests::tests::lex_identifiers_and_keywords ... ok
[INFO] [stdout] test fmt_tests::tests::fmt_primitives ... ok
[INFO] [stdout] test parser_tests::tests::parse_full_example_2_4 ... ok
[INFO] [stdout] test lexer_tests::tests::lex_mixed_input ... ok
[INFO] [stdout] test parser_tests::tests::int_out_of_range_rejected ... ok
[INFO] [stdout] test macros_tests::tests::map_duplicate_keys_are_last_write_wins ... ok
[INFO] [stdout] test parser_tests::tests::parse_empty_list ... ok
[INFO] [stdout] test parser_tests::tests::parse_list_of_ints ... ok
[INFO] [stdout] test macros_tests::tests::nesting_works ... ok
[INFO] [stdout] test parser_tests::tests::parse_integer ... ok
[INFO] [stdout] test parser_tests::tests::parse_empty_map ... ok
[INFO] [stdout] test macros_tests::tests::macro_built_map_matches_manual_map_structure ... ok
[INFO] [stdout] test macros_tests::tests::macro_variants_construct_correctly ... ok
[INFO] [stdout] test macros_tests::tests::macro_encoding_and_hash_match_manual_equivalent ... ok
[INFO] [stdout] test lexer_tests::tests::lex_string_with_escapes ... ok
[INFO] [stdout] test parser_tests::tests::duplicate_keys_last_write_wins ... ok
[INFO] [stdout] test lexer_tests::tests::lex_integers ... ok
[INFO] [stdout] test parser_tests::tests::parse_nested_list ... ok
[INFO] [stdout] test parser_tests::tests::parse_list_with_trailing_comma ... ok
[INFO] [stdout] test parser_tests::tests::parse_map_with_trailing_comma ... ok
[INFO] [stdout] test parser_tests::tests::parse_map_shorthand ... ok
[INFO] [stdout] test parser_tests::tests::parse_nested_map ... ok
[INFO] [stdout] test parser_tests::tests::parse_nested_shorthand ... ok
[INFO] [stdout] test roundtrip_tests::tests::roundtrip_allows_reordering ... ok
[INFO] [stdout] test parser_tests::tests::parse_null ... ok
[INFO] [stdout] test parser_tests::tests::parse_string ... ok
[INFO] [stdout] test parser_tests::tests::parse_simple_map ... ok
[INFO] [stdout] test roundtrip_tests::tests::roundtrip_nested ... ok
[INFO] [stdout] test semantic_vectors::tests::semantic_vector_config ... ok
[INFO] [stdout] test semantic_vectors::tests::neg_02_truncated_string ... FAILED
[INFO] [stdout] test roundtrip_tests::tests::roundtrip_structural_simple ... ok
[INFO] [stdout] test semantic_vectors::tests::semantic_vector_profile ... ok
[INFO] [stdout] test semantic_vectors::tests::vector_v1_01_basic ... FAILED
[INFO] [stdout] test semantic_vectors::tests::vector_v1_03_bigint_bytes ... FAILED
[INFO] [stdout] test semantic_vectors::tests::vector_v2_01_decode_roundtrip ... FAILED
[INFO] [stdout] test semantic_vectors::tests::neg_01_invalid_tag ... FAILED
[INFO] [stdout] test semantic_vectors::tests::neg_04_invalid_utf8 ... FAILED
[INFO] [stdout] test semantic_vectors::tests::neg_03_varint_overflow ... FAILED
[INFO] [stdout] test semantic_vectors::tests::semantic_vector_key_ordering ... ok
[INFO] [stdout] test semantic_vectors::tests::vector_v1_02_map_order ... FAILED
[INFO] [stdout] test semantic_vectors::tests::vector_v2_02_noncanonical_map_order ... FAILED
[INFO] [stdout] test semantic_vectors::tests::vector_v2_03_nested_structure ... FAILED
[INFO] [stdout] 
[INFO] [stdout] failures:
[INFO] [stdout] 
[INFO] [stdout] ---- semantic_vectors::tests::neg_02_truncated_string stdout ----
[INFO] [stdout] 
[INFO] [stdout] thread 'semantic_vectors::tests::neg_02_truncated_string' (905) panicked at src/semantic_vectors.rs:31:33:
[INFO] [stdout] failed to read /opt/rustwide/workdir/../vectors/v2.1/neg-02-truncated-string.hex
[INFO] [stdout] stack backtrace:
[INFO] [stdout]    0:     0x58124d23c6d1 - <<std[617be2ca0a6fd877]::sys::backtrace::BacktraceLock>::print::DisplayBacktrace as core[a373ad73a504971]::fmt::Display>::fmt
[INFO] [stdout]    1:     0x58124d2512fa - core[a373ad73a504971]::fmt::write
[INFO] [stdout]    2:     0x58124d24090c - <alloc[2e1b2a31b91974c5]::vec::Vec<u8> as core[a373ad73a504971]::io::write::Write>::write_fmt
[INFO] [stdout]    3:     0x58124d218456 - std[617be2ca0a6fd877]::panicking::default_hook::{closure#0}
[INFO] [stdout]    4:     0x58124d234a09 - std[617be2ca0a6fd877]::panicking::default_hook
[INFO] [stdout]    5:     0x58124d1d07e0 - test[aada8e7e76ba119b]::test_main_inner::{closure#0}
[INFO] [stdout]    6:     0x58124d234bc2 - std[617be2ca0a6fd877]::panicking::panic_with_hook
[INFO] [stdout]    7:     0x58124d218502 - std[617be2ca0a6fd877]::panicking::panic_handler::{closure#0}
[INFO] [stdout]    8:     0x58124d211089 - std[617be2ca0a6fd877]::sys::backtrace::__rust_end_short_backtrace::<std[617be2ca0a6fd877]::panicking::panic_handler::{closure#0}, !>
[INFO] [stdout]    9:     0x58124d21910d - __rustc[ea4f61d10b84890b]::rust_begin_unwind
[INFO] [stdout]   10:     0x58124d251a2c - core[a373ad73a504971]::panicking::panic_fmt
[INFO] [stdout]   11:     0x58124d1ad47e - strata[f993ed5ca5b3660]::semantic_vectors::tests::read_hex_file::{closure#0}
[INFO] [stdout]   12:     0x58124d1add61 - strata[f993ed5ca5b3660]::semantic_vectors::tests::read_hex_file
[INFO] [stdout]   13:     0x58124d1adeac - strata[f993ed5ca5b3660]::semantic_vectors::tests::run_negative_decode_vector
[INFO] [stdout]   14:     0x58124d1aea4a - <strata[f993ed5ca5b3660]::semantic_vectors::tests::neg_02_truncated_string::{closure#0} as core[a373ad73a504971]::ops::function::FnOnce<()>>::call_once
[INFO] [stdout]   15:     0x58124d1c3c2b - test[aada8e7e76ba119b]::__rust_begin_short_backtrace::<core[a373ad73a504971]::result::Result<(), alloc[2e1b2a31b91974c5]::string::String>, fn() -> core[a373ad73a504971]::result::Result<(), alloc[2e1b2a31b91974c5]::string::String>>
[INFO] [stdout]   16:     0x58124d1d0e05 - test[aada8e7e76ba119b]::run_test::{closure#0}
[INFO] [stdout]   17:     0x58124d1ca6f4 - std[617be2ca0a6fd877]::sys::backtrace::__rust_begin_short_backtrace::<test[aada8e7e76ba119b]::run_test::{closure#1}, ()>
[INFO] [stdout]   18:     0x58124d1d3e92 - <std[617be2ca0a6fd877]::thread::lifecycle::spawn_unchecked<test[aada8e7e76ba119b]::run_test::{closure#1}, ()>::{closure#1} as core[a373ad73a504971]::ops::function::FnOnce<()>>::call_once::{shim:vtable#0}
[INFO] [stdout]   19:     0x58124d23bbcf - <std[617be2ca0a6fd877]::sys::thread::unix::Thread>::new::thread_start
[INFO] [stdout]   20:     0x731b6ab27dfa - <unknown>
[INFO] [stdout]   21:     0x731b6abbb3d4 - clone
[INFO] [stdout]   22:                0x0 - <unknown>
[INFO] [stdout] 
[INFO] [stdout] ---- semantic_vectors::tests::vector_v1_01_basic stdout ----
[INFO] [stdout] 
[INFO] [stdout] thread 'semantic_vectors::tests::vector_v1_01_basic' (911) panicked at src/semantic_vectors.rs:62:33:
[INFO] [stdout] failed to read /opt/rustwide/workdir/../vectors/v1/01-basic.st
[INFO] [stdout] stack backtrace:
[INFO] [stdout]    0:     0x58124d23c6d1 - <<std[617be2ca0a6fd877]::sys::backtrace::BacktraceLock>::print::DisplayBacktrace as core[a373ad73a504971]::fmt::Display>::fmt
[INFO] [stdout]    1:     0x58124d2512fa - core[a373ad73a504971]::fmt::write
[INFO] [stdout]    2:     0x58124d24090c - <alloc[2e1b2a31b91974c5]::vec::Vec<u8> as core[a373ad73a504971]::io::write::Write>::write_fmt
[INFO] [stdout]    3:     0x58124d218456 - std[617be2ca0a6fd877]::panicking::default_hook::{closure#0}
[INFO] [stdout]    4:     0x58124d234a09 - std[617be2ca0a6fd877]::panicking::default_hook
[INFO] [stdout]    5:     0x58124d1d07e0 - test[aada8e7e76ba119b]::test_main_inner::{closure#0}
[INFO] [stdout]    6:     0x58124d234bc2 - std[617be2ca0a6fd877]::panicking::panic_with_hook
[INFO] [stdout]    7:     0x58124d218502 - std[617be2ca0a6fd877]::panicking::panic_handler::{closure#0}
[INFO] [stdout]    8:     0x58124d211089 - std[617be2ca0a6fd877]::sys::backtrace::__rust_end_short_backtrace::<std[617be2ca0a6fd877]::panicking::panic_handler::{closure#0}, !>
[INFO] [stdout]    9:     0x58124d21910d - __rustc[ea4f61d10b84890b]::rust_begin_unwind
[INFO] [stdout]   10:     0x58124d251a2c - core[a373ad73a504971]::panicking::panic_fmt
[INFO] [stdout]   11:     0x58124d1ad3fe - strata[f993ed5ca5b3660]::semantic_vectors::tests::run_vector::{closure#0}
[INFO] [stdout]   12:     0x58124d1ada6b - strata[f993ed5ca5b3660]::semantic_vectors::tests::run_vector
[INFO] [stdout]   13:     0x58124d1ae495 - <strata[f993ed5ca5b3660]::semantic_vectors::tests::vector_v1_01_basic::{closure#0} as core[a373ad73a504971]::ops::function::FnOnce<()>>::call_once
[INFO] [stdout]   14:     0x58124d1c3c2b - test[aada8e7e76ba119b]::__rust_begin_short_backtrace::<core[a373ad73a504971]::result::Result<(), alloc[2e1b2a31b91974c5]::string::String>, fn() -> core[a373ad73a504971]::result::Result<(), alloc[2e1b2a31b91974c5]::string::String>>
[INFO] [stdout]   15:     0x58124d1d0e05 - test[aada8e7e76ba119b]::run_test::{closure#0}
[INFO] [stdout]   16:     0x58124d1ca6f4 - std[617be2ca0a6fd877]::sys::backtrace::__rust_begin_short_backtrace::<test[aada8e7e76ba119b]::run_test::{closure#1}, ()>
[INFO] [stdout]   17:     0x58124d1d3e92 - <std[617be2ca0a6fd877]::thread::lifecycle::spawn_unchecked<test[aada8e7e76ba119b]::run_test::{closure#1}, ()>::{closure#1} as core[a373ad73a504971]::ops::function::FnOnce<()>>::call_once::{shim:vtable#0}
[INFO] [stdout]   18:     0x58124d23bbcf - <std[617be2ca0a6fd877]::sys::thread::unix::Thread>::new::thread_start
[INFO] [stdout]   19:     0x731b6ab27dfa - <unknown>
[INFO] [stdout]   20:     0x731b6abbb3d4 - clone
[INFO] [stdout]   21:                0x0 - <unknown>
[INFO] [stdout] 
[INFO] [stdout] ---- semantic_vectors::tests::vector_v1_03_bigint_bytes stdout ----
[INFO] [stdout] 
[INFO] [stdout] thread 'semantic_vectors::tests::vector_v1_03_bigint_bytes' (913) panicked at src/semantic_vectors.rs:62:33:
[INFO] [stdout] failed to read /opt/rustwide/workdir/../vectors/v1/03-bigint-bytes.st
[INFO] [stdout] stack backtrace:
[INFO] [stdout]    0:     0x58124d23c6d1 - <<std[617be2ca0a6fd877]::sys::backtrace::BacktraceLock>::print::DisplayBacktrace as core[a373ad73a504971]::fmt::Display>::fmt
[INFO] [stdout]    1:     0x58124d2512fa - core[a373ad73a504971]::fmt::write
[INFO] [stdout]    2:     0x58124d24090c - <alloc[2e1b2a31b91974c5]::vec::Vec<u8> as core[a373ad73a504971]::io::write::Write>::write_fmt
[INFO] [stdout]    3:     0x58124d218456 - std[617be2ca0a6fd877]::panicking::default_hook::{closure#0}
[INFO] [stdout]    4:     0x58124d234a09 - std[617be2ca0a6fd877]::panicking::default_hook
[INFO] [stdout]    5:     0x58124d1d07e0 - test[aada8e7e76ba119b]::test_main_inner::{closure#0}
[INFO] [stdout]    6:     0x58124d234bc2 - std[617be2ca0a6fd877]::panicking::panic_with_hook
[INFO] [stdout]    7:     0x58124d218502 - std[617be2ca0a6fd877]::panicking::panic_handler::{closure#0}
[INFO] [stdout]    8:     0x58124d211089 - std[617be2ca0a6fd877]::sys::backtrace::__rust_end_short_backtrace::<std[617be2ca0a6fd877]::panicking::panic_handler::{closure#0}, !>
[INFO] [stdout]    9:     0x58124d21910d - __rustc[ea4f61d10b84890b]::rust_begin_unwind
[INFO] [stdout]   10:     0x58124d251a2c - core[a373ad73a504971]::panicking::panic_fmt
[INFO] [stdout]   11:     0x58124d1ad3fe - strata[f993ed5ca5b3660]::semantic_vectors::tests::run_vector::{closure#0}
[INFO] [stdout]   12:     0x58124d1ada6b - strata[f993ed5ca5b3660]::semantic_vectors::tests::run_vector
[INFO] [stdout]   13:     0x58124d1af095 - <strata[f993ed5ca5b3660]::semantic_vectors::tests::vector_v1_03_bigint_bytes::{closure#0} as core[a373ad73a504971]::ops::function::FnOnce<()>>::call_once
[INFO] [stdout]   14:     0x58124d1c3c2b - test[aada8e7e76ba119b]::__rust_begin_short_backtrace::<core[a373ad73a504971]::result::Result<(), alloc[2e1b2a31b91974c5]::string::String>, fn() -> core[a373ad73a504971]::result::Result<(), alloc[2e1b2a31b91974c5]::string::String>>
[INFO] [stdout]   15:     0x58124d1d0e05 - test[aada8e7e76ba119b]::run_test::{closure#0}
[INFO] [stdout]   16:     0x58124d1ca6f4 - std[617be2ca0a6fd877]::sys::backtrace::__rust_begin_short_backtrace::<test[aada8e7e76ba119b]::run_test::{closure#1}, ()>
[INFO] [stdout]   17:     0x58124d1d3e92 - <std[617be2ca0a6fd877]::thread::lifecycle::spawn_unchecked<test[aada8e7e76ba119b]::run_test::{closure#1}, ()>::{closure#1} as core[a373ad73a504971]::ops::function::FnOnce<()>>::call_once::{shim:vtable#0}
[INFO] [stdout]   18:     0x58124d23bbcf - <std[617be2ca0a6fd877]::sys::thread::unix::Thread>::new::thread_start
[INFO] [stdout]   19:     0x731b6ab27dfa - <unknown>
[INFO] [stdout]   20:     0x731b6abbb3d4 - clone
[INFO] [stdout]   21:                0x0 - <unknown>
[INFO] [stdout] 
[INFO] [stdout] ---- semantic_vectors::tests::vector_v2_01_decode_roundtrip stdout ----
[INFO] [stdout] 
[INFO] [stdout] thread 'semantic_vectors::tests::vector_v2_01_decode_roundtrip' (914) panicked at src/semantic_vectors.rs:62:33:
[INFO] [stdout] failed to read /opt/rustwide/workdir/../vectors/v2/01-decode-roundtrip.st
[INFO] [stdout] stack backtrace:
[INFO] [stdout]    0:     0x58124d23c6d1 - <<std[617be2ca0a6fd877]::sys::backtrace::BacktraceLock>::print::DisplayBacktrace as core[a373ad73a504971]::fmt::Display>::fmt
[INFO] [stdout]    1:     0x58124d2512fa - core[a373ad73a504971]::fmt::write
[INFO] [stdout]    2:     0x58124d24090c - <alloc[2e1b2a31b91974c5]::vec::Vec<u8> as core[a373ad73a504971]::io::write::Write>::write_fmt
[INFO] [stdout]    3:     0x58124d218456 - std[617be2ca0a6fd877]::panicking::default_hook::{closure#0}
[INFO] [stdout]    4:     0x58124d234a09 - std[617be2ca0a6fd877]::panicking::default_hook
[INFO] [stdout]    5:     0x58124d1d07e0 - test[aada8e7e76ba119b]::test_main_inner::{closure#0}
[INFO] [stdout]    6:     0x58124d234bc2 - std[617be2ca0a6fd877]::panicking::panic_with_hook
[INFO] [stdout]    7:     0x58124d218502 - std[617be2ca0a6fd877]::panicking::panic_handler::{closure#0}
[INFO] [stdout]    8:     0x58124d211089 - std[617be2ca0a6fd877]::sys::backtrace::__rust_end_short_backtrace::<std[617be2ca0a6fd877]::panicking::panic_handler::{closure#0}, !>
[INFO] [stdout]    9:     0x58124d21910d - __rustc[ea4f61d10b84890b]::rust_begin_unwind
[INFO] [stdout]   10:     0x58124d251a2c - core[a373ad73a504971]::panicking::panic_fmt
[INFO] [stdout]   11:     0x58124d1ad3fe - strata[f993ed5ca5b3660]::semantic_vectors::tests::run_vector::{closure#0}
[INFO] [stdout]   12:     0x58124d1ada6b - strata[f993ed5ca5b3660]::semantic_vectors::tests::run_vector
[INFO] [stdout]   13:     0x58124d1af4a5 - <strata[f993ed5ca5b3660]::semantic_vectors::tests::vector_v2_01_decode_roundtrip::{closure#0} as core[a373ad73a504971]::ops::function::FnOnce<()>>::call_once
[INFO] [stdout]   14:     0x58124d1c3c2b - test[aada8e7e76ba119b]::__rust_begin_short_backtrace::<core[a373ad73a504971]::result::Result<(), alloc[2e1b2a31b91974c5]::string::String>, fn() -> core[a373ad73a504971]::result::Result<(), alloc[2e1b2a31b91974c5]::string::String>>
[INFO] [stdout]   15:     0x58124d1d0e05 - test[aada8e7e76ba119b]::run_test::{closure#0}
[INFO] [stdout]   16:     0x58124d1ca6f4 - std[617be2ca0a6fd877]::sys::backtrace::__rust_begin_short_backtrace::<test[aada8e7e76ba119b]::run_test::{closure#1}, ()>
[INFO] [stdout]   17:     0x58124d1d3e92 - <std[617be2ca0a6fd877]::thread::lifecycle::spawn_unchecked<test[aada8e7e76ba119b]::run_test::{closure#1}, ()>::{closure#1} as core[a373ad73a504971]::ops::function::FnOnce<()>>::call_once::{shim:vtable#0}
[INFO] [stdout]   18:     0x58124d23bbcf - <std[617be2ca0a6fd877]::sys::thread::unix::Thread>::new::thread_start
[INFO] [stdout]   19:     0x731b6ab27dfa - <unknown>
[INFO] [stdout]   20:     0x731b6abbb3d4 - clone
[INFO] [stdout]   21:                0x0 - <unknown>
[INFO] [stdout] 
[INFO] [stdout] ---- semantic_vectors::tests::neg_01_invalid_tag stdout ----
[INFO] [stdout] 
[INFO] [stdout] thread 'semantic_vectors::tests::neg_01_invalid_tag' (904) panicked at src/semantic_vectors.rs:31:33:
[INFO] [stdout] failed to read /opt/rustwide/workdir/../vectors/v2.1/neg-01-invalid-tag.hex
[INFO] [stdout] stack backtrace:
[INFO] [stdout]    0:     0x58124d23c6d1 - <<std[617be2ca0a6fd877]::sys::backtrace::BacktraceLock>::print::DisplayBacktrace as core[a373ad73a504971]::fmt::Display>::fmt
[INFO] [stdout]    1:     0x58124d2512fa - core[a373ad73a504971]::fmt::write
[INFO] [stdout]    2:     0x58124d24090c - <alloc[2e1b2a31b91974c5]::vec::Vec<u8> as core[a373ad73a504971]::io::write::Write>::write_fmt
[INFO] [stdout]    3:     0x58124d218456 - std[617be2ca0a6fd877]::panicking::default_hook::{closure#0}
[INFO] [stdout]    4:     0x58124d234a09 - std[617be2ca0a6fd877]::panicking::default_hook
[INFO] [stdout]    5:     0x58124d1d07e0 - test[aada8e7e76ba119b]::test_main_inner::{closure#0}
[INFO] [stdout]    6:     0x58124d234bc2 - std[617be2ca0a6fd877]::panicking::panic_with_hook
[INFO] [stdout]    7:     0x58124d218502 - std[617be2ca0a6fd877]::panicking::panic_handler::{closure#0}
[INFO] [stdout]    8:     0x58124d211089 - std[617be2ca0a6fd877]::sys::backtrace::__rust_end_short_backtrace::<std[617be2ca0a6fd877]::panicking::panic_handler::{closure#0}, !>
[INFO] [stdout]    9:     0x58124d21910d - __rustc[ea4f61d10b84890b]::rust_begin_unwind
[INFO] [stdout]   10:     0x58124d251a2c - core[a373ad73a504971]::panicking::panic_fmt
[INFO] [stdout]   11:     0x58124d1ad47e - strata[f993ed5ca5b3660]::semantic_vectors::tests::read_hex_file::{closure#0}
[INFO] [stdout]   12:     0x58124d1add61 - strata[f993ed5ca5b3660]::semantic_vectors::tests::read_hex_file
[INFO] [stdout]   13:     0x58124d1adeac - strata[f993ed5ca5b3660]::semantic_vectors::tests::run_negative_decode_vector
[INFO] [stdout]   14:     0x58124d1ae467 - <strata[f993ed5ca5b3660]::semantic_vectors::tests::neg_01_invalid_tag::{closure#0} as core[a373ad73a504971]::ops::function::FnOnce<()>>::call_once
[INFO] [stdout]   15:     0x58124d1c3c2b - test[aada8e7e76ba119b]::__rust_begin_short_backtrace::<core[a373ad73a504971]::result::Result<(), alloc[2e1b2a31b91974c5]::string::String>, fn() -> core[a373ad73a504971]::result::Result<(), alloc[2e1b2a31b91974c5]::string::String>>
[INFO] [stdout]   16:     0x58124d1d0e05 - test[aada8e7e76ba119b]::run_test::{closure#0}
[INFO] [stdout]   17:     0x58124d1ca6f4 - std[617be2ca0a6fd877]::sys::backtrace::__rust_begin_short_backtrace::<test[aada8e7e76ba119b]::run_test::{closure#1}, ()>
[INFO] [stdout]   18:     0x58124d1d3e92 - <std[617be2ca0a6fd877]::thread::lifecycle::spawn_unchecked<test[aada8e7e76ba119b]::run_test::{closure#1}, ()>::{closure#1} as core[a373ad73a504971]::ops::function::FnOnce<()>>::call_once::{shim:vtable#0}
[INFO] [stdout]   19:     0x58124d23bbcf - <std[617be2ca0a6fd877]::sys::thread::unix::Thread>::new::thread_start
[INFO] [stdout]   20:     0x731b6ab27dfa - <unknown>
[INFO] [stdout]   21:     0x731b6abbb3d4 - clone
[INFO] [stdout]   22:                0x0 - <unknown>
[INFO] [stdout] 
[INFO] [stdout] ---- semantic_vectors::tests::neg_04_invalid_utf8 stdout ----
[INFO] [stdout] 
[INFO] [stdout] thread 'semantic_vectors::tests::neg_04_invalid_utf8' (907) panicked at src/semantic_vectors.rs:31:33:
[INFO] [stdout] failed to read /opt/rustwide/workdir/../vectors/v2.1/neg-04-invalid-utf8.hex
[INFO] [stdout] stack backtrace:
[INFO] [stdout]    0:     0x58124d23c6d1 - <<std[617be2ca0a6fd877]::sys::backtrace::BacktraceLock>::print::DisplayBacktrace as core[a373ad73a504971]::fmt::Display>::fmt
[INFO] [stdout]    1:     0x58124d2512fa - core[a373ad73a504971]::fmt::write
[INFO] [stdout]    2:     0x58124d24090c - <alloc[2e1b2a31b91974c5]::vec::Vec<u8> as core[a373ad73a504971]::io::write::Write>::write_fmt
[INFO] [stdout]    3:     0x58124d218456 - std[617be2ca0a6fd877]::panicking::default_hook::{closure#0}
[INFO] [stdout]    4:     0x58124d234a09 - std[617be2ca0a6fd877]::panicking::default_hook
[INFO] [stdout]    5:     0x58124d1d07e0 - test[aada8e7e76ba119b]::test_main_inner::{closure#0}
[INFO] [stdout]    6:     0x58124d234bc2 - std[617be2ca0a6fd877]::panicking::panic_with_hook
[INFO] [stdout]    7:     0x58124d218502 - std[617be2ca0a6fd877]::panicking::panic_handler::{closure#0}
[INFO] [stdout]    8:     0x58124d211089 - std[617be2ca0a6fd877]::sys::backtrace::__rust_end_short_backtrace::<std[617be2ca0a6fd877]::panicking::panic_handler::{closure#0}, !>
[INFO] [stdout]    9:     0x58124d21910d - __rustc[ea4f61d10b84890b]::rust_begin_unwind
[INFO] [stdout]   10:     0x58124d251a2c - core[a373ad73a504971]::panicking::panic_fmt
[INFO] [stdout]   11:     0x58124d1ad47e - strata[f993ed5ca5b3660]::semantic_vectors::tests::read_hex_file::{closure#0}
[INFO] [stdout]   12:     0x58124d1add61 - strata[f993ed5ca5b3660]::semantic_vectors::tests::read_hex_file
[INFO] [stdout]   13:     0x58124d1adeac - strata[f993ed5ca5b3660]::semantic_vectors::tests::run_negative_decode_vector
[INFO] [stdout]   14:     0x58124d1ae4ca - <strata[f993ed5ca5b3660]::semantic_vectors::tests::neg_04_invalid_utf8::{closure#0} as core[a373ad73a504971]::ops::function::FnOnce<()>>::call_once
[INFO] [stdout]   15:     0x58124d1c3c2b - test[aada8e7e76ba119b]::__rust_begin_short_backtrace::<core[a373ad73a504971]::result::Result<(), alloc[2e1b2a31b91974c5]::string::String>, fn() -> core[a373ad73a504971]::result::Result<(), alloc[2e1b2a31b91974c5]::string::String>>
[INFO] [stdout]   16:     0x58124d1d0e05 - test[aada8e7e76ba119b]::run_test::{closure#0}
[INFO] [stdout]   17:     0x58124d1ca6f4 - std[617be2ca0a6fd877]::sys::backtrace::__rust_begin_short_backtrace::<test[aada8e7e76ba119b]::run_test::{closure#1}, ()>
[INFO] [stdout]   18:     0x58124d1d3e92 - <std[617be2ca0a6fd877]::thread::lifecycle::spawn_unchecked<test[aada8e7e76ba119b]::run_test::{closure#1}, ()>::{closure#1} as core[a373ad73a504971]::ops::function::FnOnce<()>>::call_once::{shim:vtable#0}
[INFO] [stdout]   19:     0x58124d23bbcf - <std[617be2ca0a6fd877]::sys::thread::unix::Thread>::new::thread_start
[INFO] [stdout]   20:     0x731b6ab27dfa - <unknown>
[INFO] [stdout]   21:     0x731b6abbb3d4 - clone
[INFO] [stdout]   22:                0x0 - <unknown>
[INFO] [stdout] 
[INFO] [stdout] ---- semantic_vectors::tests::neg_03_varint_overflow stdout ----
[INFO] [stdout] 
[INFO] [stdout] thread 'semantic_vectors::tests::neg_03_varint_overflow' (906) panicked at src/semantic_vectors.rs:31:33:
[INFO] [stdout] failed to read /opt/rustwide/workdir/../vectors/v2.1/neg-03-varint-overflow.hex
[INFO] [stdout] stack backtrace:
[INFO] [stdout]    0:     0x58124d23c6d1 - <<std[617be2ca0a6fd877]::sys::backtrace::BacktraceLock>::print::DisplayBacktrace as core[a373ad73a504971]::fmt::Display>::fmt
[INFO] [stdout]    1:     0x58124d2512fa - core[a373ad73a504971]::fmt::write
[INFO] [stdout]    2:     0x58124d24090c - <alloc[2e1b2a31b91974c5]::vec::Vec<u8> as core[a373ad73a504971]::io::write::Write>::write_fmt
[INFO] [stdout]    3:     0x58124d218456 - std[617be2ca0a6fd877]::panicking::default_hook::{closure#0}
[INFO] [stdout]    4:     0x58124d234a09 - std[617be2ca0a6fd877]::panicking::default_hook
[INFO] [stdout]    5:     0x58124d1d07e0 - test[aada8e7e76ba119b]::test_main_inner::{closure#0}
[INFO] [stdout]    6:     0x58124d234bc2 - std[617be2ca0a6fd877]::panicking::panic_with_hook
[INFO] [stdout]    7:     0x58124d218502 - std[617be2ca0a6fd877]::panicking::panic_handler::{closure#0}
[INFO] [stdout]    8:     0x58124d211089 - std[617be2ca0a6fd877]::sys::backtrace::__rust_end_short_backtrace::<std[617be2ca0a6fd877]::panicking::panic_handler::{closure#0}, !>
[INFO] [stdout]    9:     0x58124d21910d - __rustc[ea4f61d10b84890b]::rust_begin_unwind
[INFO] [stdout]   10:     0x58124d251a2c - core[a373ad73a504971]::panicking::panic_fmt
[INFO] [stdout]   11:     0x58124d1ad47e - strata[f993ed5ca5b3660]::semantic_vectors::tests::read_hex_file::{closure#0}
[INFO] [stdout]   12:     0x58124d1add61 - strata[f993ed5ca5b3660]::semantic_vectors::tests::read_hex_file
[INFO] [stdout]   13:     0x58124d1adeac - strata[f993ed5ca5b3660]::semantic_vectors::tests::run_negative_decode_vector
[INFO] [stdout]   14:     0x58124d1ae4fa - <strata[f993ed5ca5b3660]::semantic_vectors::tests::neg_03_varint_overflow::{closure#0} as core[a373ad73a504971]::ops::function::FnOnce<()>>::call_once
[INFO] [stdout]   15:     0x58124d1c3c2b - test[aada8e7e76ba119b]::__rust_begin_short_backtrace::<core[a373ad73a504971]::result::Result<(), alloc[2e1b2a31b91974c5]::string::String>, fn() -> core[a373ad73a504971]::result::Result<(), alloc[2e1b2a31b91974c5]::string::String>>
[INFO] [stdout]   16:     0x58124d1d0e05 - test[aada8e7e76ba119b]::run_test::{closure#0}
[INFO] [stdout]   17:     0x58124d1ca6f4 - std[617be2ca0a6fd877]::sys::backtrace::__rust_begin_short_backtrace::<test[aada8e7e76ba119b]::run_test::{closure#1}, ()>
[INFO] [stdout]   18:     0x58124d1d3e92 - <std[617be2ca0a6fd877]::thread::lifecycle::spawn_unchecked<test[aada8e7e76ba119b]::run_test::{closure#1}, ()>::{closure#1} as core[a373ad73a504971]::ops::function::FnOnce<()>>::call_once::{shim:vtable#0}
[INFO] [stdout]   19:     0x58124d23bbcf - <std[617be2ca0a6fd877]::sys::thread::unix::Thread>::new::thread_start
[INFO] [stdout]   20:     0x731b6ab27dfa - <unknown>
[INFO] [stdout]   21:     0x731b6abbb3d4 - clone
[INFO] [stdout]   22:                0x0 - <unknown>
[INFO] [stdout] 
[INFO] [stdout] ---- semantic_vectors::tests::vector_v1_02_map_order stdout ----
[INFO] [stdout] 
[INFO] [stdout] thread 'semantic_vectors::tests::vector_v1_02_map_order' (912) panicked at src/semantic_vectors.rs:62:33:
[INFO] [stdout] failed to read /opt/rustwide/workdir/../vectors/v1/02-map-order.st
[INFO] [stdout] stack backtrace:
[INFO] [stdout]    0:     0x58124d23c6d1 - <<std[617be2ca0a6fd877]::sys::backtrace::BacktraceLock>::print::DisplayBacktrace as core[a373ad73a504971]::fmt::Display>::fmt
[INFO] [stdout]    1:     0x58124d2512fa - core[a373ad73a504971]::fmt::write
[INFO] [stdout]    2:     0x58124d24090c - <alloc[2e1b2a31b91974c5]::vec::Vec<u8> as core[a373ad73a504971]::io::write::Write>::write_fmt
[INFO] [stdout]    3:     0x58124d218456 - std[617be2ca0a6fd877]::panicking::default_hook::{closure#0}
[INFO] [stdout]    4:     0x58124d234a09 - std[617be2ca0a6fd877]::panicking::default_hook
[INFO] [stdout]    5:     0x58124d1d07e0 - test[aada8e7e76ba119b]::test_main_inner::{closure#0}
[INFO] [stdout]    6:     0x58124d234bc2 - std[617be2ca0a6fd877]::panicking::panic_with_hook
[INFO] [stdout]    7:     0x58124d218502 - std[617be2ca0a6fd877]::panicking::panic_handler::{closure#0}
[INFO] [stdout]    8:     0x58124d211089 - std[617be2ca0a6fd877]::sys::backtrace::__rust_end_short_backtrace::<std[617be2ca0a6fd877]::panicking::panic_handler::{closure#0}, !>
[INFO] [stdout]    9:     0x58124d21910d - __rustc[ea4f61d10b84890b]::rust_begin_unwind
[INFO] [stdout]   10:     0x58124d251a2c - core[a373ad73a504971]::panicking::panic_fmt
[INFO] [stdout]   11:     0x58124d1ad3fe - strata[f993ed5ca5b3660]::semantic_vectors::tests::run_vector::{closure#0}
[INFO] [stdout]   12:     0x58124d1ada6b - strata[f993ed5ca5b3660]::semantic_vectors::tests::run_vector
[INFO] [stdout]   13:     0x58124d1aea15 - <strata[f993ed5ca5b3660]::semantic_vectors::tests::vector_v1_02_map_order::{closure#0} as core[a373ad73a504971]::ops::function::FnOnce<()>>::call_once
[INFO] [stdout]   14:     0x58124d1c3c2b - test[aada8e7e76ba119b]::__rust_begin_short_backtrace::<core[a373ad73a504971]::result::Result<(), alloc[2e1b2a31b91974c5]::string::String>, fn() -> core[a373ad73a504971]::result::Result<(), alloc[2e1b2a31b91974c5]::string::String>>
[INFO] [stdout]   15:     0x58124d1d0e05 - test[aada8e7e76ba119b]::run_test::{closure#0}
[INFO] [stdout]   16:     0x58124d1ca6f4 - std[617be2ca0a6fd877]::sys::backtrace::__rust_begin_short_backtrace::<test[aada8e7e76ba119b]::run_test::{closure#1}, ()>
[INFO] [stdout]   17:     0x58124d1d3e92 - <std[617be2ca0a6fd877]::thread::lifecycle::spawn_unchecked<test[aada8e7e76ba119b]::run_test::{closure#1}, ()>::{closure#1} as core[a373ad73a504971]::ops::function::FnOnce<()>>::call_once::{shim:vtable#0}
[INFO] [stdout]   18:     0x58124d23bbcf - <std[617be2ca0a6fd877]::sys::thread::unix::Thread>::new::thread_start
[INFO] [stdout]   19:     0x731b6ab27dfa - <unknown>
[INFO] [stdout]   20:     0x731b6abbb3d4 - clone
[INFO] [stdout]   21:                0x0 - <unknown>
[INFO] [stdout] 
[INFO] [stdout] ---- semantic_vectors::tests::vector_v2_02_noncanonical_map_order stdout ----
[INFO] [stdout] 
[INFO] [stdout] thread 'semantic_vectors::tests::vector_v2_02_noncanonical_map_order' (915) panicked at src/semantic_vectors.rs:62:33:
[INFO] [stdout] failed to read /opt/rustwide/workdir/../vectors/v2/02-noncanonical-map-order.st
[INFO] [stdout] stack backtrace:
[INFO] [stdout]    0:     0x58124d23c6d1 - <<std[617be2ca0a6fd877]::sys::backtrace::BacktraceLock>::print::DisplayBacktrace as core[a373ad73a504971]::fmt::Display>::fmt
[INFO] [stdout]    1:     0x58124d2512fa - core[a373ad73a504971]::fmt::write
[INFO] [stdout]    2:     0x58124d24090c - <alloc[2e1b2a31b91974c5]::vec::Vec<u8> as core[a373ad73a504971]::io::write::Write>::write_fmt
[INFO] [stdout]    3:     0x58124d218456 - std[617be2ca0a6fd877]::panicking::default_hook::{closure#0}
[INFO] [stdout]    4:     0x58124d234a09 - std[617be2ca0a6fd877]::panicking::default_hook
[INFO] [stdout]    5:     0x58124d1d07e0 - test[aada8e7e76ba119b]::test_main_inner::{closure#0}
[INFO] [stdout]    6:     0x58124d234bc2 - std[617be2ca0a6fd877]::panicking::panic_with_hook
[INFO] [stdout]    7:     0x58124d218502 - std[617be2ca0a6fd877]::panicking::panic_handler::{closure#0}
[INFO] [stdout]    8:     0x58124d211089 - std[617be2ca0a6fd877]::sys::backtrace::__rust_end_short_backtrace::<std[617be2ca0a6fd877]::panicking::panic_handler::{closure#0}, !>
[INFO] [stdout]    9:     0x58124d21910d - __rustc[ea4f61d10b84890b]::rust_begin_unwind
[INFO] [stdout]   10:     0x58124d251a2c - core[a373ad73a504971]::panicking::panic_fmt
[INFO] [stdout]   11:     0x58124d1ad3fe - strata[f993ed5ca5b3660]::semantic_vectors::tests::run_vector::{closure#0}
[INFO] [stdout]   12:     0x58124d1ada6b - strata[f993ed5ca5b3660]::semantic_vectors::tests::run_vector
[INFO] [stdout]   13:     0x58124d1af505 - <strata[f993ed5ca5b3660]::semantic_vectors::tests::vector_v2_02_noncanonical_map_order::{closure#0} as core[a373ad73a504971]::ops::function::FnOnce<()>>::call_once
[INFO] [stdout]   14:     0x58124d1c3c2b - test[aada8e7e76ba119b]::__rust_begin_short_backtrace::<core[a373ad73a504971]::result::Result<(), alloc[2e1b2a31b91974c5]::string::String>, fn() -> core[a373ad73a504971]::result::Result<(), alloc[2e1b2a31b91974c5]::string::String>>
[INFO] [stdout]   15:     0x58124d1d0e05 - test[aada8e7e76ba119b]::run_test::{closure#0}
[INFO] [stdout]   16:     0x58124d1ca6f4 - std[617be2ca0a6fd877]::sys::backtrace::__rust_begin_short_backtrace::<test[aada8e7e76ba119b]::run_test::{closure#1}, ()>
[INFO] [stdout]   17:     0x58124d1d3e92 - <std[617be2ca0a6fd877]::thread::lifecycle::spawn_unchecked<test[aada8e7e76ba119b]::run_test::{closure#1}, ()>::{closure#1} as core[a373ad73a504971]::ops::function::FnOnce<()>>::call_once::{shim:vtable#0}
[INFO] [stdout]   18:     0x58124d23bbcf - <std[617be2ca0a6fd877]::sys::thread::unix::Thread>::new::thread_start
[INFO] [stdout]   19:     0x731b6ab27dfa - <unknown>
[INFO] [stdout]   20:     0x731b6abbb3d4 - clone
[INFO] [stdout]   21:                0x0 - <unknown>
[INFO] [stdout] 
[INFO] [stdout] ---- semantic_vectors::tests::vector_v2_03_nested_structure stdout ----
[INFO] [stdout] 
[INFO] [stdout] thread 'semantic_vectors::tests::vector_v2_03_nested_structure' (916) panicked at src/semantic_vectors.rs:62:33:
[INFO] [stdout] failed to read /opt/rustwide/workdir/../vectors/v2/03-nested-structure.st
[INFO] [stdout] stack backtrace:
[INFO] [stdout]    0:     0x58124d23c6d1 - <<std[617be2ca0a6fd877]::sys::backtrace::BacktraceLock>::print::DisplayBacktrace as core[a373ad73a504971]::fmt::Display>::fmt
[INFO] [stdout]    1:     0x58124d2512fa - core[a373ad73a504971]::fmt::write
[INFO] [stdout]    2:     0x58124d24090c - <alloc[2e1b2a31b91974c5]::vec::Vec<u8> as core[a373ad73a504971]::io::write::Write>::write_fmt
[INFO] [stdout]    3:     0x58124d218456 - std[617be2ca0a6fd877]::panicking::default_hook::{closure#0}
[INFO] [stdout]    4:     0x58124d234a09 - std[617be2ca0a6fd877]::panicking::default_hook
[INFO] [stdout]    5:     0x58124d1d07e0 - test[aada8e7e76ba119b]::test_main_inner::{closure#0}
[INFO] [stdout]    6:     0x58124d234bc2 - std[617be2ca0a6fd877]::panicking::panic_with_hook
[INFO] [stdout]    7:     0x58124d218502 - std[617be2ca0a6fd877]::panicking::panic_handler::{closure#0}
[INFO] [stdout]    8:     0x58124d211089 - std[617be2ca0a6fd877]::sys::backtrace::__rust_end_short_backtrace::<std[617be2ca0a6fd877]::panicking::panic_handler::{closure#0}, !>
[INFO] [stdout]    9:     0x58124d21910d - __rustc[ea4f61d10b84890b]::rust_begin_unwind
[INFO] [stdout]   10:     0x58124d251a2c - core[a373ad73a504971]::panicking::panic_fmt
[INFO] [stdout]   11:     0x58124d1ad3fe - strata[f993ed5ca5b3660]::semantic_vectors::tests::run_vector::{closure#0}
[INFO] [stdout]   12:     0x58124d1ada6b - strata[f993ed5ca5b3660]::semantic_vectors::tests::run_vector
[INFO] [stdout]   13:     0x58124d1af4d5 - <strata[f993ed5ca5b3660]::semantic_vectors::tests::vector_v2_03_nested_structure::{closure#0} as core[a373ad73a504971]::ops::function::FnOnce<()>>::call_once
[INFO] [stdout]   14:     0x58124d1c3c2b - test[aada8e7e76ba119b]::__rust_begin_short_backtrace::<core[a373ad73a504971]::result::Result<(), alloc[2e1b2a31b91974c5]::string::String>, fn() -> core[a373ad73a504971]::result::Result<(), alloc[2e1b2a31b91974c5]::string::String>>
[INFO] [stdout]   15:     0x58124d1d0e05 - test[aada8e7e76ba119b]::run_test::{closure#0}
[INFO] [stdout]   16:     0x58124d1ca6f4 - std[617be2ca0a6fd877]::sys::backtrace::__rust_begin_short_backtrace::<test[aada8e7e76ba119b]::run_test::{closure#1}, ()>
[INFO] [stdout]   17:     0x58124d1d3e92 - <std[617be2ca0a6fd877]::thread::lifecycle::spawn_unchecked<test[aada8e7e76ba119b]::run_test::{closure#1}, ()>::{closure#1} as core[a373ad73a504971]::ops::function::FnOnce<()>>::call_once::{shim:vtable#0}
[INFO] [stdout]   18:     0x58124d23bbcf - <std[617be2ca0a6fd877]::sys::thread::unix::Thread>::new::thread_start
[INFO] [stdout]   19:     0x731b6ab27dfa - <unknown>
[INFO] [stdout]   20:     0x731b6abbb3d4 - clone
[INFO] [stdout]   21:                0x0 - <unknown>
[INFO] [stdout] 
[INFO] [stdout] 
[INFO] [stdout] failures:
[INFO] [stdout]     semantic_vectors::tests::neg_01_invalid_tag
[INFO] [stdout]     semantic_vectors::tests::neg_02_truncated_string
[INFO] [stdout]     semantic_vectors::tests::neg_03_varint_overflow
[INFO] [stdout]     semantic_vectors::tests::neg_04_invalid_utf8
[INFO] [stdout]     semantic_vectors::tests::vector_v1_01_basic
[INFO] [stdout]     semantic_vectors::tests::vector_v1_02_map_order
[INFO] [stdout]     semantic_vectors::tests::vector_v1_03_bigint_bytes
[INFO] [stdout]     semantic_vectors::tests::vector_v2_01_decode_roundtrip
[INFO] [stdout]     semantic_vectors::tests::vector_v2_02_noncanonical_map_order
[INFO] [stdout]     semantic_vectors::tests::vector_v2_03_nested_structure
[INFO] [stdout] 
[INFO] [stdout] test result: FAILED. 65 passed; 10 failed; 0 ignored; 0 measured; 0 filtered out; finished in 0.04s
[INFO] [stdout] 
[INFO] [stderr] error: test failed, to rerun pass `--lib`
[INFO] running `Command { std: "docker" "inspect" "bb7f731da826fe0af2971c3f554d195078af880b3a6fdd06a4bbb37c9d4043ca", kill_on_drop: false }`
[INFO] running `Command { std: "docker" "rm" "-f" "bb7f731da826fe0af2971c3f554d195078af880b3a6fdd06a4bbb37c9d4043ca", kill_on_drop: false }`
[INFO] [stdout] bb7f731da826fe0af2971c3f554d195078af880b3a6fdd06a4bbb37c9d4043ca
