[INFO] fetching crate strapdown-rs 0.4.0...
[INFO] testing strapdown-rs-0.4.0 against 1.100.0-beta.1+cargoflags=--release for beta-release-1.100-2
[INFO] extracting crate strapdown-rs 0.4.0 into /workspace/builds/worker-0-tc2/source
[INFO] started tweaking crates.io crate strapdown-rs 0.4.0
[INFO] finished tweaking crates.io crate strapdown-rs 0.4.0
[INFO] tweaked toml for crates.io crate strapdown-rs 0.4.0 written to /workspace/builds/worker-0-tc2/source/Cargo.toml
[INFO] validating manifest of crates.io crate strapdown-rs 0.4.0 on toolchain 1.100.0-beta.1
[INFO] running `Command { std: CARGO_HOME="/workspace/cargo-home" RUSTUP_HOME="/workspace/rustup-home" "/workspace/cargo-home/bin/cargo" "+1.100.0-beta.1" "metadata" "--manifest-path" "Cargo.toml" "--no-deps", kill_on_drop: false }`
[INFO] crate crates.io crate strapdown-rs 0.4.0 already has a lockfile, it will not be regenerated
[INFO] running `Command { std: CARGO_HOME="/workspace/cargo-home" RUSTUP_HOME="/workspace/rustup-home" "/workspace/cargo-home/bin/cargo" "+1.100.0-beta.1" "fetch" "--manifest-path" "Cargo.toml", kill_on_drop: false }`
[INFO] running `Command { std: "docker" "create" "-v" "/var/lib/crater-agent-workspace/builds/worker-0-tc2/source:/opt/rustwide/workdir:ro,Z" "-v" "/var/lib/crater-agent-workspace/builds/worker-0-tc2/target:/opt/rustwide/target:rw,Z" "-v" "/var/lib/crater-agent-workspace/cargo-home:/opt/rustwide/cargo-home:ro,Z" "-v" "/var/lib/crater-agent-workspace/rustup-home:/opt/rustwide/rustup-home:ro,Z" "-m" "1610612736" "--network" "none" "ghcr.io/rust-lang/crates-build-env/linux@sha256:77db811e55d90add9212f6832c23229e3de5f1c1f9905e8cb07319ea15df73ac" "sleep" "infinity", kill_on_drop: false }`
[INFO] [stdout] 84be73493e2ae18f1c8e5511f2fd09dd874b2da204744702cf88254ed4a2cad6
[INFO] running `Command { std: "docker" "start" "84be73493e2ae18f1c8e5511f2fd09dd874b2da204744702cf88254ed4a2cad6", kill_on_drop: false }`
[INFO] running `Command { std: "docker" "inspect" "84be73493e2ae18f1c8e5511f2fd09dd874b2da204744702cf88254ed4a2cad6", kill_on_drop: false }`
[INFO] running `Command { std: "docker" "exec" "-e" "SOURCE_DIR=/opt/rustwide/workdir" "-e" "CARGO_HOME=/opt/rustwide/cargo-home" "-e" "RUSTUP_HOME=/opt/rustwide/rustup-home" "-e" "CARGO_TARGET_DIR=/opt/rustwide/target" "-w" "/opt/rustwide/workdir" "--user" "0:0" "84be73493e2ae18f1c8e5511f2fd09dd874b2da204744702cf88254ed4a2cad6" "/opt/rustwide/cargo-home/bin/cargo" "+1.100.0-beta.1" "metadata" "--no-deps" "--format-version=1", kill_on_drop: false }`
[INFO] running `Command { std: "docker" "inspect" "84be73493e2ae18f1c8e5511f2fd09dd874b2da204744702cf88254ed4a2cad6", kill_on_drop: false }`
[INFO] running `Command { std: "docker" "exec" "-e" "SOURCE_DIR=/opt/rustwide/workdir" "-e" "CARGO_HOME=/opt/rustwide/cargo-home" "-e" "RUSTUP_HOME=/opt/rustwide/rustup-home" "-e" "CARGO_TARGET_DIR=/opt/rustwide/target" "-e" "CARGO_INCREMENTAL=0" "-e" "RUST_BACKTRACE=full" "-e" "RUSTFLAGS=--cap-lints=warn" "-e" "RUSTDOCFLAGS=--cap-lints=warn" "-w" "/opt/rustwide/workdir" "--user" "0:0" "84be73493e2ae18f1c8e5511f2fd09dd874b2da204744702cf88254ed4a2cad6" "/opt/rustwide/cargo-home/bin/cargo" "+1.100.0-beta.1" "build" "--frozen" "--message-format=json" "--release", kill_on_drop: false }`
[INFO] [stderr]    Compiling libm v0.2.15
[INFO] [stderr]    Compiling bytemuck v1.23.2
[INFO] [stderr]    Compiling zerocopy v0.8.26
[INFO] [stderr]    Compiling getrandom v0.3.3
[INFO] [stderr]    Compiling syn v2.0.106
[INFO] [stderr]    Compiling thiserror v2.0.16
[INFO] [stderr]    Compiling memchr v2.7.5
[INFO] [stderr]    Compiling time v0.3.43
[INFO] [stderr]    Compiling safe_arch v0.7.4
[INFO] [stderr]    Compiling rand_core v0.9.3
[INFO] [stderr]    Compiling csv-core v0.1.12
[INFO] [stderr]    Compiling wide v0.7.33
[INFO] [stderr]    Compiling num-traits v0.2.19
[INFO] [stderr]    Compiling approx v0.5.1
[INFO] [stderr]    Compiling num-complex v0.4.6
[INFO] [stderr]    Compiling num-integer v0.1.46
[INFO] [stderr]    Compiling uom v0.37.0
[INFO] [stderr]    Compiling num-rational v0.4.2
[INFO] [stderr]    Compiling ppv-lite86 v0.2.21
[INFO] [stderr]    Compiling rand_chacha v0.9.0
[INFO] [stderr]    Compiling simba v0.8.1
[INFO] [stderr]    Compiling simba v0.9.1
[INFO] [stderr]    Compiling rand v0.9.2
[INFO] [stderr]    Compiling serde_derive v1.0.219
[INFO] [stderr]    Compiling nalgebra-macros v0.2.2
[INFO] [stderr]    Compiling thiserror-impl v2.0.16
[INFO] [stderr]    Compiling clap_derive v4.5.47
[INFO] [stderr]    Compiling rand_distr v0.5.1
[INFO] [stderr]    Compiling clap v4.5.47
[INFO] [stderr]    Compiling serde v1.0.219
[INFO] [stderr]    Compiling nalgebra v0.33.2
[INFO] [stderr]    Compiling nalgebra v0.32.6
[INFO] [stderr]    Compiling csv v1.3.1
[INFO] [stderr]    Compiling angle v0.5.0
[INFO] [stderr]    Compiling chrono v0.4.41
[INFO] [stderr]    Compiling nav-types v0.5.2
[INFO] [stderr]    Compiling world_magnetic_model v0.4.0
[INFO] [stderr]    Compiling strapdown-rs v0.4.0 (/opt/rustwide/workdir)
[INFO] [stdout] warning: unused import: `METERS_TO_DEGREES`
[INFO] [stdout]  --> src/messages.rs:8:45
[INFO] [stdout]   |
[INFO] [stdout] 8 | use crate::earth::{meters_ned_to_dlat_dlon, METERS_TO_DEGREES};
[INFO] [stdout]   |                                             ^^^^^^^^^^^^^^^^^
[INFO] [stdout]   |
[INFO] [stdout]   = note: `#[warn(unused_imports)]` (part of `#[warn(unused)]`) on by default
[INFO] [stdout] 
[INFO] [stdout] 
[INFO] [stdout] warning: unused imports: `GPSPositionAndVelocityMeasurement` and `RelativeAltitudeMeasurement`
[INFO] [stdout]   --> src/sim.rs:33:5
[INFO] [stdout]    |
[INFO] [stdout] 33 |     GPSPositionAndVelocityMeasurement, RelativeAltitudeMeasurement, StrapdownParams, UKF,
[INFO] [stdout]    |     ^^^^^^^^^^^^^^^^^^^^^^^^^^^^^^^^^  ^^^^^^^^^^^^^^^^^^^^^^^^^^^
[INFO] [stdout] 
[INFO] [stdout] 
[INFO] [stdout] warning: use of deprecated constant `std::f64::NAN`: replaced by the `NAN` associated constant on `f64`
[INFO] [stdout]    --> src/sim.rs:587:32
[INFO] [stdout]     |
[INFO] [stdout] 587 |             latitude_cov: f64::NAN, // default covariance values
[INFO] [stdout]     |                                ^^^
[INFO] [stdout]     |
[INFO] [stdout]     = note: `#[warn(deprecated)]` on by default
[INFO] [stdout] 
[INFO] [stdout] 
[INFO] [stdout] warning: use of deprecated constant `std::f64::NAN`: replaced by the `NAN` associated constant on `f64`
[INFO] [stdout]    --> src/sim.rs:588:33
[INFO] [stdout]     |
[INFO] [stdout] 588 |             longitude_cov: f64::NAN,
[INFO] [stdout]     |                                 ^^^
[INFO] [stdout] 
[INFO] [stdout] 
[INFO] [stdout] warning: use of deprecated constant `std::f64::NAN`: replaced by the `NAN` associated constant on `f64`
[INFO] [stdout]    --> src/sim.rs:589:32
[INFO] [stdout]     |
[INFO] [stdout] 589 |             altitude_cov: f64::NAN,
[INFO] [stdout]     |                                ^^^
[INFO] [stdout] 
[INFO] [stdout] 
[INFO] [stdout] warning: use of deprecated constant `std::f64::NAN`: replaced by the `NAN` associated constant on `f64`
[INFO] [stdout]    --> src/sim.rs:590:34
[INFO] [stdout]     |
[INFO] [stdout] 590 |             velocity_n_cov: f64::NAN,
[INFO] [stdout]     |                                  ^^^
[INFO] [stdout] 
[INFO] [stdout] 
[INFO] [stdout] warning: use of deprecated constant `std::f64::NAN`: replaced by the `NAN` associated constant on `f64`
[INFO] [stdout]    --> src/sim.rs:591:34
[INFO] [stdout]     |
[INFO] [stdout] 591 |             velocity_e_cov: f64::NAN,
[INFO] [stdout]     |                                  ^^^
[INFO] [stdout] 
[INFO] [stdout] 
[INFO] [stdout] warning: use of deprecated constant `std::f64::NAN`: replaced by the `NAN` associated constant on `f64`
[INFO] [stdout]    --> src/sim.rs:592:34
[INFO] [stdout]     |
[INFO] [stdout] 592 |             velocity_d_cov: f64::NAN,
[INFO] [stdout]     |                                  ^^^
[INFO] [stdout] 
[INFO] [stdout] 
[INFO] [stdout] warning: use of deprecated constant `std::f64::NAN`: replaced by the `NAN` associated constant on `f64`
[INFO] [stdout]    --> src/sim.rs:593:28
[INFO] [stdout]     |
[INFO] [stdout] 593 |             roll_cov: f64::NAN,
[INFO] [stdout]     |                            ^^^
[INFO] [stdout] 
[INFO] [stdout] 
[INFO] [stdout] warning: use of deprecated constant `std::f64::NAN`: replaced by the `NAN` associated constant on `f64`
[INFO] [stdout]    --> src/sim.rs:594:29
[INFO] [stdout]     |
[INFO] [stdout] 594 |             pitch_cov: f64::NAN,
[INFO] [stdout]     |                             ^^^
[INFO] [stdout] 
[INFO] [stdout] 
[INFO] [stdout] warning: use of deprecated constant `std::f64::NAN`: replaced by the `NAN` associated constant on `f64`
[INFO] [stdout]    --> src/sim.rs:595:27
[INFO] [stdout]     |
[INFO] [stdout] 595 |             yaw_cov: f64::NAN,
[INFO] [stdout]     |                           ^^^
[INFO] [stdout] 
[INFO] [stdout] 
[INFO] [stdout] warning: use of deprecated constant `std::f64::NAN`: replaced by the `NAN` associated constant on `f64`
[INFO] [stdout]    --> src/sim.rs:596:34
[INFO] [stdout]     |
[INFO] [stdout] 596 |             acc_bias_x_cov: f64::NAN,
[INFO] [stdout]     |                                  ^^^
[INFO] [stdout] 
[INFO] [stdout] 
[INFO] [stdout] warning: use of deprecated constant `std::f64::NAN`: replaced by the `NAN` associated constant on `f64`
[INFO] [stdout]    --> src/sim.rs:597:34
[INFO] [stdout]     |
[INFO] [stdout] 597 |             acc_bias_y_cov: f64::NAN,
[INFO] [stdout]     |                                  ^^^
[INFO] [stdout] 
[INFO] [stdout] 
[INFO] [stdout] warning: use of deprecated constant `std::f64::NAN`: replaced by the `NAN` associated constant on `f64`
[INFO] [stdout]    --> src/sim.rs:598:34
[INFO] [stdout]     |
[INFO] [stdout] 598 |             acc_bias_z_cov: f64::NAN,
[INFO] [stdout]     |                                  ^^^
[INFO] [stdout] 
[INFO] [stdout] 
[INFO] [stdout] warning: use of deprecated constant `std::f64::NAN`: replaced by the `NAN` associated constant on `f64`
[INFO] [stdout]    --> src/sim.rs:599:35
[INFO] [stdout]     |
[INFO] [stdout] 599 |             gyro_bias_x_cov: f64::NAN,
[INFO] [stdout]     |                                   ^^^
[INFO] [stdout] 
[INFO] [stdout] 
[INFO] [stdout] warning: use of deprecated constant `std::f64::NAN`: replaced by the `NAN` associated constant on `f64`
[INFO] [stdout]    --> src/sim.rs:600:35
[INFO] [stdout]     |
[INFO] [stdout] 600 |             gyro_bias_y_cov: f64::NAN,
[INFO] [stdout]     |                                   ^^^
[INFO] [stdout] 
[INFO] [stdout] 
[INFO] [stdout] warning: use of deprecated constant `std::f64::NAN`: replaced by the `NAN` associated constant on `f64`
[INFO] [stdout]    --> src/sim.rs:601:35
[INFO] [stdout]     |
[INFO] [stdout] 601 |             gyro_bias_z_cov: f64::NAN,
[INFO] [stdout]     |                                   ^^^
[INFO] [stdout] 
[INFO] [stdout] 
[INFO] [stdout] warning: variable does not need to be mutable
[INFO] [stdout]    --> src/messages.rs:699:17
[INFO] [stdout]     |
[INFO] [stdout] 699 |             let mut out = (
[INFO] [stdout]     |                 ----^^^
[INFO] [stdout]     |                 |
[INFO] [stdout]     |                 help: remove this `mut`
[INFO] [stdout]     |
[INFO] [stdout]     = note: `#[warn(unused_mut)]` (part of `#[warn(unused)]`) on by default
[INFO] [stdout] 
[INFO] [stdout] 
[INFO] [stdout] warning: unused variable: `vert_std_m`
[INFO] [stdout]    --> src/messages.rs:586:5
[INFO] [stdout]     |
[INFO] [stdout] 586 |     vert_std_m: f64,
[INFO] [stdout]     |     ^^^^^^^^^^ help: if this is intentional, prefix it with an underscore: `_vert_std_m`
[INFO] [stdout]     |
[INFO] [stdout]     = note: `#[warn(unused_variables)]` (part of `#[warn(unused)]`) on by default
[INFO] [stdout] 
[INFO] [stdout] 
[INFO] [stdout] warning: unused variable: `m`
[INFO] [stdout]    --> src/messages.rs:708:17
[INFO] [stdout]     |
[INFO] [stdout] 708 |             for m in models {
[INFO] [stdout]     |                 ^ help: if this is intentional, prefix it with an underscore: `_m`
[INFO] [stdout] 
[INFO] [stdout] 
[INFO] [stdout] warning: unused variable: `interval_s`
[INFO] [stdout]    --> src/messages.rs:802:13
[INFO] [stdout]     |
[INFO] [stdout] 802 |             interval_s,
[INFO] [stdout]     |             ^^^^^^^^^^ help: try ignoring the field: `interval_s: _`
[INFO] [stdout] 
[INFO] [stdout] 
[INFO] [stdout] warning: unused variable: `r0`
[INFO] [stdout]    --> src/messages.rs:810:18
[INFO] [stdout]     |
[INFO] [stdout] 810 |         let (t0, r0) = (&w[0].0, &w[0].1);
[INFO] [stdout]     |                  ^^ help: if this is intentional, prefix it with an underscore: `_r0`
[INFO] [stdout] 
[INFO] [stdout] 
[INFO] [stdout] warning: unused variable: `magnetic_field`
[INFO] [stdout]    --> src/sim.rs:428:13
[INFO] [stdout]     |
[INFO] [stdout] 428 |         let magnetic_field = GeomagneticField::new(
[INFO] [stdout]     |             ^^^^^^^^^^^^^^ help: if this is intentional, prefix it with an underscore: `_magnetic_field`
[INFO] [stdout] 
[INFO] [stdout] 
[INFO] [stdout] warning: unused variable: `imu_data`
[INFO] [stdout]    --> src/sim.rs:550:28
[INFO] [stdout]     |
[INFO] [stdout] 550 |         (timestamp, state, imu_data, magnetic_vector, pressure): (
[INFO] [stdout]     |                            ^^^^^^^^ help: if this is intentional, prefix it with an underscore: `_imu_data`
[INFO] [stdout] 
[INFO] [stdout] 
[INFO] [stdout] warning: unused variable: `magnetic_vector`
[INFO] [stdout]    --> src/sim.rs:550:38
[INFO] [stdout]     |
[INFO] [stdout] 550 |         (timestamp, state, imu_data, magnetic_vector, pressure): (
[INFO] [stdout]     |                                      ^^^^^^^^^^^^^^^ help: if this is intentional, prefix it with an underscore: `_magnetic_vector`
[INFO] [stdout] 
[INFO] [stdout] 
[INFO] [stdout] warning: unused variable: `pressure`
[INFO] [stdout]    --> src/sim.rs:550:55
[INFO] [stdout]     |
[INFO] [stdout] 550 |         (timestamp, state, imu_data, magnetic_vector, pressure): (
[INFO] [stdout]     |                                                       ^^^^^^^^ help: if this is intentional, prefix it with an underscore: `_pressure`
[INFO] [stdout] 
[INFO] [stdout] 
[INFO] [stdout] warning: unused variable: `magnetic_field`
[INFO] [stdout]    --> src/sim.rs:564:13
[INFO] [stdout]     |
[INFO] [stdout] 564 |         let magnetic_field = GeomagneticField::new(
[INFO] [stdout]     |             ^^^^^^^^^^^^^^ help: if this is intentional, prefix it with an underscore: `_magnetic_field`
[INFO] [stdout] 
[INFO] [stdout] 
[INFO] [stdout] warning: field `ev_u_mps` is never read
[INFO] [stdout]    --> src/messages.rs:421:5
[INFO] [stdout]     |
[INFO] [stdout] 409 | struct FaultState {
[INFO] [stdout]     |        ---------- field in this struct
[INFO] [stdout] ...
[INFO] [stdout] 421 |     ev_u_mps: f64,
[INFO] [stdout]     |     ^^^^^^^^
[INFO] [stdout]     |
[INFO] [stdout]     = note: `FaultState` has derived impls for the traits `Debug` and `Clone`, but these are intentionally ignored during dead code analysis
[INFO] [stdout]     = note: `#[warn(dead_code)]` (part of `#[warn(unused)]`) on by default
[INFO] [stdout] 
[INFO] [stdout] 
[INFO] [stdout] warning: unused import: `dead_reckoning`
[INFO] [stdout]  --> src/main.rs:9:52
[INFO] [stdout]   |
[INFO] [stdout] 9 |     NavigationResult, TestDataRecord, closed_loop, dead_reckoning, initialize_ukf,
[INFO] [stdout]   |                                                    ^^^^^^^^^^^^^^
[INFO] [stdout]   |
[INFO] [stdout]   = note: `#[warn(unused_imports)]` (part of `#[warn(unused)]`) on by default
[INFO] [stdout] 
[INFO] [stdout] 
[INFO] [stderr] warning: unused dependency `angle`
[INFO] [stderr]  --> Cargo.toml:5:15
[INFO] [stderr]   |
[INFO] [stderr] 5 | [dependencies.angle]
[INFO] [stderr]   |               ^^^^^^
[INFO] [stderr]   |
[INFO] [stderr]   = note: `cargo::unused_dependencies` is set to `warn` by default
[INFO] [stderr] help: consider removing the dependency on `angle`
[INFO] [stderr] warning: `strapdown-rs` (manifest) generated 1 warning
[INFO] [stderr]     Finished `release` profile [optimized] target(s) in 1m 31s
[INFO] running `Command { std: "docker" "inspect" "84be73493e2ae18f1c8e5511f2fd09dd874b2da204744702cf88254ed4a2cad6", kill_on_drop: false }`
[INFO] running `Command { std: "docker" "exec" "-e" "SOURCE_DIR=/opt/rustwide/workdir" "-e" "CARGO_HOME=/opt/rustwide/cargo-home" "-e" "RUSTUP_HOME=/opt/rustwide/rustup-home" "-e" "CARGO_TARGET_DIR=/opt/rustwide/target" "-e" "CARGO_INCREMENTAL=0" "-e" "RUST_BACKTRACE=full" "-e" "RUSTFLAGS=--cap-lints=warn" "-e" "RUSTDOCFLAGS=--cap-lints=warn" "-w" "/opt/rustwide/workdir" "--user" "0:0" "84be73493e2ae18f1c8e5511f2fd09dd874b2da204744702cf88254ed4a2cad6" "/opt/rustwide/cargo-home/bin/cargo" "+1.100.0-beta.1" "test" "--frozen" "--no-run" "--message-format=json" "--release", kill_on_drop: false }`
[INFO] [stderr]    Compiling assert_approx_eq v1.1.0
[INFO] [stdout] warning: unused import: `METERS_TO_DEGREES`
[INFO] [stdout]  --> src/messages.rs:8:45
[INFO] [stdout]   |
[INFO] [stdout] 8 | use crate::earth::{meters_ned_to_dlat_dlon, METERS_TO_DEGREES};
[INFO] [stdout]   |                                             ^^^^^^^^^^^^^^^^^
[INFO] [stdout]   |
[INFO] [stdout]   = note: `#[warn(unused_imports)]` (part of `#[warn(unused)]`) on by default
[INFO] [stdout] 
[INFO] [stdout] 
[INFO] [stdout] warning: unused imports: `GPSPositionAndVelocityMeasurement` and `RelativeAltitudeMeasurement`
[INFO] [stdout]   --> src/sim.rs:33:5
[INFO] [stdout]    |
[INFO] [stdout] 33 |     GPSPositionAndVelocityMeasurement, RelativeAltitudeMeasurement, StrapdownParams, UKF,
[INFO] [stdout]    |     ^^^^^^^^^^^^^^^^^^^^^^^^^^^^^^^^^  ^^^^^^^^^^^^^^^^^^^^^^^^^^^
[INFO] [stdout] 
[INFO] [stdout] 
[INFO] [stdout] warning: use of deprecated constant `std::f64::NAN`: replaced by the `NAN` associated constant on `f64`
[INFO] [stdout]    --> src/sim.rs:587:32
[INFO] [stdout]     |
[INFO] [stdout] 587 |             latitude_cov: f64::NAN, // default covariance values
[INFO] [stdout]     |                                ^^^
[INFO] [stdout]     |
[INFO] [stdout]     = note: `#[warn(deprecated)]` on by default
[INFO] [stdout] 
[INFO] [stdout] 
[INFO] [stdout] warning: use of deprecated constant `std::f64::NAN`: replaced by the `NAN` associated constant on `f64`
[INFO] [stdout]    --> src/sim.rs:588:33
[INFO] [stdout]     |
[INFO] [stdout] 588 |             longitude_cov: f64::NAN,
[INFO] [stdout]     |                                 ^^^
[INFO] [stdout] 
[INFO] [stdout] 
[INFO] [stdout] warning: use of deprecated constant `std::f64::NAN`: replaced by the `NAN` associated constant on `f64`
[INFO] [stdout]    --> src/sim.rs:589:32
[INFO] [stdout]     |
[INFO] [stdout] 589 |             altitude_cov: f64::NAN,
[INFO] [stdout]     |                                ^^^
[INFO] [stdout] 
[INFO] [stdout] 
[INFO] [stdout] warning: use of deprecated constant `std::f64::NAN`: replaced by the `NAN` associated constant on `f64`
[INFO] [stdout]    --> src/sim.rs:590:34
[INFO] [stdout]     |
[INFO] [stdout] 590 |             velocity_n_cov: f64::NAN,
[INFO] [stdout]     |                                  ^^^
[INFO] [stdout] 
[INFO] [stdout] 
[INFO] [stdout] warning: use of deprecated constant `std::f64::NAN`: replaced by the `NAN` associated constant on `f64`
[INFO] [stdout]    --> src/sim.rs:591:34
[INFO] [stdout]     |
[INFO] [stdout] 591 |             velocity_e_cov: f64::NAN,
[INFO] [stdout]     |                                  ^^^
[INFO] [stdout] 
[INFO] [stdout] 
[INFO] [stdout] warning: use of deprecated constant `std::f64::NAN`: replaced by the `NAN` associated constant on `f64`
[INFO] [stdout]    --> src/sim.rs:592:34
[INFO] [stdout]     |
[INFO] [stdout] 592 |             velocity_d_cov: f64::NAN,
[INFO] [stdout]     |                                  ^^^
[INFO] [stdout] 
[INFO] [stdout] 
[INFO] [stdout] warning: use of deprecated constant `std::f64::NAN`: replaced by the `NAN` associated constant on `f64`
[INFO] [stdout]    --> src/sim.rs:593:28
[INFO] [stdout]     |
[INFO] [stdout] 593 |             roll_cov: f64::NAN,
[INFO] [stdout]     |                            ^^^
[INFO] [stdout] 
[INFO] [stdout] 
[INFO] [stdout] warning: use of deprecated constant `std::f64::NAN`: replaced by the `NAN` associated constant on `f64`
[INFO] [stdout]    --> src/sim.rs:594:29
[INFO] [stdout]     |
[INFO] [stdout] 594 |             pitch_cov: f64::NAN,
[INFO] [stdout]     |                             ^^^
[INFO] [stdout] 
[INFO] [stdout] 
[INFO] [stdout] warning: use of deprecated constant `std::f64::NAN`: replaced by the `NAN` associated constant on `f64`
[INFO] [stdout]    --> src/sim.rs:595:27
[INFO] [stdout]     |
[INFO] [stdout] 595 |             yaw_cov: f64::NAN,
[INFO] [stdout]     |                           ^^^
[INFO] [stdout] 
[INFO] [stdout] 
[INFO] [stdout] warning: use of deprecated constant `std::f64::NAN`: replaced by the `NAN` associated constant on `f64`
[INFO] [stdout]    --> src/sim.rs:596:34
[INFO] [stdout]     |
[INFO] [stdout] 596 |             acc_bias_x_cov: f64::NAN,
[INFO] [stdout]     |                                  ^^^
[INFO] [stdout] 
[INFO] [stdout] 
[INFO] [stdout] warning: use of deprecated constant `std::f64::NAN`: replaced by the `NAN` associated constant on `f64`
[INFO] [stdout]    --> src/sim.rs:597:34
[INFO] [stdout]     |
[INFO] [stdout] 597 |             acc_bias_y_cov: f64::NAN,
[INFO] [stdout]     |                                  ^^^
[INFO] [stdout] 
[INFO] [stdout] 
[INFO] [stdout] warning: use of deprecated constant `std::f64::NAN`: replaced by the `NAN` associated constant on `f64`
[INFO] [stdout]    --> src/sim.rs:598:34
[INFO] [stdout]     |
[INFO] [stdout] 598 |             acc_bias_z_cov: f64::NAN,
[INFO] [stdout]     |                                  ^^^
[INFO] [stdout] 
[INFO] [stdout] 
[INFO] [stdout] warning: use of deprecated constant `std::f64::NAN`: replaced by the `NAN` associated constant on `f64`
[INFO] [stdout]    --> src/sim.rs:599:35
[INFO] [stdout]     |
[INFO] [stdout] 599 |             gyro_bias_x_cov: f64::NAN,
[INFO] [stdout]     |                                   ^^^
[INFO] [stdout] 
[INFO] [stdout] 
[INFO] [stdout] warning: use of deprecated constant `std::f64::NAN`: replaced by the `NAN` associated constant on `f64`
[INFO] [stdout]    --> src/sim.rs:600:35
[INFO] [stdout]     |
[INFO] [stdout] 600 |             gyro_bias_y_cov: f64::NAN,
[INFO] [stdout]     |                                   ^^^
[INFO] [stdout] 
[INFO] [stdout] 
[INFO] [stdout] warning: use of deprecated constant `std::f64::NAN`: replaced by the `NAN` associated constant on `f64`
[INFO] [stdout]    --> src/sim.rs:601:35
[INFO] [stdout]     |
[INFO] [stdout] 601 |             gyro_bias_z_cov: f64::NAN,
[INFO] [stdout]     |                                   ^^^
[INFO] [stdout] 
[INFO] [stdout] 
[INFO] [stdout] warning: variable does not need to be mutable
[INFO] [stdout]    --> src/messages.rs:699:17
[INFO] [stdout]     |
[INFO] [stdout] 699 |             let mut out = (
[INFO] [stdout]     |                 ----^^^
[INFO] [stdout]     |                 |
[INFO] [stdout]     |                 help: remove this `mut`
[INFO] [stdout]     |
[INFO] [stdout]     = note: `#[warn(unused_mut)]` (part of `#[warn(unused)]`) on by default
[INFO] [stdout] 
[INFO] [stdout] 
[INFO] [stdout] warning: unused variable: `vert_std_m`
[INFO] [stdout]    --> src/messages.rs:586:5
[INFO] [stdout]     |
[INFO] [stdout] 586 |     vert_std_m: f64,
[INFO] [stdout]     |     ^^^^^^^^^^ help: if this is intentional, prefix it with an underscore: `_vert_std_m`
[INFO] [stdout]     |
[INFO] [stdout]     = note: `#[warn(unused_variables)]` (part of `#[warn(unused)]`) on by default
[INFO] [stdout] 
[INFO] [stdout] 
[INFO] [stdout] warning: unused variable: `m`
[INFO] [stdout]    --> src/messages.rs:708:17
[INFO] [stdout]     |
[INFO] [stdout] 708 |             for m in models {
[INFO] [stdout]     |                 ^ help: if this is intentional, prefix it with an underscore: `_m`
[INFO] [stdout] 
[INFO] [stdout] 
[INFO] [stdout] warning: unused variable: `interval_s`
[INFO] [stdout]    --> src/messages.rs:802:13
[INFO] [stdout]     |
[INFO] [stdout] 802 |             interval_s,
[INFO] [stdout]     |             ^^^^^^^^^^ help: try ignoring the field: `interval_s: _`
[INFO] [stdout] 
[INFO] [stdout] 
[INFO] [stdout] warning: unused variable: `r0`
[INFO] [stdout]    --> src/messages.rs:810:18
[INFO] [stdout]     |
[INFO] [stdout] 810 |         let (t0, r0) = (&w[0].0, &w[0].1);
[INFO] [stdout]     |                  ^^ help: if this is intentional, prefix it with an underscore: `_r0`
[INFO] [stdout] 
[INFO] [stdout] 
[INFO] [stdout] warning: unused variable: `magnetic_field`
[INFO] [stdout]    --> src/sim.rs:428:13
[INFO] [stdout]     |
[INFO] [stdout] 428 |         let magnetic_field = GeomagneticField::new(
[INFO] [stdout]     |             ^^^^^^^^^^^^^^ help: if this is intentional, prefix it with an underscore: `_magnetic_field`
[INFO] [stdout] 
[INFO] [stdout] 
[INFO] [stdout] warning: unused variable: `imu_data`
[INFO] [stdout]    --> src/sim.rs:550:28
[INFO] [stdout]     |
[INFO] [stdout] 550 |         (timestamp, state, imu_data, magnetic_vector, pressure): (
[INFO] [stdout]     |                            ^^^^^^^^ help: if this is intentional, prefix it with an underscore: `_imu_data`
[INFO] [stdout] 
[INFO] [stdout] 
[INFO] [stdout] warning: unused variable: `magnetic_vector`
[INFO] [stdout]    --> src/sim.rs:550:38
[INFO] [stdout]     |
[INFO] [stdout] 550 |         (timestamp, state, imu_data, magnetic_vector, pressure): (
[INFO] [stdout]     |                                      ^^^^^^^^^^^^^^^ help: if this is intentional, prefix it with an underscore: `_magnetic_vector`
[INFO] [stdout] 
[INFO] [stdout] 
[INFO] [stdout] warning: unused variable: `pressure`
[INFO] [stdout]    --> src/sim.rs:550:55
[INFO] [stdout]     |
[INFO] [stdout] 550 |         (timestamp, state, imu_data, magnetic_vector, pressure): (
[INFO] [stdout]     |                                                       ^^^^^^^^ help: if this is intentional, prefix it with an underscore: `_pressure`
[INFO] [stdout] 
[INFO] [stdout] 
[INFO] [stdout] warning: unused variable: `magnetic_field`
[INFO] [stdout]    --> src/sim.rs:564:13
[INFO] [stdout]     |
[INFO] [stdout] 564 |         let magnetic_field = GeomagneticField::new(
[INFO] [stdout]     |             ^^^^^^^^^^^^^^ help: if this is intentional, prefix it with an underscore: `_magnetic_field`
[INFO] [stdout] 
[INFO] [stdout] 
[INFO] [stdout] warning: field `ev_u_mps` is never read
[INFO] [stdout]    --> src/messages.rs:421:5
[INFO] [stdout]     |
[INFO] [stdout] 409 | struct FaultState {
[INFO] [stdout]     |        ---------- field in this struct
[INFO] [stdout] ...
[INFO] [stdout] 421 |     ev_u_mps: f64,
[INFO] [stdout]     |     ^^^^^^^^
[INFO] [stdout]     |
[INFO] [stdout]     = note: `FaultState` has derived impls for the traits `Debug` and `Clone`, but these are intentionally ignored during dead code analysis
[INFO] [stdout]     = note: `#[warn(dead_code)]` (part of `#[warn(unused)]`) on by default
[INFO] [stdout] 
[INFO] [stdout] 
[INFO] [stderr]    Compiling strapdown-rs v0.4.0 (/opt/rustwide/workdir)
[INFO] [stdout] warning: unused import: `dead_reckoning`
[INFO] [stdout]  --> src/main.rs:9:52
[INFO] [stdout]   |
[INFO] [stdout] 9 |     NavigationResult, TestDataRecord, closed_loop, dead_reckoning, initialize_ukf,
[INFO] [stdout]   |                                                    ^^^^^^^^^^^^^^
[INFO] [stdout]   |
[INFO] [stdout]   = note: `#[warn(unused_imports)]` (part of `#[warn(unused)]`) on by default
[INFO] [stdout] 
[INFO] [stdout] 
[INFO] [stdout] warning: unused import: `METERS_TO_DEGREES`
[INFO] [stdout]  --> src/messages.rs:8:45
[INFO] [stdout]   |
[INFO] [stdout] 8 | use crate::earth::{meters_ned_to_dlat_dlon, METERS_TO_DEGREES};
[INFO] [stdout]   |                                             ^^^^^^^^^^^^^^^^^
[INFO] [stdout]   |
[INFO] [stdout]   = note: `#[warn(unused_imports)]` (part of `#[warn(unused)]`) on by default
[INFO] [stdout] 
[INFO] [stdout] 
[INFO] [stdout] warning: unused imports: `GPSPositionAndVelocityMeasurement` and `RelativeAltitudeMeasurement`
[INFO] [stdout]   --> src/sim.rs:33:5
[INFO] [stdout]    |
[INFO] [stdout] 33 |     GPSPositionAndVelocityMeasurement, RelativeAltitudeMeasurement, StrapdownParams, UKF,
[INFO] [stdout]    |     ^^^^^^^^^^^^^^^^^^^^^^^^^^^^^^^^^  ^^^^^^^^^^^^^^^^^^^^^^^^^^^
[INFO] [stdout] 
[INFO] [stdout] 
[INFO] [stdout] warning: use of deprecated constant `std::f64::NAN`: replaced by the `NAN` associated constant on `f64`
[INFO] [stdout]    --> src/sim.rs:587:32
[INFO] [stdout]     |
[INFO] [stdout] 587 |             latitude_cov: f64::NAN, // default covariance values
[INFO] [stdout]     |                                ^^^
[INFO] [stdout]     |
[INFO] [stdout]     = note: `#[warn(deprecated)]` on by default
[INFO] [stdout] 
[INFO] [stdout] 
[INFO] [stdout] warning: use of deprecated constant `std::f64::NAN`: replaced by the `NAN` associated constant on `f64`
[INFO] [stdout]    --> src/sim.rs:588:33
[INFO] [stdout]     |
[INFO] [stdout] 588 |             longitude_cov: f64::NAN,
[INFO] [stdout]     |                                 ^^^
[INFO] [stdout] 
[INFO] [stdout] 
[INFO] [stdout] warning: use of deprecated constant `std::f64::NAN`: replaced by the `NAN` associated constant on `f64`
[INFO] [stdout]    --> src/sim.rs:589:32
[INFO] [stdout]     |
[INFO] [stdout] 589 |             altitude_cov: f64::NAN,
[INFO] [stdout]     |                                ^^^
[INFO] [stdout] 
[INFO] [stdout] 
[INFO] [stdout] warning: use of deprecated constant `std::f64::NAN`: replaced by the `NAN` associated constant on `f64`
[INFO] [stdout]    --> src/sim.rs:590:34
[INFO] [stdout]     |
[INFO] [stdout] 590 |             velocity_n_cov: f64::NAN,
[INFO] [stdout]     |                                  ^^^
[INFO] [stdout] 
[INFO] [stdout] 
[INFO] [stdout] warning: use of deprecated constant `std::f64::NAN`: replaced by the `NAN` associated constant on `f64`
[INFO] [stdout]    --> src/sim.rs:591:34
[INFO] [stdout]     |
[INFO] [stdout] 591 |             velocity_e_cov: f64::NAN,
[INFO] [stdout]     |                                  ^^^
[INFO] [stdout] 
[INFO] [stdout] 
[INFO] [stdout] warning: use of deprecated constant `std::f64::NAN`: replaced by the `NAN` associated constant on `f64`
[INFO] [stdout]    --> src/sim.rs:592:34
[INFO] [stdout]     |
[INFO] [stdout] 592 |             velocity_d_cov: f64::NAN,
[INFO] [stdout]     |                                  ^^^
[INFO] [stdout] 
[INFO] [stdout] 
[INFO] [stdout] warning: use of deprecated constant `std::f64::NAN`: replaced by the `NAN` associated constant on `f64`
[INFO] [stdout]    --> src/sim.rs:593:28
[INFO] [stdout]     |
[INFO] [stdout] 593 |             roll_cov: f64::NAN,
[INFO] [stdout]     |                            ^^^
[INFO] [stdout] 
[INFO] [stdout] 
[INFO] [stdout] warning: use of deprecated constant `std::f64::NAN`: replaced by the `NAN` associated constant on `f64`
[INFO] [stdout]    --> src/sim.rs:594:29
[INFO] [stdout]     |
[INFO] [stdout] 594 |             pitch_cov: f64::NAN,
[INFO] [stdout]     |                             ^^^
[INFO] [stdout] 
[INFO] [stdout] 
[INFO] [stdout] warning: use of deprecated constant `std::f64::NAN`: replaced by the `NAN` associated constant on `f64`
[INFO] [stdout]    --> src/sim.rs:595:27
[INFO] [stdout]     |
[INFO] [stdout] 595 |             yaw_cov: f64::NAN,
[INFO] [stdout]     |                           ^^^
[INFO] [stdout] 
[INFO] [stdout] 
[INFO] [stdout] warning: use of deprecated constant `std::f64::NAN`: replaced by the `NAN` associated constant on `f64`
[INFO] [stdout]    --> src/sim.rs:596:34
[INFO] [stdout]     |
[INFO] [stdout] 596 |             acc_bias_x_cov: f64::NAN,
[INFO] [stdout]     |                                  ^^^
[INFO] [stdout] 
[INFO] [stdout] 
[INFO] [stdout] warning: use of deprecated constant `std::f64::NAN`: replaced by the `NAN` associated constant on `f64`
[INFO] [stdout]    --> src/sim.rs:597:34
[INFO] [stdout]     |
[INFO] [stdout] 597 |             acc_bias_y_cov: f64::NAN,
[INFO] [stdout]     |                                  ^^^
[INFO] [stdout] 
[INFO] [stdout] 
[INFO] [stdout] warning: use of deprecated constant `std::f64::NAN`: replaced by the `NAN` associated constant on `f64`
[INFO] [stdout]    --> src/sim.rs:598:34
[INFO] [stdout]     |
[INFO] [stdout] 598 |             acc_bias_z_cov: f64::NAN,
[INFO] [stdout]     |                                  ^^^
[INFO] [stdout] 
[INFO] [stdout] 
[INFO] [stdout] warning: use of deprecated constant `std::f64::NAN`: replaced by the `NAN` associated constant on `f64`
[INFO] [stdout]    --> src/sim.rs:599:35
[INFO] [stdout]     |
[INFO] [stdout] 599 |             gyro_bias_x_cov: f64::NAN,
[INFO] [stdout]     |                                   ^^^
[INFO] [stdout] 
[INFO] [stdout] 
[INFO] [stdout] warning: use of deprecated constant `std::f64::NAN`: replaced by the `NAN` associated constant on `f64`
[INFO] [stdout]    --> src/sim.rs:600:35
[INFO] [stdout]     |
[INFO] [stdout] 600 |             gyro_bias_y_cov: f64::NAN,
[INFO] [stdout]     |                                   ^^^
[INFO] [stdout] 
[INFO] [stdout] 
[INFO] [stdout] warning: use of deprecated constant `std::f64::NAN`: replaced by the `NAN` associated constant on `f64`
[INFO] [stdout]    --> src/sim.rs:601:35
[INFO] [stdout]     |
[INFO] [stdout] 601 |             gyro_bias_z_cov: f64::NAN,
[INFO] [stdout]     |                                   ^^^
[INFO] [stdout] 
[INFO] [stdout] 
[INFO] [stdout] warning: variable does not need to be mutable
[INFO] [stdout]    --> src/messages.rs:699:17
[INFO] [stdout]     |
[INFO] [stdout] 699 |             let mut out = (
[INFO] [stdout]     |                 ----^^^
[INFO] [stdout]     |                 |
[INFO] [stdout]     |                 help: remove this `mut`
[INFO] [stdout]     |
[INFO] [stdout]     = note: `#[warn(unused_mut)]` (part of `#[warn(unused)]`) on by default
[INFO] [stdout] 
[INFO] [stdout] 
[INFO] [stdout] warning: unused variable: `vert_std_m`
[INFO] [stdout]    --> src/messages.rs:586:5
[INFO] [stdout]     |
[INFO] [stdout] 586 |     vert_std_m: f64,
[INFO] [stdout]     |     ^^^^^^^^^^ help: if this is intentional, prefix it with an underscore: `_vert_std_m`
[INFO] [stdout]     |
[INFO] [stdout]     = note: `#[warn(unused_variables)]` (part of `#[warn(unused)]`) on by default
[INFO] [stdout] 
[INFO] [stdout] 
[INFO] [stdout] warning: unused variable: `m`
[INFO] [stdout]    --> src/messages.rs:708:17
[INFO] [stdout]     |
[INFO] [stdout] 708 |             for m in models {
[INFO] [stdout]     |                 ^ help: if this is intentional, prefix it with an underscore: `_m`
[INFO] [stdout] 
[INFO] [stdout] 
[INFO] [stdout] warning: unused variable: `interval_s`
[INFO] [stdout]    --> src/messages.rs:802:13
[INFO] [stdout]     |
[INFO] [stdout] 802 |             interval_s,
[INFO] [stdout]     |             ^^^^^^^^^^ help: try ignoring the field: `interval_s: _`
[INFO] [stdout] 
[INFO] [stdout] 
[INFO] [stdout] warning: unused variable: `r0`
[INFO] [stdout]    --> src/messages.rs:810:18
[INFO] [stdout]     |
[INFO] [stdout] 810 |         let (t0, r0) = (&w[0].0, &w[0].1);
[INFO] [stdout]     |                  ^^ help: if this is intentional, prefix it with an underscore: `_r0`
[INFO] [stdout] 
[INFO] [stdout] 
[INFO] [stdout] warning: unused variable: `magnetic_field`
[INFO] [stdout]    --> src/sim.rs:428:13
[INFO] [stdout]     |
[INFO] [stdout] 428 |         let magnetic_field = GeomagneticField::new(
[INFO] [stdout]     |             ^^^^^^^^^^^^^^ help: if this is intentional, prefix it with an underscore: `_magnetic_field`
[INFO] [stdout] 
[INFO] [stdout] 
[INFO] [stdout] warning: unused variable: `imu_data`
[INFO] [stdout]    --> src/sim.rs:550:28
[INFO] [stdout]     |
[INFO] [stdout] 550 |         (timestamp, state, imu_data, magnetic_vector, pressure): (
[INFO] [stdout]     |                            ^^^^^^^^ help: if this is intentional, prefix it with an underscore: `_imu_data`
[INFO] [stdout] 
[INFO] [stdout] 
[INFO] [stdout] warning: unused variable: `magnetic_vector`
[INFO] [stdout]    --> src/sim.rs:550:38
[INFO] [stdout]     |
[INFO] [stdout] 550 |         (timestamp, state, imu_data, magnetic_vector, pressure): (
[INFO] [stdout]     |                                      ^^^^^^^^^^^^^^^ help: if this is intentional, prefix it with an underscore: `_magnetic_vector`
[INFO] [stdout] 
[INFO] [stdout] 
[INFO] [stdout] warning: unused variable: `pressure`
[INFO] [stdout]    --> src/sim.rs:550:55
[INFO] [stdout]     |
[INFO] [stdout] 550 |         (timestamp, state, imu_data, magnetic_vector, pressure): (
[INFO] [stdout]     |                                                       ^^^^^^^^ help: if this is intentional, prefix it with an underscore: `_pressure`
[INFO] [stdout] 
[INFO] [stdout] 
[INFO] [stdout] warning: unused variable: `magnetic_field`
[INFO] [stdout]    --> src/sim.rs:564:13
[INFO] [stdout]     |
[INFO] [stdout] 564 |         let magnetic_field = GeomagneticField::new(
[INFO] [stdout]     |             ^^^^^^^^^^^^^^ help: if this is intentional, prefix it with an underscore: `_magnetic_field`
[INFO] [stdout] 
[INFO] [stdout] 
[INFO] [stdout] warning: field `ev_u_mps` is never read
[INFO] [stdout]    --> src/messages.rs:421:5
[INFO] [stdout]     |
[INFO] [stdout] 409 | struct FaultState {
[INFO] [stdout]     |        ---------- field in this struct
[INFO] [stdout] ...
[INFO] [stdout] 421 |     ev_u_mps: f64,
[INFO] [stdout]     |     ^^^^^^^^
[INFO] [stdout]     |
[INFO] [stdout]     = note: `FaultState` has derived impls for the traits `Debug` and `Clone`, but these are intentionally ignored during dead code analysis
[INFO] [stdout]     = note: `#[warn(dead_code)]` (part of `#[warn(unused)]`) on by default
[INFO] [stdout] 
[INFO] [stdout] 
[INFO] [stderr] warning: unused dependency `angle`
[INFO] [stderr]  --> Cargo.toml:5:15
[INFO] [stderr]   |
[INFO] [stderr] 5 | [dependencies.angle]
[INFO] [stderr]   |               ^^^^^^
[INFO] [stderr]   |
[INFO] [stderr]   = note: `cargo::unused_dependencies` is set to `warn` by default
[INFO] [stderr] help: consider removing the dependency on `angle`
[INFO] [stderr] warning: `strapdown-rs` (manifest) generated 1 warning
[INFO] [stderr]     Finished `release` profile [optimized] target(s) in 8.33s
[INFO] running `Command { std: "docker" "inspect" "84be73493e2ae18f1c8e5511f2fd09dd874b2da204744702cf88254ed4a2cad6", kill_on_drop: false }`
[INFO] running `Command { std: "docker" "exec" "-e" "SOURCE_DIR=/opt/rustwide/workdir" "-e" "CARGO_HOME=/opt/rustwide/cargo-home" "-e" "RUSTUP_HOME=/opt/rustwide/rustup-home" "-e" "CARGO_TARGET_DIR=/opt/rustwide/target" "-e" "CARGO_INCREMENTAL=0" "-e" "RUST_BACKTRACE=full" "-e" "RUSTFLAGS=--cap-lints=warn" "-e" "RUSTDOCFLAGS=--cap-lints=warn" "-w" "/opt/rustwide/workdir" "--user" "0:0" "84be73493e2ae18f1c8e5511f2fd09dd874b2da204744702cf88254ed4a2cad6" "/opt/rustwide/cargo-home/bin/cargo" "+1.100.0-beta.1" "test" "--frozen" "--release", kill_on_drop: false }`
[INFO] [stderr] warning: unused import: `METERS_TO_DEGREES`
[INFO] [stderr]  --> src/messages.rs:8:45
[INFO] [stderr]   |
[INFO] [stderr] 8 | use crate::earth::{meters_ned_to_dlat_dlon, METERS_TO_DEGREES};
[INFO] [stderr]   |                                             ^^^^^^^^^^^^^^^^^
[INFO] [stderr]   |
[INFO] [stderr]   = note: `#[warn(unused_imports)]` (part of `#[warn(unused)]`) on by default
[INFO] [stderr] 
[INFO] [stderr] warning: unused imports: `GPSPositionAndVelocityMeasurement` and `RelativeAltitudeMeasurement`
[INFO] [stderr]   --> src/sim.rs:33:5
[INFO] [stderr]    |
[INFO] [stderr] 33 |     GPSPositionAndVelocityMeasurement, RelativeAltitudeMeasurement, StrapdownParams, UKF,
[INFO] [stderr]    |     ^^^^^^^^^^^^^^^^^^^^^^^^^^^^^^^^^  ^^^^^^^^^^^^^^^^^^^^^^^^^^^
[INFO] [stderr] 
[INFO] [stderr] warning: use of deprecated constant `std::f64::NAN`: replaced by the `NAN` associated constant on `f64`
[INFO] [stderr]    --> src/sim.rs:587:32
[INFO] [stderr]     |
[INFO] [stderr] 587 |             latitude_cov: f64::NAN, // default covariance values
[INFO] [stderr]     |                                ^^^
[INFO] [stderr]     |
[INFO] [stderr]     = note: `#[warn(deprecated)]` on by default
[INFO] [stderr] 
[INFO] [stderr] warning: use of deprecated constant `std::f64::NAN`: replaced by the `NAN` associated constant on `f64`
[INFO] [stderr]    --> src/sim.rs:588:33
[INFO] [stderr]     |
[INFO] [stderr] 588 |             longitude_cov: f64::NAN,
[INFO] [stderr]     |                                 ^^^
[INFO] [stderr] 
[INFO] [stderr] warning: use of deprecated constant `std::f64::NAN`: replaced by the `NAN` associated constant on `f64`
[INFO] [stderr]    --> src/sim.rs:589:32
[INFO] [stderr]     |
[INFO] [stderr] 589 |             altitude_cov: f64::NAN,
[INFO] [stderr]     |                                ^^^
[INFO] [stderr] 
[INFO] [stderr] warning: use of deprecated constant `std::f64::NAN`: replaced by the `NAN` associated constant on `f64`
[INFO] [stderr]    --> src/sim.rs:590:34
[INFO] [stderr]     |
[INFO] [stderr] 590 |             velocity_n_cov: f64::NAN,
[INFO] [stderr]     |                                  ^^^
[INFO] [stderr] 
[INFO] [stderr] warning: use of deprecated constant `std::f64::NAN`: replaced by the `NAN` associated constant on `f64`
[INFO] [stderr]    --> src/sim.rs:591:34
[INFO] [stderr]     |
[INFO] [stderr] 591 |             velocity_e_cov: f64::NAN,
[INFO] [stderr]     |                                  ^^^
[INFO] [stderr] 
[INFO] [stderr] warning: use of deprecated constant `std::f64::NAN`: replaced by the `NAN` associated constant on `f64`
[INFO] [stderr]    --> src/sim.rs:592:34
[INFO] [stderr]     |
[INFO] [stderr] 592 |             velocity_d_cov: f64::NAN,
[INFO] [stderr]     |                                  ^^^
[INFO] [stderr] 
[INFO] [stderr] warning: use of deprecated constant `std::f64::NAN`: replaced by the `NAN` associated constant on `f64`
[INFO] [stderr]    --> src/sim.rs:593:28
[INFO] [stderr]     |
[INFO] [stderr] 593 |             roll_cov: f64::NAN,
[INFO] [stderr]     |                            ^^^
[INFO] [stderr] 
[INFO] [stderr] warning: use of deprecated constant `std::f64::NAN`: replaced by the `NAN` associated constant on `f64`
[INFO] [stderr]    --> src/sim.rs:594:29
[INFO] [stderr]     |
[INFO] [stderr] 594 |             pitch_cov: f64::NAN,
[INFO] [stderr]     |                             ^^^
[INFO] [stderr] 
[INFO] [stderr] warning: use of deprecated constant `std::f64::NAN`: replaced by the `NAN` associated constant on `f64`
[INFO] [stderr]    --> src/sim.rs:595:27
[INFO] [stderr]     |
[INFO] [stderr] 595 |             yaw_cov: f64::NAN,
[INFO] [stderr]     |                           ^^^
[INFO] [stderr] 
[INFO] [stderr] warning: use of deprecated constant `std::f64::NAN`: replaced by the `NAN` associated constant on `f64`
[INFO] [stderr]    --> src/sim.rs:596:34
[INFO] [stderr]     |
[INFO] [stderr] 596 |             acc_bias_x_cov: f64::NAN,
[INFO] [stderr]     |                                  ^^^
[INFO] [stderr] 
[INFO] [stderr] warning: use of deprecated constant `std::f64::NAN`: replaced by the `NAN` associated constant on `f64`
[INFO] [stderr]    --> src/sim.rs:597:34
[INFO] [stderr]     |
[INFO] [stderr] 597 |             acc_bias_y_cov: f64::NAN,
[INFO] [stderr]     |                                  ^^^
[INFO] [stderr] 
[INFO] [stderr] warning: use of deprecated constant `std::f64::NAN`: replaced by the `NAN` associated constant on `f64`
[INFO] [stderr]    --> src/sim.rs:598:34
[INFO] [stderr]     |
[INFO] [stderr] 598 |             acc_bias_z_cov: f64::NAN,
[INFO] [stderr]     |                                  ^^^
[INFO] [stderr] 
[INFO] [stderr] warning: use of deprecated constant `std::f64::NAN`: replaced by the `NAN` associated constant on `f64`
[INFO] [stderr]    --> src/sim.rs:599:35
[INFO] [stderr]     |
[INFO] [stderr] 599 |             gyro_bias_x_cov: f64::NAN,
[INFO] [stderr]     |                                   ^^^
[INFO] [stderr] 
[INFO] [stderr] warning: use of deprecated constant `std::f64::NAN`: replaced by the `NAN` associated constant on `f64`
[INFO] [stderr]    --> src/sim.rs:600:35
[INFO] [stderr]     |
[INFO] [stderr] 600 |             gyro_bias_y_cov: f64::NAN,
[INFO] [stderr]     |                                   ^^^
[INFO] [stderr] 
[INFO] [stderr] warning: use of deprecated constant `std::f64::NAN`: replaced by the `NAN` associated constant on `f64`
[INFO] [stderr]    --> src/sim.rs:601:35
[INFO] [stderr]     |
[INFO] [stderr] 601 |             gyro_bias_z_cov: f64::NAN,
[INFO] [stderr]     |                                   ^^^
[INFO] [stderr] 
[INFO] [stderr] warning: variable does not need to be mutable
[INFO] [stderr]    --> src/messages.rs:699:17
[INFO] [stderr]     |
[INFO] [stderr] 699 |             let mut out = (
[INFO] [stderr]     |                 ----^^^
[INFO] [stderr]     |                 |
[INFO] [stderr]     |                 help: remove this `mut`
[INFO] [stderr]     |
[INFO] [stderr]     = note: `#[warn(unused_mut)]` (part of `#[warn(unused)]`) on by default
[INFO] [stderr] 
[INFO] [stderr] warning: unused variable: `vert_std_m`
[INFO] [stderr]    --> src/messages.rs:586:5
[INFO] [stderr]     |
[INFO] [stderr] 586 |     vert_std_m: f64,
[INFO] [stderr]     |     ^^^^^^^^^^ help: if this is intentional, prefix it with an underscore: `_vert_std_m`
[INFO] [stderr]     |
[INFO] [stderr]     = note: `#[warn(unused_variables)]` (part of `#[warn(unused)]`) on by default
[INFO] [stderr] 
[INFO] [stderr] warning: unused variable: `m`
[INFO] [stderr]    --> src/messages.rs:708:17
[INFO] [stderr]     |
[INFO] [stderr] 708 |             for m in models {
[INFO] [stderr]     |                 ^ help: if this is intentional, prefix it with an underscore: `_m`
[INFO] [stderr] 
[INFO] [stderr] warning: unused variable: `interval_s`
[INFO] [stderr]    --> src/messages.rs:802:13
[INFO] [stderr]     |
[INFO] [stderr] 802 |             interval_s,
[INFO] [stderr]     |             ^^^^^^^^^^ help: try ignoring the field: `interval_s: _`
[INFO] [stderr] 
[INFO] [stderr] warning: unused variable: `r0`
[INFO] [stderr]    --> src/messages.rs:810:18
[INFO] [stderr]     |
[INFO] [stderr] 810 |         let (t0, r0) = (&w[0].0, &w[0].1);
[INFO] [stderr]     |                  ^^ help: if this is intentional, prefix it with an underscore: `_r0`
[INFO] [stderr] 
[INFO] [stderr] warning: unused variable: `magnetic_field`
[INFO] [stderr]    --> src/sim.rs:428:13
[INFO] [stderr]     |
[INFO] [stderr] 428 |         let magnetic_field = GeomagneticField::new(
[INFO] [stderr]     |             ^^^^^^^^^^^^^^ help: if this is intentional, prefix it with an underscore: `_magnetic_field`
[INFO] [stderr] 
[INFO] [stderr] warning: unused variable: `imu_data`
[INFO] [stderr]    --> src/sim.rs:550:28
[INFO] [stderr]     |
[INFO] [stderr] 550 |         (timestamp, state, imu_data, magnetic_vector, pressure): (
[INFO] [stderr]     |                            ^^^^^^^^ help: if this is intentional, prefix it with an underscore: `_imu_data`
[INFO] [stderr] 
[INFO] [stderr] warning: unused variable: `magnetic_vector`
[INFO] [stderr]    --> src/sim.rs:550:38
[INFO] [stderr]     |
[INFO] [stderr] 550 |         (timestamp, state, imu_data, magnetic_vector, pressure): (
[INFO] [stderr]     |                                      ^^^^^^^^^^^^^^^ help: if this is intentional, prefix it with an underscore: `_magnetic_vector`
[INFO] [stderr] 
[INFO] [stderr] warning: unused variable: `pressure`
[INFO] [stderr]    --> src/sim.rs:550:55
[INFO] [stderr]     |
[INFO] [stderr] 550 |         (timestamp, state, imu_data, magnetic_vector, pressure): (
[INFO] [stderr]     |                                                       ^^^^^^^^ help: if this is intentional, prefix it with an underscore: `_pressure`
[INFO] [stderr] 
[INFO] [stderr] warning: unused variable: `magnetic_field`
[INFO] [stderr]    --> src/sim.rs:564:13
[INFO] [stderr]     |
[INFO] [stderr] 564 |         let magnetic_field = GeomagneticField::new(
[INFO] [stderr]     |             ^^^^^^^^^^^^^^ help: if this is intentional, prefix it with an underscore: `_magnetic_field`
[INFO] [stderr] 
[INFO] [stderr] warning: field `ev_u_mps` is never read
[INFO] [stderr]    --> src/messages.rs:421:5
[INFO] [stderr]     |
[INFO] [stderr] 409 | struct FaultState {
[INFO] [stderr]     |        ---------- field in this struct
[INFO] [stderr] ...
[INFO] [stderr] 421 |     ev_u_mps: f64,
[INFO] [stderr]     |     ^^^^^^^^
[INFO] [stderr]     |
[INFO] [stderr]     = note: `FaultState` has derived impls for the traits `Debug` and `Clone`, but these are intentionally ignored during dead code analysis
[INFO] [stderr]     = note: `#[warn(dead_code)]` (part of `#[warn(unused)]`) on by default
[INFO] [stderr] 
[INFO] [stderr] warning: `strapdown-rs` (lib) generated 28 warnings (run `cargo fix --lib -p strapdown-rs` to apply 12 suggestions)
[INFO] [stderr] warning: `strapdown-rs` (lib test) generated 28 warnings (28 duplicates)
[INFO] [stderr] warning: unused import: `dead_reckoning`
[INFO] [stderr]  --> src/main.rs:9:52
[INFO] [stderr]   |
[INFO] [stderr] 9 |     NavigationResult, TestDataRecord, closed_loop, dead_reckoning, initialize_ukf,
[INFO] [stderr]   |                                                    ^^^^^^^^^^^^^^
[INFO] [stderr]   |
[INFO] [stderr]   = note: `#[warn(unused_imports)]` (part of `#[warn(unused)]`) on by default
[INFO] [stderr] 
[INFO] [stderr] warning: `strapdown-rs` (bin "strapdown" test) generated 1 warning (run `cargo fix --bin "strapdown" -p strapdown-rs --tests` to apply 1 suggestion)
[INFO] [stderr] warning: unused dependency `angle`
[INFO] [stderr]  --> Cargo.toml:5:15
[INFO] [stderr]   |
[INFO] [stderr] 5 | [dependencies.angle]
[INFO] [stderr]   |               ^^^^^^
[INFO] [stderr]   |
[INFO] [stderr]   = note: `cargo::unused_dependencies` is set to `warn` by default
[INFO] [stderr] help: consider removing the dependency on `angle`
[INFO] [stderr] warning: `strapdown-rs` (manifest) generated 1 warning
[INFO] [stderr]     Finished `release` profile [optimized] target(s) in 0.15s
[INFO] [stderr]      Running unittests src/strapdown.rs (/opt/rustwide/target/release/build/strapdown-rs/8754848994811ee3/out/strapdown-8754848994811ee3)
[INFO] [stdout] 
[INFO] [stdout] running 61 tests
[INFO] [stdout] test earth::tests::magnetic_radial_field ... ok
[INFO] [stdout] test earth::tests::antipodal_points ... ok
[INFO] [stdout] test earth::tests::known_baseline_nyc_to_london ... ok
[INFO] [stdout] test earth::tests::lla_to_ecef ... ok
[INFO] [stdout] test earth::tests::eci_to_ecef ... ok
[INFO] [stdout] test earth::tests::ecef_to_lla ... ok
[INFO] [stdout] test earth::tests::gravitation ... ok
[INFO] [stdout] test earth::tests::gravity ... ok
[INFO] [stdout] test earth::tests::quarter_circumference_equator ... ok
[INFO] [stdout] test earth::tests::vector_to_skew_symmetric ... ok
[INFO] [stdout] test earth::tests::skew_symmetric_to_vector ... ok
[INFO] [stdout] test earth::tests::zero_distance ... ok
[INFO] [stdout] test earth::tests::test_meters_ned_to_dlat_dlon ... ok
[INFO] [stdout] test linalg::tests::t_evd_floor ... ok
[INFO] [stdout] test linalg::tests::t_chol_sqrt_spd ... ok
[INFO] [stdout] test earth::tests::wgs84_to_magnetic ... ok
[INFO] [stdout] test filter::tests::ukf_propagate ... ok
[INFO] [stdout] test linalg::tests::t_chol_sqrt_with_jitter ... ok
[INFO] [stdout] test filter::tests::ukf_construction ... ok
[INFO] [stdout] test filter::tests::ukf_get_sigma_points ... ok
[INFO] [stdout] test linalg::tests::t_public_identity ... ok
[INFO] [stdout] test linalg::tests::t_public_nearly_spd ... ok
[INFO] [stdout] test linalg::tests::t_symmetrize ... ok
[INFO] [stdout] test linalg::tests::t_public_non_square_panics - should panic ... ok
[INFO] [stdout] test messages::tests::test_ar1_step ... ok
[INFO] [stdout] test messages::tests::slow_bias_adds_velocity_bias ... ok
[INFO] [stdout] test messages::tests::test_combo_fault_model ... ok
[INFO] [stdout] test messages::tests::test_degraded_fault_model ... ok
[INFO] [stdout] test messages::tests::test_fixed_interval_scheduler ... ok
[INFO] [stdout] test messages::tests::test_hijack_fault_model ... ok
[INFO] [stdout] test sim::tests::test_navigation_result_from_strapdown_state ... ok
[INFO] [stdout] test sim::tests::test_data_record_to_and_from_csv ... FAILED
[INFO] [stdout] test sim::tests::test_navigation_result_new ... ok
[INFO] [stdout] test tests::pitching ... ok
[INFO] [stdout] test tests::rest ... ok
[INFO] [stdout] test sim::tests::test_initialize_ukf_default_and_custom ... ok
[INFO] [stdout] test messages::tests::test_duty_cycle_scheduler ... ok
[INFO] [stdout] test tests::test_attitude_matrix_euler_consistency ... ok
[INFO] [stdout] test sim::tests::test_navigation_result_to_csv_and_from_csv ... ok
[INFO] [stdout] test sim::tests::test_test_data_record_from_csv_invalid_path ... ok
[INFO] [stdout] test tests::test_forward_pitching ... ok
[INFO] [stdout] test tests::rolling ... ok
[INFO] [stdout] test tests::test_dcm_to_vector ... ok
[INFO] [stdout] test messages::tests::test_passthrough_scheduler ... ok
[INFO] [stdout] test tests::test_forward_rolling ... ok
[INFO] [stdout] test tests::test_strapdown_state_new ... ok
[INFO] [stdout] test tests::test_forward_freefall_stub ... ok
[INFO] [stdout] test tests::test_forward_yawing ... ok
[INFO] [stdout] test tests::test_velocity_update_constant_force ... ok
[INFO] [stdout] test tests::test_new_from_vector ... ok
[INFO] [stdout] test tests::test_velocity_update_initial_velocity ... ok
[INFO] [stdout] test tests::test_to_vector_zeros ... ok
[INFO] [stdout] test tests::test_wrap_to_180 ... ok
[INFO] [stdout] test tests::test_wrap_to_2pi ... ok
[INFO] [stdout] test tests::test_wrap_to_pi ... ok
[INFO] [stdout] test tests::vertical_acceleration ... ok
[INFO] [stdout] test tests::test_velocity_update_zero_force ... ok
[INFO] [stdout] test tests::test_wrap_to_360 ... ok
[INFO] [stdout] test tests::yawing ... ok
[INFO] [stdout] test sim::tests::test_generate_northward_motion_records_end_latitude ... FAILED
[INFO] [stdout] test sim::tests::test_closed_loop_minimal ... ok
[INFO] [stdout] 
[INFO] [stdout] failures:
[INFO] [stdout] 
[INFO] [stdout] ---- sim::tests::test_data_record_to_and_from_csv stdout ----
[INFO] [stdout] 
[INFO] [stdout] thread 'sim::tests::test_data_record_to_and_from_csv' (858) panicked at src/sim.rs:1170:48:
[INFO] [stdout] Failed to write test data to CSV: Custom { kind: Other, error: Error(Io(Os { code: 30, kind: ReadOnlyFilesystem, message: "Read-only file system" })) }
[INFO] [stdout] stack backtrace:
[INFO] [stdout]    0:     0x5e028e26fc11 - <<std[617be2ca0a6fd877]::sys::backtrace::BacktraceLock>::print::DisplayBacktrace as core[a373ad73a504971]::fmt::Display>::fmt
[INFO] [stdout]    1:     0x5e028e2857da - core[a373ad73a504971]::fmt::write
[INFO] [stdout]    2:     0x5e028e2743dc - <alloc[2e1b2a31b91974c5]::vec::Vec<u8> as core[a373ad73a504971]::io::write::Write>::write_fmt
[INFO] [stdout]    3:     0x5e028e24b776 - std[617be2ca0a6fd877]::panicking::default_hook::{closure#0}
[INFO] [stdout]    4:     0x5e028e2681a9 - std[617be2ca0a6fd877]::panicking::default_hook
[INFO] [stdout]    5:     0x5e028e1eb840 - test[aada8e7e76ba119b]::test_main_inner::{closure#0}
[INFO] [stdout]    6:     0x5e028e268362 - std[617be2ca0a6fd877]::panicking::panic_with_hook
[INFO] [stdout]    7:     0x5e028e24b822 - std[617be2ca0a6fd877]::panicking::panic_handler::{closure#0}
[INFO] [stdout]    8:     0x5e028e243ec9 - std[617be2ca0a6fd877]::sys::backtrace::__rust_end_short_backtrace::<std[617be2ca0a6fd877]::panicking::panic_handler::{closure#0}, !>
[INFO] [stdout]    9:     0x5e028e24c53d - __rustc[ea4f61d10b84890b]::rust_begin_unwind
[INFO] [stdout]   10:     0x5e028e285f0c - core[a373ad73a504971]::panicking::panic_fmt
[INFO] [stdout]   11:     0x5e028e285ce2 - core[a373ad73a504971]::result::unwrap_failed
[INFO] [stdout]   12:     0x5e028e1d8ce2 - <strapdown[f82ef57c3cc79513]::sim::tests::test_data_record_to_and_from_csv::{closure#0} as core[a373ad73a504971]::ops::function::FnOnce<()>>::call_once
[INFO] [stdout]   13:     0x5e028e1dec8b - test[aada8e7e76ba119b]::__rust_begin_short_backtrace::<core[a373ad73a504971]::result::Result<(), alloc[2e1b2a31b91974c5]::string::String>, fn() -> core[a373ad73a504971]::result::Result<(), alloc[2e1b2a31b91974c5]::string::String>>
[INFO] [stdout]   14:     0x5e028e1ebe65 - test[aada8e7e76ba119b]::run_test::{closure#0}
[INFO] [stdout]   15:     0x5e028e1e5754 - std[617be2ca0a6fd877]::sys::backtrace::__rust_begin_short_backtrace::<test[aada8e7e76ba119b]::run_test::{closure#1}, ()>
[INFO] [stdout]   16:     0x5e028e1eeef2 - <std[617be2ca0a6fd877]::thread::lifecycle::spawn_unchecked<test[aada8e7e76ba119b]::run_test::{closure#1}, ()>::{closure#1} as core[a373ad73a504971]::ops::function::FnOnce<()>>::call_once::{shim:vtable#0}
[INFO] [stdout]   17:     0x5e028e26f46f - <std[617be2ca0a6fd877]::sys::thread::unix::Thread>::new::thread_start
[INFO] [stdout]   18:     0x790faff87dfa - <unknown>
[INFO] [stdout]   19:     0x790fb001b3d4 - clone
[INFO] [stdout]   20:                0x0 - <unknown>
[INFO] [stdout] 
[INFO] [stdout] ---- sim::tests::test_generate_northward_motion_records_end_latitude stdout ----
[INFO] [stdout] 
[INFO] [stdout] thread 'sim::tests::test_generate_northward_motion_records_end_latitude' (859) panicked at src/sim.rs:1076:62:
[INFO] [stdout] called `Result::unwrap()` on an `Err` value: Os { code: 30, kind: ReadOnlyFilesystem, message: "Read-only file system" }
[INFO] [stdout] stack backtrace:
[INFO] [stdout]    0:     0x5e028e26fc11 - <<std[617be2ca0a6fd877]::sys::backtrace::BacktraceLock>::print::DisplayBacktrace as core[a373ad73a504971]::fmt::Display>::fmt
[INFO] [stdout]    1:     0x5e028e2857da - core[a373ad73a504971]::fmt::write
[INFO] [stdout]    2:     0x5e028e2743dc - <alloc[2e1b2a31b91974c5]::vec::Vec<u8> as core[a373ad73a504971]::io::write::Write>::write_fmt
[INFO] [stdout]    3:     0x5e028e24b776 - std[617be2ca0a6fd877]::panicking::default_hook::{closure#0}
[INFO] [stdout]    4:     0x5e028e2681a9 - std[617be2ca0a6fd877]::panicking::default_hook
[INFO] [stdout]    5:     0x5e028e1eb840 - test[aada8e7e76ba119b]::test_main_inner::{closure#0}
[INFO] [stdout]    6:     0x5e028e268362 - std[617be2ca0a6fd877]::panicking::panic_with_hook
[INFO] [stdout]    7:     0x5e028e24b822 - std[617be2ca0a6fd877]::panicking::panic_handler::{closure#0}
[INFO] [stdout]    8:     0x5e028e243ec9 - std[617be2ca0a6fd877]::sys::backtrace::__rust_end_short_backtrace::<std[617be2ca0a6fd877]::panicking::panic_handler::{closure#0}, !>
[INFO] [stdout]    9:     0x5e028e24c53d - __rustc[ea4f61d10b84890b]::rust_begin_unwind
[INFO] [stdout]   10:     0x5e028e285f0c - core[a373ad73a504971]::panicking::panic_fmt
[INFO] [stdout]   11:     0x5e028e285ce2 - core[a373ad73a504971]::result::unwrap_failed
[INFO] [stdout]   12:     0x5e028e1da2e7 - <strapdown[f82ef57c3cc79513]::sim::tests::test_generate_northward_motion_records_end_latitude::{closure#0} as core[a373ad73a504971]::ops::function::FnOnce<()>>::call_once
[INFO] [stdout]   13:     0x5e028e1dec8b - test[aada8e7e76ba119b]::__rust_begin_short_backtrace::<core[a373ad73a504971]::result::Result<(), alloc[2e1b2a31b91974c5]::string::String>, fn() -> core[a373ad73a504971]::result::Result<(), alloc[2e1b2a31b91974c5]::string::String>>
[INFO] [stdout]   14:     0x5e028e1ebe65 - test[aada8e7e76ba119b]::run_test::{closure#0}
[INFO] [stdout]   15:     0x5e028e1e5754 - std[617be2ca0a6fd877]::sys::backtrace::__rust_begin_short_backtrace::<test[aada8e7e76ba119b]::run_test::{closure#1}, ()>
[INFO] [stdout]   16:     0x5e028e1eeef2 - <std[617be2ca0a6fd877]::thread::lifecycle::spawn_unchecked<test[aada8e7e76ba119b]::run_test::{closure#1}, ()>::{closure#1} as core[a373ad73a504971]::ops::function::FnOnce<()>>::call_once::{shim:vtable#0}
[INFO] [stdout]   17:     0x5e028e26f46f - <std[617be2ca0a6fd877]::sys::thread::unix::Thread>::new::thread_start
[INFO] [stdout]   18:     0x790faff87dfa - <unknown>
[INFO] [stdout]   19:     0x790fb001b3d4 - clone
[INFO] [stdout]   20:                0x0 - <unknown>
[INFO] [stdout] 
[INFO] [stdout] 
[INFO] [stdout] failures:
[INFO] [stdout]     sim::tests::test_data_record_to_and_from_csv
[INFO] [stdout]     sim::tests::test_generate_northward_motion_records_end_latitude
[INFO] [stdout] 
[INFO] [stdout] test result: FAILED. 59 passed; 2 failed; 0 ignored; 0 measured; 0 filtered out; finished in 0.08s
[INFO] [stdout] 
[INFO] [stderr] error: test failed, to rerun pass `--lib`
[INFO] running `Command { std: "docker" "inspect" "84be73493e2ae18f1c8e5511f2fd09dd874b2da204744702cf88254ed4a2cad6", kill_on_drop: false }`
[INFO] running `Command { std: "docker" "rm" "-f" "84be73493e2ae18f1c8e5511f2fd09dd874b2da204744702cf88254ed4a2cad6", kill_on_drop: false }`
[INFO] [stdout] 84be73493e2ae18f1c8e5511f2fd09dd874b2da204744702cf88254ed4a2cad6
