[INFO] fetching crate str_slug 0.1.3...
[INFO] testing str_slug-0.1.3 against 1.99.0-beta.8+cargoflags=--release for beta-release-1.100-2
[INFO] extracting crate str_slug 0.1.3 into /workspace/builds/worker-2-tc1/source
[INFO] started tweaking crates.io crate str_slug 0.1.3
[INFO] finished tweaking crates.io crate str_slug 0.1.3
[INFO] tweaked toml for crates.io crate str_slug 0.1.3 written to /workspace/builds/worker-2-tc1/source/Cargo.toml
[INFO] validating manifest of crates.io crate str_slug 0.1.3 on toolchain 1.99.0-beta.8
[INFO] running `Command { std: CARGO_HOME="/workspace/cargo-home" RUSTUP_HOME="/workspace/rustup-home" "/workspace/cargo-home/bin/cargo" "+1.99.0-beta.8" "metadata" "--manifest-path" "Cargo.toml" "--no-deps", kill_on_drop: false }`
[INFO] running `Command { std: CARGO_HOME="/workspace/cargo-home" RUSTUP_HOME="/workspace/rustup-home" "/workspace/cargo-home/bin/cargo" "+1.99.0-beta.8" "generate-lockfile" "--manifest-path" "Cargo.toml", kill_on_drop: false }`
[INFO] [stderr]     Updating crates.io index
[INFO] [stderr]      Locking 15 packages to highest compatible versions
[INFO] [stderr]       Adding blake3 v0.3.8 (available: v1.8.7)
[INFO] running `Command { std: CARGO_HOME="/workspace/cargo-home" RUSTUP_HOME="/workspace/rustup-home" "/workspace/cargo-home/bin/cargo" "+1.99.0-beta.8" "fetch" "--manifest-path" "Cargo.toml", kill_on_drop: false }`
[INFO] running `Command { std: "docker" "create" "-v" "/var/lib/crater-agent-workspace/builds/worker-2-tc1/source:/opt/rustwide/workdir:ro,Z" "-v" "/var/lib/crater-agent-workspace/builds/worker-2-tc1/target:/opt/rustwide/target:rw,Z" "-v" "/var/lib/crater-agent-workspace/cargo-home:/opt/rustwide/cargo-home:ro,Z" "-v" "/var/lib/crater-agent-workspace/rustup-home:/opt/rustwide/rustup-home:ro,Z" "-m" "1610612736" "--network" "none" "ghcr.io/rust-lang/crates-build-env/linux@sha256:77db811e55d90add9212f6832c23229e3de5f1c1f9905e8cb07319ea15df73ac" "sleep" "infinity", kill_on_drop: false }`
[INFO] [stdout] 58feb9efb4fda68df635e354ab7d49e70c2ebe1debe12ad04979d3b4558c8504
[INFO] running `Command { std: "docker" "start" "58feb9efb4fda68df635e354ab7d49e70c2ebe1debe12ad04979d3b4558c8504", kill_on_drop: false }`
[INFO] running `Command { std: "docker" "inspect" "58feb9efb4fda68df635e354ab7d49e70c2ebe1debe12ad04979d3b4558c8504", kill_on_drop: false }`
[INFO] running `Command { std: "docker" "exec" "-e" "SOURCE_DIR=/opt/rustwide/workdir" "-e" "CARGO_HOME=/opt/rustwide/cargo-home" "-e" "RUSTUP_HOME=/opt/rustwide/rustup-home" "-e" "CARGO_TARGET_DIR=/opt/rustwide/target" "-w" "/opt/rustwide/workdir" "--user" "0:0" "58feb9efb4fda68df635e354ab7d49e70c2ebe1debe12ad04979d3b4558c8504" "/opt/rustwide/cargo-home/bin/cargo" "+1.99.0-beta.8" "metadata" "--no-deps" "--format-version=1", kill_on_drop: false }`
[INFO] running `Command { std: "docker" "inspect" "58feb9efb4fda68df635e354ab7d49e70c2ebe1debe12ad04979d3b4558c8504", kill_on_drop: false }`
[INFO] running `Command { std: "docker" "exec" "-e" "SOURCE_DIR=/opt/rustwide/workdir" "-e" "CARGO_HOME=/opt/rustwide/cargo-home" "-e" "RUSTUP_HOME=/opt/rustwide/rustup-home" "-e" "CARGO_TARGET_DIR=/opt/rustwide/target" "-e" "CARGO_INCREMENTAL=0" "-e" "RUST_BACKTRACE=full" "-e" "RUSTFLAGS=--cap-lints=warn" "-e" "RUSTDOCFLAGS=--cap-lints=warn" "-w" "/opt/rustwide/workdir" "--user" "0:0" "58feb9efb4fda68df635e354ab7d49e70c2ebe1debe12ad04979d3b4558c8504" "/opt/rustwide/cargo-home/bin/cargo" "+1.99.0-beta.8" "build" "--frozen" "--message-format=json" "--release", kill_on_drop: false }`
[INFO] [stderr]    Compiling deunicode v1.6.2
[INFO] [stderr]    Compiling str_slug v0.1.3 (/opt/rustwide/workdir)
[INFO] [stderr]     Finished `release` profile [optimized] target(s) in 0.38s
[INFO] running `Command { std: "docker" "inspect" "58feb9efb4fda68df635e354ab7d49e70c2ebe1debe12ad04979d3b4558c8504", kill_on_drop: false }`
[INFO] running `Command { std: "docker" "exec" "-e" "SOURCE_DIR=/opt/rustwide/workdir" "-e" "CARGO_HOME=/opt/rustwide/cargo-home" "-e" "RUSTUP_HOME=/opt/rustwide/rustup-home" "-e" "CARGO_TARGET_DIR=/opt/rustwide/target" "-e" "CARGO_INCREMENTAL=0" "-e" "RUST_BACKTRACE=full" "-e" "RUSTFLAGS=--cap-lints=warn" "-e" "RUSTDOCFLAGS=--cap-lints=warn" "-w" "/opt/rustwide/workdir" "--user" "0:0" "58feb9efb4fda68df635e354ab7d49e70c2ebe1debe12ad04979d3b4558c8504" "/opt/rustwide/cargo-home/bin/cargo" "+1.99.0-beta.8" "test" "--frozen" "--no-run" "--message-format=json" "--release", kill_on_drop: false }`
[INFO] [stderr]    Compiling str_slug v0.1.3 (/opt/rustwide/workdir)
[INFO] [stderr]     Finished `release` profile [optimized] target(s) in 0.54s
[INFO] running `Command { std: "docker" "inspect" "58feb9efb4fda68df635e354ab7d49e70c2ebe1debe12ad04979d3b4558c8504", kill_on_drop: false }`
[INFO] running `Command { std: "docker" "exec" "-e" "SOURCE_DIR=/opt/rustwide/workdir" "-e" "CARGO_HOME=/opt/rustwide/cargo-home" "-e" "RUSTUP_HOME=/opt/rustwide/rustup-home" "-e" "CARGO_TARGET_DIR=/opt/rustwide/target" "-e" "CARGO_INCREMENTAL=0" "-e" "RUST_BACKTRACE=full" "-e" "RUSTFLAGS=--cap-lints=warn" "-e" "RUSTDOCFLAGS=--cap-lints=warn" "-w" "/opt/rustwide/workdir" "--user" "0:0" "58feb9efb4fda68df635e354ab7d49e70c2ebe1debe12ad04979d3b4558c8504" "/opt/rustwide/cargo-home/bin/cargo" "+1.99.0-beta.8" "test" "--frozen" "--release", kill_on_drop: false }`
[INFO] [stderr]     Finished `release` profile [optimized] target(s) in 0.02s
[INFO] [stderr]      Running unittests src/lib.rs (/opt/rustwide/target/release/deps/str_slug-a70cb5ec23bcd439)
[INFO] [stdout] 
[INFO] [stdout] running 9 tests
[INFO] [stdout] test tests::hello_unicode ... ok
[INFO] [stdout] test tests::trim_whitespaces ... ok
[INFO] [stdout] test tests::hello_ascii_unicode ... ok
[INFO] [stdout] test tests::hello_hash ... FAILED
[INFO] [stdout] test tests::trim_whitespace_start ... ok
[INFO] [stdout] test tests::hello_empty_unicode ... FAILED
[INFO] [stdout] test tests::hello_empty_unicode_allow_duplicates_no_trimming ... FAILED
[INFO] [stdout] test tests::hello_ascii ... ok
[INFO] [stderr] error: test failed, to rerun pass `--lib`
[INFO] [stdout] test tests::unicode_allow_duplicates_trim ... FAILED
[INFO] [stdout] 
[INFO] [stdout] failures:
[INFO] [stdout] 
[INFO] [stdout] ---- tests::hello_hash stdout ----
[INFO] [stdout] 
[INFO] [stdout] thread 'tests::hello_hash' (158) panicked at src/lib.rs:225:9:
[INFO] [stdout] assertion `left == right` failed
[INFO] [stdout]   left: "oussama_407ad6"
[INFO] [stdout]  right: "oussama"
[INFO] [stdout] stack backtrace:
[INFO] [stdout]    0:     0x6500d7c35bb1 - <<std[70759c8f55707aa4]::sys::backtrace::BacktraceLock>::print::DisplayBacktrace as core[df12db4294e9bfd3]::fmt::Display>::fmt
[INFO] [stdout]    1:     0x6500d7c49d8a - core[df12db4294e9bfd3]::fmt::write
[INFO] [stdout]    2:     0x6500d7c3a04c - <alloc[2182bb758b4b3781]::vec::Vec<u8> as core[df12db4294e9bfd3]::io::write::Write>::write_fmt
[INFO] [stdout]    3:     0x6500d7c121a6 - std[70759c8f55707aa4]::panicking::default_hook::{closure#0}
[INFO] [stdout]    4:     0x6500d7c2e319 - std[70759c8f55707aa4]::panicking::default_hook
[INFO] [stdout]    5:     0x6500d7bca7a0 - test[9d35eded1c95d3be]::test_main_inner::<test[9d35eded1c95d3be]::test_main_static::{closure#0}>::{closure#0}
[INFO] [stdout]    6:     0x6500d7c2e4d2 - std[70759c8f55707aa4]::panicking::panic_with_hook
[INFO] [stdout]    7:     0x6500d7c12252 - std[70759c8f55707aa4]::panicking::panic_handler::{closure#0}
[INFO] [stdout]    8:     0x6500d7c0afd9 - std[70759c8f55707aa4]::sys::backtrace::__rust_end_short_backtrace::<std[70759c8f55707aa4]::panicking::panic_handler::{closure#0}, !>
[INFO] [stdout]    9:     0x6500d7c12e4d - __rustc[8fa7c3cbc660c2b3]::rust_begin_unwind
[INFO] [stdout]   10:     0x6500d7c4a4bc - core[df12db4294e9bfd3]::panicking::panic_fmt
[INFO] [stdout]   11:     0x6500d7c4a3d3 - core[df12db4294e9bfd3]::panicking::assert_failed_inner
[INFO] [stdout]   12:     0x6500d7bbcfb4 - core[df12db4294e9bfd3]::panicking::assert_failed::<&str, alloc[2182bb758b4b3781]::string::String>
[INFO] [stdout]   13:     0x6500d7bbd30f - <str_slug[90468dc729b72942]::tests::hello_hash::{closure#0} as core[df12db4294e9bfd3]::ops::function::FnOnce<()>>::call_once
[INFO] [stdout]   14:     0x6500d7bbda8b - test[9d35eded1c95d3be]::__rust_begin_short_backtrace::<core[df12db4294e9bfd3]::result::Result<(), alloc[2182bb758b4b3781]::string::String>, fn() -> core[df12db4294e9bfd3]::result::Result<(), alloc[2182bb758b4b3781]::string::String>>
[INFO] [stdout]   15:     0x6500d7bcb0f5 - test[9d35eded1c95d3be]::run_test::{closure#0}
[INFO] [stdout]   16:     0x6500d7bc49b4 - std[70759c8f55707aa4]::sys::backtrace::__rust_begin_short_backtrace::<test[9d35eded1c95d3be]::run_test::{closure#1}, ()>
[INFO] [stdout]   17:     0x6500d7bce252 - <std[70759c8f55707aa4]::thread::lifecycle::spawn_unchecked<test[9d35eded1c95d3be]::run_test::{closure#1}, ()>::{closure#1} as core[df12db4294e9bfd3]::ops::function::FnOnce<()>>::call_once::{shim:vtable#0}
[INFO] [stdout]   18:     0x6500d7c35489 - <std[70759c8f55707aa4]::sys::thread::unix::Thread>::new::thread_start
[INFO] [stdout]   19:     0x7754ac245dfa - <unknown>
[INFO] [stdout]   20:     0x7754ac2d93d4 - clone
[INFO] [stdout]   21:                0x0 - <unknown>
[INFO] [stdout] 
[INFO] [stdout] ---- tests::hello_empty_unicode stdout ----
[INFO] [stdout] 
[INFO] [stdout] thread 'tests::hello_empty_unicode' (156) panicked at src/lib.rs:249:9:
[INFO] [stdout] assertion `left == right` failed
[INFO] [stdout]   left: "hello-heart"
[INFO] [stdout]  right: "hello"
[INFO] [stdout] stack backtrace:
[INFO] [stdout]    0:     0x6500d7c35bb1 - <<std[70759c8f55707aa4]::sys::backtrace::BacktraceLock>::print::DisplayBacktrace as core[df12db4294e9bfd3]::fmt::Display>::fmt
[INFO] [stdout]    1:     0x6500d7c49d8a - core[df12db4294e9bfd3]::fmt::write
[INFO] [stdout]    2:     0x6500d7c3a04c - <alloc[2182bb758b4b3781]::vec::Vec<u8> as core[df12db4294e9bfd3]::io::write::Write>::write_fmt
[INFO] [stdout]    3:     0x6500d7c121a6 - std[70759c8f55707aa4]::panicking::default_hook::{closure#0}
[INFO] [stdout]    4:     0x6500d7c2e319 - std[70759c8f55707aa4]::panicking::default_hook
[INFO] [stdout]    5:     0x6500d7bca7a0 - test[9d35eded1c95d3be]::test_main_inner::<test[9d35eded1c95d3be]::test_main_static::{closure#0}>::{closure#0}
[INFO] [stdout]    6:     0x6500d7c2e4d2 - std[70759c8f55707aa4]::panicking::panic_with_hook
[INFO] [stdout]    7:     0x6500d7c12252 - std[70759c8f55707aa4]::panicking::panic_handler::{closure#0}
[INFO] [stdout]    8:     0x6500d7c0afd9 - std[70759c8f55707aa4]::sys::backtrace::__rust_end_short_backtrace::<std[70759c8f55707aa4]::panicking::panic_handler::{closure#0}, !>
[INFO] [stdout]    9:     0x6500d7c12e4d - __rustc[8fa7c3cbc660c2b3]::rust_begin_unwind
[INFO] [stdout]   10:     0x6500d7c4a4bc - core[df12db4294e9bfd3]::panicking::panic_fmt
[INFO] [stdout]   11:     0x6500d7c4a3d3 - core[df12db4294e9bfd3]::panicking::assert_failed_inner
[INFO] [stdout]   12:     0x6500d7bbcf7f - core[df12db4294e9bfd3]::panicking::assert_failed::<alloc[2182bb758b4b3781]::string::String, &str>
[INFO] [stdout]   13:     0x6500d7bbd761 - <str_slug[90468dc729b72942]::tests::hello_empty_unicode::{closure#0} as core[df12db4294e9bfd3]::ops::function::FnOnce<()>>::call_once
[INFO] [stdout]   14:     0x6500d7bbda8b - test[9d35eded1c95d3be]::__rust_begin_short_backtrace::<core[df12db4294e9bfd3]::result::Result<(), alloc[2182bb758b4b3781]::string::String>, fn() -> core[df12db4294e9bfd3]::result::Result<(), alloc[2182bb758b4b3781]::string::String>>
[INFO] [stdout]   15:     0x6500d7bcb0f5 - test[9d35eded1c95d3be]::run_test::{closure#0}
[INFO] [stdout]   16:     0x6500d7bc49b4 - std[70759c8f55707aa4]::sys::backtrace::__rust_begin_short_backtrace::<test[9d35eded1c95d3be]::run_test::{closure#1}, ()>
[INFO] [stdout]   17:     0x6500d7bce252 - <std[70759c8f55707aa4]::thread::lifecycle::spawn_unchecked<test[9d35eded1c95d3be]::run_test::{closure#1}, ()>::{closure#1} as core[df12db4294e9bfd3]::ops::function::FnOnce<()>>::call_once::{shim:vtable#0}
[INFO] [stdout]   18:     0x6500d7c35489 - <std[70759c8f55707aa4]::sys::thread::unix::Thread>::new::thread_start
[INFO] [stdout]   19:     0x7754ac245dfa - <unknown>
[INFO] [stdout]   20:     0x7754ac2d93d4 - clone
[INFO] [stdout]   21:                0x0 - <unknown>
[INFO] [stdout] 
[INFO] [stdout] ---- tests::hello_empty_unicode_allow_duplicates_no_trimming stdout ----
[INFO] [stdout] 
[INFO] [stdout] thread 'tests::hello_empty_unicode_allow_duplicates_no_trimming' (157) panicked at src/lib.rs:258:9:
[INFO] [stdout] assertion `left == right` failed
[INFO] [stdout]   left: "hello------"
[INFO] [stdout]  right: "hello--heart----"
[INFO] [stdout] stack backtrace:
[INFO] [stdout]    0:     0x6500d7c35bb1 - <<std[70759c8f55707aa4]::sys::backtrace::BacktraceLock>::print::DisplayBacktrace as core[df12db4294e9bfd3]::fmt::Display>::fmt
[INFO] [stdout]    1:     0x6500d7c49d8a - core[df12db4294e9bfd3]::fmt::write
[INFO] [stdout]    2:     0x6500d7c3a04c - <alloc[2182bb758b4b3781]::vec::Vec<u8> as core[df12db4294e9bfd3]::io::write::Write>::write_fmt
[INFO] [stdout]    3:     0x6500d7c121a6 - std[70759c8f55707aa4]::panicking::default_hook::{closure#0}
[INFO] [stdout]    4:     0x6500d7c2e319 - std[70759c8f55707aa4]::panicking::default_hook
[INFO] [stdout]    5:     0x6500d7bca7a0 - test[9d35eded1c95d3be]::test_main_inner::<test[9d35eded1c95d3be]::test_main_static::{closure#0}>::{closure#0}
[INFO] [stdout]    6:     0x6500d7c2e4d2 - std[70759c8f55707aa4]::panicking::panic_with_hook
[INFO] [stdout]    7:     0x6500d7c12252 - std[70759c8f55707aa4]::panicking::panic_handler::{closure#0}
[INFO] [stdout]    8:     0x6500d7c0afd9 - std[70759c8f55707aa4]::sys::backtrace::__rust_end_short_backtrace::<std[70759c8f55707aa4]::panicking::panic_handler::{closure#0}, !>
[INFO] [stdout]    9:     0x6500d7c12e4d - __rustc[8fa7c3cbc660c2b3]::rust_begin_unwind
[INFO] [stdout]   10:     0x6500d7c4a4bc - core[df12db4294e9bfd3]::panicking::panic_fmt
[INFO] [stdout]   11:     0x6500d7c4a3d3 - core[df12db4294e9bfd3]::panicking::assert_failed_inner
[INFO] [stdout]   12:     0x6500d7bbcfb4 - core[df12db4294e9bfd3]::panicking::assert_failed::<&str, alloc[2182bb758b4b3781]::string::String>
[INFO] [stdout]   13:     0x6500d7bbd9ff - <str_slug[90468dc729b72942]::tests::hello_empty_unicode_allow_duplicates_no_trimming::{closure#0} as core[df12db4294e9bfd3]::ops::function::FnOnce<()>>::call_once
[INFO] [stdout]   14:     0x6500d7bbda8b - test[9d35eded1c95d3be]::__rust_begin_short_backtrace::<core[df12db4294e9bfd3]::result::Result<(), alloc[2182bb758b4b3781]::string::String>, fn() -> core[df12db4294e9bfd3]::result::Result<(), alloc[2182bb758b4b3781]::string::String>>
[INFO] [stdout]   15:     0x6500d7bcb0f5 - test[9d35eded1c95d3be]::run_test::{closure#0}
[INFO] [stdout]   16:     0x6500d7bc49b4 - std[70759c8f55707aa4]::sys::backtrace::__rust_begin_short_backtrace::<test[9d35eded1c95d3be]::run_test::{closure#1}, ()>
[INFO] [stdout]   17:     0x6500d7bce252 - <std[70759c8f55707aa4]::thread::lifecycle::spawn_unchecked<test[9d35eded1c95d3be]::run_test::{closure#1}, ()>::{closure#1} as core[df12db4294e9bfd3]::ops::function::FnOnce<()>>::call_once::{shim:vtable#0}
[INFO] [stdout]   18:     0x6500d7c35489 - <std[70759c8f55707aa4]::sys::thread::unix::Thread>::new::thread_start
[INFO] [stdout]   19:     0x7754ac245dfa - <unknown>
[INFO] [stdout]   20:     0x7754ac2d93d4 - clone
[INFO] [stdout]   21:                0x0 - <unknown>
[INFO] [stdout] 
[INFO] [stdout] ---- tests::unicode_allow_duplicates_trim stdout ----
[INFO] [stdout] 
[INFO] [stdout] thread 'tests::unicode_allow_duplicates_trim' (162) panicked at src/lib.rs:267:9:
[INFO] [stdout] assertion `left == right` failed
[INFO] [stdout]   left: "hello--oussama--ae----biohazard----with"
[INFO] [stdout]  right: "hello--oussama--ae----biohazard----with-heart"
[INFO] [stdout] stack backtrace:
[INFO] [stdout]    0:     0x6500d7c35bb1 - <<std[70759c8f55707aa4]::sys::backtrace::BacktraceLock>::print::DisplayBacktrace as core[df12db4294e9bfd3]::fmt::Display>::fmt
[INFO] [stdout]    1:     0x6500d7c49d8a - core[df12db4294e9bfd3]::fmt::write
[INFO] [stdout]    2:     0x6500d7c3a04c - <alloc[2182bb758b4b3781]::vec::Vec<u8> as core[df12db4294e9bfd3]::io::write::Write>::write_fmt
[INFO] [stdout]    3:     0x6500d7c121a6 - std[70759c8f55707aa4]::panicking::default_hook::{closure#0}
[INFO] [stdout]    4:     0x6500d7c2e319 - std[70759c8f55707aa4]::panicking::default_hook
[INFO] [stdout]    5:     0x6500d7bca7a0 - test[9d35eded1c95d3be]::test_main_inner::<test[9d35eded1c95d3be]::test_main_static::{closure#0}>::{closure#0}
[INFO] [stdout]    6:     0x6500d7c2e4d2 - std[70759c8f55707aa4]::panicking::panic_with_hook
[INFO] [stdout]    7:     0x6500d7c12252 - std[70759c8f55707aa4]::panicking::panic_handler::{closure#0}
[INFO] [stdout]    8:     0x6500d7c0afd9 - std[70759c8f55707aa4]::sys::backtrace::__rust_end_short_backtrace::<std[70759c8f55707aa4]::panicking::panic_handler::{closure#0}, !>
[INFO] [stdout]    9:     0x6500d7c12e4d - __rustc[8fa7c3cbc660c2b3]::rust_begin_unwind
[INFO] [stdout]   10:     0x6500d7c4a4bc - core[df12db4294e9bfd3]::panicking::panic_fmt
[INFO] [stdout]   11:     0x6500d7c4a3d3 - core[df12db4294e9bfd3]::panicking::assert_failed_inner
[INFO] [stdout]   12:     0x6500d7bbcfb4 - core[df12db4294e9bfd3]::panicking::assert_failed::<&str, alloc[2182bb758b4b3781]::string::String>
[INFO] [stdout]   13:     0x6500d7bbd924 - <str_slug[90468dc729b72942]::tests::unicode_allow_duplicates_trim::{closure#0} as core[df12db4294e9bfd3]::ops::function::FnOnce<()>>::call_once
[INFO] [stdout]   14:     0x6500d7bbda8b - test[9d35eded1c95d3be]::__rust_begin_short_backtrace::<core[df12db4294e9bfd3]::result::Result<(), alloc[2182bb758b4b3781]::string::String>, fn() -> core[df12db4294e9bfd3]::result::Result<(), alloc[2182bb758b4b3781]::string::String>>
[INFO] [stdout]   15:     0x6500d7bcb0f5 - test[9d35eded1c95d3be]::run_test::{closure#0}
[INFO] [stdout]   16:     0x6500d7bc49b4 - std[70759c8f55707aa4]::sys::backtrace::__rust_begin_short_backtrace::<test[9d35eded1c95d3be]::run_test::{closure#1}, ()>
[INFO] [stdout]   17:     0x6500d7bce252 - <std[70759c8f55707aa4]::thread::lifecycle::spawn_unchecked<test[9d35eded1c95d3be]::run_test::{closure#1}, ()>::{closure#1} as core[df12db4294e9bfd3]::ops::function::FnOnce<()>>::call_once::{shim:vtable#0}
[INFO] [stdout]   18:     0x6500d7c35489 - <std[70759c8f55707aa4]::sys::thread::unix::Thread>::new::thread_start
[INFO] [stdout]   19:     0x7754ac245dfa - <unknown>
[INFO] [stdout]   20:     0x7754ac2d93d4 - clone
[INFO] [stdout]   21:                0x0 - <unknown>
[INFO] [stdout] 
[INFO] [stdout] 
[INFO] [stdout] failures:
[INFO] [stdout]     tests::hello_empty_unicode
[INFO] [stdout]     tests::hello_empty_unicode_allow_duplicates_no_trimming
[INFO] [stdout]     tests::hello_hash
[INFO] [stdout]     tests::unicode_allow_duplicates_trim
[INFO] [stdout] 
[INFO] [stdout] test result: FAILED. 5 passed; 4 failed; 0 ignored; 0 measured; 0 filtered out; finished in 0.01s
[INFO] [stdout] 
[INFO] running `Command { std: "docker" "inspect" "58feb9efb4fda68df635e354ab7d49e70c2ebe1debe12ad04979d3b4558c8504", kill_on_drop: false }`
[INFO] running `Command { std: "docker" "rm" "-f" "58feb9efb4fda68df635e354ab7d49e70c2ebe1debe12ad04979d3b4558c8504", kill_on_drop: false }`
[INFO] [stdout] 58feb9efb4fda68df635e354ab7d49e70c2ebe1debe12ad04979d3b4558c8504
