[INFO] fetching crate str-of-bytes 0.1.0...
[INFO] testing str-of-bytes-0.1.0 against 1.99.0-beta.8+cargoflags=--release for beta-release-1.100-2
[INFO] extracting crate str-of-bytes 0.1.0 into /workspace/builds/worker-5-tc1/source
[INFO] started tweaking crates.io crate str-of-bytes 0.1.0
[INFO] removed 0 missing tests
[INFO] finished tweaking crates.io crate str-of-bytes 0.1.0
[INFO] tweaked toml for crates.io crate str-of-bytes 0.1.0 written to /workspace/builds/worker-5-tc1/source/Cargo.toml
[INFO] validating manifest of crates.io crate str-of-bytes 0.1.0 on toolchain 1.99.0-beta.8
[INFO] running `Command { std: CARGO_HOME="/workspace/cargo-home" RUSTUP_HOME="/workspace/rustup-home" "/workspace/cargo-home/bin/cargo" "+1.99.0-beta.8" "metadata" "--manifest-path" "Cargo.toml" "--no-deps", kill_on_drop: false }`
[INFO] crate crates.io crate str-of-bytes 0.1.0 already has a lockfile, it will not be regenerated
[INFO] running `Command { std: CARGO_HOME="/workspace/cargo-home" RUSTUP_HOME="/workspace/rustup-home" "/workspace/cargo-home/bin/cargo" "+1.99.0-beta.8" "fetch" "--manifest-path" "Cargo.toml", kill_on_drop: false }`
[INFO] [stderr]     Updating crates.io index
[INFO] [stderr]  Downloading crates ...
[INFO] [stderr]   Downloaded env_filter v0.1.3
[INFO] [stderr]   Downloaded env_logger v0.11.8
[INFO] [stderr]   Downloaded utf8-width v0.1.7
[INFO] [stderr]   Downloaded test-log-macros v0.2.17
[INFO] [stderr]   Downloaded encoding_index_tests v0.1.4
[INFO] [stderr]   Downloaded encoding-index-simpchinese v1.20141219.5
[INFO] [stderr]   Downloaded encoding-index-singlebyte v1.20141219.5
[INFO] [stderr]   Downloaded test-log v0.2.17
[INFO] [stderr]   Downloaded encoding-index-japanese v1.20141219.5
[INFO] [stderr]   Downloaded encoding v0.2.33
[INFO] [stderr]   Downloaded encoding-index-tradchinese v1.20141219.5
[INFO] [stderr]   Downloaded encoding-index-korean v1.20141219.5
[INFO] running `Command { std: "docker" "create" "-v" "/var/lib/crater-agent-workspace/builds/worker-5-tc1/source:/opt/rustwide/workdir:ro,Z" "-v" "/var/lib/crater-agent-workspace/builds/worker-5-tc1/target:/opt/rustwide/target:rw,Z" "-v" "/var/lib/crater-agent-workspace/cargo-home:/opt/rustwide/cargo-home:ro,Z" "-v" "/var/lib/crater-agent-workspace/rustup-home:/opt/rustwide/rustup-home:ro,Z" "-m" "1610612736" "--network" "none" "ghcr.io/rust-lang/crates-build-env/linux@sha256:77db811e55d90add9212f6832c23229e3de5f1c1f9905e8cb07319ea15df73ac" "sleep" "infinity", kill_on_drop: false }`
[INFO] [stdout] e6f2ed4a09102f6b256fba8f22e0ebd28afaa241715ed83bdcac6d41dd9fd191
[INFO] running `Command { std: "docker" "start" "e6f2ed4a09102f6b256fba8f22e0ebd28afaa241715ed83bdcac6d41dd9fd191", kill_on_drop: false }`
[INFO] running `Command { std: "docker" "inspect" "e6f2ed4a09102f6b256fba8f22e0ebd28afaa241715ed83bdcac6d41dd9fd191", kill_on_drop: false }`
[INFO] running `Command { std: "docker" "exec" "-e" "SOURCE_DIR=/opt/rustwide/workdir" "-e" "CARGO_HOME=/opt/rustwide/cargo-home" "-e" "RUSTUP_HOME=/opt/rustwide/rustup-home" "-e" "CARGO_TARGET_DIR=/opt/rustwide/target" "-w" "/opt/rustwide/workdir" "--user" "0:0" "e6f2ed4a09102f6b256fba8f22e0ebd28afaa241715ed83bdcac6d41dd9fd191" "/opt/rustwide/cargo-home/bin/cargo" "+1.99.0-beta.8" "metadata" "--no-deps" "--format-version=1", kill_on_drop: false }`
[INFO] running `Command { std: "docker" "inspect" "e6f2ed4a09102f6b256fba8f22e0ebd28afaa241715ed83bdcac6d41dd9fd191", kill_on_drop: false }`
[INFO] running `Command { std: "docker" "exec" "-e" "SOURCE_DIR=/opt/rustwide/workdir" "-e" "CARGO_HOME=/opt/rustwide/cargo-home" "-e" "RUSTUP_HOME=/opt/rustwide/rustup-home" "-e" "CARGO_TARGET_DIR=/opt/rustwide/target" "-e" "CARGO_INCREMENTAL=0" "-e" "RUST_BACKTRACE=full" "-e" "RUSTFLAGS=--cap-lints=warn" "-e" "RUSTDOCFLAGS=--cap-lints=warn" "-w" "/opt/rustwide/workdir" "--user" "0:0" "e6f2ed4a09102f6b256fba8f22e0ebd28afaa241715ed83bdcac6d41dd9fd191" "/opt/rustwide/cargo-home/bin/cargo" "+1.99.0-beta.8" "build" "--frozen" "--message-format=json" "--release", kill_on_drop: false }`
[INFO] [stderr]    Compiling utf8-width v0.1.7
[INFO] [stderr]    Compiling bytes v1.10.1
[INFO] [stderr]    Compiling str-of-bytes v0.1.0 (/opt/rustwide/workdir)
[INFO] [stderr]     Finished `release` profile [optimized] target(s) in 1.08s
[INFO] running `Command { std: "docker" "inspect" "e6f2ed4a09102f6b256fba8f22e0ebd28afaa241715ed83bdcac6d41dd9fd191", kill_on_drop: false }`
[INFO] running `Command { std: "docker" "exec" "-e" "SOURCE_DIR=/opt/rustwide/workdir" "-e" "CARGO_HOME=/opt/rustwide/cargo-home" "-e" "RUSTUP_HOME=/opt/rustwide/rustup-home" "-e" "CARGO_TARGET_DIR=/opt/rustwide/target" "-e" "CARGO_INCREMENTAL=0" "-e" "RUST_BACKTRACE=full" "-e" "RUSTFLAGS=--cap-lints=warn" "-e" "RUSTDOCFLAGS=--cap-lints=warn" "-w" "/opt/rustwide/workdir" "--user" "0:0" "e6f2ed4a09102f6b256fba8f22e0ebd28afaa241715ed83bdcac6d41dd9fd191" "/opt/rustwide/cargo-home/bin/cargo" "+1.99.0-beta.8" "test" "--frozen" "--no-run" "--message-format=json" "--release", kill_on_drop: false }`
[INFO] [stderr]    Compiling encoding_index_tests v0.1.4
[INFO] [stderr]    Compiling is_terminal_polyfill v1.70.1
[INFO] [stderr]    Compiling colorchoice v1.0.4
[INFO] [stderr]    Compiling log v0.4.27
[INFO] [stderr]    Compiling anstyle-query v1.1.3
[INFO] [stderr]    Compiling anstyle v1.0.11
[INFO] [stderr]    Compiling eyre v0.6.12
[INFO] [stderr]    Compiling indenter v0.3.3
[INFO] [stderr]    Compiling anstyle-parse v0.2.7
[INFO] [stderr]    Compiling itertools v0.14.0
[INFO] [stderr]    Compiling syn v2.0.103
[INFO] [stderr]    Compiling encoding-index-tradchinese v1.20141219.5
[INFO] [stderr]    Compiling encoding-index-singlebyte v1.20141219.5
[INFO] [stderr]    Compiling encoding-index-simpchinese v1.20141219.5
[INFO] [stderr]    Compiling encoding-index-korean v1.20141219.5
[INFO] [stderr]    Compiling encoding-index-japanese v1.20141219.5
[INFO] [stderr]    Compiling env_filter v0.1.3
[INFO] [stderr]    Compiling anstream v0.6.19
[INFO] [stderr]    Compiling encoding v0.2.33
[INFO] [stderr]    Compiling env_logger v0.11.8
[INFO] [stderr]    Compiling test-log-macros v0.2.17
[INFO] [stderr]    Compiling test-log v0.2.17
[INFO] [stderr]    Compiling str-of-bytes v0.1.0 (/opt/rustwide/workdir)
[INFO] [stderr]     Finished `release` profile [optimized] target(s) in 9.47s
[INFO] running `Command { std: "docker" "inspect" "e6f2ed4a09102f6b256fba8f22e0ebd28afaa241715ed83bdcac6d41dd9fd191", kill_on_drop: false }`
[INFO] running `Command { std: "docker" "exec" "-e" "SOURCE_DIR=/opt/rustwide/workdir" "-e" "CARGO_HOME=/opt/rustwide/cargo-home" "-e" "RUSTUP_HOME=/opt/rustwide/rustup-home" "-e" "CARGO_TARGET_DIR=/opt/rustwide/target" "-e" "CARGO_INCREMENTAL=0" "-e" "RUST_BACKTRACE=full" "-e" "RUSTFLAGS=--cap-lints=warn" "-e" "RUSTDOCFLAGS=--cap-lints=warn" "-w" "/opt/rustwide/workdir" "--user" "0:0" "e6f2ed4a09102f6b256fba8f22e0ebd28afaa241715ed83bdcac6d41dd9fd191" "/opt/rustwide/cargo-home/bin/cargo" "+1.99.0-beta.8" "test" "--frozen" "--release", kill_on_drop: false }`
[INFO] [stderr]     Finished `release` profile [optimized] target(s) in 0.06s
[INFO] [stderr]      Running unittests src/lib.rs (/opt/rustwide/target/release/deps/str_of_bytes-1a85c4e39fbde00e)
[INFO] [stderr]      Running tests/invalid_utf8.rs (/opt/rustwide/target/release/deps/invalid_utf8-09f7859036521a1b)
[INFO] [stdout] 
[INFO] [stdout] running 0 tests
[INFO] [stdout] 
[INFO] [stdout] test result: ok. 0 passed; 0 failed; 0 ignored; 0 measured; 0 filtered out; finished in 0.00s
[INFO] [stdout] 
[INFO] [stdout] 
[INFO] [stdout] running 4 tests
[INFO] [stdout] test empty ... ok
[INFO] [stdout] test ascii ... ok
[INFO] [stdout] test iso8859_15_high ... ok
[INFO] [stderr]      Running tests/lines.rs (/opt/rustwide/target/release/deps/lines-2cea57b0ef3d115c)
[INFO] [stdout] test windows_1251_high ... ok
[INFO] [stdout] 
[INFO] [stdout] test result: ok. 4 passed; 0 failed; 0 ignored; 0 measured; 0 filtered out; finished in 0.00s
[INFO] [stdout] 
[INFO] [stdout] 
[INFO] [stdout] running 1 test
[INFO] [stdout] test str_lines ... ok
[INFO] [stdout] 
[INFO] [stdout] test result: ok. 1 passed; 0 failed; 0 ignored; 0 measured; 0 filtered out; finished in 0.00s
[INFO] [stdout] 
[INFO] [stderr]      Running tests/trivial.rs (/opt/rustwide/target/release/deps/trivial-0bd73412c4b96871)
[INFO] [stdout] 
[INFO] [stdout] running 15 tests
[INFO] [stdout] test clone_empty ... ok
[INFO] [stderr]    Doc-tests str_of_bytes
[INFO] [stdout] test as_ref ... ok
[INFO] [stdout] test strip_prefix_m_str ... ok
[INFO] [stdout] test strip_suffix_m_str ... ok
[INFO] [stdout] test trim_ascii ... ok
[INFO] [stdout] test trim_ascii_start ... ok
[INFO] [stdout] test copy_from_slice ... ok
[INFO] [stdout] test eq_self ... ok
[INFO] [stdout] test eq_str ... ok
[INFO] [stdout] test ord_self ... ok
[INFO] [stdout] test split_once_m_char ... ok
[INFO] [stdout] test starts_with_m_slice ... ok
[INFO] [stdout] test trim_ascii_end ... ok
[INFO] [stdout] test ord_str ... ok
[INFO] [stdout] test adopt_or_copy_disjoint ... ok
[INFO] [stdout] 
[INFO] [stdout] test result: ok. 15 passed; 0 failed; 0 ignored; 0 measured; 0 filtered out; finished in 0.00s
[INFO] [stdout] 
[INFO] [stdout] 
[INFO] [stdout] running 1 test
[INFO] [stdout] test src/lib.rs - (line 22) ... FAILED
[INFO] [stdout] 
[INFO] [stdout] failures:
[INFO] [stdout] 
[INFO] [stdout] ---- src/lib.rs - (line 22) stdout ----
[INFO] [stdout] error[E0308]: mismatched types
[INFO] [stdout]   --> src/lib.rs:49:56
[INFO] [stdout]    |
[INFO] [stdout] 49 |         .map_ok(|line| get_first_word(StrOfBytes::from(line)))
[INFO] [stdout]    |                                       ---------------- ^^^^ expected `StrOfBytes`, found `String`
[INFO] [stdout]    |                                       |
[INFO] [stdout]    |                                       arguments to this function are incorrect
[INFO] [stdout]    |
[INFO] [stdout] note: associated function defined here
[INFO] [stdout]   --> /rustc/dfb0accb7f508ae8be965d8629557221c889dd98/library/core/src/convert/mod.rs:595:7
[INFO] [stdout] 
[INFO] [stdout] error: aborting due to 1 previous error
[INFO] [stdout] 
[INFO] [stdout] For more information about this error, try `rustc --explain E0308`.
[INFO] [stdout] Couldn't compile the test.
[INFO] [stdout] 
[INFO] [stdout] failures:
[INFO] [stdout]     src/lib.rs - (line 22)
[INFO] [stdout] 
[INFO] [stdout] test result: FAILED. 0 passed; 1 failed; 0 ignored; 0 measured; 0 filtered out; finished in 0.14s
[INFO] [stdout] 
[INFO] [stdout] all doctests ran in 0.26s; merged doctests compilation took 0.12s
[INFO] [stderr] error: doctest failed, to rerun pass `--doc`
[INFO] running `Command { std: "docker" "inspect" "e6f2ed4a09102f6b256fba8f22e0ebd28afaa241715ed83bdcac6d41dd9fd191", kill_on_drop: false }`
[INFO] running `Command { std: "docker" "rm" "-f" "e6f2ed4a09102f6b256fba8f22e0ebd28afaa241715ed83bdcac6d41dd9fd191", kill_on_drop: false }`
[INFO] [stdout] e6f2ed4a09102f6b256fba8f22e0ebd28afaa241715ed83bdcac6d41dd9fd191
