[INFO] fetching crate stow-rs 0.1.0...
[INFO] testing stow-rs-0.1.0 against 1.100.0-beta.1+cargoflags=--release for beta-release-1.100-2
[INFO] extracting crate stow-rs 0.1.0 into /workspace/builds/worker-3-tc2/source
[INFO] started tweaking crates.io crate stow-rs 0.1.0
[INFO] removed 0 missing tests
[INFO] finished tweaking crates.io crate stow-rs 0.1.0
[INFO] tweaked toml for crates.io crate stow-rs 0.1.0 written to /workspace/builds/worker-3-tc2/source/Cargo.toml
[INFO] validating manifest of crates.io crate stow-rs 0.1.0 on toolchain 1.100.0-beta.1
[INFO] running `Command { std: CARGO_HOME="/workspace/cargo-home" RUSTUP_HOME="/workspace/rustup-home" "/workspace/cargo-home/bin/cargo" "+1.100.0-beta.1" "metadata" "--manifest-path" "Cargo.toml" "--no-deps", kill_on_drop: false }`
[INFO] crate crates.io crate stow-rs 0.1.0 already has a lockfile, it will not be regenerated
[INFO] running `Command { std: CARGO_HOME="/workspace/cargo-home" RUSTUP_HOME="/workspace/rustup-home" "/workspace/cargo-home/bin/cargo" "+1.100.0-beta.1" "fetch" "--manifest-path" "Cargo.toml", kill_on_drop: false }`
[INFO] running `Command { std: "docker" "create" "-v" "/var/lib/crater-agent-workspace/builds/worker-3-tc2/source:/opt/rustwide/workdir:ro,Z" "-v" "/var/lib/crater-agent-workspace/builds/worker-3-tc2/target:/opt/rustwide/target:rw,Z" "-v" "/var/lib/crater-agent-workspace/cargo-home:/opt/rustwide/cargo-home:ro,Z" "-v" "/var/lib/crater-agent-workspace/rustup-home:/opt/rustwide/rustup-home:ro,Z" "-m" "1610612736" "--network" "none" "ghcr.io/rust-lang/crates-build-env/linux@sha256:77db811e55d90add9212f6832c23229e3de5f1c1f9905e8cb07319ea15df73ac" "sleep" "infinity", kill_on_drop: false }`
[INFO] [stdout] 5663f83a5c45fdd0db8de6b5343bec19c89dd06a241b61553dbcc587484c4f79
[INFO] running `Command { std: "docker" "start" "5663f83a5c45fdd0db8de6b5343bec19c89dd06a241b61553dbcc587484c4f79", kill_on_drop: false }`
[INFO] running `Command { std: "docker" "inspect" "5663f83a5c45fdd0db8de6b5343bec19c89dd06a241b61553dbcc587484c4f79", kill_on_drop: false }`
[INFO] running `Command { std: "docker" "exec" "-e" "SOURCE_DIR=/opt/rustwide/workdir" "-e" "CARGO_HOME=/opt/rustwide/cargo-home" "-e" "RUSTUP_HOME=/opt/rustwide/rustup-home" "-e" "CARGO_TARGET_DIR=/opt/rustwide/target" "-w" "/opt/rustwide/workdir" "--user" "0:0" "5663f83a5c45fdd0db8de6b5343bec19c89dd06a241b61553dbcc587484c4f79" "/opt/rustwide/cargo-home/bin/cargo" "+1.100.0-beta.1" "metadata" "--no-deps" "--format-version=1", kill_on_drop: false }`
[INFO] running `Command { std: "docker" "inspect" "5663f83a5c45fdd0db8de6b5343bec19c89dd06a241b61553dbcc587484c4f79", kill_on_drop: false }`
[INFO] running `Command { std: "docker" "exec" "-e" "SOURCE_DIR=/opt/rustwide/workdir" "-e" "CARGO_HOME=/opt/rustwide/cargo-home" "-e" "RUSTUP_HOME=/opt/rustwide/rustup-home" "-e" "CARGO_TARGET_DIR=/opt/rustwide/target" "-e" "CARGO_INCREMENTAL=0" "-e" "RUST_BACKTRACE=full" "-e" "RUSTFLAGS=--cap-lints=warn" "-e" "RUSTDOCFLAGS=--cap-lints=warn" "-w" "/opt/rustwide/workdir" "--user" "0:0" "5663f83a5c45fdd0db8de6b5343bec19c89dd06a241b61553dbcc587484c4f79" "/opt/rustwide/cargo-home/bin/cargo" "+1.100.0-beta.1" "build" "--frozen" "--message-format=json" "--release", kill_on_drop: false }`
[INFO] [stderr]    Compiling dirs-sys v0.3.7
[INFO] [stderr]    Compiling regex-automata v0.4.14
[INFO] [stderr]    Compiling tempfile v3.27.0
[INFO] [stderr]    Compiling dirs v4.0.0
[INFO] [stderr]    Compiling shellexpand v2.1.2
[INFO] [stderr]    Compiling regex v1.12.4
[INFO] [stderr]    Compiling stow-rs v0.1.0 (/opt/rustwide/workdir)
[INFO] [stderr] warning: unused dependency `tempfile`
[INFO] [stderr]   --> Cargo.toml:19:15
[INFO] [stderr]    |
[INFO] [stderr] 19 | [dependencies.tempfile]
[INFO] [stderr]    |               ^^^^^^^^^
[INFO] [stderr]    |
[INFO] [stderr]    = note: `cargo::unused_dependencies` is set to `warn` by default
[INFO] [stderr] help: consider removing the dependency on `tempfile`
[INFO] [stderr] warning: `stow-rs` (manifest) generated 1 warning
[INFO] [stderr]     Finished `release` profile [optimized] target(s) in 16.23s
[INFO] running `Command { std: "docker" "inspect" "5663f83a5c45fdd0db8de6b5343bec19c89dd06a241b61553dbcc587484c4f79", kill_on_drop: false }`
[INFO] running `Command { std: "docker" "exec" "-e" "SOURCE_DIR=/opt/rustwide/workdir" "-e" "CARGO_HOME=/opt/rustwide/cargo-home" "-e" "RUSTUP_HOME=/opt/rustwide/rustup-home" "-e" "CARGO_TARGET_DIR=/opt/rustwide/target" "-e" "CARGO_INCREMENTAL=0" "-e" "RUST_BACKTRACE=full" "-e" "RUSTFLAGS=--cap-lints=warn" "-e" "RUSTDOCFLAGS=--cap-lints=warn" "-w" "/opt/rustwide/workdir" "--user" "0:0" "5663f83a5c45fdd0db8de6b5343bec19c89dd06a241b61553dbcc587484c4f79" "/opt/rustwide/cargo-home/bin/cargo" "+1.100.0-beta.1" "test" "--frozen" "--no-run" "--message-format=json" "--release", kill_on_drop: false }`
[INFO] [stderr]    Compiling yansi v1.0.1
[INFO] [stderr]    Compiling num-traits v0.2.19
[INFO] [stderr]    Compiling pathdiff v0.2.3
[INFO] [stderr]    Compiling ppv-lite86 v0.2.21
[INFO] [stderr]    Compiling stow-rs v0.1.0 (/opt/rustwide/workdir)
[INFO] [stderr]    Compiling rand_chacha v0.9.0
[INFO] [stderr]    Compiling pretty_assertions v1.4.1
[INFO] [stderr]    Compiling proptest v1.11.0
[INFO] [stdout] warning: unused variable: `name`
[INFO] [stdout]    --> tests/parity_proptest.rs:333:18
[INFO] [stdout]     |
[INFO] [stdout] 333 |             for (name, tree) in &packages {
[INFO] [stdout]     |                  ^^^^ help: if this is intentional, prefix it with an underscore: `_name`
[INFO] [stdout]     |
[INFO] [stdout]     = note: `#[warn(unused_variables)]` (part of `#[warn(unused)]`) on by default
[INFO] [stdout] 
[INFO] [stdout] 
[INFO] [stdout] warning: function `new_stow_with_opts` is never used
[INFO] [stdout]   --> tests/common/mod.rs:57:8
[INFO] [stdout]    |
[INFO] [stdout] 57 | pub fn new_stow_with_opts(opts: StowOptions) -> Stow {
[INFO] [stdout]    |        ^^^^^^^^^^^^^^^^^^
[INFO] [stdout]    |
[INFO] [stdout]    = note: `#[warn(dead_code)]` (part of `#[warn(unused)]`) on by default
[INFO] [stdout] 
[INFO] [stdout] 
[INFO] [stdout] warning: function `new_compat_stow` is never used
[INFO] [stdout]   --> tests/common/mod.rs:63:8
[INFO] [stdout]    |
[INFO] [stdout] 63 | pub fn new_compat_stow(dir: Option<&str>, target: Option<&str>) -> Stow {
[INFO] [stdout]    |        ^^^^^^^^^^^^^^^
[INFO] [stdout] 
[INFO] [stdout] 
[INFO] [stdout] warning: function `remove_dir` is never used
[INFO] [stdout]    --> tests/common/mod.rs:134:8
[INFO] [stdout]     |
[INFO] [stdout] 134 | pub fn remove_dir(path: &str) {
[INFO] [stdout]     |        ^^^^^^^^^^
[INFO] [stdout] 
[INFO] [stdout] 
[INFO] [stdout] warning: function `remove_file` is never used
[INFO] [stdout]    --> tests/common/mod.rs:142:8
[INFO] [stdout]     |
[INFO] [stdout] 142 | pub fn remove_file(path: &str) {
[INFO] [stdout]     |        ^^^^^^^^^^^
[INFO] [stdout] 
[INFO] [stdout] 
[INFO] [stdout] warning: function `remove_link` is never used
[INFO] [stdout]    --> tests/common/mod.rs:147:8
[INFO] [stdout]     |
[INFO] [stdout] 147 | pub fn remove_link(path: &str) {
[INFO] [stdout]     |        ^^^^^^^^^^^
[INFO] [stdout] 
[INFO] [stdout] 
[INFO] [stdout] warning: function `assert_dir_not_symlink` is never used
[INFO] [stdout]    --> tests/common/mod.rs:183:8
[INFO] [stdout]     |
[INFO] [stdout] 183 | pub fn assert_dir_not_symlink(path: &str) {
[INFO] [stdout]     |        ^^^^^^^^^^^^^^^^^^^^^^
[INFO] [stdout] 
[INFO] [stdout] 
[INFO] [stderr]     Finished `release` profile [optimized] target(s) in 20.08s
[INFO] running `Command { std: "docker" "inspect" "5663f83a5c45fdd0db8de6b5343bec19c89dd06a241b61553dbcc587484c4f79", kill_on_drop: false }`
[INFO] running `Command { std: "docker" "exec" "-e" "SOURCE_DIR=/opt/rustwide/workdir" "-e" "CARGO_HOME=/opt/rustwide/cargo-home" "-e" "RUSTUP_HOME=/opt/rustwide/rustup-home" "-e" "CARGO_TARGET_DIR=/opt/rustwide/target" "-e" "CARGO_INCREMENTAL=0" "-e" "RUST_BACKTRACE=full" "-e" "RUSTFLAGS=--cap-lints=warn" "-e" "RUSTDOCFLAGS=--cap-lints=warn" "-w" "/opt/rustwide/workdir" "--user" "0:0" "5663f83a5c45fdd0db8de6b5343bec19c89dd06a241b61553dbcc587484c4f79" "/opt/rustwide/cargo-home/bin/cargo" "+1.100.0-beta.1" "test" "--frozen" "--release", kill_on_drop: false }`
[INFO] [stderr] warning: unused variable: `name`
[INFO] [stderr]    --> tests/parity_proptest.rs:333:18
[INFO] [stderr]     |
[INFO] [stderr] 333 |             for (name, tree) in &packages {
[INFO] [stderr]     |                  ^^^^ help: if this is intentional, prefix it with an underscore: `_name`
[INFO] [stderr]     |
[INFO] [stderr]     = note: `#[warn(unused_variables)]` (part of `#[warn(unused)]`) on by default
[INFO] [stderr] 
[INFO] [stderr] warning: function `new_stow_with_opts` is never used
[INFO] [stderr]   --> tests/common/mod.rs:57:8
[INFO] [stderr]    |
[INFO] [stderr] 57 | pub fn new_stow_with_opts(opts: StowOptions) -> Stow {
[INFO] [stderr]    |        ^^^^^^^^^^^^^^^^^^
[INFO] [stderr]    |
[INFO] [stderr]    = note: `#[warn(dead_code)]` (part of `#[warn(unused)]`) on by default
[INFO] [stderr] 
[INFO] [stderr] warning: function `new_compat_stow` is never used
[INFO] [stderr]   --> tests/common/mod.rs:63:8
[INFO] [stderr]    |
[INFO] [stderr] 63 | pub fn new_compat_stow(dir: Option<&str>, target: Option<&str>) -> Stow {
[INFO] [stderr]    |        ^^^^^^^^^^^^^^^
[INFO] [stderr] 
[INFO] [stderr] warning: function `remove_dir` is never used
[INFO] [stderr]    --> tests/common/mod.rs:134:8
[INFO] [stderr]     |
[INFO] [stderr] 134 | pub fn remove_dir(path: &str) {
[INFO] [stderr]     |        ^^^^^^^^^^
[INFO] [stderr] 
[INFO] [stderr] warning: function `remove_file` is never used
[INFO] [stderr]    --> tests/common/mod.rs:142:8
[INFO] [stderr]     |
[INFO] [stderr] 142 | pub fn remove_file(path: &str) {
[INFO] [stderr]     |        ^^^^^^^^^^^
[INFO] [stderr] 
[INFO] [stderr] warning: function `remove_link` is never used
[INFO] [stderr]    --> tests/common/mod.rs:147:8
[INFO] [stderr]     |
[INFO] [stderr] 147 | pub fn remove_link(path: &str) {
[INFO] [stderr]     |        ^^^^^^^^^^^
[INFO] [stderr] 
[INFO] [stderr] warning: function `assert_dir_not_symlink` is never used
[INFO] [stderr]    --> tests/common/mod.rs:183:8
[INFO] [stderr]     |
[INFO] [stderr] 183 | pub fn assert_dir_not_symlink(path: &str) {
[INFO] [stderr]     |        ^^^^^^^^^^^^^^^^^^^^^^
[INFO] [stderr] 
[INFO] [stderr] warning: `stow-rs` (test "parity_proptest") generated 1 warning (run `cargo fix --test "parity_proptest" -p stow-rs` to apply 1 suggestion)
[INFO] [stderr] warning: `stow-rs` (test "integration_tests") generated 6 warnings
[INFO] [stderr]     Finished `release` profile [optimized] target(s) in 0.09s
[INFO] [stderr]      Running unittests src/lib.rs (/opt/rustwide/target/release/build/stow-rs/8f3f7b0ae8c46944/out/stow_rs-8f3f7b0ae8c46944)
[INFO] [stdout] 
[INFO] [stdout] running 5 tests
[INFO] [stdout] test util::tests::test_adjust_dotfile ... ok
[INFO] [stdout] test util::tests::test_unadjust_dotfile ... ok
[INFO] [stdout] test util::tests::test_parent ... ok
[INFO] [stdout] test lib_tests::test_builtin_ignore_regexps ... ok
[INFO] [stderr]      Running unittests src/bin/chkstow.rs (/opt/rustwide/target/release/build/stow-rs/212362a048ed36c1/out/chkstow-212362a048ed36c1)
[INFO] [stdout] test util::tests::test_join_paths ... ok
[INFO] [stdout] 
[INFO] [stdout] test result: ok. 5 passed; 0 failed; 0 ignored; 0 measured; 0 filtered out; finished in 0.00s
[INFO] [stdout] 
[INFO] [stderr]      Running unittests src/main.rs (/opt/rustwide/target/release/build/stow-rs/a9a37c89b7dcd336/out/stow-a9a37c89b7dcd336)
[INFO] [stdout] 
[INFO] [stdout] running 0 tests
[INFO] [stdout] 
[INFO] [stdout] test result: ok. 0 passed; 0 failed; 0 ignored; 0 measured; 0 filtered out; finished in 0.00s
[INFO] [stdout] 
[INFO] [stdout] 
[INFO] [stdout] running 0 tests
[INFO] [stdout] 
[INFO] [stdout] test result: ok. 0 passed; 0 failed; 0 ignored; 0 measured; 0 filtered out; finished in 0.00s
[INFO] [stdout] 
[INFO] [stderr]      Running tests/integration_tests.rs (/opt/rustwide/target/release/build/stow-rs/f16713d8f425c1c4/out/integration_tests-f16713d8f425c1c4)
[INFO] [stdout] 
[INFO] [stdout] running 47 tests
[INFO] [stdout] test test_dont_cleanup_valid_link_not_owned ... FAILED
[INFO] [stdout] test test_defer_no_match ... FAILED
[INFO] [stdout] test test_fold_tree_after_unstowing ... FAILED
[INFO] [stdout] test test_cannot_fold_empty_dir ... FAILED
[INFO] [stdout] test test_ignore_builtin ... FAILED
[INFO] [stdout] test test_cleanup_orphaned_owned ... FAILED
[INFO] [stdout] test test_existing_invalid_link_not_owned ... FAILED
[INFO] [stdout] test test_defer_matches ... FAILED
[INFO] [stdout] test test_defer_to_already_stowed ... FAILED
[INFO] [stdout] test test_find_stowed_path_second_stow_dir ... FAILED
[INFO] [stdout] test test_dont_cleanup_bad_link_not_owned ... FAILED
[INFO] [stdout] test test_adjust_dotfile_fn ... ok
[INFO] [stdout] test test_ignore_temp_files ... FAILED
[INFO] [stdout] test test_ignore_link_diff_package ... FAILED
[INFO] [stdout] test test_cannot_fold_different_dirs ... FAILED
[INFO] [stdout] test test_ignore_global_list ... FAILED
[INFO] [stdout] test test_ignore_via_stow ... FAILED
[INFO] [stdout] test test_nothing_to_clean ... FAILED
[INFO] [stdout] test test_defer_multi_match ... FAILED
[INFO] [stdout] test test_link_dest_within_stow_dir_top ... FAILED
[INFO] [stdout] test test_find_stowed_path_relative ... FAILED
[INFO] [stdout] test test_find_stowed_path_alien ... FAILED
[INFO] [stdout] test test_can_fold_simple_tree ... FAILED
[INFO] [stdout] test test_override_already_stowed ... FAILED
[INFO] [stdout] test test_cannot_fold_dir_with_non_link ... FAILED
[INFO] [stdout] test test_stow_dot_foo_without_dotfiles_flag ... FAILED
[INFO] [stdout] test test_stow_dot_emacs_d_dir_exists ... FAILED
[INFO] [stdout] test test_stow_links_library_files ... FAILED
[INFO] [stdout] test test_stow_simple_tree_into_existing_dir ... FAILED
[INFO] [stdout] test test_remove_invalid_link_owned_by_stow ... FAILED
[INFO] [stdout] test test_link_dest_within_stow_dir_alien ... FAILED
[INFO] [stdout] test test_package_files_adopt_existing ... FAILED
[INFO] [stdout] test test_stow_simple_tree_minimally ... FAILED
[INFO] [stdout] test test_stow_perl_then_emacs ... FAILED
[INFO] [stdout] test test_package_dir_conflicts_with_existing_non_dir ... FAILED
[INFO] [stdout] test test_unstow_never_stowed ... FAILED
[INFO] [stdout] test test_stow_perl_non_empty_target ... FAILED
[INFO] [stdout] test test_replace_existing_invalid_target ... FAILED
[INFO] [stdout] test test_stow_dot_emacs_dir ... FAILED
[INFO] [stdout] test test_unstow_from_existing_directory ... FAILED
[INFO] [stdout] test test_unadjust_dotfile_fn ... ok
[INFO] [stdout] test test_stowing_dirs_named_zero ... FAILED
[INFO] [stdout] test test_stow_perl_empty_target ... FAILED
[INFO] [stdout] test test_unstow_dot_bar_from_dot_files ... FAILED
[INFO] [stdout] test test_unstow_simple_tree_minimally ... FAILED
[INFO] [stdout] test test_unfold_existing_tree ... FAILED
[INFO] [stdout] test test_stow_dot_foo ... FAILED
[INFO] [stdout] 
[INFO] [stdout] failures:
[INFO] [stdout] 
[INFO] [stdout] ---- test_dont_cleanup_valid_link_not_owned stdout ----
[INFO] [stdout] 
[INFO] [stdout] thread 'test_dont_cleanup_valid_link_not_owned' (747) panicked at tests/common/mod.rs:33:35:
[INFO] [stdout] called `Result::unwrap()` on an `Err` value: Os { code: 30, kind: ReadOnlyFilesystem, message: "Read-only file system" }
[INFO] [stdout] stack backtrace:
[INFO] [stdout]    0:     0x6552aa830441 - <<std[617be2ca0a6fd877]::sys::backtrace::BacktraceLock>::print::DisplayBacktrace as core[a373ad73a504971]::fmt::Display>::fmt
[INFO] [stdout]    1:     0x6552aa846dba - core[a373ad73a504971]::fmt::write
[INFO] [stdout]    2:     0x6552aa834b0c - <alloc[2e1b2a31b91974c5]::vec::Vec<u8> as core[a373ad73a504971]::io::write::Write>::write_fmt
[INFO] [stdout]    3:     0x6552aa80a036 - std[617be2ca0a6fd877]::panicking::default_hook::{closure#0}
[INFO] [stdout]    4:     0x6552aa827349 - std[617be2ca0a6fd877]::panicking::default_hook
[INFO] [stdout]    5:     0x6552aa6db9d0 - test[aada8e7e76ba119b]::test_main_inner::{closure#0}
[INFO] [stdout]    6:     0x6552aa827502 - std[617be2ca0a6fd877]::panicking::panic_with_hook
[INFO] [stdout]    7:     0x6552aa80a0e2 - std[617be2ca0a6fd877]::panicking::panic_handler::{closure#0}
[INFO] [stdout]    8:     0x6552aa8027c9 - std[617be2ca0a6fd877]::sys::backtrace::__rust_end_short_backtrace::<std[617be2ca0a6fd877]::panicking::panic_handler::{closure#0}, !>
[INFO] [stdout]    9:     0x6552aa80af6d - __rustc[ea4f61d10b84890b]::rust_begin_unwind
[INFO] [stdout]   10:     0x6552aa84759c - core[a373ad73a504971]::panicking::panic_fmt
[INFO] [stdout]   11:     0x6552aa847372 - core[a373ad73a504971]::result::unwrap_failed
[INFO] [stdout]   12:     0x6552aa6cd1b4 - integration_tests[6b0f44dac1d927bb]::common::init_test_dirs
[INFO] [stdout]   13:     0x6552aa6ca8b9 - <integration_tests[6b0f44dac1d927bb]::test_dont_cleanup_valid_link_not_owned::{closure#0} as core[a373ad73a504971]::ops::function::FnOnce<()>>::call_once
[INFO] [stdout]   14:     0x6552aa6cee1b - test[aada8e7e76ba119b]::__rust_begin_short_backtrace::<core[a373ad73a504971]::result::Result<(), alloc[2e1b2a31b91974c5]::string::String>, fn() -> core[a373ad73a504971]::result::Result<(), alloc[2e1b2a31b91974c5]::string::String>>
[INFO] [stdout]   15:     0x6552aa6dbff5 - test[aada8e7e76ba119b]::run_test::{closure#0}
[INFO] [stdout]   16:     0x6552aa6d58e4 - std[617be2ca0a6fd877]::sys::backtrace::__rust_begin_short_backtrace::<test[aada8e7e76ba119b]::run_test::{closure#1}, ()>
[INFO] [stdout]   17:     0x6552aa6df082 - <std[617be2ca0a6fd877]::thread::lifecycle::spawn_unchecked<test[aada8e7e76ba119b]::run_test::{closure#1}, ()>::{closure#1} as core[a373ad73a504971]::ops::function::FnOnce<()>>::call_once::{shim:vtable#0}
[INFO] [stdout]   18:     0x6552aa82f90f - <std[617be2ca0a6fd877]::sys::thread::unix::Thread>::new::thread_start
[INFO] [stdout]   19:     0x7a0f946a9dfa - <unknown>
[INFO] [stdout]   20:     0x7a0f9473d3d4 - clone
[INFO] [stdout]   21:                0x0 - <unknown>
[INFO] [stdout] 
[INFO] [stdout] ---- test_defer_no_match stdout ----
[INFO] [stdout] 
[INFO] [stdout] thread 'test_defer_no_match' (744) panicked at tests/common/mod.rs:33:35:
[INFO] [stdout] called `Result::unwrap()` on an `Err` value: Os { code: 30, kind: ReadOnlyFilesystem, message: "Read-only file system" }
[INFO] [stdout] stack backtrace:
[INFO] [stdout]    0:     0x6552aa830441 - <<std[617be2ca0a6fd877]::sys::backtrace::BacktraceLock>::print::DisplayBacktrace as core[a373ad73a504971]::fmt::Display>::fmt
[INFO] [stdout]    1:     0x6552aa846dba - core[a373ad73a504971]::fmt::write
[INFO] [stdout]    2:     0x6552aa834b0c - <alloc[2e1b2a31b91974c5]::vec::Vec<u8> as core[a373ad73a504971]::io::write::Write>::write_fmt
[INFO] [stdout]    3:     0x6552aa80a036 - std[617be2ca0a6fd877]::panicking::default_hook::{closure#0}
[INFO] [stdout]    4:     0x6552aa827349 - std[617be2ca0a6fd877]::panicking::default_hook
[INFO] [stdout]    5:     0x6552aa6db9d0 - test[aada8e7e76ba119b]::test_main_inner::{closure#0}
[INFO] [stdout]    6:     0x6552aa827502 - std[617be2ca0a6fd877]::panicking::panic_with_hook
[INFO] [stdout]    7:     0x6552aa80a0e2 - std[617be2ca0a6fd877]::panicking::panic_handler::{closure#0}
[INFO] [stdout]    8:     0x6552aa8027c9 - std[617be2ca0a6fd877]::sys::backtrace::__rust_end_short_backtrace::<std[617be2ca0a6fd877]::panicking::panic_handler::{closure#0}, !>
[INFO] [stdout]    9:     0x6552aa80af6d - __rustc[ea4f61d10b84890b]::rust_begin_unwind
[INFO] [stdout]   10:     0x6552aa84759c - core[a373ad73a504971]::panicking::panic_fmt
[INFO] [stdout]   11:     0x6552aa847372 - core[a373ad73a504971]::result::unwrap_failed
[INFO] [stdout]   12:     0x6552aa6cd1b4 - integration_tests[6b0f44dac1d927bb]::common::init_test_dirs
[INFO] [stdout]   13:     0x6552aa6c09e0 - <integration_tests[6b0f44dac1d927bb]::test_defer_no_match::{closure#0} as core[a373ad73a504971]::ops::function::FnOnce<()>>::call_once
[INFO] [stdout]   14:     0x6552aa6cee1b - test[aada8e7e76ba119b]::__rust_begin_short_backtrace::<core[a373ad73a504971]::result::Result<(), alloc[2e1b2a31b91974c5]::string::String>, fn() -> core[a373ad73a504971]::result::Result<(), alloc[2e1b2a31b91974c5]::string::String>>
[INFO] [stdout]   15:     0x6552aa6dbff5 - test[aada8e7e76ba119b]::run_test::{closure#0}
[INFO] [stdout]   16:     0x6552aa6d58e4 - std[617be2ca0a6fd877]::sys::backtrace::__rust_begin_short_backtrace::<test[aada8e7e76ba119b]::run_test::{closure#1}, ()>
[INFO] [stdout]   17:     0x6552aa6df082 - <std[617be2ca0a6fd877]::thread::lifecycle::spawn_unchecked<test[aada8e7e76ba119b]::run_test::{closure#1}, ()>::{closure#1} as core[a373ad73a504971]::ops::function::FnOnce<()>>::call_once::{shim:vtable#0}
[INFO] [stdout]   18:     0x6552aa82f90f - <std[617be2ca0a6fd877]::sys::thread::unix::Thread>::new::thread_start
[INFO] [stdout]   19:     0x7a0f946a9dfa - <unknown>
[INFO] [stdout]   20:     0x7a0f9473d3d4 - clone
[INFO] [stdout]   21:                0x0 - <unknown>
[INFO] [stdout] 
[INFO] [stdout] ---- test_fold_tree_after_unstowing stdout ----
[INFO] [stdout] 
[INFO] [stdout] thread 'test_fold_tree_after_unstowing' (752) panicked at tests/common/mod.rs:33:35:
[INFO] [stdout] called `Result::unwrap()` on an `Err` value: Os { code: 30, kind: ReadOnlyFilesystem, message: "Read-only file system" }
[INFO] [stdout] stack backtrace:
[INFO] [stdout]    0:     0x6552aa830441 - <<std[617be2ca0a6fd877]::sys::backtrace::BacktraceLock>::print::DisplayBacktrace as core[a373ad73a504971]::fmt::Display>::fmt
[INFO] [stdout]    1:     0x6552aa846dba - core[a373ad73a504971]::fmt::write
[INFO] [stdout]    2:     0x6552aa834b0c - <alloc[2e1b2a31b91974c5]::vec::Vec<u8> as core[a373ad73a504971]::io::write::Write>::write_fmt
[INFO] [stdout]    3:     0x6552aa80a036 - std[617be2ca0a6fd877]::panicking::default_hook::{closure#0}
[INFO] [stdout]    4:     0x6552aa827349 - std[617be2ca0a6fd877]::panicking::default_hook
[INFO] [stdout]    5:     0x6552aa6db9d0 - test[aada8e7e76ba119b]::test_main_inner::{closure#0}
[INFO] [stdout]    6:     0x6552aa827502 - std[617be2ca0a6fd877]::panicking::panic_with_hook
[INFO] [stdout]    7:     0x6552aa80a0e2 - std[617be2ca0a6fd877]::panicking::panic_handler::{closure#0}
[INFO] [stdout]    8:     0x6552aa8027c9 - std[617be2ca0a6fd877]::sys::backtrace::__rust_end_short_backtrace::<std[617be2ca0a6fd877]::panicking::panic_handler::{closure#0}, !>
[INFO] [stdout]    9:     0x6552aa80af6d - __rustc[ea4f61d10b84890b]::rust_begin_unwind
[INFO] [stdout]   10:     0x6552aa84759c - core[a373ad73a504971]::panicking::panic_fmt
[INFO] [stdout]   11:     0x6552aa847372 - core[a373ad73a504971]::result::unwrap_failed
[INFO] [stdout]   12:     0x6552aa6cd1b4 - integration_tests[6b0f44dac1d927bb]::common::init_test_dirs
[INFO] [stdout]   13:     0x6552aa6c6e2b - <integration_tests[6b0f44dac1d927bb]::test_fold_tree_after_unstowing::{closure#0} as core[a373ad73a504971]::ops::function::FnOnce<()>>::call_once
[INFO] [stdout]   14:     0x6552aa6cee1b - test[aada8e7e76ba119b]::__rust_begin_short_backtrace::<core[a373ad73a504971]::result::Result<(), alloc[2e1b2a31b91974c5]::string::String>, fn() -> core[a373ad73a504971]::result::Result<(), alloc[2e1b2a31b91974c5]::string::String>>
[INFO] [stdout]   15:     0x6552aa6dbff5 - test[aada8e7e76ba119b]::run_test::{closure#0}
[INFO] [stdout]   16:     0x6552aa6d58e4 - std[617be2ca0a6fd877]::sys::backtrace::__rust_begin_short_backtrace::<test[aada8e7e76ba119b]::run_test::{closure#1}, ()>
[INFO] [stdout]   17:     0x6552aa6df082 - <std[617be2ca0a6fd877]::thread::lifecycle::spawn_unchecked<test[aada8e7e76ba119b]::run_test::{closure#1}, ()>::{closure#1} as core[a373ad73a504971]::ops::function::FnOnce<()>>::call_once::{shim:vtable#0}
[INFO] [stdout]   18:     0x6552aa82f90f - <std[617be2ca0a6fd877]::sys::thread::unix::Thread>::new::thread_start
[INFO] [stdout]   19:     0x7a0f946a9dfa - <unknown>
[INFO] [stdout]   20:     0x7a0f9473d3d4 - clone
[INFO] [stdout]   21:                0x0 - <unknown>
[INFO] [stdout] 
[INFO] [stdout] ---- test_cannot_fold_empty_dir stdout ----
[INFO] [stdout] 
[INFO] [stdout] thread 'test_cannot_fold_empty_dir' (740) panicked at tests/common/mod.rs:33:35:
[INFO] [stdout] called `Result::unwrap()` on an `Err` value: Os { code: 30, kind: ReadOnlyFilesystem, message: "Read-only file system" }
[INFO] [stdout] stack backtrace:
[INFO] [stdout]    0:     0x6552aa830441 - <<std[617be2ca0a6fd877]::sys::backtrace::BacktraceLock>::print::DisplayBacktrace as core[a373ad73a504971]::fmt::Display>::fmt
[INFO] [stdout]    1:     0x6552aa846dba - core[a373ad73a504971]::fmt::write
[INFO] [stdout]    2:     0x6552aa834b0c - <alloc[2e1b2a31b91974c5]::vec::Vec<u8> as core[a373ad73a504971]::io::write::Write>::write_fmt
[INFO] [stdout]    3:     0x6552aa80a036 - std[617be2ca0a6fd877]::panicking::default_hook::{closure#0}
[INFO] [stdout]    4:     0x6552aa827349 - std[617be2ca0a6fd877]::panicking::default_hook
[INFO] [stdout]    5:     0x6552aa6db9d0 - test[aada8e7e76ba119b]::test_main_inner::{closure#0}
[INFO] [stdout]    6:     0x6552aa827502 - std[617be2ca0a6fd877]::panicking::panic_with_hook
[INFO] [stdout]    7:     0x6552aa80a0e2 - std[617be2ca0a6fd877]::panicking::panic_handler::{closure#0}
[INFO] [stdout]    8:     0x6552aa8027c9 - std[617be2ca0a6fd877]::sys::backtrace::__rust_end_short_backtrace::<std[617be2ca0a6fd877]::panicking::panic_handler::{closure#0}, !>
[INFO] [stdout]    9:     0x6552aa80af6d - __rustc[ea4f61d10b84890b]::rust_begin_unwind
[INFO] [stdout]   10:     0x6552aa84759c - core[a373ad73a504971]::panicking::panic_fmt
[INFO] [stdout]   11:     0x6552aa847372 - core[a373ad73a504971]::result::unwrap_failed
[INFO] [stdout]   12:     0x6552aa6cd1b4 - integration_tests[6b0f44dac1d927bb]::common::init_test_dirs
[INFO] [stdout]   13:     0x6552aa6c46f9 - <integration_tests[6b0f44dac1d927bb]::test_cannot_fold_empty_dir::{closure#0} as core[a373ad73a504971]::ops::function::FnOnce<()>>::call_once
[INFO] [stdout]   14:     0x6552aa6cee1b - test[aada8e7e76ba119b]::__rust_begin_short_backtrace::<core[a373ad73a504971]::result::Result<(), alloc[2e1b2a31b91974c5]::string::String>, fn() -> core[a373ad73a504971]::result::Result<(), alloc[2e1b2a31b91974c5]::string::String>>
[INFO] [stdout]   15:     0x6552aa6dbff5 - test[aada8e7e76ba119b]::run_test::{closure#0}
[INFO] [stdout]   16:     0x6552aa6d58e4 - std[617be2ca0a6fd877]::sys::backtrace::__rust_begin_short_backtrace::<test[aada8e7e76ba119b]::run_test::{closure#1}, ()>
[INFO] [stdout]   17:     0x6552aa6df082 - <std[617be2ca0a6fd877]::thread::lifecycle::spawn_unchecked<test[aada8e7e76ba119b]::run_test::{closure#1}, ()>::{closure#1} as core[a373ad73a504971]::ops::function::FnOnce<()>>::call_once::{shim:vtable#0}
[INFO] [stdout]   18:     0x6552aa82f90f - <std[617be2ca0a6fd877]::sys::thread::unix::Thread>::new::thread_start
[INFO] [stdout]   19:     0x7a0f946a9dfa - <unknown>
[INFO] [stdout]   20:     0x7a0f9473d3d4 - clone
[INFO] [stdout]   21:                0x0 - <unknown>
[INFO] [stdout] 
[INFO] [stdout] ---- test_ignore_builtin stdout ----
[INFO] [stdout] 
[INFO] [stdout] thread 'test_ignore_builtin' (753) panicked at tests/common/mod.rs:33:35:
[INFO] [stdout] called `Result::unwrap()` on an `Err` value: Os { code: 30, kind: ReadOnlyFilesystem, message: "Read-only file system" }
[INFO] [stdout] stack backtrace:
[INFO] [stdout]    0:     0x6552aa830441 - <<std[617be2ca0a6fd877]::sys::backtrace::BacktraceLock>::print::DisplayBacktrace as core[a373ad73a504971]::fmt::Display>::fmt
[INFO] [stdout]    1:     0x6552aa846dba - core[a373ad73a504971]::fmt::write
[INFO] [stdout]    2:     0x6552aa834b0c - <alloc[2e1b2a31b91974c5]::vec::Vec<u8> as core[a373ad73a504971]::io::write::Write>::write_fmt
[INFO] [stdout]    3:     0x6552aa80a036 - std[617be2ca0a6fd877]::panicking::default_hook::{closure#0}
[INFO] [stdout]    4:     0x6552aa827349 - std[617be2ca0a6fd877]::panicking::default_hook
[INFO] [stdout]    5:     0x6552aa6db9d0 - test[aada8e7e76ba119b]::test_main_inner::{closure#0}
[INFO] [stdout]    6:     0x6552aa827502 - std[617be2ca0a6fd877]::panicking::panic_with_hook
[INFO] [stdout]    7:     0x6552aa80a0e2 - std[617be2ca0a6fd877]::panicking::panic_handler::{closure#0}
[INFO] [stdout]    8:     0x6552aa8027c9 - std[617be2ca0a6fd877]::sys::backtrace::__rust_end_short_backtrace::<std[617be2ca0a6fd877]::panicking::panic_handler::{closure#0}, !>
[INFO] [stdout]    9:     0x6552aa80af6d - __rustc[ea4f61d10b84890b]::rust_begin_unwind
[INFO] [stdout]   10:     0x6552aa84759c - core[a373ad73a504971]::panicking::panic_fmt
[INFO] [stdout]   11:     0x6552aa847372 - core[a373ad73a504971]::result::unwrap_failed
[INFO] [stdout]   12:     0x6552aa6cd1b4 - integration_tests[6b0f44dac1d927bb]::common::init_test_dirs
[INFO] [stdout]   13:     0x6552aa6c0eae - <integration_tests[6b0f44dac1d927bb]::test_ignore_builtin::{closure#0} as core[a373ad73a504971]::ops::function::FnOnce<()>>::call_once
[INFO] [stdout]   14:     0x6552aa6cee1b - test[aada8e7e76ba119b]::__rust_begin_short_backtrace::<core[a373ad73a504971]::result::Result<(), alloc[2e1b2a31b91974c5]::string::String>, fn() -> core[a373ad73a504971]::result::Result<(), alloc[2e1b2a31b91974c5]::string::String>>
[INFO] [stdout]   15:     0x6552aa6dbff5 - test[aada8e7e76ba119b]::run_test::{closure#0}
[INFO] [stdout]   16:     0x6552aa6d58e4 - std[617be2ca0a6fd877]::sys::backtrace::__rust_begin_short_backtrace::<test[aada8e7e76ba119b]::run_test::{closure#1}, ()>
[INFO] [stdout]   17:     0x6552aa6df082 - <std[617be2ca0a6fd877]::thread::lifecycle::spawn_unchecked<test[aada8e7e76ba119b]::run_test::{closure#1}, ()>::{closure#1} as core[a373ad73a504971]::ops::function::FnOnce<()>>::call_once::{shim:vtable#0}
[INFO] [stdout]   18:     0x6552aa82f90f - <std[617be2ca0a6fd877]::sys::thread::unix::Thread>::new::thread_start
[INFO] [stdout]   19:     0x7a0f946a9dfa - <unknown>
[INFO] [stdout]   20:     0x7a0f9473d3d4 - clone
[INFO] [stdout]   21:                0x0 - <unknown>
[INFO] [stdout] 
[INFO] [stdout] ---- test_cleanup_orphaned_owned stdout ----
[INFO] [stdout] 
[INFO] [stdout] thread 'test_cleanup_orphaned_owned' (741) panicked at tests/common/mod.rs:33:35:
[INFO] [stdout] called `Result::unwrap()` on an `Err` value: Os { code: 30, kind: ReadOnlyFilesystem, message: "Read-only file system" }
[INFO] [stdout] stack backtrace:
[INFO] [stdout]    0:     0x6552aa830441 - <<std[617be2ca0a6fd877]::sys::backtrace::BacktraceLock>::print::DisplayBacktrace as core[a373ad73a504971]::fmt::Display>::fmt
[INFO] [stdout]    1:     0x6552aa846dba - core[a373ad73a504971]::fmt::write
[INFO] [stdout]    2:     0x6552aa834b0c - <alloc[2e1b2a31b91974c5]::vec::Vec<u8> as core[a373ad73a504971]::io::write::Write>::write_fmt
[INFO] [stdout]    3:     0x6552aa80a036 - std[617be2ca0a6fd877]::panicking::default_hook::{closure#0}
[INFO] [stdout]    4:     0x6552aa827349 - std[617be2ca0a6fd877]::panicking::default_hook
[INFO] [stdout]    5:     0x6552aa6db9d0 - test[aada8e7e76ba119b]::test_main_inner::{closure#0}
[INFO] [stdout]    6:     0x6552aa827502 - std[617be2ca0a6fd877]::panicking::panic_with_hook
[INFO] [stdout]    7:     0x6552aa80a0e2 - std[617be2ca0a6fd877]::panicking::panic_handler::{closure#0}
[INFO] [stdout]    8:     0x6552aa8027c9 - std[617be2ca0a6fd877]::sys::backtrace::__rust_end_short_backtrace::<std[617be2ca0a6fd877]::panicking::panic_handler::{closure#0}, !>
[INFO] [stdout]    9:     0x6552aa80af6d - __rustc[ea4f61d10b84890b]::rust_begin_unwind
[INFO] [stdout]   10:     0x6552aa84759c - core[a373ad73a504971]::panicking::panic_fmt
[INFO] [stdout]   11:     0x6552aa847372 - core[a373ad73a504971]::result::unwrap_failed
[INFO] [stdout]   12:     0x6552aa6cd1b4 - integration_tests[6b0f44dac1d927bb]::common::init_test_dirs
[INFO] [stdout]   13:     0x6552aa6c4919 - <integration_tests[6b0f44dac1d927bb]::test_cleanup_orphaned_owned::{closure#0} as core[a373ad73a504971]::ops::function::FnOnce<()>>::call_once
[INFO] [stdout]   14:     0x6552aa6cee1b - test[aada8e7e76ba119b]::__rust_begin_short_backtrace::<core[a373ad73a504971]::result::Result<(), alloc[2e1b2a31b91974c5]::string::String>, fn() -> core[a373ad73a504971]::result::Result<(), alloc[2e1b2a31b91974c5]::string::String>>
[INFO] [stdout]   15:     0x6552aa6dbff5 - test[aada8e7e76ba119b]::run_test::{closure#0}
[INFO] [stdout]   16:     0x6552aa6d58e4 - std[617be2ca0a6fd877]::sys::backtrace::__rust_begin_short_backtrace::<test[aada8e7e76ba119b]::run_test::{closure#1}, ()>
[INFO] [stdout]   17:     0x6552aa6df082 - <std[617be2ca0a6fd877]::thread::lifecycle::spawn_unchecked<test[aada8e7e76ba119b]::run_test::{closure#1}, ()>::{closure#1} as core[a373ad73a504971]::ops::function::FnOnce<()>>::call_once::{shim:vtable#0}
[INFO] [stdout]   18:     0x6552aa82f90f - <std[617be2ca0a6fd877]::sys::thread::unix::Thread>::new::thread_start
[INFO] [stdout]   19:     0x7a0f946a9dfa - <unknown>
[INFO] [stdout]   20:     0x7a0f9473d3d4 - clone
[INFO] [stdout]   21:                0x0 - <unknown>
[INFO] [stdout] 
[INFO] [stdout] ---- test_existing_invalid_link_not_owned stdout ----
[INFO] [stdout] 
[INFO] [stdout] thread 'test_existing_invalid_link_not_owned' (748) panicked at tests/common/mod.rs:33:35:
[INFO] [stdout] called `Result::unwrap()` on an `Err` value: Os { code: 30, kind: ReadOnlyFilesystem, message: "Read-only file system" }
[INFO] [stdout] stack backtrace:
[INFO] [stdout]    0:     0x6552aa830441 - <<std[617be2ca0a6fd877]::sys::backtrace::BacktraceLock>::print::DisplayBacktrace as core[a373ad73a504971]::fmt::Display>::fmt
[INFO] [stdout]    1:     0x6552aa846dba - core[a373ad73a504971]::fmt::write
[INFO] [stdout]    2:     0x6552aa834b0c - <alloc[2e1b2a31b91974c5]::vec::Vec<u8> as core[a373ad73a504971]::io::write::Write>::write_fmt
[INFO] [stdout]    3:     0x6552aa80a036 - std[617be2ca0a6fd877]::panicking::default_hook::{closure#0}
[INFO] [stdout]    4:     0x6552aa827349 - std[617be2ca0a6fd877]::panicking::default_hook
[INFO] [stdout]    5:     0x6552aa6db9d0 - test[aada8e7e76ba119b]::test_main_inner::{closure#0}
[INFO] [stdout]    6:     0x6552aa827502 - std[617be2ca0a6fd877]::panicking::panic_with_hook
[INFO] [stdout]    7:     0x6552aa80a0e2 - std[617be2ca0a6fd877]::panicking::panic_handler::{closure#0}
[INFO] [stdout]    8:     0x6552aa8027c9 - std[617be2ca0a6fd877]::sys::backtrace::__rust_end_short_backtrace::<std[617be2ca0a6fd877]::panicking::panic_handler::{closure#0}, !>
[INFO] [stdout]    9:     0x6552aa80af6d - __rustc[ea4f61d10b84890b]::rust_begin_unwind
[INFO] [stdout]   10:     0x6552aa84759c - core[a373ad73a504971]::panicking::panic_fmt
[INFO] [stdout]   11:     0x6552aa847372 - core[a373ad73a504971]::result::unwrap_failed
[INFO] [stdout]   12:     0x6552aa6cd1b4 - integration_tests[6b0f44dac1d927bb]::common::init_test_dirs
[INFO] [stdout]   13:     0x6552aa6c9b17 - <integration_tests[6b0f44dac1d927bb]::test_existing_invalid_link_not_owned::{closure#0} as core[a373ad73a504971]::ops::function::FnOnce<()>>::call_once
[INFO] [stdout]   14:     0x6552aa6cee1b - test[aada8e7e76ba119b]::__rust_begin_short_backtrace::<core[a373ad73a504971]::result::Result<(), alloc[2e1b2a31b91974c5]::string::String>, fn() -> core[a373ad73a504971]::result::Result<(), alloc[2e1b2a31b91974c5]::string::String>>
[INFO] [stdout]   15:     0x6552aa6dbff5 - test[aada8e7e76ba119b]::run_test::{closure#0}
[INFO] [stdout]   16:     0x6552aa6d58e4 - std[617be2ca0a6fd877]::sys::backtrace::__rust_begin_short_backtrace::<test[aada8e7e76ba119b]::run_test::{closure#1}, ()>
[INFO] [stdout]   17:     0x6552aa6df082 - <std[617be2ca0a6fd877]::thread::lifecycle::spawn_unchecked<test[aada8e7e76ba119b]::run_test::{closure#1}, ()>::{closure#1} as core[a373ad73a504971]::ops::function::FnOnce<()>>::call_once::{shim:vtable#0}
[INFO] [stdout]   18:     0x6552aa82f90f - <std[617be2ca0a6fd877]::sys::thread::unix::Thread>::new::thread_start
[INFO] [stdout]   19:     0x7a0f946a9dfa - <unknown>
[INFO] [stdout]   20:     0x7a0f9473d3d4 - clone
[INFO] [stdout]   21:                0x0 - <unknown>
[INFO] [stdout] 
[INFO] [stdout] ---- test_defer_matches stdout ----
[INFO] [stdout] 
[INFO] [stdout] thread 'test_defer_matches' (742) panicked at tests/common/mod.rs:33:35:
[INFO] [stdout] called `Result::unwrap()` on an `Err` value: Os { code: 30, kind: ReadOnlyFilesystem, message: "Read-only file system" }
[INFO] [stdout] stack backtrace:
[INFO] [stdout]    0:     0x6552aa830441 - <<std[617be2ca0a6fd877]::sys::backtrace::BacktraceLock>::print::DisplayBacktrace as core[a373ad73a504971]::fmt::Display>::fmt
[INFO] [stdout]    1:     0x6552aa846dba - core[a373ad73a504971]::fmt::write
[INFO] [stdout]    2:     0x6552aa834b0c - <alloc[2e1b2a31b91974c5]::vec::Vec<u8> as core[a373ad73a504971]::io::write::Write>::write_fmt
[INFO] [stdout]    3:     0x6552aa80a036 - std[617be2ca0a6fd877]::panicking::default_hook::{closure#0}
[INFO] [stdout]    4:     0x6552aa827349 - std[617be2ca0a6fd877]::panicking::default_hook
[INFO] [stdout]    5:     0x6552aa6db9d0 - test[aada8e7e76ba119b]::test_main_inner::{closure#0}
[INFO] [stdout]    6:     0x6552aa827502 - std[617be2ca0a6fd877]::panicking::panic_with_hook
[INFO] [stdout]    7:     0x6552aa80a0e2 - std[617be2ca0a6fd877]::panicking::panic_handler::{closure#0}
[INFO] [stdout]    8:     0x6552aa8027c9 - std[617be2ca0a6fd877]::sys::backtrace::__rust_end_short_backtrace::<std[617be2ca0a6fd877]::panicking::panic_handler::{closure#0}, !>
[INFO] [stdout]    9:     0x6552aa80af6d - __rustc[ea4f61d10b84890b]::rust_begin_unwind
[INFO] [stdout]   10:     0x6552aa84759c - core[a373ad73a504971]::panicking::panic_fmt
[INFO] [stdout]   11:     0x6552aa847372 - core[a373ad73a504971]::result::unwrap_failed
[INFO] [stdout]   12:     0x6552aa6cd1b4 - integration_tests[6b0f44dac1d927bb]::common::init_test_dirs
[INFO] [stdout]   13:     0x6552aa6c0510 - <integration_tests[6b0f44dac1d927bb]::test_defer_matches::{closure#0} as core[a373ad73a504971]::ops::function::FnOnce<()>>::call_once
[INFO] [stdout]   14:     0x6552aa6cee1b - test[aada8e7e76ba119b]::__rust_begin_short_backtrace::<core[a373ad73a504971]::result::Result<(), alloc[2e1b2a31b91974c5]::string::String>, fn() -> core[a373ad73a504971]::result::Result<(), alloc[2e1b2a31b91974c5]::string::String>>
[INFO] [stdout]   15:     0x6552aa6dbff5 - test[aada8e7e76ba119b]::run_test::{closure#0}
[INFO] [stdout]   16:     0x6552aa6d58e4 - std[617be2ca0a6fd877]::sys::backtrace::__rust_begin_short_backtrace::<test[aada8e7e76ba119b]::run_test::{closure#1}, ()>
[INFO] [stdout]   17:     0x6552aa6df082 - <std[617be2ca0a6fd877]::thread::lifecycle::spawn_unchecked<test[aada8e7e76ba119b]::run_test::{closure#1}, ()>::{closure#1} as core[a373ad73a504971]::ops::function::FnOnce<()>>::call_once::{shim:vtable#0}
[INFO] [stdout]   18:     0x6552aa82f90f - <std[617be2ca0a6fd877]::sys::thread::unix::Thread>::new::thread_start
[INFO] [stdout]   19:     0x7a0f946a9dfa - <unknown>
[INFO] [stdout]   20:     0x7a0f9473d3d4 - clone
[INFO] [stdout]   21:                0x0 - <unknown>
[INFO] [stdout] 
[INFO] [stdout] ---- test_defer_to_already_stowed stdout ----
[INFO] [stdout] 
[INFO] [stdout] thread 'test_defer_to_already_stowed' (745) panicked at tests/common/mod.rs:33:35:
[INFO] [stdout] called `Result::unwrap()` on an `Err` value: Os { code: 30, kind: ReadOnlyFilesystem, message: "Read-only file system" }
[INFO] [stdout] stack backtrace:
[INFO] [stdout]    0:     0x6552aa830441 - <<std[617be2ca0a6fd877]::sys::backtrace::BacktraceLock>::print::DisplayBacktrace as core[a373ad73a504971]::fmt::Display>::fmt
[INFO] [stdout]    1:     0x6552aa846dba - core[a373ad73a504971]::fmt::write
[INFO] [stdout]    2:     0x6552aa834b0c - <alloc[2e1b2a31b91974c5]::vec::Vec<u8> as core[a373ad73a504971]::io::write::Write>::write_fmt
[INFO] [stdout]    3:     0x6552aa80a036 - std[617be2ca0a6fd877]::panicking::default_hook::{closure#0}
[INFO] [stdout]    4:     0x6552aa827349 - std[617be2ca0a6fd877]::panicking::default_hook
[INFO] [stdout]    5:     0x6552aa6db9d0 - test[aada8e7e76ba119b]::test_main_inner::{closure#0}
[INFO] [stdout]    6:     0x6552aa827502 - std[617be2ca0a6fd877]::panicking::panic_with_hook
[INFO] [stdout]    7:     0x6552aa80a0e2 - std[617be2ca0a6fd877]::panicking::panic_handler::{closure#0}
[INFO] [stdout]    8:     0x6552aa8027c9 - std[617be2ca0a6fd877]::sys::backtrace::__rust_end_short_backtrace::<std[617be2ca0a6fd877]::panicking::panic_handler::{closure#0}, !>
[INFO] [stdout]    9:     0x6552aa80af6d - __rustc[ea4f61d10b84890b]::rust_begin_unwind
[INFO] [stdout]   10:     0x6552aa84759c - core[a373ad73a504971]::panicking::panic_fmt
[INFO] [stdout]   11:     0x6552aa847372 - core[a373ad73a504971]::result::unwrap_failed
[INFO] [stdout]   12:     0x6552aa6cd1b4 - integration_tests[6b0f44dac1d927bb]::common::init_test_dirs
[INFO] [stdout]   13:     0x6552aa6c5240 - <integration_tests[6b0f44dac1d927bb]::test_defer_to_already_stowed::{closure#0} as core[a373ad73a504971]::ops::function::FnOnce<()>>::call_once
[INFO] [stdout]   14:     0x6552aa6cee1b - test[aada8e7e76ba119b]::__rust_begin_short_backtrace::<core[a373ad73a504971]::result::Result<(), alloc[2e1b2a31b91974c5]::string::String>, fn() -> core[a373ad73a504971]::result::Result<(), alloc[2e1b2a31b91974c5]::string::String>>
[INFO] [stdout]   15:     0x6552aa6dbff5 - test[aada8e7e76ba119b]::run_test::{closure#0}
[INFO] [stdout]   16:     0x6552aa6d58e4 - std[617be2ca0a6fd877]::sys::backtrace::__rust_begin_short_backtrace::<test[aada8e7e76ba119b]::run_test::{closure#1}, ()>
[INFO] [stdout]   17:     0x6552aa6df082 - <std[617be2ca0a6fd877]::thread::lifecycle::spawn_unchecked<test[aada8e7e76ba119b]::run_test::{closure#1}, ()>::{closure#1} as core[a373ad73a504971]::ops::function::FnOnce<()>>::call_once::{shim:vtable#0}
[INFO] [stdout]   18:     0x6552aa82f90f - <std[617be2ca0a6fd877]::sys::thread::unix::Thread>::new::thread_start
[INFO] [stdout]   19:     0x7a0f946a9dfa - <unknown>
[INFO] [stdout]   20:     0x7a0f9473d3d4 - clone
[INFO] [stdout]   21:                0x0 - <unknown>
[INFO] [stdout] 
[INFO] [stdout] ---- test_find_stowed_path_second_stow_dir stdout ----
[INFO] [stdout] 
[INFO] [stdout] thread 'test_find_stowed_path_second_stow_dir' (751) panicked at tests/common/mod.rs:33:35:
[INFO] [stdout] called `Result::unwrap()` on an `Err` value: Os { code: 30, kind: ReadOnlyFilesystem, message: "Read-only file system" }
[INFO] [stdout] stack backtrace:
[INFO] [stdout]    0:     0x6552aa830441 - <<std[617be2ca0a6fd877]::sys::backtrace::BacktraceLock>::print::DisplayBacktrace as core[a373ad73a504971]::fmt::Display>::fmt
[INFO] [stdout]    1:     0x6552aa846dba - core[a373ad73a504971]::fmt::write
[INFO] [stdout]    2:     0x6552aa834b0c - <alloc[2e1b2a31b91974c5]::vec::Vec<u8> as core[a373ad73a504971]::io::write::Write>::write_fmt
[INFO] [stdout]    3:     0x6552aa80a036 - std[617be2ca0a6fd877]::panicking::default_hook::{closure#0}
[INFO] [stdout]    4:     0x6552aa827349 - std[617be2ca0a6fd877]::panicking::default_hook
[INFO] [stdout]    5:     0x6552aa6db9d0 - test[aada8e7e76ba119b]::test_main_inner::{closure#0}
[INFO] [stdout]    6:     0x6552aa827502 - std[617be2ca0a6fd877]::panicking::panic_with_hook
[INFO] [stdout]    7:     0x6552aa80a0e2 - std[617be2ca0a6fd877]::panicking::panic_handler::{closure#0}
[INFO] [stdout]    8:     0x6552aa8027c9 - std[617be2ca0a6fd877]::sys::backtrace::__rust_end_short_backtrace::<std[617be2ca0a6fd877]::panicking::panic_handler::{closure#0}, !>
[INFO] [stdout]    9:     0x6552aa80af6d - __rustc[ea4f61d10b84890b]::rust_begin_unwind
[INFO] [stdout]   10:     0x6552aa84759c - core[a373ad73a504971]::panicking::panic_fmt
[INFO] [stdout]   11:     0x6552aa847372 - core[a373ad73a504971]::result::unwrap_failed
[INFO] [stdout]   12:     0x6552aa6cd1b4 - integration_tests[6b0f44dac1d927bb]::common::init_test_dirs
[INFO] [stdout]   13:     0x6552aa6ca231 - <integration_tests[6b0f44dac1d927bb]::test_find_stowed_path_second_stow_dir::{closure#0} as core[a373ad73a504971]::ops::function::FnOnce<()>>::call_once
[INFO] [stdout]   14:     0x6552aa6cee1b - test[aada8e7e76ba119b]::__rust_begin_short_backtrace::<core[a373ad73a504971]::result::Result<(), alloc[2e1b2a31b91974c5]::string::String>, fn() -> core[a373ad73a504971]::result::Result<(), alloc[2e1b2a31b91974c5]::string::String>>
[INFO] [stdout]   15:     0x6552aa6dbff5 - test[aada8e7e76ba119b]::run_test::{closure#0}
[INFO] [stdout]   16:     0x6552aa6d58e4 - std[617be2ca0a6fd877]::sys::backtrace::__rust_begin_short_backtrace::<test[aada8e7e76ba119b]::run_test::{closure#1}, ()>
[INFO] [stdout]   17:     0x6552aa6df082 - <std[617be2ca0a6fd877]::thread::lifecycle::spawn_unchecked<test[aada8e7e76ba119b]::run_test::{closure#1}, ()>::{closure#1} as core[a373ad73a504971]::ops::function::FnOnce<()>>::call_once::{shim:vtable#0}
[INFO] [stdout]   18:     0x6552aa82f90f - <std[617be2ca0a6fd877]::sys::thread::unix::Thread>::new::thread_start
[INFO] [stdout]   19:     0x7a0f946a9dfa - <unknown>
[INFO] [stdout]   20:     0x7a0f9473d3d4 - clone
[INFO] [stdout]   21:                0x0 - <unknown>
[INFO] [stdout] 
[INFO] [stdout] ---- test_dont_cleanup_bad_link_not_owned stdout ----
[INFO] [stdout] 
[INFO] [stdout] thread 'test_dont_cleanup_bad_link_not_owned' (746) panicked at tests/common/mod.rs:33:35:
[INFO] [stdout] called `Result::unwrap()` on an `Err` value: Os { code: 30, kind: ReadOnlyFilesystem, message: "Read-only file system" }
[INFO] [stdout] stack backtrace:
[INFO] [stdout]    0:     0x6552aa830441 - <<std[617be2ca0a6fd877]::sys::backtrace::BacktraceLock>::print::DisplayBacktrace as core[a373ad73a504971]::fmt::Display>::fmt
[INFO] [stdout]    1:     0x6552aa846dba - core[a373ad73a504971]::fmt::write
[INFO] [stdout]    2:     0x6552aa834b0c - <alloc[2e1b2a31b91974c5]::vec::Vec<u8> as core[a373ad73a504971]::io::write::Write>::write_fmt
[INFO] [stdout]    3:     0x6552aa80a036 - std[617be2ca0a6fd877]::panicking::default_hook::{closure#0}
[INFO] [stdout]    4:     0x6552aa827349 - std[617be2ca0a6fd877]::panicking::default_hook
[INFO] [stdout]    5:     0x6552aa6db9d0 - test[aada8e7e76ba119b]::test_main_inner::{closure#0}
[INFO] [stdout]    6:     0x6552aa827502 - std[617be2ca0a6fd877]::panicking::panic_with_hook
[INFO] [stdout]    7:     0x6552aa80a0e2 - std[617be2ca0a6fd877]::panicking::panic_handler::{closure#0}
[INFO] [stdout]    8:     0x6552aa8027c9 - std[617be2ca0a6fd877]::sys::backtrace::__rust_end_short_backtrace::<std[617be2ca0a6fd877]::panicking::panic_handler::{closure#0}, !>
[INFO] [stdout]    9:     0x6552aa80af6d - __rustc[ea4f61d10b84890b]::rust_begin_unwind
[INFO] [stdout]   10:     0x6552aa84759c - core[a373ad73a504971]::panicking::panic_fmt
[INFO] [stdout]   11:     0x6552aa847372 - core[a373ad73a504971]::result::unwrap_failed
[INFO] [stdout]   12:     0x6552aa6cd1b4 - integration_tests[6b0f44dac1d927bb]::common::init_test_dirs
[INFO] [stdout]   13:     0x6552aa6c98b9 - <integration_tests[6b0f44dac1d927bb]::test_dont_cleanup_bad_link_not_owned::{closure#0} as core[a373ad73a504971]::ops::function::FnOnce<()>>::call_once
[INFO] [stdout]   14:     0x6552aa6cee1b - test[aada8e7e76ba119b]::__rust_begin_short_backtrace::<core[a373ad73a504971]::result::Result<(), alloc[2e1b2a31b91974c5]::string::String>, fn() -> core[a373ad73a504971]::result::Result<(), alloc[2e1b2a31b91974c5]::string::String>>
[INFO] [stdout]   15:     0x6552aa6dbff5 - test[aada8e7e76ba119b]::run_test::{closure#0}
[INFO] [stdout]   16:     0x6552aa6d58e4 - std[617be2ca0a6fd877]::sys::backtrace::__rust_begin_short_backtrace::<test[aada8e7e76ba119b]::run_test::{closure#1}, ()>
[INFO] [stdout]   17:     0x6552aa6df082 - <std[617be2ca0a6fd877]::thread::lifecycle::spawn_unchecked<test[aada8e7e76ba119b]::run_test::{closure#1}, ()>::{closure#1} as core[a373ad73a504971]::ops::function::FnOnce<()>>::call_once::{shim:vtable#0}
[INFO] [stdout]   18:     0x6552aa82f90f - <std[617be2ca0a6fd877]::sys::thread::unix::Thread>::new::thread_start
[INFO] [stdout]   19:     0x7a0f946a9dfa - <unknown>
[INFO] [stdout]   20:     0x7a0f9473d3d4 - clone
[INFO] [stdout]   21:                0x0 - <unknown>
[INFO] [stdout] 
[INFO] [stdout] ---- test_ignore_temp_files stdout ----
[INFO] [stdout] 
[INFO] [stdout] thread 'test_ignore_temp_files' (756) panicked at tests/common/mod.rs:33:35:
[INFO] [stdout] called `Result::unwrap()` on an `Err` value: Os { code: 30, kind: ReadOnlyFilesystem, message: "Read-only file system" }
[INFO] [stdout] stack backtrace:
[INFO] [stdout]    0:     0x6552aa830441 - <<std[617be2ca0a6fd877]::sys::backtrace::BacktraceLock>::print::DisplayBacktrace as core[a373ad73a504971]::fmt::Display>::fmt
[INFO] [stdout]    1:     0x6552aa846dba - core[a373ad73a504971]::fmt::write
[INFO] [stdout]    2:     0x6552aa834b0c - <alloc[2e1b2a31b91974c5]::vec::Vec<u8> as core[a373ad73a504971]::io::write::Write>::write_fmt
[INFO] [stdout]    3:     0x6552aa80a036 - std[617be2ca0a6fd877]::panicking::default_hook::{closure#0}
[INFO] [stdout]    4:     0x6552aa827349 - std[617be2ca0a6fd877]::panicking::default_hook
[INFO] [stdout]    5:     0x6552aa6db9d0 - test[aada8e7e76ba119b]::test_main_inner::{closure#0}
[INFO] [stdout]    6:     0x6552aa827502 - std[617be2ca0a6fd877]::panicking::panic_with_hook
[INFO] [stdout]    7:     0x6552aa80a0e2 - std[617be2ca0a6fd877]::panicking::panic_handler::{closure#0}
[INFO] [stdout]    8:     0x6552aa8027c9 - std[617be2ca0a6fd877]::sys::backtrace::__rust_end_short_backtrace::<std[617be2ca0a6fd877]::panicking::panic_handler::{closure#0}, !>
[INFO] [stdout]    9:     0x6552aa80af6d - __rustc[ea4f61d10b84890b]::rust_begin_unwind
[INFO] [stdout]   10:     0x6552aa84759c - core[a373ad73a504971]::panicking::panic_fmt
[INFO] [stdout]   11:     0x6552aa847372 - core[a373ad73a504971]::result::unwrap_failed
[INFO] [stdout]   12:     0x6552aa6cd1b4 - integration_tests[6b0f44dac1d927bb]::common::init_test_dirs
[INFO] [stdout]   13:     0x6552aa6c21f0 - <integration_tests[6b0f44dac1d927bb]::test_ignore_temp_files::{closure#0} as core[a373ad73a504971]::ops::function::FnOnce<()>>::call_once
[INFO] [stdout]   14:     0x6552aa6cee1b - test[aada8e7e76ba119b]::__rust_begin_short_backtrace::<core[a373ad73a504971]::result::Result<(), alloc[2e1b2a31b91974c5]::string::String>, fn() -> core[a373ad73a504971]::result::Result<(), alloc[2e1b2a31b91974c5]::string::String>>
[INFO] [stdout]   15:     0x6552aa6dbff5 - test[aada8e7e76ba119b]::run_test::{closure#0}
[INFO] [stdout]   16:     0x6552aa6d58e4 - std[617be2ca0a6fd877]::sys::backtrace::__rust_begin_short_backtrace::<test[aada8e7e76ba119b]::run_test::{closure#1}, ()>
[INFO] [stdout]   17:     0x6552aa6df082 - <std[617be2ca0a6fd877]::thread::lifecycle::spawn_unchecked<test[aada8e7e76ba119b]::run_test::{closure#1}, ()>::{closure#1} as core[a373ad73a504971]::ops::function::FnOnce<()>>::call_once::{shim:vtable#0}
[INFO] [stdout]   18:     0x6552aa82f90f - <std[617be2ca0a6fd877]::sys::thread::unix::Thread>::new::thread_start
[INFO] [stdout]   19:     0x7a0f946a9dfa - <unknown>
[INFO] [stdout]   20:     0x7a0f9473d3d4 - clone
[INFO] [stdout]   21:                0x0 - <unknown>
[INFO] [stdout] 
[INFO] [stdout] ---- test_ignore_link_diff_package stdout ----
[INFO] [stdout] 
[INFO] [stdout] thread 'test_ignore_link_diff_package' (755) panicked at tests/common/mod.rs:33:35:
[INFO] [stdout] called `Result::unwrap()` on an `Err` value: Os { code: 30, kind: ReadOnlyFilesystem, message: "Read-only file system" }
[INFO] [stdout] stack backtrace:
[INFO] [stdout]    0:     0x6552aa830441 - <<std[617be2ca0a6fd877]::sys::backtrace::BacktraceLock>::print::DisplayBacktrace as core[a373ad73a504971]::fmt::Display>::fmt
[INFO] [stdout]    1:     0x6552aa846dba - core[a373ad73a504971]::fmt::write
[INFO] [stdout]    2:     0x6552aa834b0c - <alloc[2e1b2a31b91974c5]::vec::Vec<u8> as core[a373ad73a504971]::io::write::Write>::write_fmt
[INFO] [stdout]    3:     0x6552aa80a036 - std[617be2ca0a6fd877]::panicking::default_hook::{closure#0}
[INFO] [stdout]    4:     0x6552aa827349 - std[617be2ca0a6fd877]::panicking::default_hook
[INFO] [stdout]    5:     0x6552aa6db9d0 - test[aada8e7e76ba119b]::test_main_inner::{closure#0}
[INFO] [stdout]    6:     0x6552aa827502 - std[617be2ca0a6fd877]::panicking::panic_with_hook
[INFO] [stdout]    7:     0x6552aa80a0e2 - std[617be2ca0a6fd877]::panicking::panic_handler::{closure#0}
[INFO] [stdout]    8:     0x6552aa8027c9 - std[617be2ca0a6fd877]::sys::backtrace::__rust_end_short_backtrace::<std[617be2ca0a6fd877]::panicking::panic_handler::{closure#0}, !>
[INFO] [stdout]    9:     0x6552aa80af6d - __rustc[ea4f61d10b84890b]::rust_begin_unwind
[INFO] [stdout]   10:     0x6552aa84759c - core[a373ad73a504971]::panicking::panic_fmt
[INFO] [stdout]   11:     0x6552aa847372 - core[a373ad73a504971]::result::unwrap_failed
[INFO] [stdout]   12:     0x6552aa6cd1b4 - integration_tests[6b0f44dac1d927bb]::common::init_test_dirs
[INFO] [stdout]   13:     0x6552aa6c64d9 - <integration_tests[6b0f44dac1d927bb]::test_ignore_link_diff_package::{closure#0} as core[a373ad73a504971]::ops::function::FnOnce<()>>::call_once
[INFO] [stdout]   14:     0x6552aa6cee1b - test[aada8e7e76ba119b]::__rust_begin_short_backtrace::<core[a373ad73a504971]::result::Result<(), alloc[2e1b2a31b91974c5]::string::String>, fn() -> core[a373ad73a504971]::result::Result<(), alloc[2e1b2a31b91974c5]::string::String>>
[INFO] [stdout]   15:     0x6552aa6dbff5 - test[aada8e7e76ba119b]::run_test::{closure#0}
[INFO] [stdout]   16:     0x6552aa6d58e4 - std[617be2ca0a6fd877]::sys::backtrace::__rust_begin_short_backtrace::<test[aada8e7e76ba119b]::run_test::{closure#1}, ()>
[INFO] [stdout]   17:     0x6552aa6df082 - <std[617be2ca0a6fd877]::thread::lifecycle::spawn_unchecked<test[aada8e7e76ba119b]::run_test::{closure#1}, ()>::{closure#1} as core[a373ad73a504971]::ops::function::FnOnce<()>>::call_once::{shim:vtable#0}
[INFO] [stdout]   18:     0x6552aa82f90f - <std[617be2ca0a6fd877]::sys::thread::unix::Thread>::new::thread_start
[INFO] [stdout]   19:     0x7a0f946a9dfa - <unknown>
[INFO] [stdout]   20:     0x7a0f9473d3d4 - clone
[INFO] [stdout]   21:                0x0 - <unknown>
[INFO] [stdout] 
[INFO] [stdout] ---- test_cannot_fold_different_dirs stdout ----
[INFO] [stdout] 
[INFO] [stdout] thread 'test_cannot_fold_different_dirs' (738) panicked at tests/common/mod.rs:33:35:
[INFO] [stdout] called `Result::unwrap()` on an `Err` value: Os { code: 30, kind: ReadOnlyFilesystem, message: "Read-only file system" }
[INFO] [stdout] stack backtrace:
[INFO] [stdout]    0:     0x6552aa830441 - <<std[617be2ca0a6fd877]::sys::backtrace::BacktraceLock>::print::DisplayBacktrace as core[a373ad73a504971]::fmt::Display>::fmt
[INFO] [stdout]    1:     0x6552aa846dba - core[a373ad73a504971]::fmt::write
[INFO] [stdout]    2:     0x6552aa834b0c - <alloc[2e1b2a31b91974c5]::vec::Vec<u8> as core[a373ad73a504971]::io::write::Write>::write_fmt
[INFO] [stdout]    3:     0x6552aa80a036 - std[617be2ca0a6fd877]::panicking::default_hook::{closure#0}
[INFO] [stdout]    4:     0x6552aa827349 - std[617be2ca0a6fd877]::panicking::default_hook
[INFO] [stdout]    5:     0x6552aa6db9d0 - test[aada8e7e76ba119b]::test_main_inner::{closure#0}
[INFO] [stdout]    6:     0x6552aa827502 - std[617be2ca0a6fd877]::panicking::panic_with_hook
[INFO] [stdout]    7:     0x6552aa80a0e2 - std[617be2ca0a6fd877]::panicking::panic_handler::{closure#0}
[INFO] [stdout]    8:     0x6552aa8027c9 - std[617be2ca0a6fd877]::sys::backtrace::__rust_end_short_backtrace::<std[617be2ca0a6fd877]::panicking::panic_handler::{closure#0}, !>
[INFO] [stdout]    9:     0x6552aa80af6d - __rustc[ea4f61d10b84890b]::rust_begin_unwind
[INFO] [stdout]   10:     0x6552aa84759c - core[a373ad73a504971]::panicking::panic_fmt
[INFO] [stdout]   11:     0x6552aa847372 - core[a373ad73a504971]::result::unwrap_failed
[INFO] [stdout]   12:     0x6552aa6cd1b4 - integration_tests[6b0f44dac1d927bb]::common::init_test_dirs
[INFO] [stdout]   13:     0x6552aa6c7189 - <integration_tests[6b0f44dac1d927bb]::test_cannot_fold_different_dirs::{closure#0} as core[a373ad73a504971]::ops::function::FnOnce<()>>::call_once
[INFO] [stdout]   14:     0x6552aa6cee1b - test[aada8e7e76ba119b]::__rust_begin_short_backtrace::<core[a373ad73a504971]::result::Result<(), alloc[2e1b2a31b91974c5]::string::String>, fn() -> core[a373ad73a504971]::result::Result<(), alloc[2e1b2a31b91974c5]::string::String>>
[INFO] [stdout]   15:     0x6552aa6dbff5 - test[aada8e7e76ba119b]::run_test::{closure#0}
[INFO] [stdout]   16:     0x6552aa6d58e4 - std[617be2ca0a6fd877]::sys::backtrace::__rust_begin_short_backtrace::<test[aada8e7e76ba119b]::run_test::{closure#1}, ()>
[INFO] [stdout]   17:     0x6552aa6df082 - <std[617be2ca0a6fd877]::thread::lifecycle::spawn_unchecked<test[aada8e7e76ba119b]::run_test::{closure#1}, ()>::{closure#1} as core[a373ad73a504971]::ops::function::FnOnce<()>>::call_once::{shim:vtable#0}
[INFO] [stdout]   18:     0x6552aa82f90f - <std[617be2ca0a6fd877]::sys::thread::unix::Thread>::new::thread_start
[INFO] [stdout]   19:     0x7a0f946a9dfa - <unknown>
[INFO] [stdout]   20:     0x7a0f9473d3d4 - clone
[INFO] [stdout]   21:                0x0 - <unknown>
[INFO] [stdout] 
[INFO] [stdout] ---- test_ignore_global_list stdout ----
[INFO] [stdout] 
[INFO] [stdout] thread 'test_ignore_global_list' (754) panicked at tests/common/mod.rs:33:35:
[INFO] [stdout] called `Result::unwrap()` on an `Err` value: Os { code: 30, kind: ReadOnlyFilesystem, message: "Read-only file system" }
[INFO] [stdout] stack backtrace:
[INFO] [stdout]    0:     0x6552aa830441 - <<std[617be2ca0a6fd877]::sys::backtrace::BacktraceLock>::print::DisplayBacktrace as core[a373ad73a504971]::fmt::Display>::fmt
[INFO] [stdout]    1:     0x6552aa846dba - core[a373ad73a504971]::fmt::write
[INFO] [stdout]    2:     0x6552aa834b0c - <alloc[2e1b2a31b91974c5]::vec::Vec<u8> as core[a373ad73a504971]::io::write::Write>::write_fmt
[INFO] [stdout]    3:     0x6552aa80a036 - std[617be2ca0a6fd877]::panicking::default_hook::{closure#0}
[INFO] [stdout]    4:     0x6552aa827349 - std[617be2ca0a6fd877]::panicking::default_hook
[INFO] [stdout]    5:     0x6552aa6db9d0 - test[aada8e7e76ba119b]::test_main_inner::{closure#0}
[INFO] [stdout]    6:     0x6552aa827502 - std[617be2ca0a6fd877]::panicking::panic_with_hook
[INFO] [stdout]    7:     0x6552aa80a0e2 - std[617be2ca0a6fd877]::panicking::panic_handler::{closure#0}
[INFO] [stdout]    8:     0x6552aa8027c9 - std[617be2ca0a6fd877]::sys::backtrace::__rust_end_short_backtrace::<std[617be2ca0a6fd877]::panicking::panic_handler::{closure#0}, !>
[INFO] [stdout]    9:     0x6552aa80af6d - __rustc[ea4f61d10b84890b]::rust_begin_unwind
[INFO] [stdout]   10:     0x6552aa84759c - core[a373ad73a504971]::panicking::panic_fmt
[INFO] [stdout]   11:     0x6552aa847372 - core[a373ad73a504971]::result::unwrap_failed
[INFO] [stdout]   12:     0x6552aa6cd1b4 - integration_tests[6b0f44dac1d927bb]::common::init_test_dirs
[INFO] [stdout]   13:     0x6552aa6c2a37 - <integration_tests[6b0f44dac1d927bb]::test_ignore_global_list::{closure#0} as core[a373ad73a504971]::ops::function::FnOnce<()>>::call_once
[INFO] [stdout]   14:     0x6552aa6cee1b - test[aada8e7e76ba119b]::__rust_begin_short_backtrace::<core[a373ad73a504971]::result::Result<(), alloc[2e1b2a31b91974c5]::string::String>, fn() -> core[a373ad73a504971]::result::Result<(), alloc[2e1b2a31b91974c5]::string::String>>
[INFO] [stdout]   15:     0x6552aa6dbff5 - test[aada8e7e76ba119b]::run_test::{closure#0}
[INFO] [stdout]   16:     0x6552aa6d58e4 - std[617be2ca0a6fd877]::sys::backtrace::__rust_begin_short_backtrace::<test[aada8e7e76ba119b]::run_test::{closure#1}, ()>
[INFO] [stdout]   17:     0x6552aa6df082 - <std[617be2ca0a6fd877]::thread::lifecycle::spawn_unchecked<test[aada8e7e76ba119b]::run_test::{closure#1}, ()>::{closure#1} as core[a373ad73a504971]::ops::function::FnOnce<()>>::call_once::{shim:vtable#0}
[INFO] [stdout]   18:     0x6552aa82f90f - <std[617be2ca0a6fd877]::sys::thread::unix::Thread>::new::thread_start
[INFO] [stdout]   19:     0x7a0f946a9dfa - <unknown>
[INFO] [stdout]   20:     0x7a0f9473d3d4 - clone
[INFO] [stdout]   21:                0x0 - <unknown>
[INFO] [stdout] 
[INFO] [stdout] ---- test_ignore_via_stow stdout ----
[INFO] [stdout] 
[INFO] [stdout] thread 'test_ignore_via_stow' (757) panicked at tests/common/mod.rs:33:35:
[INFO] [stdout] called `Result::unwrap()` on an `Err` value: Os { code: 30, kind: ReadOnlyFilesystem, message: "Read-only file system" }
[INFO] [stdout] stack backtrace:
[INFO] [stdout]    0:     0x6552aa830441 - <<std[617be2ca0a6fd877]::sys::backtrace::BacktraceLock>::print::DisplayBacktrace as core[a373ad73a504971]::fmt::Display>::fmt
[INFO] [stdout]    1:     0x6552aa846dba - core[a373ad73a504971]::fmt::write
[INFO] [stdout]    2:     0x6552aa834b0c - <alloc[2e1b2a31b91974c5]::vec::Vec<u8> as core[a373ad73a504971]::io::write::Write>::write_fmt
[INFO] [stdout]    3:     0x6552aa80a036 - std[617be2ca0a6fd877]::panicking::default_hook::{closure#0}
[INFO] [stdout]    4:     0x6552aa827349 - std[617be2ca0a6fd877]::panicking::default_hook
[INFO] [stdout]    5:     0x6552aa6db9d0 - test[aada8e7e76ba119b]::test_main_inner::{closure#0}
[INFO] [stdout]    6:     0x6552aa827502 - std[617be2ca0a6fd877]::panicking::panic_with_hook
[INFO] [stdout]    7:     0x6552aa80a0e2 - std[617be2ca0a6fd877]::panicking::panic_handler::{closure#0}
[INFO] [stdout]    8:     0x6552aa8027c9 - std[617be2ca0a6fd877]::sys::backtrace::__rust_end_short_backtrace::<std[617be2ca0a6fd877]::panicking::panic_handler::{closure#0}, !>
[INFO] [stdout]    9:     0x6552aa80af6d - __rustc[ea4f61d10b84890b]::rust_begin_unwind
[INFO] [stdout]   10:     0x6552aa84759c - core[a373ad73a504971]::panicking::panic_fmt
[INFO] [stdout]   11:     0x6552aa847372 - core[a373ad73a504971]::result::unwrap_failed
[INFO] [stdout]   12:     0x6552aa6cd1b4 - integration_tests[6b0f44dac1d927bb]::common::init_test_dirs
[INFO] [stdout]   13:     0x6552aa6c131e - <integration_tests[6b0f44dac1d927bb]::test_ignore_via_stow::{closure#0} as core[a373ad73a504971]::ops::function::FnOnce<()>>::call_once
[INFO] [stdout]   14:     0x6552aa6cee1b - test[aada8e7e76ba119b]::__rust_begin_short_backtrace::<core[a373ad73a504971]::result::Result<(), alloc[2e1b2a31b91974c5]::string::String>, fn() -> core[a373ad73a504971]::result::Result<(), alloc[2e1b2a31b91974c5]::string::String>>
[INFO] [stdout]   15:     0x6552aa6dbff5 - test[aada8e7e76ba119b]::run_test::{closure#0}
[INFO] [stdout]   16:     0x6552aa6d58e4 - std[617be2ca0a6fd877]::sys::backtrace::__rust_begin_short_backtrace::<test[aada8e7e76ba119b]::run_test::{closure#1}, ()>
[INFO] [stdout]   17:     0x6552aa6df082 - <std[617be2ca0a6fd877]::thread::lifecycle::spawn_unchecked<test[aada8e7e76ba119b]::run_test::{closure#1}, ()>::{closure#1} as core[a373ad73a504971]::ops::function::FnOnce<()>>::call_once::{shim:vtable#0}
[INFO] [stdout]   18:     0x6552aa82f90f - <std[617be2ca0a6fd877]::sys::thread::unix::Thread>::new::thread_start
[INFO] [stdout]   19:     0x7a0f946a9dfa - <unknown>
[INFO] [stdout]   20:     0x7a0f9473d3d4 - clone
[INFO] [stdout]   21:                0x0 - <unknown>
[INFO] [stdout] 
[INFO] [stdout] ---- test_nothing_to_clean stdout ----
[INFO] [stdout] 
[INFO] [stdout] thread 'test_nothing_to_clean' (760) panicked at tests/common/mod.rs:33:35:
[INFO] [stdout] called `Result::unwrap()` on an `Err` value: Os { code: 30, kind: ReadOnlyFilesystem, message: "Read-only file system" }
[INFO] [stdout] stack backtrace:
[INFO] [stdout]    0:     0x6552aa830441 - <<std[617be2ca0a6fd877]::sys::backtrace::BacktraceLock>::print::DisplayBacktrace as core[a373ad73a504971]::fmt::Display>::fmt
[INFO] [stdout]    1:     0x6552aa846dba - core[a373ad73a504971]::fmt::write
[INFO] [stdout]    2:     0x6552aa834b0c - <alloc[2e1b2a31b91974c5]::vec::Vec<u8> as core[a373ad73a504971]::io::write::Write>::write_fmt
[INFO] [stdout]    3:     0x6552aa80a036 - std[617be2ca0a6fd877]::panicking::default_hook::{closure#0}
[INFO] [stdout]    4:     0x6552aa827349 - std[617be2ca0a6fd877]::panicking::default_hook
[INFO] [stdout]    5:     0x6552aa6db9d0 - test[aada8e7e76ba119b]::test_main_inner::{closure#0}
[INFO] [stdout]    6:     0x6552aa827502 - std[617be2ca0a6fd877]::panicking::panic_with_hook
[INFO] [stdout]    7:     0x6552aa80a0e2 - std[617be2ca0a6fd877]::panicking::panic_handler::{closure#0}
[INFO] [stdout]    8:     0x6552aa8027c9 - std[617be2ca0a6fd877]::sys::backtrace::__rust_end_short_backtrace::<std[617be2ca0a6fd877]::panicking::panic_handler::{closure#0}, !>
[INFO] [stdout]    9:     0x6552aa80af6d - __rustc[ea4f61d10b84890b]::rust_begin_unwind
[INFO] [stdout]   10:     0x6552aa84759c - core[a373ad73a504971]::panicking::panic_fmt
[INFO] [stdout]   11:     0x6552aa847372 - core[a373ad73a504971]::result::unwrap_failed
[INFO] [stdout]   12:     0x6552aa6cd1b4 - integration_tests[6b0f44dac1d927bb]::common::init_test_dirs
[INFO] [stdout]   13:     0x6552aa6c1737 - <integration_tests[6b0f44dac1d927bb]::test_nothing_to_clean::{closure#0} as core[a373ad73a504971]::ops::function::FnOnce<()>>::call_once
[INFO] [stdout]   14:     0x6552aa6cee1b - test[aada8e7e76ba119b]::__rust_begin_short_backtrace::<core[a373ad73a504971]::result::Result<(), alloc[2e1b2a31b91974c5]::string::String>, fn() -> core[a373ad73a504971]::result::Result<(), alloc[2e1b2a31b91974c5]::string::String>>
[INFO] [stdout]   15:     0x6552aa6dbff5 - test[aada8e7e76ba119b]::run_test::{closure#0}
[INFO] [stdout]   16:     0x6552aa6d58e4 - std[617be2ca0a6fd877]::sys::backtrace::__rust_begin_short_backtrace::<test[aada8e7e76ba119b]::run_test::{closure#1}, ()>
[INFO] [stdout]   17:     0x6552aa6df082 - <std[617be2ca0a6fd877]::thread::lifecycle::spawn_unchecked<test[aada8e7e76ba119b]::run_test::{closure#1}, ()>::{closure#1} as core[a373ad73a504971]::ops::function::FnOnce<()>>::call_once::{shim:vtable#0}
[INFO] [stdout]   18:     0x6552aa82f90f - <std[617be2ca0a6fd877]::sys::thread::unix::Thread>::new::thread_start
[INFO] [stdout]   19:     0x7a0f946a9dfa - <unknown>
[INFO] [stdout]   20:     0x7a0f9473d3d4 - clone
[INFO] [stdout]   21:                0x0 - <unknown>
[INFO] [stdout] 
[INFO] [stdout] ---- test_defer_multi_match stdout ----
[INFO] [stdout] 
[INFO] [stdout] thread 'test_defer_multi_match' (743) panicked at tests/common/mod.rs:33:35:
[INFO] [stdout] called `Result::unwrap()` on an `Err` value: Os { code: 30, kind: ReadOnlyFilesystem, message: "Read-only file system" }
[INFO] [stdout] stack backtrace:
[INFO] [stdout]    0:     0x6552aa830441 - <<std[617be2ca0a6fd877]::sys::backtrace::BacktraceLock>::print::DisplayBacktrace as core[a373ad73a504971]::fmt::Display>::fmt
[INFO] [stdout]    1:     0x6552aa846dba - core[a373ad73a504971]::fmt::write
[INFO] [stdout]    2:     0x6552aa834b0c - <alloc[2e1b2a31b91974c5]::vec::Vec<u8> as core[a373ad73a504971]::io::write::Write>::write_fmt
[INFO] [stdout]    3:     0x6552aa80a036 - std[617be2ca0a6fd877]::panicking::default_hook::{closure#0}
[INFO] [stdout]    4:     0x6552aa827349 - std[617be2ca0a6fd877]::panicking::default_hook
[INFO] [stdout]    5:     0x6552aa6db9d0 - test[aada8e7e76ba119b]::test_main_inner::{closure#0}
[INFO] [stdout]    6:     0x6552aa827502 - std[617be2ca0a6fd877]::panicking::panic_with_hook
[INFO] [stdout]    7:     0x6552aa80a0e2 - std[617be2ca0a6fd877]::panicking::panic_handler::{closure#0}
[INFO] [stdout]    8:     0x6552aa8027c9 - std[617be2ca0a6fd877]::sys::backtrace::__rust_end_short_backtrace::<std[617be2ca0a6fd877]::panicking::panic_handler::{closure#0}, !>
[INFO] [stdout]    9:     0x6552aa80af6d - __rustc[ea4f61d10b84890b]::rust_begin_unwind
[INFO] [stdout]   10:     0x6552aa84759c - core[a373ad73a504971]::panicking::panic_fmt
[INFO] [stdout]   11:     0x6552aa847372 - core[a373ad73a504971]::result::unwrap_failed
[INFO] [stdout]   12:     0x6552aa6cd1b4 - integration_tests[6b0f44dac1d927bb]::common::init_test_dirs
[INFO] [stdout]   13:     0x6552aa6c1b00 - <integration_tests[6b0f44dac1d927bb]::test_defer_multi_match::{closure#0} as core[a373ad73a504971]::ops::function::FnOnce<()>>::call_once
[INFO] [stdout]   14:     0x6552aa6cee1b - test[aada8e7e76ba119b]::__rust_begin_short_backtrace::<core[a373ad73a504971]::result::Result<(), alloc[2e1b2a31b91974c5]::string::String>, fn() -> core[a373ad73a504971]::result::Result<(), alloc[2e1b2a31b91974c5]::string::String>>
[INFO] [stdout]   15:     0x6552aa6dbff5 - test[aada8e7e76ba119b]::run_test::{closure#0}
[INFO] [stdout]   16:     0x6552aa6d58e4 - std[617be2ca0a6fd877]::sys::backtrace::__rust_begin_short_backtrace::<test[aada8e7e76ba119b]::run_test::{closure#1}, ()>
[INFO] [stdout]   17:     0x6552aa6df082 - <std[617be2ca0a6fd877]::thread::lifecycle::spawn_unchecked<test[aada8e7e76ba119b]::run_test::{closure#1}, ()>::{closure#1} as core[a373ad73a504971]::ops::function::FnOnce<()>>::call_once::{shim:vtable#0}
[INFO] [stdout]   18:     0x6552aa82f90f - <std[617be2ca0a6fd877]::sys::thread::unix::Thread>::new::thread_start
[INFO] [stdout]   19:     0x7a0f946a9dfa - <unknown>
[INFO] [stdout]   20:     0x7a0f9473d3d4 - clone
[INFO] [stdout]   21:                0x0 - <unknown>
[INFO] [stdout] 
[INFO] [stdout] ---- test_link_dest_within_stow_dir_top stdout ----
[INFO] [stdout] 
[INFO] [stdout] thread 'test_link_dest_within_stow_dir_top' (759) panicked at tests/common/mod.rs:33:35:
[INFO] [stdout] called `Result::unwrap()` on an `Err` value: Os { code: 30, kind: ReadOnlyFilesystem, message: "Read-only file system" }
[INFO] [stdout] stack backtrace:
[INFO] [stdout]    0:     0x6552aa830441 - <<std[617be2ca0a6fd877]::sys::backtrace::BacktraceLock>::print::DisplayBacktrace as core[a373ad73a504971]::fmt::Display>::fmt
[INFO] [stdout]    1:     0x6552aa846dba - core[a373ad73a504971]::fmt::write
[INFO] [stdout]    2:     0x6552aa834b0c - <alloc[2e1b2a31b91974c5]::vec::Vec<u8> as core[a373ad73a504971]::io::write::Write>::write_fmt
[INFO] [stdout]    3:     0x6552aa80a036 - std[617be2ca0a6fd877]::panicking::default_hook::{closure#0}
[INFO] [stdout]    4:     0x6552aa827349 - std[617be2ca0a6fd877]::panicking::default_hook
[INFO] [stdout]    5:     0x6552aa6db9d0 - test[aada8e7e76ba119b]::test_main_inner::{closure#0}
[INFO] [stdout]    6:     0x6552aa827502 - std[617be2ca0a6fd877]::panicking::panic_with_hook
[INFO] [stdout]    7:     0x6552aa80a0e2 - std[617be2ca0a6fd877]::panicking::panic_handler::{closure#0}
[INFO] [stdout]    8:     0x6552aa8027c9 - std[617be2ca0a6fd877]::sys::backtrace::__rust_end_short_backtrace::<std[617be2ca0a6fd877]::panicking::panic_handler::{closure#0}, !>
[INFO] [stdout]    9:     0x6552aa80af6d - __rustc[ea4f61d10b84890b]::rust_begin_unwind
[INFO] [stdout]   10:     0x6552aa84759c - core[a373ad73a504971]::panicking::panic_fmt
[INFO] [stdout]   11:     0x6552aa847372 - core[a373ad73a504971]::result::unwrap_failed
[INFO] [stdout]   12:     0x6552aa6cd1b4 - integration_tests[6b0f44dac1d927bb]::common::init_test_dirs
[INFO] [stdout]   13:     0x6552aa6c8ece - <integration_tests[6b0f44dac1d927bb]::test_link_dest_within_stow_dir_top::{closure#0} as core[a373ad73a504971]::ops::function::FnOnce<()>>::call_once
[INFO] [stdout]   14:     0x6552aa6cee1b - test[aada8e7e76ba119b]::__rust_begin_short_backtrace::<core[a373ad73a504971]::result::Result<(), alloc[2e1b2a31b91974c5]::string::String>, fn() -> core[a373ad73a504971]::result::Result<(), alloc[2e1b2a31b91974c5]::string::String>>
[INFO] [stdout]   15:     0x6552aa6dbff5 - test[aada8e7e76ba119b]::run_test::{closure#0}
[INFO] [stdout]   16:     0x6552aa6d58e4 - std[617be2ca0a6fd877]::sys::backtrace::__rust_begin_short_backtrace::<test[aada8e7e76ba119b]::run_test::{closure#1}, ()>
[INFO] [stdout]   17:     0x6552aa6df082 - <std[617be2ca0a6fd877]::thread::lifecycle::spawn_unchecked<test[aada8e7e76ba119b]::run_test::{closure#1}, ()>::{closure#1} as core[a373ad73a504971]::ops::function::FnOnce<()>>::call_once::{shim:vtable#0}
[INFO] [stdout]   18:     0x6552aa82f90f - <std[617be2ca0a6fd877]::sys::thread::unix::Thread>::new::thread_start
[INFO] [stdout]   19:     0x7a0f946a9dfa - <unknown>
[INFO] [stdout]   20:     0x7a0f9473d3d4 - clone
[INFO] [stdout]   21:                0x0 - <unknown>
[INFO] [stdout] 
[INFO] [stdout] ---- test_find_stowed_path_relative stdout ----
[INFO] [stdout] 
[INFO] [stdout] thread 'test_find_stowed_path_relative' (750) panicked at tests/common/mod.rs:33:35:
[INFO] [stdout] called `Result::unwrap()` on an `Err` value: Os { code: 30, kind: ReadOnlyFilesystem, message: "Read-only file system" }
[INFO] [stdout] stack backtrace:
[INFO] [stdout]    0:     0x6552aa830441 - <<std[617be2ca0a6fd877]::sys::backtrace::BacktraceLock>::print::DisplayBacktrace as core[a373ad73a504971]::fmt::Display>::fmt
[INFO] [stdout]    1:     0x6552aa846dba - core[a373ad73a504971]::fmt::write
[INFO] [stdout]    2:     0x6552aa834b0c - <alloc[2e1b2a31b91974c5]::vec::Vec<u8> as core[a373ad73a504971]::io::write::Write>::write_fmt
[INFO] [stdout]    3:     0x6552aa80a036 - std[617be2ca0a6fd877]::panicking::default_hook::{closure#0}
[INFO] [stdout]    4:     0x6552aa827349 - std[617be2ca0a6fd877]::panicking::default_hook
[INFO] [stdout]    5:     0x6552aa6db9d0 - test[aada8e7e76ba119b]::test_main_inner::{closure#0}
[INFO] [stdout]    6:     0x6552aa827502 - std[617be2ca0a6fd877]::panicking::panic_with_hook
[INFO] [stdout]    7:     0x6552aa80a0e2 - std[617be2ca0a6fd877]::panicking::panic_handler::{closure#0}
[INFO] [stdout]    8:     0x6552aa8027c9 - std[617be2ca0a6fd877]::sys::backtrace::__rust_end_short_backtrace::<std[617be2ca0a6fd877]::panicking::panic_handler::{closure#0}, !>
[INFO] [stdout]    9:     0x6552aa80af6d - __rustc[ea4f61d10b84890b]::rust_begin_unwind
[INFO] [stdout]   10:     0x6552aa84759c - core[a373ad73a504971]::panicking::panic_fmt
[INFO] [stdout]   11:     0x6552aa847372 - core[a373ad73a504971]::result::unwrap_failed
[INFO] [stdout]   12:     0x6552aa6cd1b4 - integration_tests[6b0f44dac1d927bb]::common::init_test_dirs
[INFO] [stdout]   13:     0x6552aa6c6ad3 - <integration_tests[6b0f44dac1d927bb]::test_find_stowed_path_relative::{closure#0} as core[a373ad73a504971]::ops::function::FnOnce<()>>::call_once
[INFO] [stdout]   14:     0x6552aa6cee1b - test[aada8e7e76ba119b]::__rust_begin_short_backtrace::<core[a373ad73a504971]::result::Result<(), alloc[2e1b2a31b91974c5]::string::String>, fn() -> core[a373ad73a504971]::result::Result<(), alloc[2e1b2a31b91974c5]::string::String>>
[INFO] [stdout]   15:     0x6552aa6dbff5 - test[aada8e7e76ba119b]::run_test::{closure#0}
[INFO] [stdout]   16:     0x6552aa6d58e4 - std[617be2ca0a6fd877]::sys::backtrace::__rust_begin_short_backtrace::<test[aada8e7e76ba119b]::run_test::{closure#1}, ()>
[INFO] [stdout]   17:     0x6552aa6df082 - <std[617be2ca0a6fd877]::thread::lifecycle::spawn_unchecked<test[aada8e7e76ba119b]::run_test::{closure#1}, ()>::{closure#1} as core[a373ad73a504971]::ops::function::FnOnce<()>>::call_once::{shim:vtable#0}
[INFO] [stdout]   18:     0x6552aa82f90f - <std[617be2ca0a6fd877]::sys::thread::unix::Thread>::new::thread_start
[INFO] [stdout]   19:     0x7a0f946a9dfa - <unknown>
[INFO] [stdout]   20:     0x7a0f9473d3d4 - clone
[INFO] [stdout]   21:                0x0 - <unknown>
[INFO] [stdout] 
[INFO] [stdout] ---- test_find_stowed_path_alien stdout ----
[INFO] [stdout] 
[INFO] [stdout] thread 'test_find_stowed_path_alien' (749) panicked at tests/common/mod.rs:33:35:
[INFO] [stdout] called `Result::unwrap()` on an `Err` value: Os { code: 30, kind: ReadOnlyFilesystem, message: "Read-only file system" }
[INFO] [stdout] stack backtrace:
[INFO] [stdout]    0:     0x6552aa830441 - <<std[617be2ca0a6fd877]::sys::backtrace::BacktraceLock>::print::DisplayBacktrace as core[a373ad73a504971]::fmt::Display>::fmt
[INFO] [stdout]    1:     0x6552aa846dba - core[a373ad73a504971]::fmt::write
[INFO] [stdout]    2:     0x6552aa834b0c - <alloc[2e1b2a31b91974c5]::vec::Vec<u8> as core[a373ad73a504971]::io::write::Write>::write_fmt
[INFO] [stdout]    3:     0x6552aa80a036 - std[617be2ca0a6fd877]::panicking::default_hook::{closure#0}
[INFO] [stdout]    4:     0x6552aa827349 - std[617be2ca0a6fd877]::panicking::default_hook
[INFO] [stdout]    5:     0x6552aa6db9d0 - test[aada8e7e76ba119b]::test_main_inner::{closure#0}
[INFO] [stdout]    6:     0x6552aa827502 - std[617be2ca0a6fd877]::panicking::panic_with_hook
[INFO] [stdout]    7:     0x6552aa80a0e2 - std[617be2ca0a6fd877]::panicking::panic_handler::{closure#0}
[INFO] [stdout]    8:     0x6552aa8027c9 - std[617be2ca0a6fd877]::sys::backtrace::__rust_end_short_backtrace::<std[617be2ca0a6fd877]::panicking::panic_handler::{closure#0}, !>
[INFO] [stdout]    9:     0x6552aa80af6d - __rustc[ea4f61d10b84890b]::rust_begin_unwind
[INFO] [stdout]   10:     0x6552aa84759c - core[a373ad73a504971]::panicking::panic_fmt
[INFO] [stdout]   11:     0x6552aa847372 - core[a373ad73a504971]::result::unwrap_failed
[INFO] [stdout]   12:     0x6552aa6cd1b4 - integration_tests[6b0f44dac1d927bb]::common::init_test_dirs
[INFO] [stdout]   13:     0x6552aa6c4b83 - <integration_tests[6b0f44dac1d927bb]::test_find_stowed_path_alien::{closure#0} as core[a373ad73a504971]::ops::function::FnOnce<()>>::call_once
[INFO] [stdout]   14:     0x6552aa6cee1b - test[aada8e7e76ba119b]::__rust_begin_short_backtrace::<core[a373ad73a504971]::result::Result<(), alloc[2e1b2a31b91974c5]::string::String>, fn() -> core[a373ad73a504971]::result::Result<(), alloc[2e1b2a31b91974c5]::string::String>>
[INFO] [stdout]   15:     0x6552aa6dbff5 - test[aada8e7e76ba119b]::run_test::{closure#0}
[INFO] [stdout]   16:     0x6552aa6d58e4 - std[617be2ca0a6fd877]::sys::backtrace::__rust_begin_short_backtrace::<test[aada8e7e76ba119b]::run_test::{closure#1}, ()>
[INFO] [stdout]   17:     0x6552aa6df082 - <std[617be2ca0a6fd877]::thread::lifecycle::spawn_unchecked<test[aada8e7e76ba119b]::run_test::{closure#1}, ()>::{closure#1} as core[a373ad73a504971]::ops::function::FnOnce<()>>::call_once::{shim:vtable#0}
[INFO] [stdout]   18:     0x6552aa82f90f - <std[617be2ca0a6fd877]::sys::thread::unix::Thread>::new::thread_start
[INFO] [stdout]   19:     0x7a0f946a9dfa - <unknown>
[INFO] [stdout]   20:     0x7a0f9473d3d4 - clone
[INFO] [stdout]   21:                0x0 - <unknown>
[INFO] [stdout] 
[INFO] [stdout] ---- test_can_fold_simple_tree stdout ----
[INFO] [stdout] 
[INFO] [stdout] thread 'test_can_fold_simple_tree' (737) panicked at tests/common/mod.rs:33:35:
[INFO] [stdout] called `Result::unwrap()` on an `Err` value: Os { code: 30, kind: ReadOnlyFilesystem, message: "Read-only file system" }
[INFO] [stdout] stack backtrace:
[INFO] [stdout]    0:     0x6552aa830441 - <<std[617be2ca0a6fd877]::sys::backtrace::BacktraceLock>::print::DisplayBacktrace as core[a373ad73a504971]::fmt::Display>::fmt
[INFO] [stdout]    1:     0x6552aa846dba - core[a373ad73a504971]::fmt::write
[INFO] [stdout]    2:     0x6552aa834b0c - <alloc[2e1b2a31b91974c5]::vec::Vec<u8> as core[a373ad73a504971]::io::write::Write>::write_fmt
[INFO] [stdout]    3:     0x6552aa80a036 - std[617be2ca0a6fd877]::panicking::default_hook::{closure#0}
[INFO] [stdout]    4:     0x6552aa827349 - std[617be2ca0a6fd877]::panicking::default_hook
[INFO] [stdout]    5:     0x6552aa6db9d0 - test[aada8e7e76ba119b]::test_main_inner::{closure#0}
[INFO] [stdout]    6:     0x6552aa827502 - std[617be2ca0a6fd877]::panicking::panic_with_hook
[INFO] [stdout]    7:     0x6552aa80a0e2 - std[617be2ca0a6fd877]::panicking::panic_handler::{closure#0}
[INFO] [stdout]    8:     0x6552aa8027c9 - std[617be2ca0a6fd877]::sys::backtrace::__rust_end_short_backtrace::<std[617be2ca0a6fd877]::panicking::panic_handler::{closure#0}, !>
[INFO] [stdout]    9:     0x6552aa80af6d - __rustc[ea4f61d10b84890b]::rust_begin_unwind
[INFO] [stdout]   10:     0x6552aa84759c - core[a373ad73a504971]::panicking::panic_fmt
[INFO] [stdout]   11:     0x6552aa847372 - core[a373ad73a504971]::result::unwrap_failed
[INFO] [stdout]   12:     0x6552aa6cd1b4 - integration_tests[6b0f44dac1d927bb]::common::init_test_dirs
[INFO] [stdout]   13:     0x6552aa6c342b - <integration_tests[6b0f44dac1d927bb]::test_can_fold_simple_tree::{closure#0} as core[a373ad73a504971]::ops::function::FnOnce<()>>::call_once
[INFO] [stdout]   14:     0x6552aa6cee1b - test[aada8e7e76ba119b]::__rust_begin_short_backtrace::<core[a373ad73a504971]::result::Result<(), alloc[2e1b2a31b91974c5]::string::String>, fn() -> core[a373ad73a504971]::result::Result<(), alloc[2e1b2a31b91974c5]::string::String>>
[INFO] [stdout]   15:     0x6552aa6dbff5 - test[aada8e7e76ba119b]::run_test::{closure#0}
[INFO] [stdout]   16:     0x6552aa6d58e4 - std[617be2ca0a6fd877]::sys::backtrace::__rust_begin_short_backtrace::<test[aada8e7e76ba119b]::run_test::{closure#1}, ()>
[INFO] [stdout]   17:     0x6552aa6df082 - <std[617be2ca0a6fd877]::thread::lifecycle::spawn_unchecked<test[aada8e7e76ba119b]::run_test::{closure#1}, ()>::{closure#1} as core[a373ad73a504971]::ops::function::FnOnce<()>>::call_once::{shim:vtable#0}
[INFO] [stdout]   18:     0x6552aa82f90f - <std[617be2ca0a6fd877]::sys::thread::unix::Thread>::new::thread_start
[INFO] [stdout]   19:     0x7a0f946a9dfa - <unknown>
[INFO] [stdout]   20:     0x7a0f9473d3d4 - clone
[INFO] [stdout]   21:                0x0 - <unknown>
[INFO] [stdout] 
[INFO] [stdout] ---- test_override_already_stowed stdout ----
[INFO] [stdout] 
[INFO] [stdout] thread 'test_override_already_stowed' (761) panicked at tests/common/mod.rs:33:35:
[INFO] [stdout] called `Result::unwrap()` on an `Err` value: Os { code: 30, kind: ReadOnlyFilesystem, message: "Read-only file system" }
[INFO] [stdout] stack backtrace:
[INFO] [stdout]    0:     0x6552aa830441 - <<std[617be2ca0a6fd877]::sys::backtrace::BacktraceLock>::print::DisplayBacktrace as core[a373ad73a504971]::fmt::Display>::fmt
[INFO] [stdout]    1:     0x6552aa846dba - core[a373ad73a504971]::fmt::write
[INFO] [stdout]    2:     0x6552aa834b0c - <alloc[2e1b2a31b91974c5]::vec::Vec<u8> as core[a373ad73a504971]::io::write::Write>::write_fmt
[INFO] [stdout]    3:     0x6552aa80a036 - std[617be2ca0a6fd877]::panicking::default_hook::{closure#0}
[INFO] [stdout]    4:     0x6552aa827349 - std[617be2ca0a6fd877]::panicking::default_hook
[INFO] [stdout]    5:     0x6552aa6db9d0 - test[aada8e7e76ba119b]::test_main_inner::{closure#0}
[INFO] [stdout]    6:     0x6552aa827502 - std[617be2ca0a6fd877]::panicking::panic_with_hook
[INFO] [stdout]    7:     0x6552aa80a0e2 - std[617be2ca0a6fd877]::panicking::panic_handler::{closure#0}
[INFO] [stdout]    8:     0x6552aa8027c9 - std[617be2ca0a6fd877]::sys::backtrace::__rust_end_short_backtrace::<std[617be2ca0a6fd877]::panicking::panic_handler::{closure#0}, !>
[INFO] [stdout]    9:     0x6552aa80af6d - __rustc[ea4f61d10b84890b]::rust_begin_unwind
[INFO] [stdout]   10:     0x6552aa84759c - core[a373ad73a504971]::panicking::panic_fmt
[INFO] [stdout]   11:     0x6552aa847372 - core[a373ad73a504971]::result::unwrap_failed
[INFO] [stdout]   12:     0x6552aa6cd1b4 - integration_tests[6b0f44dac1d927bb]::common::init_test_dirs
[INFO] [stdout]   13:     0x6552aa6c5a10 - <integration_tests[6b0f44dac1d927bb]::test_override_already_stowed::{closure#0} as core[a373ad73a504971]::ops::function::FnOnce<()>>::call_once
[INFO] [stdout]   14:     0x6552aa6cee1b - test[aada8e7e76ba119b]::__rust_begin_short_backtrace::<core[a373ad73a504971]::result::Result<(), alloc[2e1b2a31b91974c5]::string::String>, fn() -> core[a373ad73a504971]::result::Result<(), alloc[2e1b2a31b91974c5]::string::String>>
[INFO] [stdout]   15:     0x6552aa6dbff5 - test[aada8e7e76ba119b]::run_test::{closure#0}
[INFO] [stdout]   16:     0x6552aa6d58e4 - std[617be2ca0a6fd877]::sys::backtrace::__rust_begin_short_backtrace::<test[aada8e7e76ba119b]::run_test::{closure#1}, ()>
[INFO] [stdout]   17:     0x6552aa6df082 - <std[617be2ca0a6fd877]::thread::lifecycle::spawn_unchecked<test[aada8e7e76ba119b]::run_test::{closure#1}, ()>::{closure#1} as core[a373ad73a504971]::ops::function::FnOnce<()>>::call_once::{shim:vtable#0}
[INFO] [stdout]   18:     0x6552aa82f90f - <std[617be2ca0a6fd877]::sys::thread::unix::Thread>::new::thread_start
[INFO] [stdout]   19:     0x7a0f946a9dfa - <unknown>
[INFO] [stdout]   20:     0x7a0f9473d3d4 - clone
[INFO] [stdout]   21:                0x0 - <unknown>
[INFO] [stdout] 
[INFO] [stdout] ---- test_cannot_fold_dir_with_non_link stdout ----
[INFO] [stdout] 
[INFO] [stdout] thread 'test_cannot_fold_dir_with_non_link' (739) panicked at tests/common/mod.rs:33:35:
[INFO] [stdout] called `Result::unwrap()` on an `Err` value: Os { code: 30, kind: ReadOnlyFilesystem, message: "Read-only file system" }
[INFO] [stdout] stack backtrace:
[INFO] [stdout]    0:     0x6552aa830441 - <<std[617be2ca0a6fd877]::sys::backtrace::BacktraceLock>::print::DisplayBacktrace as core[a373ad73a504971]::fmt::Display>::fmt
[INFO] [stdout]    1:     0x6552aa846dba - core[a373ad73a504971]::fmt::write
[INFO] [stdout]    2:     0x6552aa834b0c - <alloc[2e1b2a31b91974c5]::vec::Vec<u8> as core[a373ad73a504971]::io::write::Write>::write_fmt
[INFO] [stdout]    3:     0x6552aa80a036 - std[617be2ca0a6fd877]::panicking::default_hook::{closure#0}
[INFO] [stdout]    4:     0x6552aa827349 - std[617be2ca0a6fd877]::panicking::default_hook
[INFO] [stdout]    5:     0x6552aa6db9d0 - test[aada8e7e76ba119b]::test_main_inner::{closure#0}
[INFO] [stdout]    6:     0x6552aa827502 - std[617be2ca0a6fd877]::panicking::panic_with_hook
[INFO] [stdout]    7:     0x6552aa80a0e2 - std[617be2ca0a6fd877]::panicking::panic_handler::{closure#0}
[INFO] [stdout]    8:     0x6552aa8027c9 - std[617be2ca0a6fd877]::sys::backtrace::__rust_end_short_backtrace::<std[617be2ca0a6fd877]::panicking::panic_handler::{closure#0}, !>
[INFO] [stdout]    9:     0x6552aa80af6d - __rustc[ea4f61d10b84890b]::rust_begin_unwind
[INFO] [stdout]   10:     0x6552aa84759c - core[a373ad73a504971]::panicking::panic_fmt
[INFO] [stdout]   11:     0x6552aa847372 - core[a373ad73a504971]::result::unwrap_failed
[INFO] [stdout]   12:     0x6552aa6cd1b4 - integration_tests[6b0f44dac1d927bb]::common::init_test_dirs
[INFO] [stdout]   13:     0x6552aa6c8c79 - <integration_tests[6b0f44dac1d927bb]::test_cannot_fold_dir_with_non_link::{closure#0} as core[a373ad73a504971]::ops::function::FnOnce<()>>::call_once
[INFO] [stdout]   14:     0x6552aa6cee1b - test[aada8e7e76ba119b]::__rust_begin_short_backtrace::<core[a373ad73a504971]::result::Result<(), alloc[2e1b2a31b91974c5]::string::String>, fn() -> core[a373ad73a504971]::result::Result<(), alloc[2e1b2a31b91974c5]::string::String>>
[INFO] [stdout]   15:     0x6552aa6dbff5 - test[aada8e7e76ba119b]::run_test::{closure#0}
[INFO] [stdout]   16:     0x6552aa6d58e4 - std[617be2ca0a6fd877]::sys::backtrace::__rust_begin_short_backtrace::<test[aada8e7e76ba119b]::run_test::{closure#1}, ()>
[INFO] [stdout]   17:     0x6552aa6df082 - <std[617be2ca0a6fd877]::thread::lifecycle::spawn_unchecked<test[aada8e7e76ba119b]::run_test::{closure#1}, ()>::{closure#1} as core[a373ad73a504971]::ops::function::FnOnce<()>>::call_once::{shim:vtable#0}
[INFO] [stdout]   18:     0x6552aa82f90f - <std[617be2ca0a6fd877]::sys::thread::unix::Thread>::new::thread_start
[INFO] [stdout]   19:     0x7a0f946a9dfa - <unknown>
[INFO] [stdout]   20:     0x7a0f9473d3d4 - clone
[INFO] [stdout]   21:                0x0 - <unknown>
[INFO] [stdout] 
[INFO] [stdout] ---- test_stow_dot_foo_without_dotfiles_flag stdout ----
[INFO] [stdout] 
[INFO] [stdout] thread 'test_stow_dot_foo_without_dotfiles_flag' (769) panicked at tests/common/mod.rs:33:35:
[INFO] [stdout] called `Result::unwrap()` on an `Err` value: Os { code: 30, kind: ReadOnlyFilesystem, message: "Read-only file system" }
[INFO] [stdout] stack backtrace:
[INFO] [stdout]    0:     0x6552aa830441 - <<std[617be2ca0a6fd877]::sys::backtrace::BacktraceLock>::print::DisplayBacktrace as core[a373ad73a504971]::fmt::Display>::fmt
[INFO] [stdout]    1:     0x6552aa846dba - core[a373ad73a504971]::fmt::write
[INFO] [stdout]    2:     0x6552aa834b0c - <alloc[2e1b2a31b91974c5]::vec::Vec<u8> as core[a373ad73a504971]::io::write::Write>::write_fmt
[INFO] [stdout]    3:     0x6552aa80a036 - std[617be2ca0a6fd877]::panicking::default_hook::{closure#0}
[INFO] [stderr] error: test failed, to rerun pass `--test integration_tests`
[INFO] [stdout]    4:     0x6552aa827349 - std[617be2ca0a6fd877]::panicking::default_hook
[INFO] [stdout]    5:     0x6552aa6db9d0 - test[aada8e7e76ba119b]::test_main_inner::{closure#0}
[INFO] [stdout]    6:     0x6552aa827502 - std[617be2ca0a6fd877]::panicking::panic_with_hook
[INFO] [stdout]    7:     0x6552aa80a0e2 - std[617be2ca0a6fd877]::panicking::panic_handler::{closure#0}
[INFO] [stdout]    8:     0x6552aa8027c9 - std[617be2ca0a6fd877]::sys::backtrace::__rust_end_short_backtrace::<std[617be2ca0a6fd877]::panicking::panic_handler::{closure#0}, !>
[INFO] [stdout]    9:     0x6552aa80af6d - __rustc[ea4f61d10b84890b]::rust_begin_unwind
[INFO] [stdout]   10:     0x6552aa84759c - core[a373ad73a504971]::panicking::panic_fmt
[INFO] [stdout]   11:     0x6552aa847372 - core[a373ad73a504971]::result::unwrap_failed
[INFO] [stdout]   12:     0x6552aa6cd1b4 - integration_tests[6b0f44dac1d927bb]::common::init_test_dirs
[INFO] [stdout]   13:     0x6552aa6cadd7 - <integration_tests[6b0f44dac1d927bb]::test_stow_dot_foo_without_dotfiles_flag::{closure#0} as core[a373ad73a504971]::ops::function::FnOnce<()>>::call_once
[INFO] [stdout]   14:     0x6552aa6cee1b - test[aada8e7e76ba119b]::__rust_begin_short_backtrace::<core[a373ad73a504971]::result::Result<(), alloc[2e1b2a31b91974c5]::string::String>, fn() -> core[a373ad73a504971]::result::Result<(), alloc[2e1b2a31b91974c5]::string::String>>
[INFO] [stdout]   15:     0x6552aa6dbff5 - test[aada8e7e76ba119b]::run_test::{closure#0}
[INFO] [stdout]   16:     0x6552aa6d58e4 - std[617be2ca0a6fd877]::sys::backtrace::__rust_begin_short_backtrace::<test[aada8e7e76ba119b]::run_test::{closure#1}, ()>
[INFO] [stdout]   17:     0x6552aa6df082 - <std[617be2ca0a6fd877]::thread::lifecycle::spawn_unchecked<test[aada8e7e76ba119b]::run_test::{closure#1}, ()>::{closure#1} as core[a373ad73a504971]::ops::function::FnOnce<()>>::call_once::{shim:vtable#0}
[INFO] [stdout]   18:     0x6552aa82f90f - <std[617be2ca0a6fd877]::sys::thread::unix::Thread>::new::thread_start
[INFO] [stdout]   19:     0x7a0f946a9dfa - <unknown>
[INFO] [stdout]   20:     0x7a0f9473d3d4 - clone
[INFO] [stdout]   21:                0x0 - <unknown>
[INFO] [stdout] 
[INFO] [stdout] ---- test_stow_dot_emacs_d_dir_exists stdout ----
[INFO] [stdout] 
[INFO] [stdout] thread 'test_stow_dot_emacs_d_dir_exists' (766) panicked at tests/common/mod.rs:33:35:
[INFO] [stdout] called `Result::unwrap()` on an `Err` value: Os { code: 30, kind: ReadOnlyFilesystem, message: "Read-only file system" }
[INFO] [stdout] stack backtrace:
[INFO] [stdout]    0:     0x6552aa830441 - <<std[617be2ca0a6fd877]::sys::backtrace::BacktraceLock>::print::DisplayBacktrace as core[a373ad73a504971]::fmt::Display>::fmt
[INFO] [stdout]    1:     0x6552aa846dba - core[a373ad73a504971]::fmt::write
[INFO] [stdout]    2:     0x6552aa834b0c - <alloc[2e1b2a31b91974c5]::vec::Vec<u8> as core[a373ad73a504971]::io::write::Write>::write_fmt
[INFO] [stdout]    3:     0x6552aa80a036 - std[617be2ca0a6fd877]::panicking::default_hook::{closure#0}
[INFO] [stdout]    4:     0x6552aa827349 - std[617be2ca0a6fd877]::panicking::default_hook
[INFO] [stdout]    5:     0x6552aa6db9d0 - test[aada8e7e76ba119b]::test_main_inner::{closure#0}
[INFO] [stdout]    6:     0x6552aa827502 - std[617be2ca0a6fd877]::panicking::panic_with_hook
[INFO] [stdout]    7:     0x6552aa80a0e2 - std[617be2ca0a6fd877]::panicking::panic_handler::{closure#0}
[INFO] [stdout]    8:     0x6552aa8027c9 - std[617be2ca0a6fd877]::sys::backtrace::__rust_end_short_backtrace::<std[617be2ca0a6fd877]::panicking::panic_handler::{closure#0}, !>
[INFO] [stdout]    9:     0x6552aa80af6d - __rustc[ea4f61d10b84890b]::rust_begin_unwind
[INFO] [stdout]   10:     0x6552aa84759c - core[a373ad73a504971]::panicking::panic_fmt
[INFO] [stdout]   11:     0x6552aa847372 - core[a373ad73a504971]::result::unwrap_failed
[INFO] [stdout]   12:     0x6552aa6cd1b4 - integration_tests[6b0f44dac1d927bb]::common::init_test_dirs
[INFO] [stdout]   13:     0x6552aa6c7bdc - <integration_tests[6b0f44dac1d927bb]::test_stow_dot_emacs_d_dir_exists::{closure#0} as core[a373ad73a504971]::ops::function::FnOnce<()>>::call_once
[INFO] [stdout]   14:     0x6552aa6cee1b - test[aada8e7e76ba119b]::__rust_begin_short_backtrace::<core[a373ad73a504971]::result::Result<(), alloc[2e1b2a31b91974c5]::string::String>, fn() -> core[a373ad73a504971]::result::Result<(), alloc[2e1b2a31b91974c5]::string::String>>
[INFO] [stdout]   15:     0x6552aa6dbff5 - test[aada8e7e76ba119b]::run_test::{closure#0}
[INFO] [stdout]   16:     0x6552aa6d58e4 - std[617be2ca0a6fd877]::sys::backtrace::__rust_begin_short_backtrace::<test[aada8e7e76ba119b]::run_test::{closure#1}, ()>
[INFO] [stdout]   17:     0x6552aa6df082 - <std[617be2ca0a6fd877]::thread::lifecycle::spawn_unchecked<test[aada8e7e76ba119b]::run_test::{closure#1}, ()>::{closure#1} as core[a373ad73a504971]::ops::function::FnOnce<()>>::call_once::{shim:vtable#0}
[INFO] [stdout]   18:     0x6552aa82f90f - <std[617be2ca0a6fd877]::sys::thread::unix::Thread>::new::thread_start
[INFO] [stdout]   19:     0x7a0f946a9dfa - <unknown>
[INFO] [stdout]   20:     0x7a0f9473d3d4 - clone
[INFO] [stdout]   21:                0x0 - <unknown>
[INFO] [stdout] 
[INFO] [stdout] ---- test_stow_links_library_files stdout ----
[INFO] [stdout] 
[INFO] [stdout] thread 'test_stow_links_library_files' (770) panicked at tests/common/mod.rs:33:35:
[INFO] [stdout] called `Result::unwrap()` on an `Err` value: Os { code: 30, kind: ReadOnlyFilesystem, message: "Read-only file system" }
[INFO] [stdout] stack backtrace:
[INFO] [stdout]    0:     0x6552aa830441 - <<std[617be2ca0a6fd877]::sys::backtrace::BacktraceLock>::print::DisplayBacktrace as core[a373ad73a504971]::fmt::Display>::fmt
[INFO] [stdout]    1:     0x6552aa846dba - core[a373ad73a504971]::fmt::write
[INFO] [stdout]    2:     0x6552aa834b0c - <alloc[2e1b2a31b91974c5]::vec::Vec<u8> as core[a373ad73a504971]::io::write::Write>::write_fmt
[INFO] [stdout]    3:     0x6552aa80a036 - std[617be2ca0a6fd877]::panicking::default_hook::{closure#0}
[INFO] [stdout]    4:     0x6552aa827349 - std[617be2ca0a6fd877]::panicking::default_hook
[INFO] [stdout]    5:     0x6552aa6db9d0 - test[aada8e7e76ba119b]::test_main_inner::{closure#0}
[INFO] [stdout]    6:     0x6552aa827502 - std[617be2ca0a6fd877]::panicking::panic_with_hook
[INFO] [stdout]    7:     0x6552aa80a0e2 - std[617be2ca0a6fd877]::panicking::panic_handler::{closure#0}
[INFO] [stdout]    8:     0x6552aa8027c9 - std[617be2ca0a6fd877]::sys::backtrace::__rust_end_short_backtrace::<std[617be2ca0a6fd877]::panicking::panic_handler::{closure#0}, !>
[INFO] [stdout]    9:     0x6552aa80af6d - __rustc[ea4f61d10b84890b]::rust_begin_unwind
[INFO] [stdout]   10:     0x6552aa84759c - core[a373ad73a504971]::panicking::panic_fmt
[INFO] [stdout]   11:     0x6552aa847372 - core[a373ad73a504971]::result::unwrap_failed
[INFO] [stdout]   12:     0x6552aa6cd1b4 - integration_tests[6b0f44dac1d927bb]::common::init_test_dirs
[INFO] [stdout]   13:     0x6552aa6c67e9 - <integration_tests[6b0f44dac1d927bb]::test_stow_links_library_files::{closure#0} as core[a373ad73a504971]::ops::function::FnOnce<()>>::call_once
[INFO] [stdout]   14:     0x6552aa6cee1b - test[aada8e7e76ba119b]::__rust_begin_short_backtrace::<core[a373ad73a504971]::result::Result<(), alloc[2e1b2a31b91974c5]::string::String>, fn() -> core[a373ad73a504971]::result::Result<(), alloc[2e1b2a31b91974c5]::string::String>>
[INFO] [stdout]   15:     0x6552aa6dbff5 - test[aada8e7e76ba119b]::run_test::{closure#0}
[INFO] [stdout]   16:     0x6552aa6d58e4 - std[617be2ca0a6fd877]::sys::backtrace::__rust_begin_short_backtrace::<test[aada8e7e76ba119b]::run_test::{closure#1}, ()>
[INFO] [stdout]   17:     0x6552aa6df082 - <std[617be2ca0a6fd877]::thread::lifecycle::spawn_unchecked<test[aada8e7e76ba119b]::run_test::{closure#1}, ()>::{closure#1} as core[a373ad73a504971]::ops::function::FnOnce<()>>::call_once::{shim:vtable#0}
[INFO] [stdout]   18:     0x6552aa82f90f - <std[617be2ca0a6fd877]::sys::thread::unix::Thread>::new::thread_start
[INFO] [stdout]   19:     0x7a0f946a9dfa - <unknown>
[INFO] [stdout]   20:     0x7a0f9473d3d4 - clone
[INFO] [stdout]   21:                0x0 - <unknown>
[INFO] [stdout] 
[INFO] [stdout] ---- test_stow_simple_tree_into_existing_dir stdout ----
[INFO] [stdout] 
[INFO] [stdout] thread 'test_stow_simple_tree_into_existing_dir' (774) panicked at tests/common/mod.rs:33:35:
[INFO] [stdout] called `Result::unwrap()` on an `Err` value: Os { code: 30, kind: ReadOnlyFilesystem, message: "Read-only file system" }
[INFO] [stdout] stack backtrace:
[INFO] [stdout]    0:     0x6552aa830441 - <<std[617be2ca0a6fd877]::sys::backtrace::BacktraceLock>::print::DisplayBacktrace as core[a373ad73a504971]::fmt::Display>::fmt
[INFO] [stdout]    1:     0x6552aa846dba - core[a373ad73a504971]::fmt::write
[INFO] [stdout]    2:     0x6552aa834b0c - <alloc[2e1b2a31b91974c5]::vec::Vec<u8> as core[a373ad73a504971]::io::write::Write>::write_fmt
[INFO] [stdout]    3:     0x6552aa80a036 - std[617be2ca0a6fd877]::panicking::default_hook::{closure#0}
[INFO] [stdout]    4:     0x6552aa827349 - std[617be2ca0a6fd877]::panicking::default_hook
[INFO] [stdout]    5:     0x6552aa6db9d0 - test[aada8e7e76ba119b]::test_main_inner::{closure#0}
[INFO] [stdout]    6:     0x6552aa827502 - std[617be2ca0a6fd877]::panicking::panic_with_hook
[INFO] [stdout]    7:     0x6552aa80a0e2 - std[617be2ca0a6fd877]::panicking::panic_handler::{closure#0}
[INFO] [stdout]    8:     0x6552aa8027c9 - std[617be2ca0a6fd877]::sys::backtrace::__rust_end_short_backtrace::<std[617be2ca0a6fd877]::panicking::panic_handler::{closure#0}, !>
[INFO] [stdout]    9:     0x6552aa80af6d - __rustc[ea4f61d10b84890b]::rust_begin_unwind
[INFO] [stdout]   10:     0x6552aa84759c - core[a373ad73a504971]::panicking::panic_fmt
[INFO] [stdout]   11:     0x6552aa847372 - core[a373ad73a504971]::result::unwrap_failed
[INFO] [stdout]   12:     0x6552aa6cd1b4 - integration_tests[6b0f44dac1d927bb]::common::init_test_dirs
[INFO] [stdout]   13:     0x6552aa6cb019 - <integration_tests[6b0f44dac1d927bb]::test_stow_simple_tree_into_existing_dir::{closure#0} as core[a373ad73a504971]::ops::function::FnOnce<()>>::call_once
[INFO] [stdout]   14:     0x6552aa6cee1b - test[aada8e7e76ba119b]::__rust_begin_short_backtrace::<core[a373ad73a504971]::result::Result<(), alloc[2e1b2a31b91974c5]::string::String>, fn() -> core[a373ad73a504971]::result::Result<(), alloc[2e1b2a31b91974c5]::string::String>>
[INFO] [stdout]   15:     0x6552aa6dbff5 - test[aada8e7e76ba119b]::run_test::{closure#0}
[INFO] [stdout]   16:     0x6552aa6d58e4 - std[617be2ca0a6fd877]::sys::backtrace::__rust_begin_short_backtrace::<test[aada8e7e76ba119b]::run_test::{closure#1}, ()>
[INFO] [stdout]   17:     0x6552aa6df082 - <std[617be2ca0a6fd877]::thread::lifecycle::spawn_unchecked<test[aada8e7e76ba119b]::run_test::{closure#1}, ()>::{closure#1} as core[a373ad73a504971]::ops::function::FnOnce<()>>::call_once::{shim:vtable#0}
[INFO] [stdout]   18:     0x6552aa82f90f - <std[617be2ca0a6fd877]::sys::thread::unix::Thread>::new::thread_start
[INFO] [stdout]   19:     0x7a0f946a9dfa - <unknown>
[INFO] [stdout]   20:     0x7a0f9473d3d4 - clone
[INFO] [stdout]   21:                0x0 - <unknown>
[INFO] [stdout] 
[INFO] [stdout] ---- test_remove_invalid_link_owned_by_stow stdout ----
[INFO] [stdout] 
[INFO] [stdout] thread 'test_remove_invalid_link_owned_by_stow' (764) panicked at tests/common/mod.rs:33:35:
[INFO] [stdout] called `Result::unwrap()` on an `Err` value: Os { code: 30, kind: ReadOnlyFilesystem, message: "Read-only file system" }
[INFO] [stdout] stack backtrace:
[INFO] [stdout]    0:     0x6552aa830441 - <<std[617be2ca0a6fd877]::sys::backtrace::BacktraceLock>::print::DisplayBacktrace as core[a373ad73a504971]::fmt::Display>::fmt
[INFO] [stdout]    1:     0x6552aa846dba - core[a373ad73a504971]::fmt::write
[INFO] [stdout]    2:     0x6552aa834b0c - <alloc[2e1b2a31b91974c5]::vec::Vec<u8> as core[a373ad73a504971]::io::write::Write>::write_fmt
[INFO] [stdout]    3:     0x6552aa80a036 - std[617be2ca0a6fd877]::panicking::default_hook::{closure#0}
[INFO] [stdout]    4:     0x6552aa827349 - std[617be2ca0a6fd877]::panicking::default_hook
[INFO] [stdout]    5:     0x6552aa6db9d0 - test[aada8e7e76ba119b]::test_main_inner::{closure#0}
[INFO] [stdout]    6:     0x6552aa827502 - std[617be2ca0a6fd877]::panicking::panic_with_hook
[INFO] [stdout]    7:     0x6552aa80a0e2 - std[617be2ca0a6fd877]::panicking::panic_handler::{closure#0}
[INFO] [stdout]    8:     0x6552aa8027c9 - std[617be2ca0a6fd877]::sys::backtrace::__rust_end_short_backtrace::<std[617be2ca0a6fd877]::panicking::panic_handler::{closure#0}, !>
[INFO] [stdout]    9:     0x6552aa80af6d - __rustc[ea4f61d10b84890b]::rust_begin_unwind
[INFO] [stdout]   10:     0x6552aa84759c - core[a373ad73a504971]::panicking::panic_fmt
[INFO] [stdout]   11:     0x6552aa847372 - core[a373ad73a504971]::result::unwrap_failed
[INFO] [stdout]   12:     0x6552aa6cd1b4 - integration_tests[6b0f44dac1d927bb]::common::init_test_dirs
[INFO] [stdout]   13:     0x6552aa6cab29 - <integration_tests[6b0f44dac1d927bb]::test_remove_invalid_link_owned_by_stow::{closure#0} as core[a373ad73a504971]::ops::function::FnOnce<()>>::call_once
[INFO] [stdout]   14:     0x6552aa6cee1b - test[aada8e7e76ba119b]::__rust_begin_short_backtrace::<core[a373ad73a504971]::result::Result<(), alloc[2e1b2a31b91974c5]::string::String>, fn() -> core[a373ad73a504971]::result::Result<(), alloc[2e1b2a31b91974c5]::string::String>>
[INFO] [stdout]   15:     0x6552aa6dbff5 - test[aada8e7e76ba119b]::run_test::{closure#0}
[INFO] [stdout]   16:     0x6552aa6d58e4 - std[617be2ca0a6fd877]::sys::backtrace::__rust_begin_short_backtrace::<test[aada8e7e76ba119b]::run_test::{closure#1}, ()>
[INFO] [stdout]   17:     0x6552aa6df082 - <std[617be2ca0a6fd877]::thread::lifecycle::spawn_unchecked<test[aada8e7e76ba119b]::run_test::{closure#1}, ()>::{closure#1} as core[a373ad73a504971]::ops::function::FnOnce<()>>::call_once::{shim:vtable#0}
[INFO] [stdout]   18:     0x6552aa82f90f - <std[617be2ca0a6fd877]::sys::thread::unix::Thread>::new::thread_start
[INFO] [stdout]   19:     0x7a0f946a9dfa - <unknown>
[INFO] [stdout]   20:     0x7a0f9473d3d4 - clone
[INFO] [stdout]   21:                0x0 - <unknown>
[INFO] [stdout] 
[INFO] [stdout] ---- test_link_dest_within_stow_dir_alien stdout ----
[INFO] [stdout] 
[INFO] [stdout] thread 'test_link_dest_within_stow_dir_alien' (758) panicked at tests/common/mod.rs:33:35:
[INFO] [stdout] called `Result::unwrap()` on an `Err` value: Os { code: 30, kind: ReadOnlyFilesystem, message: "Read-only file system" }
[INFO] [stdout] stack backtrace:
[INFO] [stdout]    0:     0x6552aa830441 - <<std[617be2ca0a6fd877]::sys::backtrace::BacktraceLock>::print::DisplayBacktrace as core[a373ad73a504971]::fmt::Display>::fmt
[INFO] [stdout]    1:     0x6552aa846dba - core[a373ad73a504971]::fmt::write
[INFO] [stdout]    2:     0x6552aa834b0c - <alloc[2e1b2a31b91974c5]::vec::Vec<u8> as core[a373ad73a504971]::io::write::Write>::write_fmt
[INFO] [stdout]    3:     0x6552aa80a036 - std[617be2ca0a6fd877]::panicking::default_hook::{closure#0}
[INFO] [stdout]    4:     0x6552aa827349 - std[617be2ca0a6fd877]::panicking::default_hook
[INFO] [stdout]    5:     0x6552aa6db9d0 - test[aada8e7e76ba119b]::test_main_inner::{closure#0}
[INFO] [stdout]    6:     0x6552aa827502 - std[617be2ca0a6fd877]::panicking::panic_with_hook
[INFO] [stdout]    7:     0x6552aa80a0e2 - std[617be2ca0a6fd877]::panicking::panic_handler::{closure#0}
[INFO] [stdout]    8:     0x6552aa8027c9 - std[617be2ca0a6fd877]::sys::backtrace::__rust_end_short_backtrace::<std[617be2ca0a6fd877]::panicking::panic_handler::{closure#0}, !>
[INFO] [stdout]    9:     0x6552aa80af6d - __rustc[ea4f61d10b84890b]::rust_begin_unwind
[INFO] [stdout]   10:     0x6552aa84759c - core[a373ad73a504971]::panicking::panic_fmt
[INFO] [stdout]   11:     0x6552aa847372 - core[a373ad73a504971]::result::unwrap_failed
[INFO] [stdout]   12:     0x6552aa6cd1b4 - integration_tests[6b0f44dac1d927bb]::common::init_test_dirs
[INFO] [stdout]   13:     0x6552aa6c9d9e - <integration_tests[6b0f44dac1d927bb]::test_link_dest_within_stow_dir_alien::{closure#0} as core[a373ad73a504971]::ops::function::FnOnce<()>>::call_once
[INFO] [stdout]   14:     0x6552aa6cee1b - test[aada8e7e76ba119b]::__rust_begin_short_backtrace::<core[a373ad73a504971]::result::Result<(), alloc[2e1b2a31b91974c5]::string::String>, fn() -> core[a373ad73a504971]::result::Result<(), alloc[2e1b2a31b91974c5]::string::String>>
[INFO] [stdout]   15:     0x6552aa6dbff5 - test[aada8e7e76ba119b]::run_test::{closure#0}
[INFO] [stdout]   16:     0x6552aa6d58e4 - std[617be2ca0a6fd877]::sys::backtrace::__rust_begin_short_backtrace::<test[aada8e7e76ba119b]::run_test::{closure#1}, ()>
[INFO] [stdout]   17:     0x6552aa6df082 - <std[617be2ca0a6fd877]::thread::lifecycle::spawn_unchecked<test[aada8e7e76ba119b]::run_test::{closure#1}, ()>::{closure#1} as core[a373ad73a504971]::ops::function::FnOnce<()>>::call_once::{shim:vtable#0}
[INFO] [stdout]   18:     0x6552aa82f90f - <std[617be2ca0a6fd877]::sys::thread::unix::Thread>::new::thread_start
[INFO] [stdout]   19:     0x7a0f946a9dfa - <unknown>
[INFO] [stdout]   20:     0x7a0f9473d3d4 - clone
[INFO] [stdout]   21:                0x0 - <unknown>
[INFO] [stdout] 
[INFO] [stdout] ---- test_package_files_adopt_existing stdout ----
[INFO] [stdout] 
[INFO] [stdout] thread 'test_package_files_adopt_existing' (763) panicked at tests/common/mod.rs:33:35:
[INFO] [stdout] called `Result::unwrap()` on an `Err` value: Os { code: 30, kind: ReadOnlyFilesystem, message: "Read-only file system" }
[INFO] [stdout] stack backtrace:
[INFO] [stdout]    0:     0x6552aa830441 - <<std[617be2ca0a6fd877]::sys::backtrace::BacktraceLock>::print::DisplayBacktrace as core[a373ad73a504971]::fmt::Display>::fmt
[INFO] [stdout]    1:     0x6552aa846dba - core[a373ad73a504971]::fmt::write
[INFO] [stdout]    2:     0x6552aa834b0c - <alloc[2e1b2a31b91974c5]::vec::Vec<u8> as core[a373ad73a504971]::io::write::Write>::write_fmt
[INFO] [stdout]    3:     0x6552aa80a036 - std[617be2ca0a6fd877]::panicking::default_hook::{closure#0}
[INFO] [stdout]    4:     0x6552aa827349 - std[617be2ca0a6fd877]::panicking::default_hook
[INFO] [stdout]    5:     0x6552aa6db9d0 - test[aada8e7e76ba119b]::test_main_inner::{closure#0}
[INFO] [stdout]    6:     0x6552aa827502 - std[617be2ca0a6fd877]::panicking::panic_with_hook
[INFO] [stdout]    7:     0x6552aa80a0e2 - std[617be2ca0a6fd877]::panicking::panic_handler::{closure#0}
[INFO] [stdout]    8:     0x6552aa8027c9 - std[617be2ca0a6fd877]::sys::backtrace::__rust_end_short_backtrace::<std[617be2ca0a6fd877]::panicking::panic_handler::{closure#0}, !>
[INFO] [stdout]    9:     0x6552aa80af6d - __rustc[ea4f61d10b84890b]::rust_begin_unwind
[INFO] [stdout]   10:     0x6552aa84759c - core[a373ad73a504971]::panicking::panic_fmt
[INFO] [stdout]   11:     0x6552aa847372 - core[a373ad73a504971]::result::unwrap_failed
[INFO] [stdout]   12:     0x6552aa6cd1b4 - integration_tests[6b0f44dac1d927bb]::common::init_test_dirs
[INFO] [stdout]   13:     0x6552aa6c8006 - <integration_tests[6b0f44dac1d927bb]::test_package_files_adopt_existing::{closure#0} as core[a373ad73a504971]::ops::function::FnOnce<()>>::call_once
[INFO] [stdout]   14:     0x6552aa6cee1b - test[aada8e7e76ba119b]::__rust_begin_short_backtrace::<core[a373ad73a504971]::result::Result<(), alloc[2e1b2a31b91974c5]::string::String>, fn() -> core[a373ad73a504971]::result::Result<(), alloc[2e1b2a31b91974c5]::string::String>>
[INFO] [stdout]   15:     0x6552aa6dbff5 - test[aada8e7e76ba119b]::run_test::{closure#0}
[INFO] [stdout]   16:     0x6552aa6d58e4 - std[617be2ca0a6fd877]::sys::backtrace::__rust_begin_short_backtrace::<test[aada8e7e76ba119b]::run_test::{closure#1}, ()>
[INFO] [stdout]   17:     0x6552aa6df082 - <std[617be2ca0a6fd877]::thread::lifecycle::spawn_unchecked<test[aada8e7e76ba119b]::run_test::{closure#1}, ()>::{closure#1} as core[a373ad73a504971]::ops::function::FnOnce<()>>::call_once::{shim:vtable#0}
[INFO] [stdout]   18:     0x6552aa82f90f - <std[617be2ca0a6fd877]::sys::thread::unix::Thread>::new::thread_start
[INFO] [stdout]   19:     0x7a0f946a9dfa - <unknown>
[INFO] [stdout]   20:     0x7a0f9473d3d4 - clone
[INFO] [stdout]   21:                0x0 - <unknown>
[INFO] [stdout] 
[INFO] [stdout] ---- test_stow_simple_tree_minimally stdout ----
[INFO] [stdout] 
[INFO] [stdout] thread 'test_stow_simple_tree_minimally' (775) panicked at tests/common/mod.rs:33:35:
[INFO] [stdout] called `Result::unwrap()` on an `Err` value: Os { code: 30, kind: ReadOnlyFilesystem, message: "Read-only file system" }
[INFO] [stdout] stack backtrace:
[INFO] [stdout]    0:     0x6552aa830441 - <<std[617be2ca0a6fd877]::sys::backtrace::BacktraceLock>::print::DisplayBacktrace as core[a373ad73a504971]::fmt::Display>::fmt
[INFO] [stdout]    1:     0x6552aa846dba - core[a373ad73a504971]::fmt::write
[INFO] [stdout]    2:     0x6552aa834b0c - <alloc[2e1b2a31b91974c5]::vec::Vec<u8> as core[a373ad73a504971]::io::write::Write>::write_fmt
[INFO] [stdout]    3:     0x6552aa80a036 - std[617be2ca0a6fd877]::panicking::default_hook::{closure#0}
[INFO] [stdout]    4:     0x6552aa827349 - std[617be2ca0a6fd877]::panicking::default_hook
[INFO] [stdout]    5:     0x6552aa6db9d0 - test[aada8e7e76ba119b]::test_main_inner::{closure#0}
[INFO] [stdout]    6:     0x6552aa827502 - std[617be2ca0a6fd877]::panicking::panic_with_hook
[INFO] [stdout]    7:     0x6552aa80a0e2 - std[617be2ca0a6fd877]::panicking::panic_handler::{closure#0}
[INFO] [stdout]    8:     0x6552aa8027c9 - std[617be2ca0a6fd877]::sys::backtrace::__rust_end_short_backtrace::<std[617be2ca0a6fd877]::panicking::panic_handler::{closure#0}, !>
[INFO] [stdout]    9:     0x6552aa80af6d - __rustc[ea4f61d10b84890b]::rust_begin_unwind
[INFO] [stdout]   10:     0x6552aa84759c - core[a373ad73a504971]::panicking::panic_fmt
[INFO] [stdout]   11:     0x6552aa847372 - core[a373ad73a504971]::result::unwrap_failed
[INFO] [stdout]   12:     0x6552aa6cd1b4 - integration_tests[6b0f44dac1d927bb]::common::init_test_dirs
[INFO] [stdout]   13:     0x6552aa6c7977 - <integration_tests[6b0f44dac1d927bb]::test_stow_simple_tree_minimally::{closure#0} as core[a373ad73a504971]::ops::function::FnOnce<()>>::call_once
[INFO] [stdout]   14:     0x6552aa6cee1b - test[aada8e7e76ba119b]::__rust_begin_short_backtrace::<core[a373ad73a504971]::result::Result<(), alloc[2e1b2a31b91974c5]::string::String>, fn() -> core[a373ad73a504971]::result::Result<(), alloc[2e1b2a31b91974c5]::string::String>>
[INFO] [stdout]   15:     0x6552aa6dbff5 - test[aada8e7e76ba119b]::run_test::{closure#0}
[INFO] [stdout]   16:     0x6552aa6d58e4 - std[617be2ca0a6fd877]::sys::backtrace::__rust_begin_short_backtrace::<test[aada8e7e76ba119b]::run_test::{closure#1}, ()>
[INFO] [stdout]   17:     0x6552aa6df082 - <std[617be2ca0a6fd877]::thread::lifecycle::spawn_unchecked<test[aada8e7e76ba119b]::run_test::{closure#1}, ()>::{closure#1} as core[a373ad73a504971]::ops::function::FnOnce<()>>::call_once::{shim:vtable#0}
[INFO] [stdout]   18:     0x6552aa82f90f - <std[617be2ca0a6fd877]::sys::thread::unix::Thread>::new::thread_start
[INFO] [stdout]   19:     0x7a0f946a9dfa - <unknown>
[INFO] [stdout]   20:     0x7a0f9473d3d4 - clone
[INFO] [stdout]   21:                0x0 - <unknown>
[INFO] [stdout] 
[INFO] [stdout] ---- test_stow_perl_then_emacs stdout ----
[INFO] [stdout] 
[INFO] [stdout] thread 'test_stow_perl_then_emacs' (773) panicked at tests/common/mod.rs:33:35:
[INFO] [stdout] called `Result::unwrap()` on an `Err` value: Os { code: 30, kind: ReadOnlyFilesystem, message: "Read-only file system" }
[INFO] [stdout] stack backtrace:
[INFO] [stdout]    0:     0x6552aa830441 - <<std[617be2ca0a6fd877]::sys::backtrace::BacktraceLock>::print::DisplayBacktrace as core[a373ad73a504971]::fmt::Display>::fmt
[INFO] [stdout]    1:     0x6552aa846dba - core[a373ad73a504971]::fmt::write
[INFO] [stdout]    2:     0x6552aa834b0c - <alloc[2e1b2a31b91974c5]::vec::Vec<u8> as core[a373ad73a504971]::io::write::Write>::write_fmt
[INFO] [stdout]    3:     0x6552aa80a036 - std[617be2ca0a6fd877]::panicking::default_hook::{closure#0}
[INFO] [stdout]    4:     0x6552aa827349 - std[617be2ca0a6fd877]::panicking::default_hook
[INFO] [stdout]    5:     0x6552aa6db9d0 - test[aada8e7e76ba119b]::test_main_inner::{closure#0}
[INFO] [stdout]    6:     0x6552aa827502 - std[617be2ca0a6fd877]::panicking::panic_with_hook
[INFO] [stdout]    7:     0x6552aa80a0e2 - std[617be2ca0a6fd877]::panicking::panic_handler::{closure#0}
[INFO] [stdout]    8:     0x6552aa8027c9 - std[617be2ca0a6fd877]::sys::backtrace::__rust_end_short_backtrace::<std[617be2ca0a6fd877]::panicking::panic_handler::{closure#0}, !>
[INFO] [stdout]    9:     0x6552aa80af6d - __rustc[ea4f61d10b84890b]::rust_begin_unwind
[INFO] [stdout]   10:     0x6552aa84759c - core[a373ad73a504971]::panicking::panic_fmt
[INFO] [stdout]   11:     0x6552aa847372 - core[a373ad73a504971]::result::unwrap_failed
[INFO] [stdout]   12:     0x6552aa6cd1b4 - integration_tests[6b0f44dac1d927bb]::common::init_test_dirs
[INFO] [stdout]   13:     0x6552aa6c3761 - <integration_tests[6b0f44dac1d927bb]::test_stow_perl_then_emacs::{closure#0} as core[a373ad73a504971]::ops::function::FnOnce<()>>::call_once
[INFO] [stdout]   14:     0x6552aa6cee1b - test[aada8e7e76ba119b]::__rust_begin_short_backtrace::<core[a373ad73a504971]::result::Result<(), alloc[2e1b2a31b91974c5]::string::String>, fn() -> core[a373ad73a504971]::result::Result<(), alloc[2e1b2a31b91974c5]::string::String>>
[INFO] [stdout]   15:     0x6552aa6dbff5 - test[aada8e7e76ba119b]::run_test::{closure#0}
[INFO] [stdout]   16:     0x6552aa6d58e4 - std[617be2ca0a6fd877]::sys::backtrace::__rust_begin_short_backtrace::<test[aada8e7e76ba119b]::run_test::{closure#1}, ()>
[INFO] [stdout]   17:     0x6552aa6df082 - <std[617be2ca0a6fd877]::thread::lifecycle::spawn_unchecked<test[aada8e7e76ba119b]::run_test::{closure#1}, ()>::{closure#1} as core[a373ad73a504971]::ops::function::FnOnce<()>>::call_once::{shim:vtable#0}
[INFO] [stdout]   18:     0x6552aa82f90f - <std[617be2ca0a6fd877]::sys::thread::unix::Thread>::new::thread_start
[INFO] [stdout]   19:     0x7a0f946a9dfa - <unknown>
[INFO] [stdout]   20:     0x7a0f9473d3d4 - clone
[INFO] [stdout]   21:                0x0 - <unknown>
[INFO] [stdout] 
[INFO] [stdout] ---- test_package_dir_conflicts_with_existing_non_dir stdout ----
[INFO] [stdout] 
[INFO] [stdout] thread 'test_package_dir_conflicts_with_existing_non_dir' (762) panicked at tests/common/mod.rs:33:35:
[INFO] [stdout] called `Result::unwrap()` on an `Err` value: Os { code: 30, kind: ReadOnlyFilesystem, message: "Read-only file system" }
[INFO] [stdout] stack backtrace:
[INFO] [stdout]    0:     0x6552aa830441 - <<std[617be2ca0a6fd877]::sys::backtrace::BacktraceLock>::print::DisplayBacktrace as core[a373ad73a504971]::fmt::Display>::fmt
[INFO] [stdout]    1:     0x6552aa846dba - core[a373ad73a504971]::fmt::write
[INFO] [stdout]    2:     0x6552aa834b0c - <alloc[2e1b2a31b91974c5]::vec::Vec<u8> as core[a373ad73a504971]::io::write::Write>::write_fmt
[INFO] [stdout]    3:     0x6552aa80a036 - std[617be2ca0a6fd877]::panicking::default_hook::{closure#0}
[INFO] [stdout]    4:     0x6552aa827349 - std[617be2ca0a6fd877]::panicking::default_hook
[INFO] [stdout]    5:     0x6552aa6db9d0 - test[aada8e7e76ba119b]::test_main_inner::{closure#0}
[INFO] [stdout]    6:     0x6552aa827502 - std[617be2ca0a6fd877]::panicking::panic_with_hook
[INFO] [stdout]    7:     0x6552aa80a0e2 - std[617be2ca0a6fd877]::panicking::panic_handler::{closure#0}
[INFO] [stdout]    8:     0x6552aa8027c9 - std[617be2ca0a6fd877]::sys::backtrace::__rust_end_short_backtrace::<std[617be2ca0a6fd877]::panicking::panic_handler::{closure#0}, !>
[INFO] [stdout]    9:     0x6552aa80af6d - __rustc[ea4f61d10b84890b]::rust_begin_unwind
[INFO] [stdout]   10:     0x6552aa84759c - core[a373ad73a504971]::panicking::panic_fmt
[INFO] [stdout]   11:     0x6552aa847372 - core[a373ad73a504971]::result::unwrap_failed
[INFO] [stdout]   12:     0x6552aa6cd1b4 - integration_tests[6b0f44dac1d927bb]::common::init_test_dirs
[INFO] [stdout]   13:     0x6552aa6cb287 - <integration_tests[6b0f44dac1d927bb]::test_package_dir_conflicts_with_existing_non_dir::{closure#0} as core[a373ad73a504971]::ops::function::FnOnce<()>>::call_once
[INFO] [stdout]   14:     0x6552aa6cee1b - test[aada8e7e76ba119b]::__rust_begin_short_backtrace::<core[a373ad73a504971]::result::Result<(), alloc[2e1b2a31b91974c5]::string::String>, fn() -> core[a373ad73a504971]::result::Result<(), alloc[2e1b2a31b91974c5]::string::String>>
[INFO] [stdout]   15:     0x6552aa6dbff5 - test[aada8e7e76ba119b]::run_test::{closure#0}
[INFO] [stdout]   16:     0x6552aa6d58e4 - std[617be2ca0a6fd877]::sys::backtrace::__rust_begin_short_backtrace::<test[aada8e7e76ba119b]::run_test::{closure#1}, ()>
[INFO] [stdout]   17:     0x6552aa6df082 - <std[617be2ca0a6fd877]::thread::lifecycle::spawn_unchecked<test[aada8e7e76ba119b]::run_test::{closure#1}, ()>::{closure#1} as core[a373ad73a504971]::ops::function::FnOnce<()>>::call_once::{shim:vtable#0}
[INFO] [stdout]   18:     0x6552aa82f90f - <std[617be2ca0a6fd877]::sys::thread::unix::Thread>::new::thread_start
[INFO] [stdout]   19:     0x7a0f946a9dfa - <unknown>
[INFO] [stdout]   20:     0x7a0f9473d3d4 - clone
[INFO] [stdout]   21:                0x0 - <unknown>
[INFO] [stdout] 
[INFO] [stdout] ---- test_unstow_never_stowed stdout ----
[INFO] [stdout] 
[INFO] [stdout] thread 'test_unstow_never_stowed' (781) panicked at tests/common/mod.rs:33:35:
[INFO] [stdout] called `Result::unwrap()` on an `Err` value: Os { code: 30, kind: ReadOnlyFilesystem, message: "Read-only file system" }
[INFO] [stdout] stack backtrace:
[INFO] [stdout]    0:     0x6552aa830441 - <<std[617be2ca0a6fd877]::sys::backtrace::BacktraceLock>::print::DisplayBacktrace as core[a373ad73a504971]::fmt::Display>::fmt
[INFO] [stdout]    1:     0x6552aa846dba - core[a373ad73a504971]::fmt::write
[INFO] [stdout]    2:     0x6552aa834b0c - <alloc[2e1b2a31b91974c5]::vec::Vec<u8> as core[a373ad73a504971]::io::write::Write>::write_fmt
[INFO] [stdout]    3:     0x6552aa80a036 - std[617be2ca0a6fd877]::panicking::default_hook::{closure#0}
[INFO] [stdout]    4:     0x6552aa827349 - std[617be2ca0a6fd877]::panicking::default_hook
[INFO] [stdout]    5:     0x6552aa6db9d0 - test[aada8e7e76ba119b]::test_main_inner::{closure#0}
[INFO] [stdout]    6:     0x6552aa827502 - std[617be2ca0a6fd877]::panicking::panic_with_hook
[INFO] [stdout]    7:     0x6552aa80a0e2 - std[617be2ca0a6fd877]::panicking::panic_handler::{closure#0}
[INFO] [stdout]    8:     0x6552aa8027c9 - std[617be2ca0a6fd877]::sys::backtrace::__rust_end_short_backtrace::<std[617be2ca0a6fd877]::panicking::panic_handler::{closure#0}, !>
[INFO] [stdout]    9:     0x6552aa80af6d - __rustc[ea4f61d10b84890b]::rust_begin_unwind
[INFO] [stdout]   10:     0x6552aa84759c - core[a373ad73a504971]::panicking::panic_fmt
[INFO] [stdout]   11:     0x6552aa847372 - core[a373ad73a504971]::result::unwrap_failed
[INFO] [stdout]   12:     0x6552aa6cd1b4 - integration_tests[6b0f44dac1d927bb]::common::init_test_dirs
[INFO] [stdout]   13:     0x6552aa6c31d9 - <integration_tests[6b0f44dac1d927bb]::test_unstow_never_stowed::{closure#0} as core[a373ad73a504971]::ops::function::FnOnce<()>>::call_once
[INFO] [stdout]   14:     0x6552aa6cee1b - test[aada8e7e76ba119b]::__rust_begin_short_backtrace::<core[a373ad73a504971]::result::Result<(), alloc[2e1b2a31b91974c5]::string::String>, fn() -> core[a373ad73a504971]::result::Result<(), alloc[2e1b2a31b91974c5]::string::String>>
[INFO] [stdout]   15:     0x6552aa6dbff5 - test[aada8e7e76ba119b]::run_test::{closure#0}
[INFO] [stdout]   16:     0x6552aa6d58e4 - std[617be2ca0a6fd877]::sys::backtrace::__rust_begin_short_backtrace::<test[aada8e7e76ba119b]::run_test::{closure#1}, ()>
[INFO] [stdout]   17:     0x6552aa6df082 - <std[617be2ca0a6fd877]::thread::lifecycle::spawn_unchecked<test[aada8e7e76ba119b]::run_test::{closure#1}, ()>::{closure#1} as core[a373ad73a504971]::ops::function::FnOnce<()>>::call_once::{shim:vtable#0}
[INFO] [stdout]   18:     0x6552aa82f90f - <std[617be2ca0a6fd877]::sys::thread::unix::Thread>::new::thread_start
[INFO] [stdout]   19:     0x7a0f946a9dfa - <unknown>
[INFO] [stdout]   20:     0x7a0f9473d3d4 - clone
[INFO] [stdout]   21:                0x0 - <unknown>
[INFO] [stdout] 
[INFO] [stdout] ---- test_stow_perl_non_empty_target stdout ----
[INFO] [stdout] 
[INFO] [stdout] thread 'test_stow_perl_non_empty_target' (772) panicked at tests/common/mod.rs:33:35:
[INFO] [stdout] called `Result::unwrap()` on an `Err` value: Os { code: 30, kind: ReadOnlyFilesystem, message: "Read-only file system" }
[INFO] [stdout] stack backtrace:
[INFO] [stdout]    0:     0x6552aa830441 - <<std[617be2ca0a6fd877]::sys::backtrace::BacktraceLock>::print::DisplayBacktrace as core[a373ad73a504971]::fmt::Display>::fmt
[INFO] [stdout]    1:     0x6552aa846dba - core[a373ad73a504971]::fmt::write
[INFO] [stdout]    2:     0x6552aa834b0c - <alloc[2e1b2a31b91974c5]::vec::Vec<u8> as core[a373ad73a504971]::io::write::Write>::write_fmt
[INFO] [stdout]    3:     0x6552aa80a036 - std[617be2ca0a6fd877]::panicking::default_hook::{closure#0}
[INFO] [stdout]    4:     0x6552aa827349 - std[617be2ca0a6fd877]::panicking::default_hook
[INFO] [stdout]    5:     0x6552aa6db9d0 - test[aada8e7e76ba119b]::test_main_inner::{closure#0}
[INFO] [stdout]    6:     0x6552aa827502 - std[617be2ca0a6fd877]::panicking::panic_with_hook
[INFO] [stdout]    7:     0x6552aa80a0e2 - std[617be2ca0a6fd877]::panicking::panic_handler::{closure#0}
[INFO] [stdout]    8:     0x6552aa8027c9 - std[617be2ca0a6fd877]::sys::backtrace::__rust_end_short_backtrace::<std[617be2ca0a6fd877]::panicking::panic_handler::{closure#0}, !>
[INFO] [stdout]    9:     0x6552aa80af6d - __rustc[ea4f61d10b84890b]::rust_begin_unwind
[INFO] [stdout]   10:     0x6552aa84759c - core[a373ad73a504971]::panicking::panic_fmt
[INFO] [stdout]   11:     0x6552aa847372 - core[a373ad73a504971]::result::unwrap_failed
[INFO] [stdout]   12:     0x6552aa6cd1b4 - integration_tests[6b0f44dac1d927bb]::common::init_test_dirs
[INFO] [stdout]   13:     0x6552aa6c7439 - <integration_tests[6b0f44dac1d927bb]::test_stow_perl_non_empty_target::{closure#0} as core[a373ad73a504971]::ops::function::FnOnce<()>>::call_once
[INFO] [stdout]   14:     0x6552aa6cee1b - test[aada8e7e76ba119b]::__rust_begin_short_backtrace::<core[a373ad73a504971]::result::Result<(), alloc[2e1b2a31b91974c5]::string::String>, fn() -> core[a373ad73a504971]::result::Result<(), alloc[2e1b2a31b91974c5]::string::String>>
[INFO] [stdout]   15:     0x6552aa6dbff5 - test[aada8e7e76ba119b]::run_test::{closure#0}
[INFO] [stdout]   16:     0x6552aa6d58e4 - std[617be2ca0a6fd877]::sys::backtrace::__rust_begin_short_backtrace::<test[aada8e7e76ba119b]::run_test::{closure#1}, ()>
[INFO] [stdout]   17:     0x6552aa6df082 - <std[617be2ca0a6fd877]::thread::lifecycle::spawn_unchecked<test[aada8e7e76ba119b]::run_test::{closure#1}, ()>::{closure#1} as core[a373ad73a504971]::ops::function::FnOnce<()>>::call_once::{shim:vtable#0}
[INFO] [stdout]   18:     0x6552aa82f90f - <std[617be2ca0a6fd877]::sys::thread::unix::Thread>::new::thread_start
[INFO] [stdout]   19:     0x7a0f946a9dfa - <unknown>
[INFO] [stdout]   20:     0x7a0f9473d3d4 - clone
[INFO] [stdout]   21:                0x0 - <unknown>
[INFO] [stdout] 
[INFO] [stdout] ---- test_replace_existing_invalid_target stdout ----
[INFO] [stdout] 
[INFO] [stdout] thread 'test_replace_existing_invalid_target' (765) panicked at tests/common/mod.rs:33:35:
[INFO] [stdout] called `Result::unwrap()` on an `Err` value: Os { code: 30, kind: ReadOnlyFilesystem, message: "Read-only file system" }
[INFO] [stdout] stack backtrace:
[INFO] [stdout]    0:     0x6552aa830441 - <<std[617be2ca0a6fd877]::sys::backtrace::BacktraceLock>::print::DisplayBacktrace as core[a373ad73a504971]::fmt::Display>::fmt
[INFO] [stdout]    1:     0x6552aa846dba - core[a373ad73a504971]::fmt::write
[INFO] [stdout]    2:     0x6552aa834b0c - <alloc[2e1b2a31b91974c5]::vec::Vec<u8> as core[a373ad73a504971]::io::write::Write>::write_fmt
[INFO] [stdout]    3:     0x6552aa80a036 - std[617be2ca0a6fd877]::panicking::default_hook::{closure#0}
[INFO] [stdout]    4:     0x6552aa827349 - std[617be2ca0a6fd877]::panicking::default_hook
[INFO] [stdout]    5:     0x6552aa6db9d0 - test[aada8e7e76ba119b]::test_main_inner::{closure#0}
[INFO] [stdout]    6:     0x6552aa827502 - std[617be2ca0a6fd877]::panicking::panic_with_hook
[INFO] [stdout]    7:     0x6552aa80a0e2 - std[617be2ca0a6fd877]::panicking::panic_handler::{closure#0}
[INFO] [stdout]    8:     0x6552aa8027c9 - std[617be2ca0a6fd877]::sys::backtrace::__rust_end_short_backtrace::<std[617be2ca0a6fd877]::panicking::panic_handler::{closure#0}, !>
[INFO] [stdout]    9:     0x6552aa80af6d - __rustc[ea4f61d10b84890b]::rust_begin_unwind
[INFO] [stdout]   10:     0x6552aa84759c - core[a373ad73a504971]::panicking::panic_fmt
[INFO] [stdout]   11:     0x6552aa847372 - core[a373ad73a504971]::result::unwrap_failed
[INFO] [stdout]   12:     0x6552aa6cd1b4 - integration_tests[6b0f44dac1d927bb]::common::init_test_dirs
[INFO] [stdout]   13:     0x6552aa6c9fe7 - <integration_tests[6b0f44dac1d927bb]::test_replace_existing_invalid_target::{closure#0} as core[a373ad73a504971]::ops::function::FnOnce<()>>::call_once
[INFO] [stdout]   14:     0x6552aa6cee1b - test[aada8e7e76ba119b]::__rust_begin_short_backtrace::<core[a373ad73a504971]::result::Result<(), alloc[2e1b2a31b91974c5]::string::String>, fn() -> core[a373ad73a504971]::result::Result<(), alloc[2e1b2a31b91974c5]::string::String>>
[INFO] [stdout]   15:     0x6552aa6dbff5 - test[aada8e7e76ba119b]::run_test::{closure#0}
[INFO] [stdout]   16:     0x6552aa6d58e4 - std[617be2ca0a6fd877]::sys::backtrace::__rust_begin_short_backtrace::<test[aada8e7e76ba119b]::run_test::{closure#1}, ()>
[INFO] [stdout]   17:     0x6552aa6df082 - <std[617be2ca0a6fd877]::thread::lifecycle::spawn_unchecked<test[aada8e7e76ba119b]::run_test::{closure#1}, ()>::{closure#1} as core[a373ad73a504971]::ops::function::FnOnce<()>>::call_once::{shim:vtable#0}
[INFO] [stdout]   18:     0x6552aa82f90f - <std[617be2ca0a6fd877]::sys::thread::unix::Thread>::new::thread_start
[INFO] [stdout]   19:     0x7a0f946a9dfa - <unknown>
[INFO] [stdout]   20:     0x7a0f9473d3d4 - clone
[INFO] [stdout]   21:                0x0 - <unknown>
[INFO] [stdout] 
[INFO] [stdout] ---- test_stow_dot_emacs_dir stdout ----
[INFO] [stdout] 
[INFO] [stdout] thread 'test_stow_dot_emacs_dir' (767) panicked at tests/common/mod.rs:33:35:
[INFO] [stdout] called `Result::unwrap()` on an `Err` value: Os { code: 30, kind: ReadOnlyFilesystem, message: "Read-only file system" }
[INFO] [stdout] stack backtrace:
[INFO] [stdout]    0:     0x6552aa830441 - <<std[617be2ca0a6fd877]::sys::backtrace::BacktraceLock>::print::DisplayBacktrace as core[a373ad73a504971]::fmt::Display>::fmt
[INFO] [stdout]    1:     0x6552aa846dba - core[a373ad73a504971]::fmt::write
[INFO] [stdout]    2:     0x6552aa834b0c - <alloc[2e1b2a31b91974c5]::vec::Vec<u8> as core[a373ad73a504971]::io::write::Write>::write_fmt
[INFO] [stdout]    3:     0x6552aa80a036 - std[617be2ca0a6fd877]::panicking::default_hook::{closure#0}
[INFO] [stdout]    4:     0x6552aa827349 - std[617be2ca0a6fd877]::panicking::default_hook
[INFO] [stdout]    5:     0x6552aa6db9d0 - test[aada8e7e76ba119b]::test_main_inner::{closure#0}
[INFO] [stdout]    6:     0x6552aa827502 - std[617be2ca0a6fd877]::panicking::panic_with_hook
[INFO] [stdout]    7:     0x6552aa80a0e2 - std[617be2ca0a6fd877]::panicking::panic_handler::{closure#0}
[INFO] [stdout]    8:     0x6552aa8027c9 - std[617be2ca0a6fd877]::sys::backtrace::__rust_end_short_backtrace::<std[617be2ca0a6fd877]::panicking::panic_handler::{closure#0}, !>
[INFO] [stdout]    9:     0x6552aa80af6d - __rustc[ea4f61d10b84890b]::rust_begin_unwind
[INFO] [stdout]   10:     0x6552aa84759c - core[a373ad73a504971]::panicking::panic_fmt
[INFO] [stdout]   11:     0x6552aa847372 - core[a373ad73a504971]::result::unwrap_failed
[INFO] [stdout]   12:     0x6552aa6cd1b4 - integration_tests[6b0f44dac1d927bb]::common::init_test_dirs
[INFO] [stdout]   13:     0x6552aa6c2c2c - <integration_tests[6b0f44dac1d927bb]::test_stow_dot_emacs_dir::{closure#0} as core[a373ad73a504971]::ops::function::FnOnce<()>>::call_once
[INFO] [stdout]   14:     0x6552aa6cee1b - test[aada8e7e76ba119b]::__rust_begin_short_backtrace::<core[a373ad73a504971]::result::Result<(), alloc[2e1b2a31b91974c5]::string::String>, fn() -> core[a373ad73a504971]::result::Result<(), alloc[2e1b2a31b91974c5]::string::String>>
[INFO] [stdout]   15:     0x6552aa6dbff5 - test[aada8e7e76ba119b]::run_test::{closure#0}
[INFO] [stdout]   16:     0x6552aa6d58e4 - std[617be2ca0a6fd877]::sys::backtrace::__rust_begin_short_backtrace::<test[aada8e7e76ba119b]::run_test::{closure#1}, ()>
[INFO] [stdout]   17:     0x6552aa6df082 - <std[617be2ca0a6fd877]::thread::lifecycle::spawn_unchecked<test[aada8e7e76ba119b]::run_test::{closure#1}, ()>::{closure#1} as core[a373ad73a504971]::ops::function::FnOnce<()>>::call_once::{shim:vtable#0}
[INFO] [stdout]   18:     0x6552aa82f90f - <std[617be2ca0a6fd877]::sys::thread::unix::Thread>::new::thread_start
[INFO] [stdout]   19:     0x7a0f946a9dfa - <unknown>
[INFO] [stdout]   20:     0x7a0f9473d3d4 - clone
[INFO] [stdout]   21:                0x0 - <unknown>
[INFO] [stdout] 
[INFO] [stdout] ---- test_unstow_from_existing_directory stdout ----
[INFO] [stdout] 
[INFO] [stdout] thread 'test_unstow_from_existing_directory' (780) panicked at tests/common/mod.rs:33:35:
[INFO] [stdout] called `Result::unwrap()` on an `Err` value: Os { code: 30, kind: ReadOnlyFilesystem, message: "Read-only file system" }
[INFO] [stdout] stack backtrace:
[INFO] [stdout]    0:     0x6552aa830441 - <<std[617be2ca0a6fd877]::sys::backtrace::BacktraceLock>::print::DisplayBacktrace as core[a373ad73a504971]::fmt::Display>::fmt
[INFO] [stdout]    1:     0x6552aa846dba - core[a373ad73a504971]::fmt::write
[INFO] [stdout]    2:     0x6552aa834b0c - <alloc[2e1b2a31b91974c5]::vec::Vec<u8> as core[a373ad73a504971]::io::write::Write>::write_fmt
[INFO] [stdout]    3:     0x6552aa80a036 - std[617be2ca0a6fd877]::panicking::default_hook::{closure#0}
[INFO] [stdout]    4:     0x6552aa827349 - std[617be2ca0a6fd877]::panicking::default_hook
[INFO] [stdout]    5:     0x6552aa6db9d0 - test[aada8e7e76ba119b]::test_main_inner::{closure#0}
[INFO] [stdout]    6:     0x6552aa827502 - std[617be2ca0a6fd877]::panicking::panic_with_hook
[INFO] [stdout]    7:     0x6552aa80a0e2 - std[617be2ca0a6fd877]::panicking::panic_handler::{closure#0}
[INFO] [stdout]    8:     0x6552aa8027c9 - std[617be2ca0a6fd877]::sys::backtrace::__rust_end_short_backtrace::<std[617be2ca0a6fd877]::panicking::panic_handler::{closure#0}, !>
[INFO] [stdout]    9:     0x6552aa80af6d - __rustc[ea4f61d10b84890b]::rust_begin_unwind
[INFO] [stdout]   10:     0x6552aa84759c - core[a373ad73a504971]::panicking::panic_fmt
[INFO] [stdout]   11:     0x6552aa847372 - core[a373ad73a504971]::result::unwrap_failed
[INFO] [stdout]   12:     0x6552aa6cd1b4 - integration_tests[6b0f44dac1d927bb]::common::init_test_dirs
[INFO] [stdout]   13:     0x6552aa6c95bb - <integration_tests[6b0f44dac1d927bb]::test_unstow_from_existing_directory::{closure#0} as core[a373ad73a504971]::ops::function::FnOnce<()>>::call_once
[INFO] [stdout]   14:     0x6552aa6cee1b - test[aada8e7e76ba119b]::__rust_begin_short_backtrace::<core[a373ad73a504971]::result::Result<(), alloc[2e1b2a31b91974c5]::string::String>, fn() -> core[a373ad73a504971]::result::Result<(), alloc[2e1b2a31b91974c5]::string::String>>
[INFO] [stdout]   15:     0x6552aa6dbff5 - test[aada8e7e76ba119b]::run_test::{closure#0}
[INFO] [stdout]   16:     0x6552aa6d58e4 - std[617be2ca0a6fd877]::sys::backtrace::__rust_begin_short_backtrace::<test[aada8e7e76ba119b]::run_test::{closure#1}, ()>
[INFO] [stdout]   17:     0x6552aa6df082 - <std[617be2ca0a6fd877]::thread::lifecycle::spawn_unchecked<test[aada8e7e76ba119b]::run_test::{closure#1}, ()>::{closure#1} as core[a373ad73a504971]::ops::function::FnOnce<()>>::call_once::{shim:vtable#0}
[INFO] [stdout]   18:     0x6552aa82f90f - <std[617be2ca0a6fd877]::sys::thread::unix::Thread>::new::thread_start
[INFO] [stdout]   19:     0x7a0f946a9dfa - <unknown>
[INFO] [stdout]   20:     0x7a0f9473d3d4 - clone
[INFO] [stdout]   21:                0x0 - <unknown>
[INFO] [stdout] 
[INFO] [stdout] ---- test_stowing_dirs_named_zero stdout ----
[INFO] [stdout] 
[INFO] [stdout] thread 'test_stowing_dirs_named_zero' (776) panicked at tests/common/mod.rs:33:35:
[INFO] [stdout] called `Result::unwrap()` on an `Err` value: Os { code: 30, kind: ReadOnlyFilesystem, message: "Read-only file system" }
[INFO] [stdout] stack backtrace:
[INFO] [stdout]    0:     0x6552aa830441 - <<std[617be2ca0a6fd877]::sys::backtrace::BacktraceLock>::print::DisplayBacktrace as core[a373ad73a504971]::fmt::Display>::fmt
[INFO] [stdout]    1:     0x6552aa846dba - core[a373ad73a504971]::fmt::write
[INFO] [stdout]    2:     0x6552aa834b0c - <alloc[2e1b2a31b91974c5]::vec::Vec<u8> as core[a373ad73a504971]::io::write::Write>::write_fmt
[INFO] [stdout]    3:     0x6552aa80a036 - std[617be2ca0a6fd877]::panicking::default_hook::{closure#0}
[INFO] [stdout]    4:     0x6552aa827349 - std[617be2ca0a6fd877]::panicking::default_hook
[INFO] [stdout]    5:     0x6552aa6db9d0 - test[aada8e7e76ba119b]::test_main_inner::{closure#0}
[INFO] [stdout]    6:     0x6552aa827502 - std[617be2ca0a6fd877]::panicking::panic_with_hook
[INFO] [stdout]    7:     0x6552aa80a0e2 - std[617be2ca0a6fd877]::panicking::panic_handler::{closure#0}
[INFO] [stdout]    8:     0x6552aa8027c9 - std[617be2ca0a6fd877]::sys::backtrace::__rust_end_short_backtrace::<std[617be2ca0a6fd877]::panicking::panic_handler::{closure#0}, !>
[INFO] [stdout]    9:     0x6552aa80af6d - __rustc[ea4f61d10b84890b]::rust_begin_unwind
[INFO] [stdout]   10:     0x6552aa84759c - core[a373ad73a504971]::panicking::panic_fmt
[INFO] [stdout]   11:     0x6552aa847372 - core[a373ad73a504971]::result::unwrap_failed
[INFO] [stdout]   12:     0x6552aa6cd1b4 - integration_tests[6b0f44dac1d927bb]::common::init_test_dirs
[INFO] [stdout]   13:     0x6552aa6c61bb - <integration_tests[6b0f44dac1d927bb]::test_stowing_dirs_named_zero::{closure#0} as core[a373ad73a504971]::ops::function::FnOnce<()>>::call_once
[INFO] [stdout]   14:     0x6552aa6cee1b - test[aada8e7e76ba119b]::__rust_begin_short_backtrace::<core[a373ad73a504971]::result::Result<(), alloc[2e1b2a31b91974c5]::string::String>, fn() -> core[a373ad73a504971]::result::Result<(), alloc[2e1b2a31b91974c5]::string::String>>
[INFO] [stdout]   15:     0x6552aa6dbff5 - test[aada8e7e76ba119b]::run_test::{closure#0}
[INFO] [stdout]   16:     0x6552aa6d58e4 - std[617be2ca0a6fd877]::sys::backtrace::__rust_begin_short_backtrace::<test[aada8e7e76ba119b]::run_test::{closure#1}, ()>
[INFO] [stdout]   17:     0x6552aa6df082 - <std[617be2ca0a6fd877]::thread::lifecycle::spawn_unchecked<test[aada8e7e76ba119b]::run_test::{closure#1}, ()>::{closure#1} as core[a373ad73a504971]::ops::function::FnOnce<()>>::call_once::{shim:vtable#0}
[INFO] [stdout]   18:     0x6552aa82f90f - <std[617be2ca0a6fd877]::sys::thread::unix::Thread>::new::thread_start
[INFO] [stdout]   19:     0x7a0f946a9dfa - <unknown>
[INFO] [stdout]   20:     0x7a0f9473d3d4 - clone
[INFO] [stdout]   21:                0x0 - <unknown>
[INFO] [stdout] 
[INFO] [stdout] ---- test_stow_perl_empty_target stdout ----
[INFO] [stdout] 
[INFO] [stdout] thread 'test_stow_perl_empty_target' (771) panicked at tests/common/mod.rs:33:35:
[INFO] [stdout] called `Result::unwrap()` on an `Err` value: Os { code: 30, kind: ReadOnlyFilesystem, message: "Read-only file system" }
[INFO] [stdout] stack backtrace:
[INFO] [stdout]    0:     0x6552aa830441 - <<std[617be2ca0a6fd877]::sys::backtrace::BacktraceLock>::print::DisplayBacktrace as core[a373ad73a504971]::fmt::Display>::fmt
[INFO] [stdout]    1:     0x6552aa846dba - core[a373ad73a504971]::fmt::write
[INFO] [stdout]    2:     0x6552aa834b0c - <alloc[2e1b2a31b91974c5]::vec::Vec<u8> as core[a373ad73a504971]::io::write::Write>::write_fmt
[INFO] [stdout]    3:     0x6552aa80a036 - std[617be2ca0a6fd877]::panicking::default_hook::{closure#0}
[INFO] [stdout]    4:     0x6552aa827349 - std[617be2ca0a6fd877]::panicking::default_hook
[INFO] [stdout]    5:     0x6552aa6db9d0 - test[aada8e7e76ba119b]::test_main_inner::{closure#0}
[INFO] [stdout]    6:     0x6552aa827502 - std[617be2ca0a6fd877]::panicking::panic_with_hook
[INFO] [stdout]    7:     0x6552aa80a0e2 - std[617be2ca0a6fd877]::panicking::panic_handler::{closure#0}
[INFO] [stdout]    8:     0x6552aa8027c9 - std[617be2ca0a6fd877]::sys::backtrace::__rust_end_short_backtrace::<std[617be2ca0a6fd877]::panicking::panic_handler::{closure#0}, !>
[INFO] [stdout]    9:     0x6552aa80af6d - __rustc[ea4f61d10b84890b]::rust_begin_unwind
[INFO] [stdout]   10:     0x6552aa84759c - core[a373ad73a504971]::panicking::panic_fmt
[INFO] [stdout]   11:     0x6552aa847372 - core[a373ad73a504971]::result::unwrap_failed
[INFO] [stdout]   12:     0x6552aa6cd1b4 - integration_tests[6b0f44dac1d927bb]::common::init_test_dirs
[INFO] [stdout]   13:     0x6552aa6c4e87 - <integration_tests[6b0f44dac1d927bb]::test_stow_perl_empty_target::{closure#0} as core[a373ad73a504971]::ops::function::FnOnce<()>>::call_once
[INFO] [stdout]   14:     0x6552aa6cee1b - test[aada8e7e76ba119b]::__rust_begin_short_backtrace::<core[a373ad73a504971]::result::Result<(), alloc[2e1b2a31b91974c5]::string::String>, fn() -> core[a373ad73a504971]::result::Result<(), alloc[2e1b2a31b91974c5]::string::String>>
[INFO] [stdout]   15:     0x6552aa6dbff5 - test[aada8e7e76ba119b]::run_test::{closure#0}
[INFO] [stdout]   16:     0x6552aa6d58e4 - std[617be2ca0a6fd877]::sys::backtrace::__rust_begin_short_backtrace::<test[aada8e7e76ba119b]::run_test::{closure#1}, ()>
[INFO] [stdout]   17:     0x6552aa6df082 - <std[617be2ca0a6fd877]::thread::lifecycle::spawn_unchecked<test[aada8e7e76ba119b]::run_test::{closure#1}, ()>::{closure#1} as core[a373ad73a504971]::ops::function::FnOnce<()>>::call_once::{shim:vtable#0}
[INFO] [stdout]   18:     0x6552aa82f90f - <std[617be2ca0a6fd877]::sys::thread::unix::Thread>::new::thread_start
[INFO] [stdout]   19:     0x7a0f946a9dfa - <unknown>
[INFO] [stdout]   20:     0x7a0f9473d3d4 - clone
[INFO] [stdout]   21:                0x0 - <unknown>
[INFO] [stdout] 
[INFO] [stdout] ---- test_unstow_dot_bar_from_dot_files stdout ----
[INFO] [stdout] 
[INFO] [stdout] thread 'test_unstow_dot_bar_from_dot_files' (779) panicked at tests/common/mod.rs:33:35:
[INFO] [stdout] called `Result::unwrap()` on an `Err` value: Os { code: 30, kind: ReadOnlyFilesystem, message: "Read-only file system" }
[INFO] [stdout] stack backtrace:
[INFO] [stdout]    0:     0x6552aa830441 - <<std[617be2ca0a6fd877]::sys::backtrace::BacktraceLock>::print::DisplayBacktrace as core[a373ad73a504971]::fmt::Display>::fmt
[INFO] [stdout]    1:     0x6552aa846dba - core[a373ad73a504971]::fmt::write
[INFO] [stdout]    2:     0x6552aa834b0c - <alloc[2e1b2a31b91974c5]::vec::Vec<u8> as core[a373ad73a504971]::io::write::Write>::write_fmt
[INFO] [stdout]    3:     0x6552aa80a036 - std[617be2ca0a6fd877]::panicking::default_hook::{closure#0}
[INFO] [stdout]    4:     0x6552aa827349 - std[617be2ca0a6fd877]::panicking::default_hook
[INFO] [stdout]    5:     0x6552aa6db9d0 - test[aada8e7e76ba119b]::test_main_inner::{closure#0}
[INFO] [stdout]    6:     0x6552aa827502 - std[617be2ca0a6fd877]::panicking::panic_with_hook
[INFO] [stdout]    7:     0x6552aa80a0e2 - std[617be2ca0a6fd877]::panicking::panic_handler::{closure#0}
[INFO] [stdout]    8:     0x6552aa8027c9 - std[617be2ca0a6fd877]::sys::backtrace::__rust_end_short_backtrace::<std[617be2ca0a6fd877]::panicking::panic_handler::{closure#0}, !>
[INFO] [stdout]    9:     0x6552aa80af6d - __rustc[ea4f61d10b84890b]::rust_begin_unwind
[INFO] [stdout]   10:     0x6552aa84759c - core[a373ad73a504971]::panicking::panic_fmt
[INFO] [stdout]   11:     0x6552aa847372 - core[a373ad73a504971]::result::unwrap_failed
[INFO] [stdout]   12:     0x6552aa6cd1b4 - integration_tests[6b0f44dac1d927bb]::common::init_test_dirs
[INFO] [stdout]   13:     0x6552aa6c915c - <integration_tests[6b0f44dac1d927bb]::test_unstow_dot_bar_from_dot_files::{closure#0} as core[a373ad73a504971]::ops::function::FnOnce<()>>::call_once
[INFO] [stdout]   14:     0x6552aa6cee1b - test[aada8e7e76ba119b]::__rust_begin_short_backtrace::<core[a373ad73a504971]::result::Result<(), alloc[2e1b2a31b91974c5]::string::String>, fn() -> core[a373ad73a504971]::result::Result<(), alloc[2e1b2a31b91974c5]::string::String>>
[INFO] [stdout]   15:     0x6552aa6dbff5 - test[aada8e7e76ba119b]::run_test::{closure#0}
[INFO] [stdout]   16:     0x6552aa6d58e4 - std[617be2ca0a6fd877]::sys::backtrace::__rust_begin_short_backtrace::<test[aada8e7e76ba119b]::run_test::{closure#1}, ()>
[INFO] [stdout]   17:     0x6552aa6df082 - <std[617be2ca0a6fd877]::thread::lifecycle::spawn_unchecked<test[aada8e7e76ba119b]::run_test::{closure#1}, ()>::{closure#1} as core[a373ad73a504971]::ops::function::FnOnce<()>>::call_once::{shim:vtable#0}
[INFO] [stdout]   18:     0x6552aa82f90f - <std[617be2ca0a6fd877]::sys::thread::unix::Thread>::new::thread_start
[INFO] [stdout]   19:     0x7a0f946a9dfa - <unknown>
[INFO] [stdout]   20:     0x7a0f9473d3d4 - clone
[INFO] [stdout]   21:                0x0 - <unknown>
[INFO] [stdout] 
[INFO] [stdout] ---- test_unstow_simple_tree_minimally stdout ----
[INFO] [stdout] 
[INFO] [stdout] thread 'test_unstow_simple_tree_minimally' (782) panicked at tests/common/mod.rs:33:35:
[INFO] [stdout] called `Result::unwrap()` on an `Err` value: Os { code: 30, kind: ReadOnlyFilesystem, message: "Read-only file system" }
[INFO] [stdout] stack backtrace:
[INFO] [stdout]    0:     0x6552aa830441 - <<std[617be2ca0a6fd877]::sys::backtrace::BacktraceLock>::print::DisplayBacktrace as core[a373ad73a504971]::fmt::Display>::fmt
[INFO] [stdout]    1:     0x6552aa846dba - core[a373ad73a504971]::fmt::write
[INFO] [stdout]    2:     0x6552aa834b0c - <alloc[2e1b2a31b91974c5]::vec::Vec<u8> as core[a373ad73a504971]::io::write::Write>::write_fmt
[INFO] [stdout]    3:     0x6552aa80a036 - std[617be2ca0a6fd877]::panicking::default_hook::{closure#0}
[INFO] [stdout]    4:     0x6552aa827349 - std[617be2ca0a6fd877]::panicking::default_hook
[INFO] [stdout]    5:     0x6552aa6db9d0 - test[aada8e7e76ba119b]::test_main_inner::{closure#0}
[INFO] [stdout]    6:     0x6552aa827502 - std[617be2ca0a6fd877]::panicking::panic_with_hook
[INFO] [stdout]    7:     0x6552aa80a0e2 - std[617be2ca0a6fd877]::panicking::panic_handler::{closure#0}
[INFO] [stdout]    8:     0x6552aa8027c9 - std[617be2ca0a6fd877]::sys::backtrace::__rust_end_short_backtrace::<std[617be2ca0a6fd877]::panicking::panic_handler::{closure#0}, !>
[INFO] [stdout]    9:     0x6552aa80af6d - __rustc[ea4f61d10b84890b]::rust_begin_unwind
[INFO] [stdout]   10:     0x6552aa84759c - core[a373ad73a504971]::panicking::panic_fmt
[INFO] [stdout]   11:     0x6552aa847372 - core[a373ad73a504971]::result::unwrap_failed
[INFO] [stdout]   12:     0x6552aa6cd1b4 - integration_tests[6b0f44dac1d927bb]::common::init_test_dirs
[INFO] [stdout]   13:     0x6552aa6c89d7 - <integration_tests[6b0f44dac1d927bb]::test_unstow_simple_tree_minimally::{closure#0} as core[a373ad73a504971]::ops::function::FnOnce<()>>::call_once
[INFO] [stdout]   14:     0x6552aa6cee1b - test[aada8e7e76ba119b]::__rust_begin_short_backtrace::<core[a373ad73a504971]::result::Result<(), alloc[2e1b2a31b91974c5]::string::String>, fn() -> core[a373ad73a504971]::result::Result<(), alloc[2e1b2a31b91974c5]::string::String>>
[INFO] [stdout]   15:     0x6552aa6dbff5 - test[aada8e7e76ba119b]::run_test::{closure#0}
[INFO] [stdout]   16:     0x6552aa6d58e4 - std[617be2ca0a6fd877]::sys::backtrace::__rust_begin_short_backtrace::<test[aada8e7e76ba119b]::run_test::{closure#1}, ()>
[INFO] [stdout]   17:     0x6552aa6df082 - <std[617be2ca0a6fd877]::thread::lifecycle::spawn_unchecked<test[aada8e7e76ba119b]::run_test::{closure#1}, ()>::{closure#1} as core[a373ad73a504971]::ops::function::FnOnce<()>>::call_once::{shim:vtable#0}
[INFO] [stdout]   18:     0x6552aa82f90f - <std[617be2ca0a6fd877]::sys::thread::unix::Thread>::new::thread_start
[INFO] [stdout]   19:     0x7a0f946a9dfa - <unknown>
[INFO] [stdout]   20:     0x7a0f9473d3d4 - clone
[INFO] [stdout]   21:                0x0 - <unknown>
[INFO] [stdout] 
[INFO] [stdout] ---- test_unfold_existing_tree stdout ----
[INFO] [stdout] 
[INFO] [stdout] thread 'test_unfold_existing_tree' (778) panicked at tests/common/mod.rs:33:35:
[INFO] [stdout] called `Result::unwrap()` on an `Err` value: Os { code: 30, kind: ReadOnlyFilesystem, message: "Read-only file system" }
[INFO] [stdout] stack backtrace:
[INFO] [stdout]    0:     0x6552aa830441 - <<std[617be2ca0a6fd877]::sys::backtrace::BacktraceLock>::print::DisplayBacktrace as core[a373ad73a504971]::fmt::Display>::fmt
[INFO] [stdout]    1:     0x6552aa846dba - core[a373ad73a504971]::fmt::write
[INFO] [stdout]    2:     0x6552aa834b0c - <alloc[2e1b2a31b91974c5]::vec::Vec<u8> as core[a373ad73a504971]::io::write::Write>::write_fmt
[INFO] [stdout]    3:     0x6552aa80a036 - std[617be2ca0a6fd877]::panicking::default_hook::{closure#0}
[INFO] [stdout]    4:     0x6552aa827349 - std[617be2ca0a6fd877]::panicking::default_hook
[INFO] [stdout]    5:     0x6552aa6db9d0 - test[aada8e7e76ba119b]::test_main_inner::{closure#0}
[INFO] [stdout]    6:     0x6552aa827502 - std[617be2ca0a6fd877]::panicking::panic_with_hook
[INFO] [stdout]    7:     0x6552aa80a0e2 - std[617be2ca0a6fd877]::panicking::panic_handler::{closure#0}
[INFO] [stdout]    8:     0x6552aa8027c9 - std[617be2ca0a6fd877]::sys::backtrace::__rust_end_short_backtrace::<std[617be2ca0a6fd877]::panicking::panic_handler::{closure#0}, !>
[INFO] [stdout]    9:     0x6552aa80af6d - __rustc[ea4f61d10b84890b]::rust_begin_unwind
[INFO] [stdout]   10:     0x6552aa84759c - core[a373ad73a504971]::panicking::panic_fmt
[INFO] [stdout]   11:     0x6552aa847372 - core[a373ad73a504971]::result::unwrap_failed
[INFO] [stdout]   12:     0x6552aa6cd1b4 - integration_tests[6b0f44dac1d927bb]::common::init_test_dirs
[INFO] [stdout]   13:     0x6552aa6c440b - <integration_tests[6b0f44dac1d927bb]::test_unfold_existing_tree::{closure#0} as core[a373ad73a504971]::ops::function::FnOnce<()>>::call_once
[INFO] [stdout]   14:     0x6552aa6cee1b - test[aada8e7e76ba119b]::__rust_begin_short_backtrace::<core[a373ad73a504971]::result::Result<(), alloc[2e1b2a31b91974c5]::string::String>, fn() -> core[a373ad73a504971]::result::Result<(), alloc[2e1b2a31b91974c5]::string::String>>
[INFO] [stdout]   15:     0x6552aa6dbff5 - test[aada8e7e76ba119b]::run_test::{closure#0}
[INFO] [stdout]   16:     0x6552aa6d58e4 - std[617be2ca0a6fd877]::sys::backtrace::__rust_begin_short_backtrace::<test[aada8e7e76ba119b]::run_test::{closure#1}, ()>
[INFO] [stdout]   17:     0x6552aa6df082 - <std[617be2ca0a6fd877]::thread::lifecycle::spawn_unchecked<test[aada8e7e76ba119b]::run_test::{closure#1}, ()>::{closure#1} as core[a373ad73a504971]::ops::function::FnOnce<()>>::call_once::{shim:vtable#0}
[INFO] [stdout]   18:     0x6552aa82f90f - <std[617be2ca0a6fd877]::sys::thread::unix::Thread>::new::thread_start
[INFO] [stdout]   19:     0x7a0f946a9dfa - <unknown>
[INFO] [stdout]   20:     0x7a0f9473d3d4 - clone
[INFO] [stdout]   21:                0x0 - <unknown>
[INFO] [stdout] 
[INFO] [stdout] ---- test_stow_dot_foo stdout ----
[INFO] [stdout] 
[INFO] [stdout] thread 'test_stow_dot_foo' (768) panicked at tests/common/mod.rs:33:35:
[INFO] [stdout] called `Result::unwrap()` on an `Err` value: Os { code: 30, kind: ReadOnlyFilesystem, message: "Read-only file system" }
[INFO] [stdout] stack backtrace:
[INFO] [stdout]    0:     0x6552aa830441 - <<std[617be2ca0a6fd877]::sys::backtrace::BacktraceLock>::print::DisplayBacktrace as core[a373ad73a504971]::fmt::Display>::fmt
[INFO] [stdout]    1:     0x6552aa846dba - core[a373ad73a504971]::fmt::write
[INFO] [stdout]    2:     0x6552aa834b0c - <alloc[2e1b2a31b91974c5]::vec::Vec<u8> as core[a373ad73a504971]::io::write::Write>::write_fmt
[INFO] [stdout]    3:     0x6552aa80a036 - std[617be2ca0a6fd877]::panicking::default_hook::{closure#0}
[INFO] [stdout]    4:     0x6552aa827349 - std[617be2ca0a6fd877]::panicking::default_hook
[INFO] [stdout]    5:     0x6552aa6db9d0 - test[aada8e7e76ba119b]::test_main_inner::{closure#0}
[INFO] [stdout]    6:     0x6552aa827502 - std[617be2ca0a6fd877]::panicking::panic_with_hook
[INFO] [stdout]    7:     0x6552aa80a0e2 - std[617be2ca0a6fd877]::panicking::panic_handler::{closure#0}
[INFO] [stdout]    8:     0x6552aa8027c9 - std[617be2ca0a6fd877]::sys::backtrace::__rust_end_short_backtrace::<std[617be2ca0a6fd877]::panicking::panic_handler::{closure#0}, !>
[INFO] [stdout]    9:     0x6552aa80af6d - __rustc[ea4f61d10b84890b]::rust_begin_unwind
[INFO] [stdout]   10:     0x6552aa84759c - core[a373ad73a504971]::panicking::panic_fmt
[INFO] [stdout]   11:     0x6552aa847372 - core[a373ad73a504971]::result::unwrap_failed
[INFO] [stdout]   12:     0x6552aa6cd1b4 - integration_tests[6b0f44dac1d927bb]::common::init_test_dirs
[INFO] [stdout]   13:     0x6552aa6c012c - <integration_tests[6b0f44dac1d927bb]::test_stow_dot_foo::{closure#0} as core[a373ad73a504971]::ops::function::FnOnce<()>>::call_once
[INFO] [stdout]   14:     0x6552aa6cee1b - test[aada8e7e76ba119b]::__rust_begin_short_backtrace::<core[a373ad73a504971]::result::Result<(), alloc[2e1b2a31b91974c5]::string::String>, fn() -> core[a373ad73a504971]::result::Result<(), alloc[2e1b2a31b91974c5]::string::String>>
[INFO] [stdout]   15:     0x6552aa6dbff5 - test[aada8e7e76ba119b]::run_test::{closure#0}
[INFO] [stdout]   16:     0x6552aa6d58e4 - std[617be2ca0a6fd877]::sys::backtrace::__rust_begin_short_backtrace::<test[aada8e7e76ba119b]::run_test::{closure#1}, ()>
[INFO] [stdout]   17:     0x6552aa6df082 - <std[617be2ca0a6fd877]::thread::lifecycle::spawn_unchecked<test[aada8e7e76ba119b]::run_test::{closure#1}, ()>::{closure#1} as core[a373ad73a504971]::ops::function::FnOnce<()>>::call_once::{shim:vtable#0}
[INFO] [stdout]   18:     0x6552aa82f90f - <std[617be2ca0a6fd877]::sys::thread::unix::Thread>::new::thread_start
[INFO] [stdout]   19:     0x7a0f946a9dfa - <unknown>
[INFO] [stdout]   20:     0x7a0f9473d3d4 - clone
[INFO] [stdout]   21:                0x0 - <unknown>
[INFO] [stdout] 
[INFO] [stdout] 
[INFO] [stdout] failures:
[INFO] [stdout]     test_can_fold_simple_tree
[INFO] [stdout]     test_cannot_fold_different_dirs
[INFO] [stdout]     test_cannot_fold_dir_with_non_link
[INFO] [stdout]     test_cannot_fold_empty_dir
[INFO] [stdout]     test_cleanup_orphaned_owned
[INFO] [stdout]     test_defer_matches
[INFO] [stdout]     test_defer_multi_match
[INFO] [stdout]     test_defer_no_match
[INFO] [stdout]     test_defer_to_already_stowed
[INFO] [stdout]     test_dont_cleanup_bad_link_not_owned
[INFO] [stdout]     test_dont_cleanup_valid_link_not_owned
[INFO] [stdout]     test_existing_invalid_link_not_owned
[INFO] [stdout]     test_find_stowed_path_alien
[INFO] [stdout]     test_find_stowed_path_relative
[INFO] [stdout]     test_find_stowed_path_second_stow_dir
[INFO] [stdout]     test_fold_tree_after_unstowing
[INFO] [stdout]     test_ignore_builtin
[INFO] [stdout]     test_ignore_global_list
[INFO] [stdout]     test_ignore_link_diff_package
[INFO] [stdout]     test_ignore_temp_files
[INFO] [stdout]     test_ignore_via_stow
[INFO] [stdout]     test_link_dest_within_stow_dir_alien
[INFO] [stdout]     test_link_dest_within_stow_dir_top
[INFO] [stdout]     test_nothing_to_clean
[INFO] [stdout]     test_override_already_stowed
[INFO] [stdout]     test_package_dir_conflicts_with_existing_non_dir
[INFO] [stdout]     test_package_files_adopt_existing
[INFO] [stdout]     test_remove_invalid_link_owned_by_stow
[INFO] [stdout]     test_replace_existing_invalid_target
[INFO] [stdout]     test_stow_dot_emacs_d_dir_exists
[INFO] [stdout]     test_stow_dot_emacs_dir
[INFO] [stdout]     test_stow_dot_foo
[INFO] [stdout]     test_stow_dot_foo_without_dotfiles_flag
[INFO] [stdout]     test_stow_links_library_files
[INFO] [stdout]     test_stow_perl_empty_target
[INFO] [stdout]     test_stow_perl_non_empty_target
[INFO] [stdout]     test_stow_perl_then_emacs
[INFO] [stdout]     test_stow_simple_tree_into_existing_dir
[INFO] [stdout]     test_stow_simple_tree_minimally
[INFO] [stdout]     test_stowing_dirs_named_zero
[INFO] [stdout]     test_unfold_existing_tree
[INFO] [stdout]     test_unstow_dot_bar_from_dot_files
[INFO] [stdout]     test_unstow_from_existing_directory
[INFO] [stdout]     test_unstow_never_stowed
[INFO] [stdout]     test_unstow_simple_tree_minimally
[INFO] [stdout] 
[INFO] [stdout] test result: FAILED. 2 passed; 45 failed; 0 ignored; 0 measured; 0 filtered out; finished in 0.02s
[INFO] [stdout] 
[INFO] running `Command { std: "docker" "inspect" "5663f83a5c45fdd0db8de6b5343bec19c89dd06a241b61553dbcc587484c4f79", kill_on_drop: false }`
[INFO] running `Command { std: "docker" "rm" "-f" "5663f83a5c45fdd0db8de6b5343bec19c89dd06a241b61553dbcc587484c4f79", kill_on_drop: false }`
[INFO] [stdout] 5663f83a5c45fdd0db8de6b5343bec19c89dd06a241b61553dbcc587484c4f79
