[INFO] fetching crate stormsewer 0.10.1...
[INFO] testing stormsewer-0.10.1 against 1.100.0-beta.1+cargoflags=--release for beta-release-1.100-2
[INFO] extracting crate stormsewer 0.10.1 into /workspace/builds/worker-0-tc2/source
[INFO] removed /workspace/builds/worker-0-tc2/source/.cargo/config.toml
[INFO] started tweaking crates.io crate stormsewer 0.10.1
[INFO] removed 0 missing examples
[INFO] removed 0 missing tests
[INFO] finished tweaking crates.io crate stormsewer 0.10.1
[INFO] tweaked toml for crates.io crate stormsewer 0.10.1 written to /workspace/builds/worker-0-tc2/source/Cargo.toml
[INFO] validating manifest of crates.io crate stormsewer 0.10.1 on toolchain 1.100.0-beta.1
[INFO] running `Command { std: CARGO_HOME="/workspace/cargo-home" RUSTUP_HOME="/workspace/rustup-home" "/workspace/cargo-home/bin/cargo" "+1.100.0-beta.1" "metadata" "--manifest-path" "Cargo.toml" "--no-deps", kill_on_drop: false }`
[INFO] crate crates.io crate stormsewer 0.10.1 already has a lockfile, it will not be regenerated
[INFO] running `Command { std: CARGO_HOME="/workspace/cargo-home" RUSTUP_HOME="/workspace/rustup-home" "/workspace/cargo-home/bin/cargo" "+1.100.0-beta.1" "fetch" "--manifest-path" "Cargo.toml", kill_on_drop: false }`
[INFO] running `Command { std: "docker" "create" "-v" "/var/lib/crater-agent-workspace/builds/worker-0-tc2/source:/opt/rustwide/workdir:ro,Z" "-v" "/var/lib/crater-agent-workspace/builds/worker-0-tc2/target:/opt/rustwide/target:rw,Z" "-v" "/var/lib/crater-agent-workspace/cargo-home:/opt/rustwide/cargo-home:ro,Z" "-v" "/var/lib/crater-agent-workspace/rustup-home:/opt/rustwide/rustup-home:ro,Z" "-m" "1610612736" "--network" "none" "ghcr.io/rust-lang/crates-build-env/linux@sha256:77db811e55d90add9212f6832c23229e3de5f1c1f9905e8cb07319ea15df73ac" "sleep" "infinity", kill_on_drop: false }`
[INFO] [stdout] abe0ca072a98d54692ecf128a6460fa958141bfe257f16dc62b4bc6629f9b2e7
[INFO] running `Command { std: "docker" "start" "abe0ca072a98d54692ecf128a6460fa958141bfe257f16dc62b4bc6629f9b2e7", kill_on_drop: false }`
[INFO] running `Command { std: "docker" "inspect" "abe0ca072a98d54692ecf128a6460fa958141bfe257f16dc62b4bc6629f9b2e7", kill_on_drop: false }`
[INFO] running `Command { std: "docker" "exec" "-e" "SOURCE_DIR=/opt/rustwide/workdir" "-e" "CARGO_HOME=/opt/rustwide/cargo-home" "-e" "RUSTUP_HOME=/opt/rustwide/rustup-home" "-e" "CARGO_TARGET_DIR=/opt/rustwide/target" "-w" "/opt/rustwide/workdir" "--user" "0:0" "abe0ca072a98d54692ecf128a6460fa958141bfe257f16dc62b4bc6629f9b2e7" "/opt/rustwide/cargo-home/bin/cargo" "+1.100.0-beta.1" "metadata" "--no-deps" "--format-version=1", kill_on_drop: false }`
[INFO] running `Command { std: "docker" "inspect" "abe0ca072a98d54692ecf128a6460fa958141bfe257f16dc62b4bc6629f9b2e7", kill_on_drop: false }`
[INFO] running `Command { std: "docker" "exec" "-e" "SOURCE_DIR=/opt/rustwide/workdir" "-e" "CARGO_HOME=/opt/rustwide/cargo-home" "-e" "RUSTUP_HOME=/opt/rustwide/rustup-home" "-e" "CARGO_TARGET_DIR=/opt/rustwide/target" "-e" "CARGO_INCREMENTAL=0" "-e" "RUST_BACKTRACE=full" "-e" "RUSTFLAGS=--cap-lints=warn" "-e" "RUSTDOCFLAGS=--cap-lints=warn" "-w" "/opt/rustwide/workdir" "--user" "0:0" "abe0ca072a98d54692ecf128a6460fa958141bfe257f16dc62b4bc6629f9b2e7" "/opt/rustwide/cargo-home/bin/cargo" "+1.100.0-beta.1" "build" "--frozen" "--message-format=json" "--release", kill_on_drop: false }`
[INFO] [stderr]    Compiling memchr v2.8.2
[INFO] [stderr]    Compiling quote v1.0.46
[INFO] [stderr]    Compiling regex-automata v0.4.18
[INFO] [stderr]    Compiling time v0.3.51
[INFO] [stderr]    Compiling linked-hash-map v0.5.6
[INFO] [stderr]    Compiling log v0.4.33
[INFO] [stderr]    Compiling md5 v0.7.0
[INFO] [stderr]    Compiling serde v1.0.228
[INFO] [stderr]    Compiling ttf-parser v0.19.2
[INFO] [stderr]    Compiling syn v2.0.118
[INFO] [stderr]    Compiling quick-xml v0.37.5
[INFO] [stderr]    Compiling serde_json v1.0.150
[INFO] [stderr]    Compiling bstr v1.12.3
[INFO] [stderr]    Compiling owned_ttf_parser v0.19.0
[INFO] [stderr]    Compiling pom v3.4.0
[INFO] [stderr]    Compiling serde_derive v1.0.228
[INFO] [stderr]    Compiling lopdf v0.31.0
[INFO] [stderr]    Compiling printpdf v0.7.0
[INFO] [stderr]    Compiling stormsewer v0.10.1 (/opt/rustwide/workdir)
[INFO] [stderr]     Finished `release` profile [optimized] target(s) in 1m 03s
[INFO] running `Command { std: "docker" "inspect" "abe0ca072a98d54692ecf128a6460fa958141bfe257f16dc62b4bc6629f9b2e7", kill_on_drop: false }`
[INFO] running `Command { std: "docker" "exec" "-e" "SOURCE_DIR=/opt/rustwide/workdir" "-e" "CARGO_HOME=/opt/rustwide/cargo-home" "-e" "RUSTUP_HOME=/opt/rustwide/rustup-home" "-e" "CARGO_TARGET_DIR=/opt/rustwide/target" "-e" "CARGO_INCREMENTAL=0" "-e" "RUST_BACKTRACE=full" "-e" "RUSTFLAGS=--cap-lints=warn" "-e" "RUSTDOCFLAGS=--cap-lints=warn" "-w" "/opt/rustwide/workdir" "--user" "0:0" "abe0ca072a98d54692ecf128a6460fa958141bfe257f16dc62b4bc6629f9b2e7" "/opt/rustwide/cargo-home/bin/cargo" "+1.100.0-beta.1" "test" "--frozen" "--no-run" "--message-format=json" "--release", kill_on_drop: false }`
[INFO] [stderr]    Compiling stormsewer v0.10.1 (/opt/rustwide/workdir)
[INFO] [stderr]     Finished `release` profile [optimized] target(s) in 33.30s
[INFO] running `Command { std: "docker" "inspect" "abe0ca072a98d54692ecf128a6460fa958141bfe257f16dc62b4bc6629f9b2e7", kill_on_drop: false }`
[INFO] running `Command { std: "docker" "exec" "-e" "SOURCE_DIR=/opt/rustwide/workdir" "-e" "CARGO_HOME=/opt/rustwide/cargo-home" "-e" "RUSTUP_HOME=/opt/rustwide/rustup-home" "-e" "CARGO_TARGET_DIR=/opt/rustwide/target" "-e" "CARGO_INCREMENTAL=0" "-e" "RUST_BACKTRACE=full" "-e" "RUSTFLAGS=--cap-lints=warn" "-e" "RUSTDOCFLAGS=--cap-lints=warn" "-w" "/opt/rustwide/workdir" "--user" "0:0" "abe0ca072a98d54692ecf128a6460fa958141bfe257f16dc62b4bc6629f9b2e7" "/opt/rustwide/cargo-home/bin/cargo" "+1.100.0-beta.1" "test" "--frozen" "--release", kill_on_drop: false }`
[INFO] [stderr]     Finished `release` profile [optimized] target(s) in 0.08s
[INFO] [stderr]      Running unittests src/lib.rs (/opt/rustwide/target/release/build/stormsewer/bb740f04bd69ad70/out/stormsewer-bb740f04bd69ad70)
[INFO] [stdout] 
[INFO] [stdout] running 131 tests
[INFO] [stdout] test access_hole::tests::ko_straight_through_is_relative_size_only ... ok
[INFO] [stdout] test access_hole::tests::benching_factor_scales_loss ... ok
[INFO] [stdout] test access_hole::tests::head_loss_scales_with_velocity_head ... ok
[INFO] [stdout] test access_hole::tests::plunging_increases_loss ... ok
[INFO] [stdout] test catchment::tests::centroid_of_square ... ok
[INFO] [stdout] test access_hole::tests::depth_correction_reduces_shallow_loss ... ok
[INFO] [stdout] test access_hole::tests::diameter_correction_only_when_pressurized ... ok
[INFO] [stdout] test access_hole::tests::ko_ninety_degree_bend_uses_angle_term ... ok
[INFO] [stdout] test catchment::tests::point_in_unit_square ... ok
[INFO] [stdout] test catchment::tests::unit_square_area ... ok
[INFO] [stdout] test design::cost::tests::large_pipes_are_costed_not_floored_and_interpolated ... ok
[INFO] [stdout] test design::criteria::tests::catalog_is_ascending_in_feet ... ok
[INFO] [stdout] test design::inlets::tests::bypass_to_unknown_target_leaves_system ... ok
[INFO] [stdout] test design::inlets::tests::combination_is_grate_not_sum ... ok
[INFO] [stdout] test design::cost::tests::cost_scales_with_length ... ok
[INFO] [stdout] test design::inlets::tests::bypass_cycle_is_broken_not_infinite ... ok
[INFO] [stdout] test design::inlets::tests::bypass_carryover_reaches_target_inlet ... ok
[INFO] [stdout] test design::inlets::tests::gutter_spread_matches_izzard ... ok
[INFO] [stdout] test design::inlets::tests::kind_from_str ... ok
[INFO] [stdout] test design::inlets::tests::curb_efficiency_full_when_long_enough ... ok
[INFO] [stdout] test design::inlets::tests::grate_efficiency_is_a_bounded_fraction ... ok
[INFO] [stdout] test design::review::tests::flags_adverse_slope ... ok
[INFO] [stdout] test design::inlets::tests::splash_over_reduces_frontal_capture ... ok
[INFO] [stdout] test design::inlets::tests::off_system_bypass_carries_nothing ... ok
[INFO] [stdout] test design::inlets::tests::on_grade_check_flags_excess_spread ... ok
[INFO] [stdout] test design::inlets::tests::sag_grate_weir_then_orifice ... ok
[INFO] [stdout] test design::review::tests::cover_uses_section_rise_not_equivalent_diameter ... ok
[INFO] [stdout] test design::review::tests::flags_low_hgl_freeboard ... ok
[INFO] [stdout] test design::review::tests::flags_insufficient_cover ... ok
[INFO] [stdout] test design::review::tests::well_formed_network_has_no_errors ... ok
[INFO] [stdout] test diagnostics::tests::demo_project_has_no_errors ... ok
[INFO] [stdout] test design::review::tests::flags_pipe_size_decrease_downstream ... ok
[INFO] [stdout] test drawing::tests::branched_accumulation_is_exact_at_the_junction ... ok
[INFO] [stdout] test drawing::tests::main_stem_follows_larger_ca_arm_leaving_other_arm_unprofiled ... ok
[INFO] [stdout] test drawing::tests::main_stem_is_full_trunk_upstream_first ... ok
[INFO] [stdout] test drawing::tests::profile_has_ground_invert_and_hgl ... ok
[INFO] [stdout] test design::sizing::tests::adequately_sized_pipe_is_adequate ... ok
[INFO] [stdout] test drawing::tests::stems_chain_contiguous_selection_upstream_first ... ok
[INFO] [stdout] test drawing::tests::stems_ignore_unknown_ids ... ok
[INFO] [stdout] test drawing::tests::profile_run_draws_selected_branch ... ok
[INFO] [stdout] test drawing::tests::stems_split_disconnected_selection ... ok
[INFO] [stdout] test hydraulics::tests::arch_full_area_is_walls_plus_semicircle ... ok
[INFO] [stdout] test hydraulics::tests::arch_is_continuous_at_springline ... ok
[INFO] [stdout] test hydraulics::tests::arch_with_no_walls_is_a_half_circle ... ok
[INFO] [stdout] test design::sizing::tests::undersized_pipe_gets_larger_recommendation ... ok
[INFO] [stdout] test hydraulics::tests::elliptical_reduces_to_circular_when_axes_equal ... ok
[INFO] [stdout] test hydraulics::tests::critical_depth_in_range ... ok
[INFO] [stdout] test hydraulics::tests::elliptical_full_area_is_pi_ab ... ok
[INFO] [stdout] test hydraulics::tests::full_area_matches_geometry ... ok
[INFO] [stdout] test hydraulics::tests::half_depth_is_half_area ... ok
[INFO] [stdout] test drawing::tests::plan_has_one_line_per_pipe_and_marker_per_node ... ok
[INFO] [stdout] test hydraulics::tests::rectangular_partial_flow_hand_calc ... ok
[INFO] [stdout] test hydraulics::tests::manning_capacity_known_value ... ok
[INFO] [stdout] test hydraulics::tests::normal_depth_round_trip ... ok
[INFO] [stdout] test hydraulics::tests::rectangular_critical_depth_closed_form ... ok
[INFO] [stdout] test design::sizing::tests::low_velocity_flat_sewer_still_sizes ... ok
[INFO] [stdout] test hydraulics::tests::section_normal_depth_round_trip_arch ... ok
[INFO] [stdout] test hydrology::idf_set::tests::design_curve_defaults_to_10yr ... ok
[INFO] [stdout] test hydraulics::tests::section_normal_depth_round_trip_rectangular ... ok
[INFO] [stdout] test hydraulics::tests::surcharge_returns_none ... ok
[INFO] [stdout] test hydrology::noaa::tests::fitted_curve_reproduces_intensities ... ok
[INFO] [stdout] test hydrology::noaa::tests::intensity_increases_with_return_period ... ok
[INFO] [stdout] test hydrology::idf_set::tests::multiple_return_periods ... ok
[INFO] [stdout] test hydrology::noaa::tests::duration_label_parsing ... ok
[INFO] [stdout] test hydrology::noaa::tests::parses_durations_and_return_periods ... ok
[INFO] [stdout] test hydrology::noaa::tests::rejects_non_noaa_text ... ok
[INFO] [stdout] test hydrology::tc::tests::degenerate_inputs_return_zero_not_nan ... ok
[INFO] [stdout] test hydrology::tc::tests::faa_matches_published_formula ... ok
[INFO] [stdout] test hydrology::tc::tests::kirpich_increases_with_length ... ok
[INFO] [stdout] test hydrology::tc::tests::kirpich_matches_published_formula ... ok
[INFO] [stdout] test hydrology::tc::tests::tr55_known_value ... ok
[INFO] [stdout] test hydrology::tr55::tests::worksheet_sums_segments ... ok
[INFO] [stdout] test hydrology::tr55::tests::channel_segment_uses_manning_velocity ... ok
[INFO] [stdout] test hydrology::noaa::tests::fit_recovers_known_curve ... ok
[INFO] [stdout] test idf::tests::intensity_decreases_with_duration ... ok
[INFO] [stdout] test idf::tests::intensity_known_value ... ok
[INFO] [stdout] test io::dxf::tests::export_import_round_trip_catchments ... ok
[INFO] [stdout] test io::dxf::tests::underlay_imports_sample_background_when_present ... ok
[INFO] [stdout] test io::landxml::tests::builds_engine_network ... ok
[INFO] [stdout] test io::landxml::tests::parses_sample_network ... ok
[INFO] [stdout] test io::pdf_doc::tests::wraps_words_and_cuts_long_ones ... ok
[INFO] [stdout] test hydraulics::tests::max_capacity_exceeds_full ... ok
[INFO] [stdout] test io::project::tests::empty_project_has_outfall_only ... ok
[INFO] [stdout] test io::project::tests::import_noaa_atlas14_populates_idf_curves ... ok
[INFO] [stdout] test io::project::tests::import_noaa_too_small_duration_cap_errs_not_panics ... ok
[INFO] [stdout] test io::pdf_doc::tests::writes_a_multi_page_document ... FAILED
[INFO] [stdout] test design::sizing::tests::sample_network_has_catalog_solutions ... ok
[INFO] [stdout] test io::project::tests::demo_round_trips_to_network ... ok
[INFO] [stdout] test io::project::tests::legacy_files_get_the_default_structure_diameter ... ok
[INFO] [stdout] test io::project::tests::import_noaa_seeds_nearest_return_period ... ok
[INFO] [stdout] test io::project::tests::rename_pipe_and_catchment_validate_too ... ok
[INFO] [stdout] test io::project::tests::to_analysis_network_merges_catchments_into_inlets ... ok
[INFO] [stdout] test io::project::tests::validate_catches_topology_errors ... ok
[INFO] [stdout] test io::dxf::tests::export_import_round_trip ... ok
[INFO] [stdout] test design::sizing::tests::apply_sizing_updates_diameters ... ok
[INFO] [stdout] test io::dxf::tests::export_preserves_invert_values ... ok
[INFO] [stdout] test io::project::tests::rename_node_rejects_duplicates_empty_and_unknown ... ok
[INFO] [stdout] test io::report_template::tests::csv_has_header_and_rows ... ok
[INFO] [stdout] test io::stm::tests::parses_quoted_string_field_value ... ok
[INFO] [stdout] test io::project::tests::rename_node_updates_every_reference ... ok
[INFO] [stdout] test io::stm::tests::parses_minimal_stm_block ... ok
[INFO] [stdout] test network::tests::ca_accumulates_downstream ... ok
[INFO] [stdout] test io::stm::tests::parses_autodesk_sample_when_present ... ok
[INFO] [stdout] test io::project::tests::json_round_trip_preserves_report_and_hec22_fields ... ok
[INFO] [stdout] test io::project::tests::p2_rainfall_defaults_on_legacy_json ... ok
[INFO] [stdout] test io::stm::tests::parses_inlet_length_field ... ok
[INFO] [stdout] test network::tests::flat_inverts_assume_min_slope_for_manning ... ok
[INFO] [stdout] test network::tests::hgl_rises_upstream ... ok
[INFO] [stdout] test network::tests::frequency_factor_scales_and_caps_c ... ok
[INFO] [stdout] test network::tests::rational_design_flows ... ok
[INFO] [stdout] test network::tests::tc_accumulates_downstream ... ok
[INFO] [stdout] test network::tests::slope_from_inverts ... ok
[INFO] [stdout] test network::tests::unknown_node_is_rejected ... ok
[INFO] [stdout] test parse::tests::analyzes_after_parse ... ok
[INFO] [stdout] test parse::tests::minslope_keyword_sets_option ... ok
[INFO] [stdout] test network::tests::cycle_is_rejected ... ok
[INFO] [stdout] test parse::tests::reports_bad_line ... ok
[INFO] [stdout] test network::tests::regime_classifies_steep_and_flat_reaches ... ok
[INFO] [stdout] test units::tests::converting_to_same_system_is_a_no_op ... ok
[INFO] [stdout] test report_html::tests::html_report_is_self_contained_with_tables ... ok
[INFO] [stdout] test params::tests::summary_includes_design_rp ... ok
[INFO] [stdout] test units::tests::si_us_round_trip_preserves_lengths_and_areas ... ok
[INFO] [stdout] test units::tests::unit_system_conversion_methods ... ok
[INFO] [stdout] test units::tests::us_to_si_applies_correct_factors ... ok
[INFO] [stdout] test network::tests::small_pipe_surcharges_under_heavy_flow ... ok
[INFO] [stdout] test network::tests::analyze_all_return_periods ... ok
[INFO] [stdout] test parse::tests::parses_nodes_pipes_and_params ... ok
[INFO] [stdout] test io::stm::tests::stm_rp_index_maps_to_years ... ok
[INFO] [stdout] test units::tests::nearest_metric_diameter_snaps_to_catalog ... ok
[INFO] [stdout] test network::tests::adverse_slope_is_capacity_unavailable_not_surcharged ... ok
[INFO] [stdout] test units::tests::round_trip_preserves_node_count ... ok
[INFO] [stdout] 
[INFO] [stdout] failures:
[INFO] [stdout] 
[INFO] [stdout] ---- io::pdf_doc::tests::writes_a_multi_page_document stdout ----
[INFO] [stdout] 
[INFO] [stdout] thread 'io::pdf_doc::tests::writes_a_multi_page_document' (1137) panicked at src/io/pdf_doc.rs:432:9:
[INFO] [stdout] assertion failed: text.matches("/Type /Page\n").count() >= 2 ||
[INFO] [stdout]         text.matches("/Type /Page ").count() >= 2 || bytes.len() > 20_000
[INFO] [stdout] stack backtrace:
[INFO] [stdout]    0:     0x56491c3fd871 - <<std[617be2ca0a6fd877]::sys::backtrace::BacktraceLock>::print::DisplayBacktrace as core[a373ad73a504971]::fmt::Display>::fmt
[INFO] [stdout]    1:     0x56491c41503a - core[a373ad73a504971]::fmt::write
[INFO] [stdout]    2:     0x56491c401aac - <alloc[2e1b2a31b91974c5]::vec::Vec<u8> as core[a373ad73a504971]::io::write::Write>::write_fmt
[INFO] [stdout]    3:     0x56491c3d86e6 - std[617be2ca0a6fd877]::panicking::default_hook::{closure#0}
[INFO] [stdout]    4:     0x56491c3f55d9 - std[617be2ca0a6fd877]::panicking::default_hook
[INFO] [stdout]    5:     0x56491c337880 - test[aada8e7e76ba119b]::test_main_inner::{closure#0}
[INFO] [stdout]    6:     0x56491c3f5792 - std[617be2ca0a6fd877]::panicking::panic_with_hook
[INFO] [stdout]    7:     0x56491c3d87c4 - std[617be2ca0a6fd877]::panicking::panic_handler::{closure#0}
[INFO] [stdout]    8:     0x56491c3d11f9 - std[617be2ca0a6fd877]::sys::backtrace::__rust_end_short_backtrace::<std[617be2ca0a6fd877]::panicking::panic_handler::{closure#0}, !>
[INFO] [stdout]    9:     0x56491c3d939d - __rustc[ea4f61d10b84890b]::rust_begin_unwind
[INFO] [stdout]   10:     0x56491c41579c - core[a373ad73a504971]::panicking::panic_fmt
[INFO] [stdout]   11:     0x56491c415762 - core[a373ad73a504971]::panicking::panic
[INFO] [stdout]   12:     0x56491c3055d7 - <stormsewer[6dc3f6c24903bcaa]::io::pdf_doc::tests::writes_a_multi_page_document::{closure#0} as core[a373ad73a504971]::ops::function::FnOnce<()>>::call_once
[INFO] [stdout]   13:     0x56491c32accb - test[aada8e7e76ba119b]::__rust_begin_short_backtrace::<core[a373ad73a504971]::result::Result<(), alloc[2e1b2a31b91974c5]::string::String>, fn() -> core[a373ad73a504971]::result::Result<(), alloc[2e1b2a31b91974c5]::string::String>>
[INFO] [stdout]   14:     0x56491c337ea5 - test[aada8e7e76ba119b]::run_test::{closure#0}
[INFO] [stdout]   15:     0x56491c331794 - std[617be2ca0a6fd877]::sys::backtrace::__rust_begin_short_backtrace::<test[aada8e7e76ba119b]::run_test::{closure#1}, ()>
[INFO] [stdout]   16:     0x56491c33af32 - <std[617be2ca0a6fd877]::thread::lifecycle::spawn_unchecked<test[aada8e7e76ba119b]::run_test::{closure#1}, ()>::{closure#1} as core[a373ad73a504971]::ops::function::FnOnce<()>>::call_once::{shim:vtable#0}
[INFO] [stdout]   17:     0x56491c3fc87f - <std[617be2ca0a6fd877]::sys::thread::unix::Thread>::new::thread_start
[INFO] [stdout]   18:     0x7272245c4dfa - <unknown>
[INFO] [stdout]   19:     0x7272246583d4 - clone
[INFO] [stdout]   20:                0x0 - <unknown>
[INFO] [stdout] 
[INFO] [stdout] 
[INFO] [stdout] failures:
[INFO] [stdout]     io::pdf_doc::tests::writes_a_multi_page_document
[INFO] [stdout] 
[INFO] [stdout] test result: FAILED. 130 passed; 1 failed; 0 ignored; 0 measured; 0 filtered out; finished in 0.05s
[INFO] [stdout] 
[INFO] [stderr] error: test failed, to rerun pass `--lib`
[INFO] running `Command { std: "docker" "inspect" "abe0ca072a98d54692ecf128a6460fa958141bfe257f16dc62b4bc6629f9b2e7", kill_on_drop: false }`
[INFO] running `Command { std: "docker" "rm" "-f" "abe0ca072a98d54692ecf128a6460fa958141bfe257f16dc62b4bc6629f9b2e7", kill_on_drop: false }`
[INFO] [stdout] abe0ca072a98d54692ecf128a6460fa958141bfe257f16dc62b4bc6629f9b2e7
