[INFO] fetching crate stocks_api 0.1.6...
[INFO] testing stocks_api-0.1.6 against 1.99.0-beta.8+cargoflags=--release for beta-release-1.100-2
[INFO] extracting crate stocks_api 0.1.6 into /workspace/builds/worker-5-tc1/source
[INFO] started tweaking crates.io crate stocks_api 0.1.6
[INFO] finished tweaking crates.io crate stocks_api 0.1.6
[INFO] tweaked toml for crates.io crate stocks_api 0.1.6 written to /workspace/builds/worker-5-tc1/source/Cargo.toml
[INFO] validating manifest of crates.io crate stocks_api 0.1.6 on toolchain 1.99.0-beta.8
[INFO] running `Command { std: CARGO_HOME="/workspace/cargo-home" RUSTUP_HOME="/workspace/rustup-home" "/workspace/cargo-home/bin/cargo" "+1.99.0-beta.8" "metadata" "--manifest-path" "Cargo.toml" "--no-deps", kill_on_drop: false }`
[INFO] crate crates.io crate stocks_api 0.1.6 already has a lockfile, it will not be regenerated
[INFO] running `Command { std: CARGO_HOME="/workspace/cargo-home" RUSTUP_HOME="/workspace/rustup-home" "/workspace/cargo-home/bin/cargo" "+1.99.0-beta.8" "fetch" "--manifest-path" "Cargo.toml", kill_on_drop: false }`
[INFO] running `Command { std: "docker" "create" "-v" "/var/lib/crater-agent-workspace/builds/worker-5-tc1/source:/opt/rustwide/workdir:ro,Z" "-v" "/var/lib/crater-agent-workspace/builds/worker-5-tc1/target:/opt/rustwide/target:rw,Z" "-v" "/var/lib/crater-agent-workspace/cargo-home:/opt/rustwide/cargo-home:ro,Z" "-v" "/var/lib/crater-agent-workspace/rustup-home:/opt/rustwide/rustup-home:ro,Z" "-m" "1610612736" "--network" "none" "ghcr.io/rust-lang/crates-build-env/linux@sha256:77db811e55d90add9212f6832c23229e3de5f1c1f9905e8cb07319ea15df73ac" "sleep" "infinity", kill_on_drop: false }`
[INFO] [stdout] 70bcdee2cb343f74c65de8d83cee0827124e8b06cc4aef759fc0684ca65d7aeb
[INFO] running `Command { std: "docker" "start" "70bcdee2cb343f74c65de8d83cee0827124e8b06cc4aef759fc0684ca65d7aeb", kill_on_drop: false }`
[INFO] running `Command { std: "docker" "inspect" "70bcdee2cb343f74c65de8d83cee0827124e8b06cc4aef759fc0684ca65d7aeb", kill_on_drop: false }`
[INFO] running `Command { std: "docker" "exec" "-e" "SOURCE_DIR=/opt/rustwide/workdir" "-e" "CARGO_HOME=/opt/rustwide/cargo-home" "-e" "RUSTUP_HOME=/opt/rustwide/rustup-home" "-e" "CARGO_TARGET_DIR=/opt/rustwide/target" "-w" "/opt/rustwide/workdir" "--user" "0:0" "70bcdee2cb343f74c65de8d83cee0827124e8b06cc4aef759fc0684ca65d7aeb" "/opt/rustwide/cargo-home/bin/cargo" "+1.99.0-beta.8" "metadata" "--no-deps" "--format-version=1", kill_on_drop: false }`
[INFO] running `Command { std: "docker" "inspect" "70bcdee2cb343f74c65de8d83cee0827124e8b06cc4aef759fc0684ca65d7aeb", kill_on_drop: false }`
[INFO] running `Command { std: "docker" "exec" "-e" "SOURCE_DIR=/opt/rustwide/workdir" "-e" "CARGO_HOME=/opt/rustwide/cargo-home" "-e" "RUSTUP_HOME=/opt/rustwide/rustup-home" "-e" "CARGO_TARGET_DIR=/opt/rustwide/target" "-e" "CARGO_INCREMENTAL=0" "-e" "RUST_BACKTRACE=full" "-e" "RUSTFLAGS=--cap-lints=warn" "-e" "RUSTDOCFLAGS=--cap-lints=warn" "-w" "/opt/rustwide/workdir" "--user" "0:0" "70bcdee2cb343f74c65de8d83cee0827124e8b06cc4aef759fc0684ca65d7aeb" "/opt/rustwide/cargo-home/bin/cargo" "+1.99.0-beta.8" "build" "--frozen" "--message-format=json" "--release", kill_on_drop: false }`
[INFO] [stderr]    Compiling proc-macro2 v1.0.56
[INFO] [stderr]    Compiling quote v1.0.26
[INFO] [stderr]    Compiling libc v0.2.141
[INFO] [stderr]    Compiling unicode-ident v1.0.8
[INFO] [stderr]    Compiling log v0.4.17
[INFO] [stderr]    Compiling lock_api v0.4.9
[INFO] [stderr]    Compiling cc v1.0.79
[INFO] [stderr]    Compiling parking_lot_core v0.9.7
[INFO] [stderr]    Compiling once_cell v1.17.1
[INFO] [stderr]    Compiling pkg-config v0.3.26
[INFO] [stderr]    Compiling smallvec v1.10.0
[INFO] [stderr]    Compiling futures-core v0.3.28
[INFO] [stderr]    Compiling bytes v1.4.0
[INFO] [stderr]    Compiling tokio v1.27.0
[INFO] [stderr]    Compiling itoa v1.0.6
[INFO] [stderr]    Compiling futures-task v0.3.28
[INFO] [stderr]    Compiling indexmap v1.9.3
[INFO] [stderr]    Compiling slab v0.4.8
[INFO] [stderr]    Compiling tracing-core v0.1.30
[INFO] [stderr]    Compiling futures-util v0.3.28
[INFO] [stderr]    Compiling serde_derive v1.0.160
[INFO] [stderr]    Compiling openssl v0.10.50
[INFO] [stderr]    Compiling futures-channel v0.3.28
[INFO] [stderr]    Compiling futures-sink v0.3.28
[INFO] [stderr]    Compiling serde v1.0.160
[INFO] [stderr]    Compiling hashbrown v0.12.3
[INFO] [stderr]    Compiling percent-encoding v2.2.0
[INFO] [stderr]    Compiling try-lock v0.2.4
[INFO] [stderr]    Compiling form_urlencoded v1.1.0
[INFO] [stderr]    Compiling unicode-normalization v0.1.22
[INFO] [stderr]    Compiling serde_json v1.0.96
[INFO] [stderr]    Compiling want v0.3.0
[INFO] [stderr]    Compiling ryu v1.0.13
[INFO] [stderr]    Compiling unicode-bidi v0.3.13
[INFO] [stderr]    Compiling encoding_rs v0.8.32
[INFO] [stderr]    Compiling tracing v0.1.37
[INFO] [stderr]    Compiling base64 v0.21.0
[INFO] [stderr]    Compiling ipnet v2.7.2
[INFO] [stderr]    Compiling syn v2.0.15
[INFO] [stderr]    Compiling http v0.2.9
[INFO] [stderr]    Compiling openssl-sys v0.9.85
[INFO] [stderr]    Compiling idna v0.3.0
[INFO] [stderr]    Compiling socket2 v0.4.9
[INFO] [stderr]    Compiling mio v0.8.6
[INFO] [stderr]    Compiling num_cpus v1.15.0
[INFO] [stderr]    Compiling signal-hook-registry v1.4.1
[INFO] [stderr]    Compiling native-tls v0.2.11
[INFO] [stderr]    Compiling parking_lot v0.12.1
[INFO] [stderr]    Compiling url v2.3.1
[INFO] [stderr]    Compiling http-body v0.4.5
[INFO] [stderr]    Compiling tokio-macros v2.0.0
[INFO] [stderr]    Compiling openssl-macros v0.1.1
[INFO] [stderr]    Compiling tokio-util v0.7.7
[INFO] [stderr]    Compiling tokio-native-tls v0.3.1
[INFO] [stderr]    Compiling serde_urlencoded v0.7.1
[INFO] [stderr]    Compiling h2 v0.3.18
[INFO] [stderr]    Compiling hyper v0.14.26
[INFO] [stderr]    Compiling hyper-tls v0.5.0
[INFO] [stderr]    Compiling reqwest v0.11.16
[INFO] [stderr]    Compiling stocks_api v0.1.6 (/opt/rustwide/workdir)
[INFO] [stdout] warning: field `error` is never read
[INFO] [stdout]   --> src/yahoo_finance_api.rs:19:5
[INFO] [stdout]    |
[INFO] [stdout] 17 | struct YChart {
[INFO] [stdout]    |        ------ field in this struct
[INFO] [stdout] 18 |     result: Vec<YChartResult>,
[INFO] [stdout] 19 |     error: Option<String>,
[INFO] [stdout]    |     ^^^^^
[INFO] [stdout]    |
[INFO] [stdout]    = note: `YChart` has a derived impl for the trait `Debug`, but this is intentionally ignored during dead code analysis
[INFO] [stdout]    = note: `#[warn(dead_code)]` (part of `#[warn(unused)]`) on by default
[INFO] [stdout] 
[INFO] [stdout] 
[INFO] [stderr]     Finished `release` profile [optimized] target(s) in 55.74s
[INFO] [stderr] warning: the following packages contain code that will be rejected by a future version of Rust: openssl v0.10.50
[INFO] [stderr] note: to see what the problems were, use the option `--future-incompat-report`, or run `cargo report future-incompatibilities --id 7`
[INFO] running `Command { std: "docker" "inspect" "70bcdee2cb343f74c65de8d83cee0827124e8b06cc4aef759fc0684ca65d7aeb", kill_on_drop: false }`
[INFO] running `Command { std: "docker" "exec" "-e" "SOURCE_DIR=/opt/rustwide/workdir" "-e" "CARGO_HOME=/opt/rustwide/cargo-home" "-e" "RUSTUP_HOME=/opt/rustwide/rustup-home" "-e" "CARGO_TARGET_DIR=/opt/rustwide/target" "-e" "CARGO_INCREMENTAL=0" "-e" "RUST_BACKTRACE=full" "-e" "RUSTFLAGS=--cap-lints=warn" "-e" "RUSTDOCFLAGS=--cap-lints=warn" "-w" "/opt/rustwide/workdir" "--user" "0:0" "70bcdee2cb343f74c65de8d83cee0827124e8b06cc4aef759fc0684ca65d7aeb" "/opt/rustwide/cargo-home/bin/cargo" "+1.99.0-beta.8" "test" "--frozen" "--no-run" "--message-format=json" "--release", kill_on_drop: false }`
[INFO] [stderr]    Compiling stocks_api v0.1.6 (/opt/rustwide/workdir)
[INFO] [stdout] warning: field `error` is never read
[INFO] [stdout]   --> src/yahoo_finance_api.rs:19:5
[INFO] [stdout]    |
[INFO] [stdout] 17 | struct YChart {
[INFO] [stdout]    |        ------ field in this struct
[INFO] [stdout] 18 |     result: Vec<YChartResult>,
[INFO] [stdout] 19 |     error: Option<String>,
[INFO] [stdout]    |     ^^^^^
[INFO] [stdout]    |
[INFO] [stdout]    = note: `YChart` has a derived impl for the trait `Debug`, but this is intentionally ignored during dead code analysis
[INFO] [stdout]    = note: `#[warn(dead_code)]` (part of `#[warn(unused)]`) on by default
[INFO] [stdout] 
[INFO] [stdout] 
[INFO] [stdout] warning: field `error` is never read
[INFO] [stdout]   --> src/yahoo_finance_api.rs:19:5
[INFO] [stdout]    |
[INFO] [stdout] 17 | struct YChart {
[INFO] [stdout]    |        ------ field in this struct
[INFO] [stdout] 18 |     result: Vec<YChartResult>,
[INFO] [stdout] 19 |     error: Option<String>,
[INFO] [stdout]    |     ^^^^^
[INFO] [stdout]    |
[INFO] [stdout]    = note: `YChart` has a derived impl for the trait `Debug`, but this is intentionally ignored during dead code analysis
[INFO] [stdout]    = note: `#[warn(dead_code)]` (part of `#[warn(unused)]`) on by default
[INFO] [stdout] 
[INFO] [stdout] 
[INFO] [stderr]     Finished `release` profile [optimized] target(s) in 6.04s
[INFO] [stderr] warning: the following packages contain code that will be rejected by a future version of Rust: openssl v0.10.50
[INFO] [stderr] note: to see what the problems were, use the option `--future-incompat-report`, or run `cargo report future-incompatibilities --id 7`
[INFO] running `Command { std: "docker" "inspect" "70bcdee2cb343f74c65de8d83cee0827124e8b06cc4aef759fc0684ca65d7aeb", kill_on_drop: false }`
[INFO] running `Command { std: "docker" "exec" "-e" "SOURCE_DIR=/opt/rustwide/workdir" "-e" "CARGO_HOME=/opt/rustwide/cargo-home" "-e" "RUSTUP_HOME=/opt/rustwide/rustup-home" "-e" "CARGO_TARGET_DIR=/opt/rustwide/target" "-e" "CARGO_INCREMENTAL=0" "-e" "RUST_BACKTRACE=full" "-e" "RUSTFLAGS=--cap-lints=warn" "-e" "RUSTDOCFLAGS=--cap-lints=warn" "-w" "/opt/rustwide/workdir" "--user" "0:0" "70bcdee2cb343f74c65de8d83cee0827124e8b06cc4aef759fc0684ca65d7aeb" "/opt/rustwide/cargo-home/bin/cargo" "+1.99.0-beta.8" "test" "--frozen" "--release", kill_on_drop: false }`
[INFO] [stderr] warning: field `error` is never read
[INFO] [stderr]   --> src/yahoo_finance_api.rs:19:5
[INFO] [stderr]    |
[INFO] [stderr] 17 | struct YChart {
[INFO] [stderr]    |        ------ field in this struct
[INFO] [stderr] 18 |     result: Vec<YChartResult>,
[INFO] [stderr] 19 |     error: Option<String>,
[INFO] [stderr]    |     ^^^^^
[INFO] [stderr]    |
[INFO] [stderr]    = note: `YChart` has a derived impl for the trait `Debug`, but this is intentionally ignored during dead code analysis
[INFO] [stderr]    = note: `#[warn(dead_code)]` (part of `#[warn(unused)]`) on by default
[INFO] [stderr] 
[INFO] [stderr] warning: `stocks_api` (lib) generated 1 warning
[INFO] [stderr] warning: `stocks_api` (lib test) generated 1 warning (1 duplicate)
[INFO] [stderr]     Finished `release` profile [optimized] target(s) in 0.12s
[INFO] [stderr] warning: the following packages contain code that will be rejected by a future version of Rust: openssl v0.10.50
[INFO] [stderr] note: to see what the problems were, use the option `--future-incompat-report`, or run `cargo report future-incompatibilities --id 7`
[INFO] [stderr]      Running unittests src/lib.rs (/opt/rustwide/target/release/deps/stocks_api-bc4e9cdf4ce934c9)
[INFO] [stdout] 
[INFO] [stdout] running 4 tests
[INFO] [stdout] test yahoo_finance_api::tests::test_get_quotes ... FAILED
[INFO] [stdout] test yahoo_finance_api::tests::test_get_history ... FAILED
[INFO] [stdout] test yahoo_finance_api::tests::test_get_quote ... FAILED
[INFO] [stdout] test yahoo_finance_api::tests::test_search_symbols ... FAILED
[INFO] [stdout] 
[INFO] [stdout] failures:
[INFO] [stdout] 
[INFO] [stdout] ---- yahoo_finance_api::tests::test_get_quotes stdout ----
[INFO] [stdout] 
[INFO] [stdout] thread 'yahoo_finance_api::tests::test_get_quotes' (1643) panicked at src/yahoo_finance_api.rs:211:72:
[INFO] [stdout] called `Result::unwrap()` on an `Err` value: reqwest::Error { kind: Request, url: Url { scheme: "https", cannot_be_a_base: false, username: "", password: None, host: Some(Domain("query1.finance.yahoo.com")), port: None, path: "/v7/finance/quote", query: Some("symbols=AAPL,MSFT"), fragment: None }, source: hyper::Error(Connect, ConnectError("dns error", Custom { kind: Uncategorized, error: "failed to lookup address information: Temporary failure in name resolution" })) }
[INFO] [stdout] stack backtrace:
[INFO] [stdout]    0:     0x5b06e4024e71 - <<std[70759c8f55707aa4]::sys::backtrace::BacktraceLock>::print::DisplayBacktrace as core[df12db4294e9bfd3]::fmt::Display>::fmt
[INFO] [stdout]    1:     0x5b06e403adea - core[df12db4294e9bfd3]::fmt::write
[INFO] [stdout]    2:     0x5b06e40299ac - <alloc[2182bb758b4b3781]::vec::Vec<u8> as core[df12db4294e9bfd3]::io::write::Write>::write_fmt
[INFO] [stdout]    3:     0x5b06e4000086 - std[70759c8f55707aa4]::panicking::default_hook::{closure#0}
[INFO] [stdout]    4:     0x5b06e401cda9 - std[70759c8f55707aa4]::panicking::default_hook
[INFO] [stdout]    5:     0x5b06e3e77820 - test[9d35eded1c95d3be]::test_main_inner::<test[9d35eded1c95d3be]::test_main_static::{closure#0}>::{closure#0}
[INFO] [stdout]    6:     0x5b06e401d0d2 - std[70759c8f55707aa4]::panicking::panic_with_hook
[INFO] [stdout]    7:     0x5b06e4000132 - std[70759c8f55707aa4]::panicking::panic_handler::{closure#0}
[INFO] [stdout]    8:     0x5b06e3ff8b99 - std[70759c8f55707aa4]::sys::backtrace::__rust_end_short_backtrace::<std[70759c8f55707aa4]::panicking::panic_handler::{closure#0}, !>
[INFO] [stdout]    9:     0x5b06e4000fbd - __rustc[8fa7c3cbc660c2b3]::rust_begin_unwind
[INFO] [stdout]   10:     0x5b06e403b54c - core[df12db4294e9bfd3]::panicking::panic_fmt
[INFO] [stdout]   11:     0x5b06e403b322 - core[df12db4294e9bfd3]::result::unwrap_failed
[INFO] [stdout]   12:     0x5b06e3e59700 - <stocks_api[6531fc3c32ea6a11]::yahoo_finance_api::tests::test_get_quotes::{closure#0} as core[df12db4294e9bfd3]::ops::function::FnOnce<()>>::call_once
[INFO] [stdout]   13:     0x5b06e3e6ab0b - test[9d35eded1c95d3be]::__rust_begin_short_backtrace::<core[df12db4294e9bfd3]::result::Result<(), alloc[2182bb758b4b3781]::string::String>, fn() -> core[df12db4294e9bfd3]::result::Result<(), alloc[2182bb758b4b3781]::string::String>>
[INFO] [stdout]   14:     0x5b06e3e78175 - test[9d35eded1c95d3be]::run_test::{closure#0}
[INFO] [stdout]   15:     0x5b06e3e71a34 - std[70759c8f55707aa4]::sys::backtrace::__rust_begin_short_backtrace::<test[9d35eded1c95d3be]::run_test::{closure#1}, ()>
[INFO] [stdout]   16:     0x5b06e3e7b2d2 - <std[70759c8f55707aa4]::thread::lifecycle::spawn_unchecked<test[9d35eded1c95d3be]::run_test::{closure#1}, ()>::{closure#1} as core[df12db4294e9bfd3]::ops::function::FnOnce<()>>::call_once::{shim:vtable#0}
[INFO] [stdout]   17:     0x5b06e4024399 - <std[70759c8f55707aa4]::sys::thread::unix::Thread>::new::thread_start
[INFO] [stdout]   18:     0x70c1eb0a1dfa - <unknown>
[INFO] [stdout]   19:     0x70c1eb1353d4 - clone
[INFO] [stdout]   20:                0x0 - <unknown>
[INFO] [stdout] 
[INFO] [stdout] ---- yahoo_finance_api::tests::test_get_history stdout ----
[INFO] [stdout] 
[INFO] [stdout] thread 'yahoo_finance_api::tests::test_get_history' (1641) panicked at src/yahoo_finance_api.rs:195:63:
[INFO] [stdout] called `Result::unwrap()` on an `Err` value: reqwest::Error { kind: Request, url: Url { scheme: "https", cannot_be_a_base: false, username: "", password: None, host: Some(Domain("query1.finance.yahoo.com")), port: None, path: "/v8/finance/chart/AAPL", query: Some("interval=5m"), fragment: None }, source: hyper::Error(Connect, ConnectError("dns error", Custom { kind: Uncategorized, error: "failed to lookup address information: Temporary failure in name resolution" })) }
[INFO] [stdout] stack backtrace:
[INFO] [stdout]    0:     0x5b06e4024e71 - <<std[70759c8f55707aa4]::sys::backtrace::BacktraceLock>::print::DisplayBacktrace as core[df12db4294e9bfd3]::fmt::Display>::fmt
[INFO] [stdout]    1:     0x5b06e403adea - core[df12db4294e9bfd3]::fmt::write
[INFO] [stdout]    2:     0x5b06e40299ac - <alloc[2182bb758b4b3781]::vec::Vec<u8> as core[df12db4294e9bfd3]::io::write::Write>::write_fmt
[INFO] [stdout]    3:     0x5b06e4000086 - std[70759c8f55707aa4]::panicking::default_hook::{closure#0}
[INFO] [stdout]    4:     0x5b06e401cda9 - std[70759c8f55707aa4]::panicking::default_hook
[INFO] [stdout]    5:     0x5b06e3e77820 - test[9d35eded1c95d3be]::test_main_inner::<test[9d35eded1c95d3be]::test_main_static::{closure#0}>::{closure#0}
[INFO] [stdout]    6:     0x5b06e401d0d2 - std[70759c8f55707aa4]::panicking::panic_with_hook
[INFO] [stdout]    7:     0x5b06e4000132 - std[70759c8f55707aa4]::panicking::panic_handler::{closure#0}
[INFO] [stdout]    8:     0x5b06e3ff8b99 - std[70759c8f55707aa4]::sys::backtrace::__rust_end_short_backtrace::<std[70759c8f55707aa4]::panicking::panic_handler::{closure#0}, !>
[INFO] [stdout]    9:     0x5b06e4000fbd - __rustc[8fa7c3cbc660c2b3]::rust_begin_unwind
[INFO] [stdout]   10:     0x5b06e403b54c - core[df12db4294e9bfd3]::panicking::panic_fmt
[INFO] [stdout]   11:     0x5b06e403b322 - core[df12db4294e9bfd3]::result::unwrap_failed
[INFO] [stdout]   12:     0x5b06e3e5999a - <stocks_api[6531fc3c32ea6a11]::yahoo_finance_api::tests::test_get_history::{closure#0} as core[df12db4294e9bfd3]::ops::function::FnOnce<()>>::call_once
[INFO] [stdout]   13:     0x5b06e3e6ab0b - test[9d35eded1c95d3be]::__rust_begin_short_backtrace::<core[df12db4294e9bfd3]::result::Result<(), alloc[2182bb758b4b3781]::string::String>, fn() -> core[df12db4294e9bfd3]::result::Result<(), alloc[2182bb758b4b3781]::string::String>>
[INFO] [stdout]   14:     0x5b06e3e78175 - test[9d35eded1c95d3be]::run_test::{closure#0}
[INFO] [stdout]   15:     0x5b06e3e71a34 - std[70759c8f55707aa4]::sys::backtrace::__rust_begin_short_backtrace::<test[9d35eded1c95d3be]::run_test::{closure#1}, ()>
[INFO] [stdout]   16:     0x5b06e3e7b2d2 - <std[70759c8f55707aa4]::thread::lifecycle::spawn_unchecked<test[9d35eded1c95d3be]::run_test::{closure#1}, ()>::{closure#1} as core[df12db4294e9bfd3]::ops::function::FnOnce<()>>::call_once::{shim:vtable#0}
[INFO] [stdout]   17:     0x5b06e4024399 - <std[70759c8f55707aa4]::sys::thread::unix::Thread>::new::thread_start
[INFO] [stdout]   18:     0x70c1eb0a1dfa - <unknown>
[INFO] [stdout]   19:     0x70c1eb1353d4 - clone
[INFO] [stdout]   20:                0x0 - <unknown>
[INFO] [stdout] 
[INFO] [stdout] ---- yahoo_finance_api::tests::test_get_quote stdout ----
[INFO] [stdout] 
[INFO] [stdout] thread 'yahoo_finance_api::tests::test_get_quote' (1642) panicked at src/yahoo_finance_api.rs:203:56:
[INFO] [stdout] called `Result::unwrap()` on an `Err` value: reqwest::Error { kind: Request, url: Url { scheme: "https", cannot_be_a_base: false, username: "", password: None, host: Some(Domain("query1.finance.yahoo.com")), port: None, path: "/v7/finance/quote", query: Some("symbols=AAPL"), fragment: None }, source: hyper::Error(Connect, ConnectError("dns error", Custom { kind: Uncategorized, error: "failed to lookup address information: Temporary failure in name resolution" })) }
[INFO] [stdout] stack backtrace:
[INFO] [stdout]    0:     0x5b06e4024e71 - <<std[70759c8f55707aa4]::sys::backtrace::BacktraceLock>::print::DisplayBacktrace as core[df12db4294e9bfd3]::fmt::Display>::fmt
[INFO] [stdout]    1:     0x5b06e403adea - core[df12db4294e9bfd3]::fmt::write
[INFO] [stdout]    2:     0x5b06e40299ac - <alloc[2182bb758b4b3781]::vec::Vec<u8> as core[df12db4294e9bfd3]::io::write::Write>::write_fmt
[INFO] [stdout]    3:     0x5b06e4000086 - std[70759c8f55707aa4]::panicking::default_hook::{closure#0}
[INFO] [stdout]    4:     0x5b06e401cda9 - std[70759c8f55707aa4]::panicking::default_hook
[INFO] [stdout]    5:     0x5b06e3e77820 - test[9d35eded1c95d3be]::test_main_inner::<test[9d35eded1c95d3be]::test_main_static::{closure#0}>::{closure#0}
[INFO] [stdout]    6:     0x5b06e401d0d2 - std[70759c8f55707aa4]::panicking::panic_with_hook
[INFO] [stdout]    7:     0x5b06e4000132 - std[70759c8f55707aa4]::panicking::panic_handler::{closure#0}
[INFO] [stdout]    8:     0x5b06e3ff8b99 - std[70759c8f55707aa4]::sys::backtrace::__rust_end_short_backtrace::<std[70759c8f55707aa4]::panicking::panic_handler::{closure#0}, !>
[INFO] [stdout]    9:     0x5b06e4000fbd - __rustc[8fa7c3cbc660c2b3]::rust_begin_unwind
[INFO] [stdout]   10:     0x5b06e403b54c - core[df12db4294e9bfd3]::panicking::panic_fmt
[INFO] [stdout]   11:     0x5b06e403b322 - core[df12db4294e9bfd3]::result::unwrap_failed
[INFO] [stdout]   12:     0x5b06e3e5946a - <stocks_api[6531fc3c32ea6a11]::yahoo_finance_api::tests::test_get_quote::{closure#0} as core[df12db4294e9bfd3]::ops::function::FnOnce<()>>::call_once
[INFO] [stdout]   13:     0x5b06e3e6ab0b - test[9d35eded1c95d3be]::__rust_begin_short_backtrace::<core[df12db4294e9bfd3]::result::Result<(), alloc[2182bb758b4b3781]::string::String>, fn() -> core[df12db4294e9bfd3]::result::Result<(), alloc[2182bb758b4b3781]::string::String>>
[INFO] [stdout]   14:     0x5b06e3e78175 - test[9d35eded1c95d3be]::run_test::{closure#0}
[INFO] [stdout]   15:     0x5b06e3e71a34 - std[70759c8f55707aa4]::sys::backtrace::__rust_begin_short_backtrace::<test[9d35eded1c95d3be]::run_test::{closure#1}, ()>
[INFO] [stdout]   16:     0x5b06e3e7b2d2 - <std[70759c8f55707aa4]::thread::lifecycle::spawn_unchecked<test[9d35eded1c95d3be]::run_test::{closure#1}, ()>::{closure#1} as core[df12db4294e9bfd3]::ops::function::FnOnce<()>>::call_once::{shim:vtable#0}
[INFO] [stdout]   17:     0x5b06e4024399 - <std[70759c8f55707aa4]::sys::thread::unix::Thread>::new::thread_start
[INFO] [stdout]   18:     0x70c1eb0a1dfa - <unknown>
[INFO] [stdout]   19:     0x70c1eb1353d4 - clone
[INFO] [stdout]   20:                0x0 - <unknown>
[INFO] [stdout] 
[INFO] [stdout] ---- yahoo_finance_api::tests::test_search_symbols stdout ----
[INFO] [stdout] 
[INFO] [stdout] thread 'yahoo_finance_api::tests::test_search_symbols' (1644) panicked at src/yahoo_finance_api.rs:219:68:
[INFO] [stdout] called `Result::unwrap()` on an `Err` value: reqwest::Error { kind: Request, url: Url { scheme: "https", cannot_be_a_base: false, username: "", password: None, host: Some(Domain("query1.finance.yahoo.com")), port: None, path: "/v1/finance/search", query: Some("q=Microsoft&quotesCount=10&newsCount=0"), fragment: None }, source: hyper::Error(Connect, ConnectError("dns error", Custom { kind: Uncategorized, error: "failed to lookup address information: Temporary failure in name resolution" })) }
[INFO] [stdout] stack backtrace:
[INFO] [stdout]    0:     0x5b06e4024e71 - <<std[70759c8f55707aa4]::sys::backtrace::BacktraceLock>::print::DisplayBacktrace as core[df12db4294e9bfd3]::fmt::Display>::fmt
[INFO] [stdout]    1:     0x5b06e403adea - core[df12db4294e9bfd3]::fmt::write
[INFO] [stdout]    2:     0x5b06e40299ac - <alloc[2182bb758b4b3781]::vec::Vec<u8> as core[df12db4294e9bfd3]::io::write::Write>::write_fmt
[INFO] [stdout]    3:     0x5b06e4000086 - std[70759c8f55707aa4]::panicking::default_hook::{closure#0}
[INFO] [stdout]    4:     0x5b06e401cda9 - std[70759c8f55707aa4]::panicking::default_hook
[INFO] [stdout]    5:     0x5b06e3e77820 - test[9d35eded1c95d3be]::test_main_inner::<test[9d35eded1c95d3be]::test_main_static::{closure#0}>::{closure#0}
[INFO] [stdout]    6:     0x5b06e401d0d2 - std[70759c8f55707aa4]::panicking::panic_with_hook
[INFO] [stdout]    7:     0x5b06e4000132 - std[70759c8f55707aa4]::panicking::panic_handler::{closure#0}
[INFO] [stdout]    8:     0x5b06e3ff8b99 - std[70759c8f55707aa4]::sys::backtrace::__rust_end_short_backtrace::<std[70759c8f55707aa4]::panicking::panic_handler::{closure#0}, !>
[INFO] [stdout]    9:     0x5b06e4000fbd - __rustc[8fa7c3cbc660c2b3]::rust_begin_unwind
[INFO] [stdout]   10:     0x5b06e403b54c - core[df12db4294e9bfd3]::panicking::panic_fmt
[INFO] [stdout]   11:     0x5b06e403b322 - core[df12db4294e9bfd3]::result::unwrap_failed
[INFO] [stdout]   12:     0x5b06e3e59bfd - <stocks_api[6531fc3c32ea6a11]::yahoo_finance_api::tests::test_search_symbols::{closure#0} as core[df12db4294e9bfd3]::ops::function::FnOnce<()>>::call_once
[INFO] [stdout]   13:     0x5b06e3e6ab0b - test[9d35eded1c95d3be]::__rust_begin_short_backtrace::<core[df12db4294e9bfd3]::result::Result<(), alloc[2182bb758b4b3781]::string::String>, fn() -> core[df12db4294e9bfd3]::result::Result<(), alloc[2182bb758b4b3781]::string::String>>
[INFO] [stdout]   14:     0x5b06e3e78175 - test[9d35eded1c95d3be]::run_test::{closure#0}
[INFO] [stdout]   15:     0x5b06e3e71a34 - std[70759c8f55707aa4]::sys::backtrace::__rust_begin_short_backtrace::<test[9d35eded1c95d3be]::run_test::{closure#1}, ()>
[INFO] [stdout]   16:     0x5b06e3e7b2d2 - <std[70759c8f55707aa4]::thread::lifecycle::spawn_unchecked<test[9d35eded1c95d3be]::run_test::{closure#1}, ()>::{closure#1} as core[df12db4294e9bfd3]::ops::function::FnOnce<()>>::call_once::{shim:vtable#0}
[INFO] [stdout]   17:     0x5b06e4024399 - <std[70759c8f55707aa4]::sys::thread::unix::Thread>::new::thread_start
[INFO] [stdout]   18:     0x70c1eb0a1dfa - <unknown>
[INFO] [stdout]   19:     0x70c1eb1353d4 - clone
[INFO] [stdout]   20:                0x0 - <unknown>
[INFO] [stdout] 
[INFO] [stdout] 
[INFO] [stdout] failures:
[INFO] [stdout]     yahoo_finance_api::tests::test_get_history
[INFO] [stdout]     yahoo_finance_api::tests::test_get_quote
[INFO] [stdout]     yahoo_finance_api::tests::test_get_quotes
[INFO] [stdout]     yahoo_finance_api::tests::test_search_symbols
[INFO] [stdout] 
[INFO] [stdout] test result: FAILED. 0 passed; 4 failed; 0 ignored; 0 measured; 0 filtered out; finished in 0.14s
[INFO] [stdout] 
[INFO] [stderr] error: test failed, to rerun pass `--lib`
[INFO] running `Command { std: "docker" "inspect" "70bcdee2cb343f74c65de8d83cee0827124e8b06cc4aef759fc0684ca65d7aeb", kill_on_drop: false }`
[INFO] running `Command { std: "docker" "rm" "-f" "70bcdee2cb343f74c65de8d83cee0827124e8b06cc4aef759fc0684ca65d7aeb", kill_on_drop: false }`
[INFO] [stdout] 70bcdee2cb343f74c65de8d83cee0827124e8b06cc4aef759fc0684ca65d7aeb
