[INFO] fetching crate stockfish 0.2.11...
[INFO] testing stockfish-0.2.11 against 1.100.0-beta.1+cargoflags=--release for beta-release-1.100-2
[INFO] extracting crate stockfish 0.2.11 into /workspace/builds/worker-1-tc2/source
[INFO] started tweaking crates.io crate stockfish 0.2.11
[INFO] removed 0 missing examples
[INFO] finished tweaking crates.io crate stockfish 0.2.11
[INFO] tweaked toml for crates.io crate stockfish 0.2.11 written to /workspace/builds/worker-1-tc2/source/Cargo.toml
[INFO] validating manifest of crates.io crate stockfish 0.2.11 on toolchain 1.100.0-beta.1
[INFO] running `Command { std: CARGO_HOME="/workspace/cargo-home" RUSTUP_HOME="/workspace/rustup-home" "/workspace/cargo-home/bin/cargo" "+1.100.0-beta.1" "metadata" "--manifest-path" "Cargo.toml" "--no-deps", kill_on_drop: false }`
[INFO] crate crates.io crate stockfish 0.2.11 already has a lockfile, it will not be regenerated
[INFO] running `Command { std: CARGO_HOME="/workspace/cargo-home" RUSTUP_HOME="/workspace/rustup-home" "/workspace/cargo-home/bin/cargo" "+1.100.0-beta.1" "fetch" "--manifest-path" "Cargo.toml", kill_on_drop: false }`
[INFO] running `Command { std: "docker" "create" "-v" "/var/lib/crater-agent-workspace/builds/worker-1-tc2/source:/opt/rustwide/workdir:ro,Z" "-v" "/var/lib/crater-agent-workspace/builds/worker-1-tc2/target:/opt/rustwide/target:rw,Z" "-v" "/var/lib/crater-agent-workspace/cargo-home:/opt/rustwide/cargo-home:ro,Z" "-v" "/var/lib/crater-agent-workspace/rustup-home:/opt/rustwide/rustup-home:ro,Z" "-m" "1610612736" "--network" "none" "ghcr.io/rust-lang/crates-build-env/linux@sha256:77db811e55d90add9212f6832c23229e3de5f1c1f9905e8cb07319ea15df73ac" "sleep" "infinity", kill_on_drop: false }`
[INFO] [stdout] cb49b36c7553a08a1607d407efeba777fdcc8031bb9be3f1d1ea908667170a34
[INFO] running `Command { std: "docker" "start" "cb49b36c7553a08a1607d407efeba777fdcc8031bb9be3f1d1ea908667170a34", kill_on_drop: false }`
[INFO] running `Command { std: "docker" "inspect" "cb49b36c7553a08a1607d407efeba777fdcc8031bb9be3f1d1ea908667170a34", kill_on_drop: false }`
[INFO] running `Command { std: "docker" "exec" "-e" "SOURCE_DIR=/opt/rustwide/workdir" "-e" "CARGO_HOME=/opt/rustwide/cargo-home" "-e" "RUSTUP_HOME=/opt/rustwide/rustup-home" "-e" "CARGO_TARGET_DIR=/opt/rustwide/target" "-w" "/opt/rustwide/workdir" "--user" "0:0" "cb49b36c7553a08a1607d407efeba777fdcc8031bb9be3f1d1ea908667170a34" "/opt/rustwide/cargo-home/bin/cargo" "+1.100.0-beta.1" "metadata" "--no-deps" "--format-version=1", kill_on_drop: false }`
[INFO] running `Command { std: "docker" "inspect" "cb49b36c7553a08a1607d407efeba777fdcc8031bb9be3f1d1ea908667170a34", kill_on_drop: false }`
[INFO] running `Command { std: "docker" "exec" "-e" "SOURCE_DIR=/opt/rustwide/workdir" "-e" "CARGO_HOME=/opt/rustwide/cargo-home" "-e" "RUSTUP_HOME=/opt/rustwide/rustup-home" "-e" "CARGO_TARGET_DIR=/opt/rustwide/target" "-e" "CARGO_INCREMENTAL=0" "-e" "RUST_BACKTRACE=full" "-e" "RUSTFLAGS=--cap-lints=warn" "-e" "RUSTDOCFLAGS=--cap-lints=warn" "-w" "/opt/rustwide/workdir" "--user" "0:0" "cb49b36c7553a08a1607d407efeba777fdcc8031bb9be3f1d1ea908667170a34" "/opt/rustwide/cargo-home/bin/cargo" "+1.100.0-beta.1" "build" "--frozen" "--message-format=json" "--release", kill_on_drop: false }`
[INFO] [stderr]    Compiling interactive_process v0.1.3
[INFO] [stderr]    Compiling stockfish v0.2.11 (/opt/rustwide/workdir)
[INFO] [stderr]     Finished `release` profile [optimized] target(s) in 1.41s
[INFO] running `Command { std: "docker" "inspect" "cb49b36c7553a08a1607d407efeba777fdcc8031bb9be3f1d1ea908667170a34", kill_on_drop: false }`
[INFO] running `Command { std: "docker" "exec" "-e" "SOURCE_DIR=/opt/rustwide/workdir" "-e" "CARGO_HOME=/opt/rustwide/cargo-home" "-e" "RUSTUP_HOME=/opt/rustwide/rustup-home" "-e" "CARGO_TARGET_DIR=/opt/rustwide/target" "-e" "CARGO_INCREMENTAL=0" "-e" "RUST_BACKTRACE=full" "-e" "RUSTFLAGS=--cap-lints=warn" "-e" "RUSTDOCFLAGS=--cap-lints=warn" "-w" "/opt/rustwide/workdir" "--user" "0:0" "cb49b36c7553a08a1607d407efeba777fdcc8031bb9be3f1d1ea908667170a34" "/opt/rustwide/cargo-home/bin/cargo" "+1.100.0-beta.1" "test" "--frozen" "--no-run" "--message-format=json" "--release", kill_on_drop: false }`
[INFO] [stderr]    Compiling stockfish v0.2.11 (/opt/rustwide/workdir)
[INFO] [stderr]     Finished `release` profile [optimized] target(s) in 0.94s
[INFO] running `Command { std: "docker" "inspect" "cb49b36c7553a08a1607d407efeba777fdcc8031bb9be3f1d1ea908667170a34", kill_on_drop: false }`
[INFO] running `Command { std: "docker" "exec" "-e" "SOURCE_DIR=/opt/rustwide/workdir" "-e" "CARGO_HOME=/opt/rustwide/cargo-home" "-e" "RUSTUP_HOME=/opt/rustwide/rustup-home" "-e" "CARGO_TARGET_DIR=/opt/rustwide/target" "-e" "CARGO_INCREMENTAL=0" "-e" "RUST_BACKTRACE=full" "-e" "RUSTFLAGS=--cap-lints=warn" "-e" "RUSTDOCFLAGS=--cap-lints=warn" "-w" "/opt/rustwide/workdir" "--user" "0:0" "cb49b36c7553a08a1607d407efeba777fdcc8031bb9be3f1d1ea908667170a34" "/opt/rustwide/cargo-home/bin/cargo" "+1.100.0-beta.1" "test" "--frozen" "--release", kill_on_drop: false }`
[INFO] [stderr]     Finished `release` profile [optimized] target(s) in 0.06s
[INFO] [stderr]      Running unittests src/lib.rs (/opt/rustwide/target/release/build/stockfish/ef6817b71d084632/out/stockfish-ef6817b71d084632)
[INFO] [stderr]    Doc-tests stockfish
[INFO] [stdout] 
[INFO] [stdout] running 0 tests
[INFO] [stdout] 
[INFO] [stdout] test result: ok. 0 passed; 0 failed; 0 ignored; 0 measured; 0 filtered out; finished in 0.00s
[INFO] [stdout] 
[INFO] [stdout] 
[INFO] [stdout] running 21 tests
[INFO] [stdout] test src/stockfish.rs - stockfish::Stockfish::play_moves (line 216) ... FAILED
[INFO] [stdout] test src/stockfish.rs - stockfish::Stockfish::get_board_display (line 442) ... FAILED
[INFO] [stdout] test src/stockfish.rs - stockfish::Stockfish::set_depth (line 336) ... FAILED
[INFO] [stdout] test src/stockfish.rs - stockfish::Stockfish::quit (line 653) ... FAILED
[INFO] [stdout] test src/stockfish.rs - stockfish::Stockfish::go_for (line 274) ... FAILED
[INFO] [stdout] test src/stockfish.rs - stockfish::Stockfish::get_board_display (line 431) ... FAILED
[INFO] [stdout] test src/stockfish.rs - stockfish::Stockfish::get_fen (line 156) ... FAILED
[INFO] [stdout] test src/stockfish.rs - stockfish::Stockfish::ensure_ready (line 135) ... FAILED
[INFO] [stdout] test src/stockfish.rs - stockfish::Stockfish::set_fen_position (line 89) ... FAILED
[INFO] [stdout] test src/stockfish.rs - stockfish::Stockfish::go_based_on_times (line 303) ... FAILED
[INFO] [stdout] test src/stockfish.rs - stockfish::Stockfish::set_hash (line 552) ... FAILED
[INFO] [stdout] test src/stockfish.rs - stockfish::Stockfish::go (line 249) ... FAILED
[INFO] [stdout] test src/stockfish.rs - stockfish::Stockfish::play_move (line 189) ... FAILED
[INFO] [stdout] test src/stockfish.rs - stockfish::Stockfish::setup_for_new_game (line 69) ... FAILED
[INFO] [stdout] test src/stockfish.rs - stockfish::Stockfish::set_elo (line 592) ... FAILED
[INFO] [stdout] test src/stockfish.rs - stockfish::Stockfish::print_board (line 492) ... FAILED
[INFO] [stdout] test src/stockfish.rs - stockfish::Stockfish::set_skill_level (line 620) ... FAILED
[INFO] [stdout] test src/stockfish.rs - stockfish::Stockfish::reset_position (line 111) ... FAILED
[INFO] [stdout] test src/stockfish.rs - stockfish::Stockfish::set_option (line 517) ... FAILED
[INFO] [stdout] test src/stockfish.rs - stockfish::Stockfish::set_threads (line 571) ... FAILED
[INFO] [stdout] test src/stockfish.rs - stockfish::Stockfish::new (line 30) ... FAILED
[INFO] [stdout] 
[INFO] [stdout] failures:
[INFO] [stdout] 
[INFO] [stdout] ---- src/stockfish.rs - stockfish::Stockfish::play_moves (line 216) stdout ----
[INFO] [stdout] error[E0433]: cannot find type `Stockfish` in this scope
[INFO] [stdout]    --> src/stockfish.rs:218:21
[INFO] [stdout]     |
[INFO] [stdout] 218 | let mut stockfish = Stockfish::new("stockfish.exe")?;
[INFO] [stdout]     |                     ^^^^^^^^^ use of undeclared type `Stockfish`
[INFO] [stdout] 
[INFO] [stdout] error: aborting due to 1 previous error
[INFO] [stdout] 
[INFO] [stdout] For more information about this error, try `rustc --explain E0433`.
[INFO] [stdout] Couldn't compile the test.
[INFO] [stdout] ---- src/stockfish.rs - stockfish::Stockfish::get_board_display (line 442) stdout ----
[INFO] [stdout] error: expected item, found `+`
[INFO] [stdout]    --> src/stockfish.rs:443:1
[INFO] [stdout]     |
[INFO] [stdout] 443 | +---+---+---+---+---+---+---+---+
[INFO] [stdout]     | ^ expected item
[INFO] [stdout]     |
[INFO] [stdout]     = note: for a full list of items that can appear in modules, see <https://doc.rust-lang.org/reference/items.html>
[INFO] [stdout] 
[INFO] [stdout] error: aborting due to 1 previous error
[INFO] [stdout] 
[INFO] [stdout] Couldn't compile the test.
[INFO] [stdout] ---- src/stockfish.rs - stockfish::Stockfish::set_depth (line 336) stdout ----
[INFO] [stdout] error[E0433]: cannot find type `Stockfish` in this scope
[INFO] [stdout]    --> src/stockfish.rs:338:21
[INFO] [stdout]     |
[INFO] [stdout] 338 | let mut stockfish = Stockfish::new("stockfish.exe")?;
[INFO] [stdout]     |                     ^^^^^^^^^ use of undeclared type `Stockfish`
[INFO] [stdout] 
[INFO] [stdout] error: aborting due to 1 previous error
[INFO] [stdout] 
[INFO] [stdout] For more information about this error, try `rustc --explain E0433`.
[INFO] [stdout] Couldn't compile the test.
[INFO] [stdout] ---- src/stockfish.rs - stockfish::Stockfish::quit (line 653) stdout ----
[INFO] [stdout] error[E0433]: cannot find type `Stockfish` in this scope
[INFO] [stdout]    --> src/stockfish.rs:655:21
[INFO] [stdout]     |
[INFO] [stdout] 655 | let mut stockfish = Stockfish::new("stockfish.exe")?;
[INFO] [stdout]     |                     ^^^^^^^^^ use of undeclared type `Stockfish`
[INFO] [stdout] 
[INFO] [stdout] error: aborting due to 1 previous error
[INFO] [stdout] 
[INFO] [stdout] For more information about this error, try `rustc --explain E0433`.
[INFO] [stdout] Couldn't compile the test.
[INFO] [stdout] ---- src/stockfish.rs - stockfish::Stockfish::go_for (line 274) stdout ----
[INFO] [stdout] error[E0433]: cannot find type `Stockfish` in this scope
[INFO] [stdout]    --> src/stockfish.rs:277:21
[INFO] [stdout]     |
[INFO] [stdout] 277 | let mut stockfish = Stockfish::new("stockfish.exe")?;
[INFO] [stdout]     |                     ^^^^^^^^^ use of undeclared type `Stockfish`
[INFO] [stdout] 
[INFO] [stdout] error: aborting due to 1 previous error
[INFO] [stdout] 
[INFO] [stdout] For more information about this error, try `rustc --explain E0433`.
[INFO] [stdout] Couldn't compile the test.
[INFO] [stdout] ---- src/stockfish.rs - stockfish::Stockfish::get_board_display (line 431) stdout ----
[INFO] [stdout] error[E0433]: cannot find type `Stockfish` in this scope
[INFO] [stdout]    --> src/stockfish.rs:433:21
[INFO] [stdout]     |
[INFO] [stdout] 433 | let mut stockfish = Stockfish::new("stockfish.exe")?;
[INFO] [stdout]     |                     ^^^^^^^^^ use of undeclared type `Stockfish`
[INFO] [stdout] 
[INFO] [stdout] error: aborting due to 1 previous error
[INFO] [stdout] 
[INFO] [stdout] For more information about this error, try `rustc --explain E0433`.
[INFO] [stdout] Couldn't compile the test.
[INFO] [stdout] ---- src/stockfish.rs - stockfish::Stockfish::get_fen (line 156) stdout ----
[INFO] [stdout] error[E0433]: cannot find type `Stockfish` in this scope
[INFO] [stdout]    --> src/stockfish.rs:158:21
[INFO] [stdout]     |
[INFO] [stdout] 158 | let mut stockfish = Stockfish::new("stockfish.exe")?;
[INFO] [stdout]     |                     ^^^^^^^^^ use of undeclared type `Stockfish`
[INFO] [stdout] 
[INFO] [stdout] error: aborting due to 1 previous error
[INFO] [stdout] 
[INFO] [stdout] For more information about this error, try `rustc --explain E0433`.
[INFO] [stdout] Couldn't compile the test.
[INFO] [stdout] ---- src/stockfish.rs - stockfish::Stockfish::ensure_ready (line 135) stdout ----
[INFO] [stdout] error[E0433]: cannot find type `Stockfish` in this scope
[INFO] [stdout]    --> src/stockfish.rs:137:21
[INFO] [stdout]     |
[INFO] [stdout] 137 | let mut stockfish = Stockfish::new("stockfish.exe")?;
[INFO] [stdout]     |                     ^^^^^^^^^ use of undeclared type `Stockfish`
[INFO] [stdout] 
[INFO] [stdout] error: aborting due to 1 previous error
[INFO] [stdout] 
[INFO] [stdout] For more information about this error, try `rustc --explain E0433`.
[INFO] [stdout] Couldn't compile the test.
[INFO] [stdout] ---- src/stockfish.rs - stockfish::Stockfish::set_fen_position (line 89) stdout ----
[INFO] [stdout] error[E0433]: cannot find type `Stockfish` in this scope
[INFO] [stdout]   --> src/stockfish.rs:91:21
[INFO] [stdout]    |
[INFO] [stdout] 91 | let mut stockfish = Stockfish::new("stockfish.exe")?;
[INFO] [stdout]    |                     ^^^^^^^^^ use of undeclared type `Stockfish`
[INFO] [stdout] 
[INFO] [stdout] error: aborting due to 1 previous error
[INFO] [stdout] 
[INFO] [stdout] For more information about this error, try `rustc --explain E0433`.
[INFO] [stdout] Couldn't compile the test.
[INFO] [stdout] ---- src/stockfish.rs - stockfish::Stockfish::go_based_on_times (line 303) stdout ----
[INFO] [stdout] error[E0433]: cannot find type `Stockfish` in this scope
[INFO] [stdout]    --> src/stockfish.rs:305:21
[INFO] [stdout]     |
[INFO] [stdout] 305 | let mut stockfish = Stockfish::new("stockfish.exe")?;
[INFO] [stdout]     |                     ^^^^^^^^^ use of undeclared type `Stockfish`
[INFO] [stdout] 
[INFO] [stdout] error: aborting due to 1 previous error
[INFO] [stdout] 
[INFO] [stdout] For more information about this error, try `rustc --explain E0433`.
[INFO] [stdout] Couldn't compile the test.
[INFO] [stdout] ---- src/stockfish.rs - stockfish::Stockfish::set_hash (line 552) stdout ----
[INFO] [stdout] error[E0433]: cannot find type `Stockfish` in this scope
[INFO] [stdout]    --> src/stockfish.rs:554:21
[INFO] [stdout]     |
[INFO] [stdout] 554 | let mut stockfish = Stockfish::new("stockfish.exe")?;
[INFO] [stdout]     |                     ^^^^^^^^^ use of undeclared type `Stockfish`
[INFO] [stdout] 
[INFO] [stdout] error: aborting due to 1 previous error
[INFO] [stdout] 
[INFO] [stdout] For more information about this error, try `rustc --explain E0433`.
[INFO] [stdout] Couldn't compile the test.
[INFO] [stdout] ---- src/stockfish.rs - stockfish::Stockfish::go (line 249) stdout ----
[INFO] [stdout] error[E0433]: cannot find type `Stockfish` in this scope
[INFO] [stdout]    --> src/stockfish.rs:251:21
[INFO] [stdout]     |
[INFO] [stdout] 251 | let mut stockfish = Stockfish::new("stockfish.exe")?;
[INFO] [stdout]     |                     ^^^^^^^^^ use of undeclared type `Stockfish`
[INFO] [stdout] 
[INFO] [stdout] error: aborting due to 1 previous error
[INFO] [stdout] 
[INFO] [stdout] For more information about this error, try `rustc --explain E0433`.
[INFO] [stdout] Couldn't compile the test.
[INFO] [stdout] ---- src/stockfish.rs - stockfish::Stockfish::play_move (line 189) stdout ----
[INFO] [stdout] error[E0433]: cannot find type `Stockfish` in this scope
[INFO] [stdout]    --> src/stockfish.rs:191:21
[INFO] [stdout]     |
[INFO] [stdout] 191 | let mut stockfish = Stockfish::new("stockfish.exe")?;
[INFO] [stdout]     |                     ^^^^^^^^^ use of undeclared type `Stockfish`
[INFO] [stdout] 
[INFO] [stdout] error: aborting due to 1 previous error
[INFO] [stdout] 
[INFO] [stdout] For more information about this error, try `rustc --explain E0433`.
[INFO] [stdout] Couldn't compile the test.
[INFO] [stdout] ---- src/stockfish.rs - stockfish::Stockfish::setup_for_new_game (line 69) stdout ----
[INFO] [stdout] error[E0433]: cannot find type `Stockfish` in this scope
[INFO] [stdout]   --> src/stockfish.rs:71:21
[INFO] [stdout]    |
[INFO] [stdout] 71 | let mut stockfish = Stockfish::new("stockfish.exe")?;
[INFO] [stdout]    |                     ^^^^^^^^^ use of undeclared type `Stockfish`
[INFO] [stdout] 
[INFO] [stdout] error: aborting due to 1 previous error
[INFO] [stdout] 
[INFO] [stdout] For more information about this error, try `rustc --explain E0433`.
[INFO] [stdout] Couldn't compile the test.
[INFO] [stdout] ---- src/stockfish.rs - stockfish::Stockfish::set_elo (line 592) stdout ----
[INFO] [stdout] error[E0433]: cannot find type `Stockfish` in this scope
[INFO] [stdout]    --> src/stockfish.rs:594:21
[INFO] [stdout]     |
[INFO] [stdout] 594 | let mut stockfish = Stockfish::new("stockfish.exe")?;
[INFO] [stdout]     |                     ^^^^^^^^^ use of undeclared type `Stockfish`
[INFO] [stdout] 
[INFO] [stdout] error: aborting due to 1 previous error
[INFO] [stdout] 
[INFO] [stdout] For more information about this error, try `rustc --explain E0433`.
[INFO] [stdout] Couldn't compile the test.
[INFO] [stdout] ---- src/stockfish.rs - stockfish::Stockfish::print_board (line 492) stdout ----
[INFO] [stdout] error[E0433]: cannot find type `Stockfish` in this scope
[INFO] [stdout]    --> src/stockfish.rs:494:21
[INFO] [stdout]     |
[INFO] [stdout] 494 | let mut stockfish = Stockfish::new("stockfish.exe")?;
[INFO] [stdout]     |                     ^^^^^^^^^ use of undeclared type `Stockfish`
[INFO] [stdout] 
[INFO] [stdout] error: aborting due to 1 previous error
[INFO] [stdout] 
[INFO] [stdout] For more information about this error, try `rustc --explain E0433`.
[INFO] [stdout] Couldn't compile the test.
[INFO] [stdout] ---- src/stockfish.rs - stockfish::Stockfish::set_skill_level (line 620) stdout ----
[INFO] [stdout] error[E0433]: cannot find type `Stockfish` in this scope
[INFO] [stdout]    --> src/stockfish.rs:622:21
[INFO] [stdout]     |
[INFO] [stdout] 622 | let mut stockfish = Stockfish::new("stockfish.exe")?;
[INFO] [stdout]     |                     ^^^^^^^^^ use of undeclared type `Stockfish`
[INFO] [stdout] 
[INFO] [stdout] error: aborting due to 1 previous error
[INFO] [stdout] 
[INFO] [stdout] For more information about this error, try `rustc --explain E0433`.
[INFO] [stdout] Couldn't compile the test.
[INFO] [stdout] ---- src/stockfish.rs - stockfish::Stockfish::reset_position (line 111) stdout ----
[INFO] [stdout] error[E0433]: cannot find type `Stockfish` in this scope
[INFO] [stdout]    --> src/stockfish.rs:113:21
[INFO] [stdout]     |
[INFO] [stdout] 113 | let mut stockfish = Stockfish::new("stockfish.exe")?;
[INFO] [stdout]     |                     ^^^^^^^^^ use of undeclared type `Stockfish`
[INFO] [stdout] 
[INFO] [stdout] error: aborting due to 1 previous error
[INFO] [stdout] 
[INFO] [stdout] For more information about this error, try `rustc --explain E0433`.
[INFO] [stdout] Couldn't compile the test.
[INFO] [stdout] ---- src/stockfish.rs - stockfish::Stockfish::set_option (line 517) stdout ----
[INFO] [stdout] error[E0433]: cannot find type `Stockfish` in this scope
[INFO] [stdout]    --> src/stockfish.rs:519:21
[INFO] [stdout]     |
[INFO] [stdout] 519 | let mut stockfish = Stockfish::new("stockfish.exe")?;
[INFO] [stdout]     |                     ^^^^^^^^^ use of undeclared type `Stockfish`
[INFO] [stdout] 
[INFO] [stdout] error: aborting due to 1 previous error
[INFO] [stdout] 
[INFO] [stdout] For more information about this error, try `rustc --explain E0433`.
[INFO] [stdout] Couldn't compile the test.
[INFO] [stdout] ---- src/stockfish.rs - stockfish::Stockfish::set_threads (line 571) stdout ----
[INFO] [stdout] error[E0433]: cannot find type `Stockfish` in this scope
[INFO] [stdout]    --> src/stockfish.rs:573:21
[INFO] [stdout]     |
[INFO] [stdout] 573 | let mut stockfish = Stockfish::new("stockfish.exe")?;
[INFO] [stdout]     |                     ^^^^^^^^^ use of undeclared type `Stockfish`
[INFO] [stdout] 
[INFO] [stdout] error: aborting due to 1 previous error
[INFO] [stdout] 
[INFO] [stdout] For more information about this error, try `rustc --explain E0433`.
[INFO] [stdout] Couldn't compile the test.
[INFO] [stdout] ---- src/stockfish.rs - stockfish::Stockfish::new (line 30) stdout ----
[INFO] [stdout] Test executable failed (exit status: 101).
[INFO] [stdout] 
[INFO] [stdout] stderr:
[INFO] [stdout] 
[INFO] [stdout] thread 'main' (363) panicked at src/stockfish.rs:6:49:
[INFO] [stdout] called `Result::unwrap()` on an `Err` value: Os { code: 2, kind: NotFound, message: "No such file or directory" }
[INFO] [stdout] stack backtrace:
[INFO] [stdout]    0:     0x5c6569629151 - std[617be2ca0a6fd877]::backtrace_rs::backtrace::libunwind::trace
[INFO] [stdout]                                at /rustc/e3feeb59cd1bdd011a2bfcc0747b55125d9b8527/library/std/src/../../backtrace/src/backtrace/libunwind.rs:117:9
[INFO] [stdout]    1:     0x5c6569629151 - std[617be2ca0a6fd877]::backtrace_rs::backtrace::trace_unsynchronized::<std[617be2ca0a6fd877]::sys::backtrace::_print_fmt::{closure#1}>
[INFO] [stdout]                                at /rustc/e3feeb59cd1bdd011a2bfcc0747b55125d9b8527/library/std/src/../../backtrace/src/backtrace/mod.rs:66:14
[INFO] [stdout]    2:     0x5c6569629151 - std[617be2ca0a6fd877]::sys::backtrace::_print_fmt
[INFO] [stdout]                                at /rustc/e3feeb59cd1bdd011a2bfcc0747b55125d9b8527/library/std/src/sys/backtrace.rs:74:9
[INFO] [stdout]    3:     0x5c6569629151 - <<std[617be2ca0a6fd877]::sys::backtrace::BacktraceLock>::print::DisplayBacktrace as core[a373ad73a504971]::fmt::Display>::fmt
[INFO] [stdout]                                at /rustc/e3feeb59cd1bdd011a2bfcc0747b55125d9b8527/library/std/src/sys/backtrace.rs:44:26
[INFO] [stdout]    4:     0x5c656963a85a - <core[a373ad73a504971]::fmt::rt::Argument>::fmt
[INFO] [stdout]                                at /rustc/e3feeb59cd1bdd011a2bfcc0747b55125d9b8527/library/core/src/fmt/rt.rs:152:76
[INFO] [stdout]    5:     0x5c656963a85a - core[a373ad73a504971]::fmt::write
[INFO] [stdout]    6:     0x5c656962d1bc - core[a373ad73a504971]::io::write::default_write_fmt::<std[617be2ca0a6fd877]::sys::stdio::unix::Stderr>
[INFO] [stdout]                                at /rustc/e3feeb59cd1bdd011a2bfcc0747b55125d9b8527/library/core/src/io/write.rs:402:11
[INFO] [stdout]    7:     0x5c656962d1bc - <std[617be2ca0a6fd877]::sys::stdio::unix::Stderr as core[a373ad73a504971]::io::write::Write>::write_fmt
[INFO] [stdout]                                at /rustc/e3feeb59cd1bdd011a2bfcc0747b55125d9b8527/library/core/src/io/write.rs:335:13
[INFO] [stdout]    8:     0x5c656960b376 - <std[617be2ca0a6fd877]::sys::backtrace::BacktraceLock>::print
[INFO] [stdout]                                at /rustc/e3feeb59cd1bdd011a2bfcc0747b55125d9b8527/library/std/src/sys/backtrace.rs:47:9
[INFO] [stdout]    9:     0x5c656960b376 - std[617be2ca0a6fd877]::panicking::default_hook::{closure#0}
[INFO] [stdout]                                at /rustc/e3feeb59cd1bdd011a2bfcc0747b55125d9b8527/library/std/src/panicking.rs:289:27
[INFO] [stdout]   10:     0x5c6569624a01 - std[617be2ca0a6fd877]::panicking::default_hook
[INFO] [stdout]                                at /rustc/e3feeb59cd1bdd011a2bfcc0747b55125d9b8527/library/std/src/panicking.rs:316:9
[INFO] [stdout]   11:     0x5c6569624bbb - std[617be2ca0a6fd877]::panicking::panic_with_hook
[INFO] [stdout]                                at /rustc/e3feeb59cd1bdd011a2bfcc0747b55125d9b8527/library/std/src/panicking.rs:811:13
[INFO] [stdout]   12:     0x5c656960b422 - std[617be2ca0a6fd877]::panicking::panic_handler::{closure#0}
[INFO] [stdout]                                at /rustc/e3feeb59cd1bdd011a2bfcc0747b55125d9b8527/library/std/src/panicking.rs:685:13
[INFO] [stdout]   13:     0x5c65696043e9 - std[617be2ca0a6fd877]::sys::backtrace::__rust_end_short_backtrace::<std[617be2ca0a6fd877]::panicking::panic_handler::{closure#0}, !>
[INFO] [stdout]                                at /rustc/e3feeb59cd1bdd011a2bfcc0747b55125d9b8527/library/std/src/sys/backtrace.rs:182:18
[INFO] [stdout]   14:     0x5c656960bc3d - __rustc[ea4f61d10b84890b]::rust_begin_unwind
[INFO] [stdout]                                at /rustc/e3feeb59cd1bdd011a2bfcc0747b55125d9b8527/library/std/src/panicking.rs:676:5
[INFO] [stdout]   15:     0x5c656963af8c - core[a373ad73a504971]::panicking::panic_fmt
[INFO] [stdout]                                at /rustc/e3feeb59cd1bdd011a2bfcc0747b55125d9b8527/library/core/src/panicking.rs:80:14
[INFO] [stdout]   16:     0x5c656963ad62 - core[a373ad73a504971]::result::unwrap_failed
[INFO] [stdout]                                at /rustc/e3feeb59cd1bdd011a2bfcc0747b55125d9b8527/library/core/src/result.rs:1870:5
[INFO] [stdout]   17:     0x5c65695ef42f - rust_out[72a830746f8703f]::main::_doctest_main_src_stockfish_rs_30_0
[INFO] [stdout]   18:     0x5c65695eda46 - rust_out[72a830746f8703f]::main
[INFO] [stdout]   19:     0x5c65695f03cb - <fn() as core[a373ad73a504971]::ops::function::FnOnce<()>>::call_once
[INFO] [stdout]   20:     0x5c65695ec85e - std[617be2ca0a6fd877]::sys::backtrace::__rust_begin_short_backtrace::<fn(), ()>
[INFO] [stdout]   21:     0x5c65695ed9b9 - std[617be2ca0a6fd877]::rt::lang_start::<()>::{closure#0}
[INFO] [stdout]   22:     0x5c6569623e78 - <&dyn core[a373ad73a504971]::ops::function::Fn<(), Output = i32> + core[a373ad73a504971]::marker::Sync + core[a373ad73a504971]::panic::unwind_safe::RefUnwindSafe as core[a373ad73a504971]::ops::function::FnOnce<()>>::call_once
[INFO] [stdout]                                at /rustc/e3feeb59cd1bdd011a2bfcc0747b55125d9b8527/library/core/src/ops/function.rs:287:21
[INFO] [stdout]   23:     0x5c6569623e78 - std[617be2ca0a6fd877]::panicking::catch_unwind::do_call::<&dyn core[a373ad73a504971]::ops::function::Fn<(), Output = i32> + core[a373ad73a504971]::marker::Sync + core[a373ad73a504971]::panic::unwind_safe::RefUnwindSafe, i32>
[INFO] [stdout]                                at /rustc/e3feeb59cd1bdd011a2bfcc0747b55125d9b8527/library/std/src/panicking.rs:573:43
[INFO] [stdout]   24:     0x5c6569623e78 - std[617be2ca0a6fd877]::panicking::catch_unwind::<i32, &dyn core[a373ad73a504971]::ops::function::Fn<(), Output = i32> + core[a373ad73a504971]::marker::Sync + core[a373ad73a504971]::panic::unwind_safe::RefUnwindSafe>
[INFO] [stdout]                                at /rustc/e3feeb59cd1bdd011a2bfcc0747b55125d9b8527/library/std/src/panicking.rs:541:19
[INFO] [stdout]   25:     0x5c6569623e78 - std[617be2ca0a6fd877]::panic::catch_unwind::<&dyn core[a373ad73a504971]::ops::function::Fn<(), Output = i32> + core[a373ad73a504971]::marker::Sync + core[a373ad73a504971]::panic::unwind_safe::RefUnwindSafe, i32>
[INFO] [stdout]                                at /rustc/e3feeb59cd1bdd011a2bfcc0747b55125d9b8527/library/std/src/panic.rs:359:14
[INFO] [stdout]   26:     0x5c6569623e78 - std[617be2ca0a6fd877]::rt::lang_start_internal::{closure#0}
[INFO] [stdout]                                at /rustc/e3feeb59cd1bdd011a2bfcc0747b55125d9b8527/library/std/src/rt.rs:175:24
[INFO] [stdout]   27:     0x5c6569623e78 - std[617be2ca0a6fd877]::panicking::catch_unwind::do_call::<std[617be2ca0a6fd877]::rt::lang_start_internal::{closure#0}, isize>
[INFO] [stdout]                                at /rustc/e3feeb59cd1bdd011a2bfcc0747b55125d9b8527/library/std/src/panicking.rs:573:43
[INFO] [stdout]   28:     0x5c6569623e78 - std[617be2ca0a6fd877]::panicking::catch_unwind::<isize, std[617be2ca0a6fd877]::rt::lang_start_internal::{closure#0}>
[INFO] [stdout]                                at /rustc/e3feeb59cd1bdd011a2bfcc0747b55125d9b8527/library/std/src/panicking.rs:541:19
[INFO] [stdout]   29:     0x5c6569623e78 - std[617be2ca0a6fd877]::panic::catch_unwind::<std[617be2ca0a6fd877]::rt::lang_start_internal::{closure#0}, isize>
[INFO] [stdout]                                at /rustc/e3feeb59cd1bdd011a2bfcc0747b55125d9b8527/library/std/src/panic.rs:359:14
[INFO] [stdout]   30:     0x5c6569623e78 - std[617be2ca0a6fd877]::rt::lang_start_internal
[INFO] [stdout]                                at /rustc/e3feeb59cd1bdd011a2bfcc0747b55125d9b8527/library/std/src/rt.rs:171:5
[INFO] [stdout]   31:     0x5c65695ebfc1 - std[617be2ca0a6fd877]::rt::lang_start::<()>
[INFO] [stdout]   32:     0x5c65695f0645 - main
[INFO] [stdout]   33:     0x7954e929e601 - <unknown>
[INFO] [stdout]   34:     0x7954e929e718 - __libc_start_main
[INFO] [stdout]   35:     0x5c65695ebc55 - _start
[INFO] [stdout]   36:                0x0 - <unknown>
[INFO] [stdout] 
[INFO] [stdout] 
[INFO] [stdout] 
[INFO] [stdout] failures:
[INFO] [stdout]     src/stockfish.rs - stockfish::Stockfish::ensure_ready (line 135)
[INFO] [stdout]     src/stockfish.rs - stockfish::Stockfish::get_board_display (line 431)
[INFO] [stdout]     src/stockfish.rs - stockfish::Stockfish::get_board_display (line 442)
[INFO] [stdout]     src/stockfish.rs - stockfish::Stockfish::get_fen (line 156)
[INFO] [stdout]     src/stockfish.rs - stockfish::Stockfish::go (line 249)
[INFO] [stdout]     src/stockfish.rs - stockfish::Stockfish::go_based_on_times (line 303)
[INFO] [stdout]     src/stockfish.rs - stockfish::Stockfish::go_for (line 274)
[INFO] [stdout]     src/stockfish.rs - stockfish::Stockfish::new (line 30)
[INFO] [stdout]     src/stockfish.rs - stockfish::Stockfish::play_move (line 189)
[INFO] [stdout]     src/stockfish.rs - stockfish::Stockfish::play_moves (line 216)
[INFO] [stdout]     src/stockfish.rs - stockfish::Stockfish::print_board (line 492)
[INFO] [stdout]     src/stockfish.rs - stockfish::Stockfish::quit (line 653)
[INFO] [stdout]     src/stockfish.rs - stockfish::Stockfish::reset_position (line 111)
[INFO] [stdout]     src/stockfish.rs - stockfish::Stockfish::set_depth (line 336)
[INFO] [stdout]     src/stockfish.rs - stockfish::Stockfish::set_elo (line 592)
[INFO] [stdout]     src/stockfish.rs - stockfish::Stockfish::set_fen_position (line 89)
[INFO] [stdout]     src/stockfish.rs - stockfish::Stockfish::set_hash (line 552)
[INFO] [stdout]     src/stockfish.rs - stockfish::Stockfish::set_option (line 517)
[INFO] [stdout]     src/stockfish.rs - stockfish::Stockfish::set_skill_level (line 620)
[INFO] [stdout]     src/stockfish.rs - stockfish::Stockfish::set_threads (line 571)
[INFO] [stdout]     src/stockfish.rs - stockfish::Stockfish::setup_for_new_game (line 69)
[INFO] [stdout] 
[INFO] [stdout] test result: FAILED. 0 passed; 21 failed; 0 ignored; 0 measured; 0 filtered out; finished in 0.49s
[INFO] [stdout] 
[INFO] [stdout] all doctests ran in 0.75s; merged doctests compilation took 0.25s
[INFO] [stderr] error: doctest failed, to rerun pass `--doc`
[INFO] running `Command { std: "docker" "inspect" "cb49b36c7553a08a1607d407efeba777fdcc8031bb9be3f1d1ea908667170a34", kill_on_drop: false }`
[INFO] running `Command { std: "docker" "rm" "-f" "cb49b36c7553a08a1607d407efeba777fdcc8031bb9be3f1d1ea908667170a34", kill_on_drop: false }`
[INFO] [stdout] cb49b36c7553a08a1607d407efeba777fdcc8031bb9be3f1d1ea908667170a34
