[INFO] fetching crate stm32builder 0.1.0...
[INFO] testing stm32builder-0.1.0 against 1.100.0-beta.1+cargoflags=--release for beta-release-1.100-2
[INFO] extracting crate stm32builder 0.1.0 into /workspace/builds/worker-0-tc2/source
[INFO] started tweaking crates.io crate stm32builder 0.1.0
[INFO] finished tweaking crates.io crate stm32builder 0.1.0
[INFO] tweaked toml for crates.io crate stm32builder 0.1.0 written to /workspace/builds/worker-0-tc2/source/Cargo.toml
[INFO] validating manifest of crates.io crate stm32builder 0.1.0 on toolchain 1.100.0-beta.1
[INFO] running `Command { std: CARGO_HOME="/workspace/cargo-home" RUSTUP_HOME="/workspace/rustup-home" "/workspace/cargo-home/bin/cargo" "+1.100.0-beta.1" "metadata" "--manifest-path" "Cargo.toml" "--no-deps", kill_on_drop: false }`
[INFO] running `Command { std: CARGO_HOME="/workspace/cargo-home" RUSTUP_HOME="/workspace/rustup-home" "/workspace/cargo-home/bin/cargo" "+1.100.0-beta.1" "generate-lockfile" "--manifest-path" "Cargo.toml", kill_on_drop: false }`
[INFO] [stderr]     Updating crates.io index
[INFO] [stderr]      Locking 43 packages to highest compatible versions
[INFO] [stderr]       Adding handlebars v1.1.0 (available: v6.4.4)
[INFO] [stderr]       Adding psm v0.1.24 (available: v0.1.32)
[INFO] [stderr]       Adding serde_yaml v0.8.26 (available: v0.9.34+deprecated)
[INFO] running `Command { std: CARGO_HOME="/workspace/cargo-home" RUSTUP_HOME="/workspace/rustup-home" "/workspace/cargo-home/bin/cargo" "+1.100.0-beta.1" "fetch" "--manifest-path" "Cargo.toml", kill_on_drop: false }`
[INFO] [stderr] warning: `package.homepage` is redundant with `package.repository`
[INFO] [stderr]   --> Cargo.toml:23:12
[INFO] [stderr]    |
[INFO] [stderr] 23 | homepage = "https://github.com/octronics/stm32builder"
[INFO] [stderr]    |            ^^^^^^^^^^^^^^^^^^^^^^^^^^^^^^^^^^^^^^^^^^^
[INFO] [stderr] ...
[INFO] [stderr] 27 | repository = "https://github.com/octronics/stm32builder"
[INFO] [stderr]    |              -------------------------------------------
[INFO] [stderr]    |
[INFO] [stderr]    = note: `cargo::redundant_homepage` is set to `warn` by default
[INFO] [stderr] help: consider removing `package.homepage`
[INFO] [stderr] warning: `stm32builder` (manifest) generated 1 warning
[INFO] running `Command { std: "docker" "create" "-v" "/var/lib/crater-agent-workspace/builds/worker-0-tc2/source:/opt/rustwide/workdir:ro,Z" "-v" "/var/lib/crater-agent-workspace/builds/worker-0-tc2/target:/opt/rustwide/target:rw,Z" "-v" "/var/lib/crater-agent-workspace/cargo-home:/opt/rustwide/cargo-home:ro,Z" "-v" "/var/lib/crater-agent-workspace/rustup-home:/opt/rustwide/rustup-home:ro,Z" "-m" "1610612736" "--network" "none" "ghcr.io/rust-lang/crates-build-env/linux@sha256:77db811e55d90add9212f6832c23229e3de5f1c1f9905e8cb07319ea15df73ac" "sleep" "infinity", kill_on_drop: false }`
[INFO] [stdout] 661086d17eb27e462beb3dc8516d48a4b1472c2c997320ea69c0802d2ed29b37
[INFO] running `Command { std: "docker" "start" "661086d17eb27e462beb3dc8516d48a4b1472c2c997320ea69c0802d2ed29b37", kill_on_drop: false }`
[INFO] running `Command { std: "docker" "inspect" "661086d17eb27e462beb3dc8516d48a4b1472c2c997320ea69c0802d2ed29b37", kill_on_drop: false }`
[INFO] running `Command { std: "docker" "exec" "-e" "SOURCE_DIR=/opt/rustwide/workdir" "-e" "CARGO_HOME=/opt/rustwide/cargo-home" "-e" "RUSTUP_HOME=/opt/rustwide/rustup-home" "-e" "CARGO_TARGET_DIR=/opt/rustwide/target" "-w" "/opt/rustwide/workdir" "--user" "0:0" "661086d17eb27e462beb3dc8516d48a4b1472c2c997320ea69c0802d2ed29b37" "/opt/rustwide/cargo-home/bin/cargo" "+1.100.0-beta.1" "metadata" "--no-deps" "--format-version=1", kill_on_drop: false }`
[INFO] running `Command { std: "docker" "inspect" "661086d17eb27e462beb3dc8516d48a4b1472c2c997320ea69c0802d2ed29b37", kill_on_drop: false }`
[INFO] running `Command { std: "docker" "exec" "-e" "SOURCE_DIR=/opt/rustwide/workdir" "-e" "CARGO_HOME=/opt/rustwide/cargo-home" "-e" "RUSTUP_HOME=/opt/rustwide/rustup-home" "-e" "CARGO_TARGET_DIR=/opt/rustwide/target" "-e" "CARGO_INCREMENTAL=0" "-e" "RUST_BACKTRACE=full" "-e" "RUSTFLAGS=--cap-lints=warn" "-e" "RUSTDOCFLAGS=--cap-lints=warn" "-w" "/opt/rustwide/workdir" "--user" "0:0" "661086d17eb27e462beb3dc8516d48a4b1472c2c997320ea69c0802d2ed29b37" "/opt/rustwide/cargo-home/bin/cargo" "+1.100.0-beta.1" "build" "--frozen" "--message-format=json" "--release", kill_on_drop: false }`
[INFO] [stderr] warning: `package.homepage` is redundant with `package.repository`
[INFO] [stderr]   --> Cargo.toml:23:12
[INFO] [stderr]    |
[INFO] [stderr] 23 | homepage = "https://github.com/octronics/stm32builder"
[INFO] [stderr]    |            ^^^^^^^^^^^^^^^^^^^^^^^^^^^^^^^^^^^^^^^^^^^
[INFO] [stderr] ...
[INFO] [stderr] 27 | repository = "https://github.com/octronics/stm32builder"
[INFO] [stderr]    |              -------------------------------------------
[INFO] [stderr]    |
[INFO] [stderr]    = note: `cargo::redundant_homepage` is set to `warn` by default
[INFO] [stderr] help: consider removing `package.homepage`
[INFO] [stderr] warning: `stm32builder` (manifest) generated 1 warning
[INFO] [stderr]    Compiling psm v0.1.24
[INFO] [stderr]    Compiling indexmap v1.9.3
[INFO] [stderr]    Compiling stacker v0.1.25
[INFO] [stderr]    Compiling syn v3.0.9
[INFO] [stderr]    Compiling serde v1.0.229
[INFO] [stderr]    Compiling linked-hash-map v0.5.6
[INFO] [stderr]    Compiling pest v2.9.4
[INFO] [stderr]    Compiling yaml-rust v0.4.5
[INFO] [stderr]    Compiling serde_yaml v0.8.26
[INFO] [stderr]    Compiling pest_meta v2.9.4
[INFO] [stderr]    Compiling serde_derive v1.0.229
[INFO] [stderr]    Compiling pest_generator v2.9.4
[INFO] [stderr]    Compiling pest_derive v2.9.4
[INFO] [stderr]    Compiling handlebars v1.1.0
[INFO] [stderr]    Compiling stm32builder v0.1.0 (/opt/rustwide/workdir)
[INFO] [stdout] warning: trait objects without an explicit `dyn` are deprecated
[INFO] [stdout]   --> src/helpers/handlebars.rs:16:19
[INFO] [stdout]    |
[INFO] [stdout] 16 |         out: &mut Output,
[INFO] [stdout]    |                   ^^^^^^
[INFO] [stdout]    |
[INFO] [stdout]    = warning: this is accepted in the current edition (Rust 2018) but is a hard error in Rust 2021!
[INFO] [stdout]    = note: for more information, see <https://doc.rust-lang.org/edition-guide/rust-2021/warnings-promoted-to-error.html>
[INFO] [stdout]    = note: `#[warn(bare_trait_objects)]` (part of `#[warn(rust_2021_compatibility)]`) on by default
[INFO] [stdout] help: if this is a dyn-compatible trait, use `dyn`
[INFO] [stdout]    |
[INFO] [stdout] 16 |         out: &mut dyn Output,
[INFO] [stdout]    |                   +++
[INFO] [stdout] 
[INFO] [stdout] 
[INFO] [stderr]     Finished `release` profile [optimized] target(s) in 43.44s
[INFO] running `Command { std: "docker" "inspect" "661086d17eb27e462beb3dc8516d48a4b1472c2c997320ea69c0802d2ed29b37", kill_on_drop: false }`
[INFO] running `Command { std: "docker" "exec" "-e" "SOURCE_DIR=/opt/rustwide/workdir" "-e" "CARGO_HOME=/opt/rustwide/cargo-home" "-e" "RUSTUP_HOME=/opt/rustwide/rustup-home" "-e" "CARGO_TARGET_DIR=/opt/rustwide/target" "-e" "CARGO_INCREMENTAL=0" "-e" "RUST_BACKTRACE=full" "-e" "RUSTFLAGS=--cap-lints=warn" "-e" "RUSTDOCFLAGS=--cap-lints=warn" "-w" "/opt/rustwide/workdir" "--user" "0:0" "661086d17eb27e462beb3dc8516d48a4b1472c2c997320ea69c0802d2ed29b37" "/opt/rustwide/cargo-home/bin/cargo" "+1.100.0-beta.1" "test" "--frozen" "--no-run" "--message-format=json" "--release", kill_on_drop: false }`
[INFO] [stderr] warning: `package.homepage` is redundant with `package.repository`
[INFO] [stderr]   --> Cargo.toml:23:12
[INFO] [stderr]    |
[INFO] [stderr] 23 | homepage = "https://github.com/octronics/stm32builder"
[INFO] [stderr]    |            ^^^^^^^^^^^^^^^^^^^^^^^^^^^^^^^^^^^^^^^^^^^
[INFO] [stderr] ...
[INFO] [stderr] 27 | repository = "https://github.com/octronics/stm32builder"
[INFO] [stderr]    |              -------------------------------------------
[INFO] [stderr]    |
[INFO] [stderr]    = note: `cargo::redundant_homepage` is set to `warn` by default
[INFO] [stderr] help: consider removing `package.homepage`
[INFO] [stderr] warning: `stm32builder` (manifest) generated 1 warning
[INFO] [stderr]    Compiling stm32builder v0.1.0 (/opt/rustwide/workdir)
[INFO] [stdout] warning: trait objects without an explicit `dyn` are deprecated
[INFO] [stdout]   --> src/helpers/handlebars.rs:16:19
[INFO] [stdout]    |
[INFO] [stdout] 16 |         out: &mut Output,
[INFO] [stdout]    |                   ^^^^^^
[INFO] [stdout]    |
[INFO] [stdout]    = warning: this is accepted in the current edition (Rust 2018) but is a hard error in Rust 2021!
[INFO] [stdout]    = note: for more information, see <https://doc.rust-lang.org/edition-guide/rust-2021/warnings-promoted-to-error.html>
[INFO] [stdout]    = note: `#[warn(bare_trait_objects)]` (part of `#[warn(rust_2021_compatibility)]`) on by default
[INFO] [stdout] help: if this is a dyn-compatible trait, use `dyn`
[INFO] [stdout]    |
[INFO] [stdout] 16 |         out: &mut dyn Output,
[INFO] [stdout]    |                   +++
[INFO] [stdout] 
[INFO] [stdout] 
[INFO] [stdout] warning: trait objects without an explicit `dyn` are deprecated
[INFO] [stdout]   --> src/helpers/handlebars.rs:16:19
[INFO] [stdout]    |
[INFO] [stdout] 16 |         out: &mut Output,
[INFO] [stdout]    |                   ^^^^^^
[INFO] [stdout]    |
[INFO] [stdout]    = warning: this is accepted in the current edition (Rust 2018) but is a hard error in Rust 2021!
[INFO] [stdout]    = note: for more information, see <https://doc.rust-lang.org/edition-guide/rust-2021/warnings-promoted-to-error.html>
[INFO] [stdout]    = note: `#[warn(bare_trait_objects)]` (part of `#[warn(rust_2021_compatibility)]`) on by default
[INFO] [stdout] help: if this is a dyn-compatible trait, use `dyn`
[INFO] [stdout]    |
[INFO] [stdout] 16 |         out: &mut dyn Output,
[INFO] [stdout]    |                   +++
[INFO] [stdout] 
[INFO] [stdout] 
[INFO] [stderr]     Finished `release` profile [optimized] target(s) in 9.66s
[INFO] running `Command { std: "docker" "inspect" "661086d17eb27e462beb3dc8516d48a4b1472c2c997320ea69c0802d2ed29b37", kill_on_drop: false }`
[INFO] running `Command { std: "docker" "exec" "-e" "SOURCE_DIR=/opt/rustwide/workdir" "-e" "CARGO_HOME=/opt/rustwide/cargo-home" "-e" "RUSTUP_HOME=/opt/rustwide/rustup-home" "-e" "CARGO_TARGET_DIR=/opt/rustwide/target" "-e" "CARGO_INCREMENTAL=0" "-e" "RUST_BACKTRACE=full" "-e" "RUSTFLAGS=--cap-lints=warn" "-e" "RUSTDOCFLAGS=--cap-lints=warn" "-w" "/opt/rustwide/workdir" "--user" "0:0" "661086d17eb27e462beb3dc8516d48a4b1472c2c997320ea69c0802d2ed29b37" "/opt/rustwide/cargo-home/bin/cargo" "+1.100.0-beta.1" "test" "--frozen" "--release", kill_on_drop: false }`
[INFO] [stderr] warning: `package.homepage` is redundant with `package.repository`
[INFO] [stderr]   --> Cargo.toml:23:12
[INFO] [stderr]    |
[INFO] [stderr] 23 | homepage = "https://github.com/octronics/stm32builder"
[INFO] [stderr]    |            ^^^^^^^^^^^^^^^^^^^^^^^^^^^^^^^^^^^^^^^^^^^
[INFO] [stderr] ...
[INFO] [stderr] 27 | repository = "https://github.com/octronics/stm32builder"
[INFO] [stderr]    |              -------------------------------------------
[INFO] [stderr]    |
[INFO] [stderr]    = note: `cargo::redundant_homepage` is set to `warn` by default
[INFO] [stderr] help: consider removing `package.homepage`
[INFO] [stderr] warning: `stm32builder` (manifest) generated 1 warning
[INFO] [stderr] warning: trait objects without an explicit `dyn` are deprecated
[INFO] [stderr]   --> src/helpers/handlebars.rs:16:19
[INFO] [stderr]    |
[INFO] [stderr] 16 |         out: &mut Output,
[INFO] [stderr]    |                   ^^^^^^
[INFO] [stderr]    |
[INFO] [stderr]    = warning: this is accepted in the current edition (Rust 2018) but is a hard error in Rust 2021!
[INFO] [stderr]    = note: for more information, see <https://doc.rust-lang.org/edition-guide/rust-2021/warnings-promoted-to-error.html>
[INFO] [stderr]    = note: `#[warn(bare_trait_objects)]` (part of `#[warn(rust_2021_compatibility)]`) on by default
[INFO] [stderr] help: if this is a dyn-compatible trait, use `dyn`
[INFO] [stderr]    |
[INFO] [stderr] 16 |         out: &mut dyn Output,
[INFO] [stderr]    |                   +++
[INFO] [stderr] 
[INFO] [stderr] warning: `stm32builder` (lib) generated 1 warning (run `cargo fix --lib -p stm32builder` to apply 1 suggestion)
[INFO] [stderr] warning: `stm32builder` (lib test) generated 1 warning (1 duplicate)
[INFO] [stderr]     Finished `release` profile [optimized] target(s) in 0.13s
[INFO] [stderr]      Running unittests src/lib.rs (/opt/rustwide/target/release/build/stm32builder/5ebfbe2d964a2b18/out/stm32builder-5ebfbe2d964a2b18)
[INFO] [stdout] 
[INFO] [stdout] running 91 tests
[INFO] [stdout] test device_info::tests::device_info_out_has_correct_package ... ok
[INFO] [stdout] test device_info::tests::device_info_out_has_correct_ram_size ... ok
[INFO] [stdout] test device_info::tests::device_info_out_has_correct_reference ... ok
[INFO] [stdout] test device::tests::output_device_informations ... ok
[INFO] [stdout] test device_info::tests::device_info_out_has_correct_svd ... ok
[INFO] [stdout] test device::tests::created_from_id_and_file ... ok
[INFO] [stdout] test device_info::tests::device_info_out_has_correct_flash_size ... ok
[INFO] [stdout] test device_info::tests::device_info_out_has_correct_datasheet ... ok
[INFO] [stdout] test device::tests::has_some_peripherals ... ok
[INFO] [stdout] test device_info::tests::device_info_out_has_correct_part ... ok
[INFO] [stdout] test gpio_pin::tests::get_pin_number ... ok
[INFO] [stdout] test gpio::tests::has_a_version_number ... ok
[INFO] [stdout] test device_info::tests::device_info_out_has_correct_temperature ... ok
[INFO] [stdout] test gpio_bank::tests::has_a_type ... ok
[INFO] [stdout] test device_info::tests::device_part_is_valid_for_valid_device_id ... ok
[INFO] [stdout] test gpio::tests::has_some_banks ... ok
[INFO] [stdout] test gpio_bank::tests::has_a_name ... ok
[INFO] [stdout] test gpio_bank::tests::has_some_pins ... ok
[INFO] [stdout] test gpio_pin::tests::warn_on_invalid_number ... ok
[INFO] [stdout] test peripheral_bus::tests::can_be_resetable ... ok
[INFO] [stdout] test gpio_pin::tests::has_a_pin_name ... ok
[INFO] [stdout] test peripheral_bus::tests::has_a_bus ... ok
[INFO] [stdout] test gpio_pin::tests::has_a_pin_number ... ok
[INFO] [stdout] test gpio_pin::tests::warn_without_pin_number ... ok
[INFO] [stdout] test peripheral_bus::tests::has_a_field ... ok
[INFO] [stdout] test gpio_pin::tests::has_a_default_initial_mode ... ok
[INFO] [stdout] test gpio_pin::tests::has_a_initial_mode ... ok
[INFO] [stdout] test gpio_pin::tests::has_a_pin_type ... ok
[INFO] [stdout] test types::device_id::tests::error_on_digit_package_type ... ok
[INFO] [stdout] test types::device_id::tests::decoding_stm32f051R8T6 ... ok
[INFO] [stdout] test peripheral_bus::tests::has_a_peripheral ... ok
[INFO] [stdout] test types::device_id::tests::can_be_compared_against ... ok
[INFO] [stdout] test types::device_id::tests::error_on_alphabetic_temperature_range ... ok
[INFO] [stdout] test types::device_id::tests::error_on_alphabetical_flash_size ... ok
[INFO] [stdout] test types::device_id::tests::error_on_empty_str ... ok
[INFO] [stdout] test types::device_id::tests::error_on_incomplet_brand ... ok
[INFO] [stdout] test types::device_id::tests::error_on_alphabetical_sub_family ... ok
[INFO] [stdout] test types::device_id::tests::error_on_invalid_brand ... ok
[INFO] [stdout] test types::device_id::tests::error_on_digit_family ... ok
[INFO] [stdout] test types::device_id::tests::error_on_unknown_flash_size ... ok
[INFO] [stdout] test types::device_id::tests::error_on_digit_pin_count ... ok
[INFO] [stdout] test types::device_id::tests::error_on_unknown_package_type ... ok
[INFO] [stdout] test types::device_id::tests::error_on_unknown_pin_count ... ok
[INFO] [stdout] test types::device_id::tests::error_on_unknown_temperature_range ... ok
[INFO] [stdout] test types::device_id::tests::error_without_flash_size ... ok
[INFO] [stdout] test types::device_id::tests::error_without_pin_count ... ok
[INFO] [stdout] test types::device_id::tests::error_without_sub_family ... ok
[INFO] [stdout] test types::device_id::tests::error_without_temperature_range ... ok
[INFO] [stdout] test types::flash_size::tests::decode_4_as_16_kb ... ok
[INFO] [stdout] test types::flash_size::tests::decode_6_as_32_kb ... ok
[INFO] [stdout] test types::device_id::tests::error_without_family ... ok
[INFO] [stdout] test types::device_id::tests::error_without_package_type ... ok
[INFO] [stdout] test types::flash_size::tests::decode_8_as_64_kb ... ok
[INFO] [stdout] test types::flash_size::tests::error_on_unknown_str ... ok
[INFO] [stdout] test types::package::packages::BGA64 ... ok
[INFO] [stdout] test types::package::packages::LFBGA100 ... ok
[INFO] [stdout] test types::package::packages::LFBGA144 ... ok
[INFO] [stdout] test types::package::packages::LQFP100 ... ok
[INFO] [stdout] test types::package::packages::LQFP48 ... ok
[INFO] [stdout] test types::package::packages::LQFP144 ... ok
[INFO] [stdout] test types::package::packages::LQFP64 ... ok
[INFO] [stdout] test types::package::packages::TSSOP20 ... ok
[INFO] [stdout] test types::package::packages::UFQFPN48 ... ok
[INFO] [stdout] test types::package::packages::UFBGA100 ... ok
[INFO] [stdout] test types::package::packages::WLCSP25 ... ok
[INFO] [stdout] test types::package::packages::LQFP32 ... ok
[INFO] [stdout] test types::package::packages::QFPN36 ... ok
[INFO] [stdout] test types::temperature_range::tests::decode_6_as_m40_to_85 ... ok
[INFO] [stdout] test types::package::packages::UFQFPN28 ... ok
[INFO] [stdout] test types::package::packages::WLCSP64 ... ok
[INFO] [stdout] test types::package::packages::UFQFPN32 ... ok
[INFO] [stdout] test types::package::tests::error_on_unknown_package ... ok
[INFO] [stdout] test types::temperature_range::tests::decode_7_as_m40_to_105 ... ok
[INFO] [stdout] test types::valid::tests::not_on_any_part ... ok
[INFO] [stdout] test types::valid::tests::not_on_package_and_not_on_part ... ok
[INFO] [stdout] test types::valid::tests::not_on_package_and_only_on_part ... ok
[INFO] [stdout] test types::valid::tests::not_on_packages ... ok
[INFO] [stdout] test types::valid::tests::not_on_part ... ok
[INFO] [stdout] test types::package::packages::WLCSP36 ... ok
[INFO] [stdout] test types::valid::tests::only_and_not_on_same_part ... ok
[INFO] [stdout] test types::valid::tests::only_on_all_packages ... ok
[INFO] [stdout] test types::temperature_range::tests::error_on_unknown_code ... ok
[INFO] [stdout] test types::valid::tests::only_and_not_on_same_package ... ok
[INFO] [stdout] test types::valid::tests::no_only_or_not ... ok
[INFO] [stdout] test types::valid::tests::only_on_all_parts ... ok
[INFO] [stdout] test types::valid::tests::only_on_package_and_only_on_part ... ok
[INFO] [stdout] test types::valid::tests::only_on_package_and_not_on_part ... ok
[INFO] [stdout] test types::valid::tests::only_on_part ... ok
[INFO] [stdout] test types::valid::tests::not_on_any_packages ... ok
[INFO] [stdout] test types::valid::tests::only_on_packages ... ok
[INFO] [stdout] test types::package::tests::error_on_unknown_pin_count ... ok
[INFO] [stdout] 
[INFO] [stdout] test result: ok. 91 passed; 0 failed; 0 ignored; 0 measured; 0 filtered out; finished in 0.03s
[INFO] [stdout] 
[INFO] [stderr]      Running unittests src/main.rs (/opt/rustwide/target/release/build/stm32builder/aa521cb304eef564/out/stm32builder-aa521cb304eef564)
[INFO] [stdout] 
[INFO] [stdout] running 0 tests
[INFO] [stdout] 
[INFO] [stdout] test result: ok. 0 passed; 0 failed; 0 ignored; 0 measured; 0 filtered out; finished in 0.00s
[INFO] [stdout] 
[INFO] [stderr]      Running tests/main.rs (/opt/rustwide/target/release/build/stm32builder/23cf232f06c81d1d/out/main-23cf232f06c81d1d)
[INFO] [stdout] 
[INFO] [stdout] running 17 tests
[INFO] [stdout] test stm32builder_can_parse_a_device ... FAILED
[INFO] [stdout] test stm32builder_can_print_a_device ... ok
[INFO] [stdout] test stm32builder_can_decode_a_device_id ... ok
[INFO] [stdout] test stm32builder_can_print_the_gpio_for_other_part ... ok
[INFO] [stdout] test stm32builder_can_print_the_whole_device ... ok
[INFO] [stdout] test stm32builder_can_print_the_gpio ... ok
[INFO] [stdout] test stm32builder_can_print_the_rcc ... ok
[INFO] [stdout] test stm32builder_can_print_the_info ... ok
[INFO] [stdout] test stm32builder_can_render_a_template ... ok
[INFO] [stdout] test stm32builder_can_show_a_device ... FAILED
[INFO] [stdout] test stm32builder_can_show_the_whole_device ... FAILED
[INFO] [stdout] test stm32builder_can_show_the_whole_gpio ... FAILED
[INFO] [stdout] test stm32builder_can_update_cargo_file ... ok
[INFO] [stdout] test stm32builder_can_show_the_whole_info ... FAILED
[INFO] [stdout] test stm32builder_can_show_the_whole_rcc ... FAILED
[INFO] [stdout] test stm32builder_fail_to_show_unmatch_device ... ok
[INFO] [stdout] test stm32builder_have_an_help_command ... ok
[INFO] [stdout] 
[INFO] [stdout] failures:
[INFO] [stdout] 
[INFO] [stdout] ---- stm32builder_can_parse_a_device stdout ----
[INFO] [stdout] 
[INFO] [stdout] thread 'stm32builder_can_parse_a_device' (660) panicked at tests/main.rs:40:1:
[INFO] [stdout] assertion `left == right` failed
[INFO] [stdout]   left: "        svd: \"stm32f0x1\""
[INFO] [stdout]  right: "        svd: \"stm32f0x1\","
[INFO] [stdout] stack backtrace:
[INFO] [stdout]    0:     0x60c66909e321 - <<std[617be2ca0a6fd877]::sys::backtrace::BacktraceLock>::print::DisplayBacktrace as core[a373ad73a504971]::fmt::Display>::fmt
[INFO] [stdout]    1:     0x60c6690b221a - core[a373ad73a504971]::fmt::write
[INFO] [stdout]    2:     0x60c6690a253c - <alloc[2e1b2a31b91974c5]::vec::Vec<u8> as core[a373ad73a504971]::io::write::Write>::write_fmt
[INFO] [stdout]    3:     0x60c66907a456 - std[617be2ca0a6fd877]::panicking::default_hook::{closure#0}
[INFO] [stdout]    4:     0x60c6690969b9 - std[617be2ca0a6fd877]::panicking::default_hook
[INFO] [stdout]    5:     0x60c669032d30 - test[aada8e7e76ba119b]::test_main_inner::{closure#0}
[INFO] [stdout]    6:     0x60c669096b72 - std[617be2ca0a6fd877]::panicking::panic_with_hook
[INFO] [stdout]    7:     0x60c66907a502 - std[617be2ca0a6fd877]::panicking::panic_handler::{closure#0}
[INFO] [stdout]    8:     0x60c669073219 - std[617be2ca0a6fd877]::sys::backtrace::__rust_end_short_backtrace::<std[617be2ca0a6fd877]::panicking::panic_handler::{closure#0}, !>
[INFO] [stdout]    9:     0x60c66907b10d - __rustc[ea4f61d10b84890b]::rust_begin_unwind
[INFO] [stdout]   10:     0x60c6690b294c - core[a373ad73a504971]::panicking::panic_fmt
[INFO] [stdout]   11:     0x60c6690b2863 - core[a373ad73a504971]::panicking::assert_failed_inner
[INFO] [stdout]   12:     0x60c6690250fd - core[a373ad73a504971]::panicking::assert_failed::<alloc[2e1b2a31b91974c5]::string::String, alloc[2e1b2a31b91974c5]::string::String>
[INFO] [stdout]   13:     0x60c66901cfb9 - <main[716a5b3fb803763e]::stm32builder_can_parse_a_device::{closure#0} as core[a373ad73a504971]::ops::function::FnOnce<()>>::call_once
[INFO] [stdout]   14:     0x60c66902617b - test[aada8e7e76ba119b]::__rust_begin_short_backtrace::<core[a373ad73a504971]::result::Result<(), alloc[2e1b2a31b91974c5]::string::String>, fn() -> core[a373ad73a504971]::result::Result<(), alloc[2e1b2a31b91974c5]::string::String>>
[INFO] [stdout]   15:     0x60c669033355 - test[aada8e7e76ba119b]::run_test::{closure#0}
[INFO] [stdout]   16:     0x60c66902cc44 - std[617be2ca0a6fd877]::sys::backtrace::__rust_begin_short_backtrace::<test[aada8e7e76ba119b]::run_test::{closure#1}, ()>
[INFO] [stdout]   17:     0x60c6690363e2 - <std[617be2ca0a6fd877]::thread::lifecycle::spawn_unchecked<test[aada8e7e76ba119b]::run_test::{closure#1}, ()>::{closure#1} as core[a373ad73a504971]::ops::function::FnOnce<()>>::call_once::{shim:vtable#0}
[INFO] [stdout]   18:     0x60c66909db7f - <std[617be2ca0a6fd877]::sys::thread::unix::Thread>::new::thread_start
[INFO] [stdout]   19:     0x738834d3cdfa - <unknown>
[INFO] [stdout]   20:     0x738834dd03d4 - clone
[INFO] [stdout]   21:                0x0 - <unknown>
[INFO] [stdout] 
[INFO] [stdout] ---- stm32builder_can_show_a_device stdout ----
[INFO] [stdout] 
[INFO] [stdout] thread 'stm32builder_can_show_a_device' (1483) panicked at tests/main.rs:41:1:
[INFO] [stdout] assertion `left == right` failed
[INFO] [stdout]   left: "                64"
[INFO] [stdout]  right: "                64,"
[INFO] [stdout] stack backtrace:
[INFO] [stdout]    0:     0x60c66909e321 - <<std[617be2ca0a6fd877]::sys::backtrace::BacktraceLock>::print::DisplayBacktrace as core[a373ad73a504971]::fmt::Display>::fmt
[INFO] [stdout]    1:     0x60c6690b221a - core[a373ad73a504971]::fmt::write
[INFO] [stdout]    2:     0x60c6690a253c - <alloc[2e1b2a31b91974c5]::vec::Vec<u8> as core[a373ad73a504971]::io::write::Write>::write_fmt
[INFO] [stdout]    3:     0x60c66907a456 - std[617be2ca0a6fd877]::panicking::default_hook::{closure#0}
[INFO] [stdout]    4:     0x60c6690969b9 - std[617be2ca0a6fd877]::panicking::default_hook
[INFO] [stdout]    5:     0x60c669032d30 - test[aada8e7e76ba119b]::test_main_inner::{closure#0}
[INFO] [stdout]    6:     0x60c669096b72 - std[617be2ca0a6fd877]::panicking::panic_with_hook
[INFO] [stdout]    7:     0x60c66907a502 - std[617be2ca0a6fd877]::panicking::panic_handler::{closure#0}
[INFO] [stdout]    8:     0x60c669073219 - std[617be2ca0a6fd877]::sys::backtrace::__rust_end_short_backtrace::<std[617be2ca0a6fd877]::panicking::panic_handler::{closure#0}, !>
[INFO] [stdout]    9:     0x60c66907b10d - __rustc[ea4f61d10b84890b]::rust_begin_unwind
[INFO] [stdout]   10:     0x60c6690b294c - core[a373ad73a504971]::panicking::panic_fmt
[INFO] [stdout]   11:     0x60c6690b2863 - core[a373ad73a504971]::panicking::assert_failed_inner
[INFO] [stdout]   12:     0x60c6690250fd - core[a373ad73a504971]::panicking::assert_failed::<alloc[2e1b2a31b91974c5]::string::String, alloc[2e1b2a31b91974c5]::string::String>
[INFO] [stdout]   13:     0x60c66901c709 - <main[716a5b3fb803763e]::stm32builder_can_show_a_device::{closure#0} as core[a373ad73a504971]::ops::function::FnOnce<()>>::call_once
[INFO] [stdout]   14:     0x60c66902617b - test[aada8e7e76ba119b]::__rust_begin_short_backtrace::<core[a373ad73a504971]::result::Result<(), alloc[2e1b2a31b91974c5]::string::String>, fn() -> core[a373ad73a504971]::result::Result<(), alloc[2e1b2a31b91974c5]::string::String>>
[INFO] [stdout]   15:     0x60c669033355 - test[aada8e7e76ba119b]::run_test::{closure#0}
[INFO] [stdout]   16:     0x60c66902cc44 - std[617be2ca0a6fd877]::sys::backtrace::__rust_begin_short_backtrace::<test[aada8e7e76ba119b]::run_test::{closure#1}, ()>
[INFO] [stdout]   17:     0x60c6690363e2 - <std[617be2ca0a6fd877]::thread::lifecycle::spawn_unchecked<test[aada8e7e76ba119b]::run_test::{closure#1}, ()>::{closure#1} as core[a373ad73a504971]::ops::function::FnOnce<()>>::call_once::{shim:vtable#0}
[INFO] [stdout]   18:     0x60c66909db7f - <std[617be2ca0a6fd877]::sys::thread::unix::Thread>::new::thread_start
[INFO] [stdout]   19:     0x738834d3cdfa - <unknown>
[INFO] [stdout]   20:     0x738834dd03d4 - clone
[INFO] [stdout]   21:                0x0 - <unknown>
[INFO] [stdout] 
[INFO] [stdout] ---- stm32builder_can_show_the_whole_device stdout ----
[INFO] [stdout] 
[INFO] [stdout] thread 'stm32builder_can_show_the_whole_device' (1493) panicked at tests/main.rs:43:1:
[INFO] [stdout] assertion `left == right` failed
[INFO] [stdout]   left: "                64"
[INFO] [stdout]  right: "                64,"
[INFO] [stdout] stack backtrace:
[INFO] [stdout]    0:     0x60c66909e321 - <<std[617be2ca0a6fd877]::sys::backtrace::BacktraceLock>::print::DisplayBacktrace as core[a373ad73a504971]::fmt::Display>::fmt
[INFO] [stdout]    1:     0x60c6690b221a - core[a373ad73a504971]::fmt::write
[INFO] [stdout]    2:     0x60c6690a253c - <alloc[2e1b2a31b91974c5]::vec::Vec<u8> as core[a373ad73a504971]::io::write::Write>::write_fmt
[INFO] [stdout]    3:     0x60c66907a456 - std[617be2ca0a6fd877]::panicking::default_hook::{closure#0}
[INFO] [stdout]    4:     0x60c6690969b9 - std[617be2ca0a6fd877]::panicking::default_hook
[INFO] [stdout]    5:     0x60c669032d30 - test[aada8e7e76ba119b]::test_main_inner::{closure#0}
[INFO] [stdout]    6:     0x60c669096b72 - std[617be2ca0a6fd877]::panicking::panic_with_hook
[INFO] [stdout]    7:     0x60c66907a502 - std[617be2ca0a6fd877]::panicking::panic_handler::{closure#0}
[INFO] [stdout]    8:     0x60c669073219 - std[617be2ca0a6fd877]::sys::backtrace::__rust_end_short_backtrace::<std[617be2ca0a6fd877]::panicking::panic_handler::{closure#0}, !>
[INFO] [stdout]    9:     0x60c66907b10d - __rustc[ea4f61d10b84890b]::rust_begin_unwind
[INFO] [stdout]   10:     0x60c6690b294c - core[a373ad73a504971]::panicking::panic_fmt
[INFO] [stdout]   11:     0x60c6690b2863 - core[a373ad73a504971]::panicking::assert_failed_inner
[INFO] [stdout]   12:     0x60c6690250fd - core[a373ad73a504971]::panicking::assert_failed::<alloc[2e1b2a31b91974c5]::string::String, alloc[2e1b2a31b91974c5]::string::String>
[INFO] [stdout]   13:     0x60c669023149 - <main[716a5b3fb803763e]::stm32builder_can_show_the_whole_device::{closure#0} as core[a373ad73a504971]::ops::function::FnOnce<()>>::call_once
[INFO] [stdout]   14:     0x60c66902617b - test[aada8e7e76ba119b]::__rust_begin_short_backtrace::<core[a373ad73a504971]::result::Result<(), alloc[2e1b2a31b91974c5]::string::String>, fn() -> core[a373ad73a504971]::result::Result<(), alloc[2e1b2a31b91974c5]::string::String>>
[INFO] [stdout]   15:     0x60c669033355 - test[aada8e7e76ba119b]::run_test::{closure#0}
[INFO] [stdout]   16:     0x60c66902cc44 - std[617be2ca0a6fd877]::sys::backtrace::__rust_begin_short_backtrace::<test[aada8e7e76ba119b]::run_test::{closure#1}, ()>
[INFO] [stdout]   17:     0x60c6690363e2 - <std[617be2ca0a6fd877]::thread::lifecycle::spawn_unchecked<test[aada8e7e76ba119b]::run_test::{closure#1}, ()>::{closure#1} as core[a373ad73a504971]::ops::function::FnOnce<()>>::call_once::{shim:vtable#0}
[INFO] [stdout]   18:     0x60c66909db7f - <std[617be2ca0a6fd877]::sys::thread::unix::Thread>::new::thread_start
[INFO] [stdout]   19:     0x738834d3cdfa - <unknown>
[INFO] [stdout]   20:     0x738834dd03d4 - clone
[INFO] [stdout]   21:                0x0 - <unknown>
[INFO] [stdout] 
[INFO] [stdout] ---- stm32builder_can_show_the_whole_gpio stdout ----
[INFO] [stdout] 
[INFO] [stdout] thread 'stm32builder_can_show_the_whole_gpio' (1506) panicked at tests/main.rs:45:1:
[INFO] [stdout] assertion `left == right` failed
[INFO] [stdout]   left: "                        initial_mode: \"Input<Floating>\""
[INFO] [stdout]  right: "                        initial_mode: \"Input<Floating>\","
[INFO] [stdout] stack backtrace:
[INFO] [stdout]    0:     0x60c66909e321 - <<std[617be2ca0a6fd877]::sys::backtrace::BacktraceLock>::print::DisplayBacktrace as core[a373ad73a504971]::fmt::Display>::fmt
[INFO] [stdout]    1:     0x60c6690b221a - core[a373ad73a504971]::fmt::write
[INFO] [stdout]    2:     0x60c6690a253c - <alloc[2e1b2a31b91974c5]::vec::Vec<u8> as core[a373ad73a504971]::io::write::Write>::write_fmt
[INFO] [stdout]    3:     0x60c66907a456 - std[617be2ca0a6fd877]::panicking::default_hook::{closure#0}
[INFO] [stdout]    4:     0x60c6690969b9 - std[617be2ca0a6fd877]::panicking::default_hook
[INFO] [stdout]    5:     0x60c669032d30 - test[aada8e7e76ba119b]::test_main_inner::{closure#0}
[INFO] [stdout]    6:     0x60c669096b72 - std[617be2ca0a6fd877]::panicking::panic_with_hook
[INFO] [stdout]    7:     0x60c66907a502 - std[617be2ca0a6fd877]::panicking::panic_handler::{closure#0}
[INFO] [stdout]    8:     0x60c669073219 - std[617be2ca0a6fd877]::sys::backtrace::__rust_end_short_backtrace::<std[617be2ca0a6fd877]::panicking::panic_handler::{closure#0}, !>
[INFO] [stdout]    9:     0x60c66907b10d - __rustc[ea4f61d10b84890b]::rust_begin_unwind
[INFO] [stdout]   10:     0x60c6690b294c - core[a373ad73a504971]::panicking::panic_fmt
[INFO] [stdout]   11:     0x60c6690b2863 - core[a373ad73a504971]::panicking::assert_failed_inner
[INFO] [stdout]   12:     0x60c6690250fd - core[a373ad73a504971]::panicking::assert_failed::<alloc[2e1b2a31b91974c5]::string::String, alloc[2e1b2a31b91974c5]::string::String>
[INFO] [stdout]   13:     0x60c669021f69 - <main[716a5b3fb803763e]::stm32builder_can_show_the_whole_gpio::{closure#0} as core[a373ad73a504971]::ops::function::FnOnce<()>>::call_once
[INFO] [stdout]   14:     0x60c66902617b - test[aada8e7e76ba119b]::__rust_begin_short_backtrace::<core[a373ad73a504971]::result::Result<(), alloc[2e1b2a31b91974c5]::string::String>, fn() -> core[a373ad73a504971]::result::Result<(), alloc[2e1b2a31b91974c5]::string::String>>
[INFO] [stdout]   15:     0x60c669033355 - test[aada8e7e76ba119b]::run_test::{closure#0}
[INFO] [stdout]   16:     0x60c66902cc44 - std[617be2ca0a6fd877]::sys::backtrace::__rust_begin_short_backtrace::<test[aada8e7e76ba119b]::run_test::{closure#1}, ()>
[INFO] [stdout]   17:     0x60c6690363e2 - <std[617be2ca0a6fd877]::thread::lifecycle::spawn_unchecked<test[aada8e7e76ba119b]::run_test::{closure#1}, ()>::{closure#1} as core[a373ad73a504971]::ops::function::FnOnce<()>>::call_once::{shim:vtable#0}
[INFO] [stdout]   18:     0x60c66909db7f - <std[617be2ca0a6fd877]::sys::thread::unix::Thread>::new::thread_start
[INFO] [stdout]   19:     0x738834d3cdfa - <unknown>
[INFO] [stdout]   20:     0x738834dd03d4 - clone
[INFO] [stdout]   21:                0x0 - <unknown>
[INFO] [stdout] 
[INFO] [stdout] ---- stm32builder_can_show_the_whole_info stdout ----
[INFO] [stdout] 
[INFO] [stdout] thread 'stm32builder_can_show_the_whole_info' (1518) panicked at tests/main.rs:44:1:
[INFO] [stdout] assertion `left == right` failed
[INFO] [stdout]   left: "            64"
[INFO] [stdout]  right: "            64,"
[INFO] [stdout] stack backtrace:
[INFO] [stdout]    0:     0x60c66909e321 - <<std[617be2ca0a6fd877]::sys::backtrace::BacktraceLock>::print::DisplayBacktrace as core[a373ad73a504971]::fmt::Display>::fmt
[INFO] [stdout]    1:     0x60c6690b221a - core[a373ad73a504971]::fmt::write
[INFO] [stdout]    2:     0x60c6690a253c - <alloc[2e1b2a31b91974c5]::vec::Vec<u8> as core[a373ad73a504971]::io::write::Write>::write_fmt
[INFO] [stdout]    3:     0x60c66907a456 - std[617be2ca0a6fd877]::panicking::default_hook::{closure#0}
[INFO] [stdout]    4:     0x60c6690969b9 - std[617be2ca0a6fd877]::panicking::default_hook
[INFO] [stdout]    5:     0x60c669032d30 - test[aada8e7e76ba119b]::test_main_inner::{closure#0}
[INFO] [stdout]    6:     0x60c669096b72 - std[617be2ca0a6fd877]::panicking::panic_with_hook
[INFO] [stdout]    7:     0x60c66907a502 - std[617be2ca0a6fd877]::panicking::panic_handler::{closure#0}
[INFO] [stdout]    8:     0x60c669073219 - std[617be2ca0a6fd877]::sys::backtrace::__rust_end_short_backtrace::<std[617be2ca0a6fd877]::panicking::panic_handler::{closure#0}, !>
[INFO] [stdout]    9:     0x60c66907b10d - __rustc[ea4f61d10b84890b]::rust_begin_unwind
[INFO] [stdout]   10:     0x60c6690b294c - core[a373ad73a504971]::panicking::panic_fmt
[INFO] [stdout]   11:     0x60c6690b2863 - core[a373ad73a504971]::panicking::assert_failed_inner
[INFO] [stdout]   12:     0x60c6690250fd - core[a373ad73a504971]::panicking::assert_failed::<alloc[2e1b2a31b91974c5]::string::String, alloc[2e1b2a31b91974c5]::string::String>
[INFO] [stdout]   13:     0x60c669022859 - <main[716a5b3fb803763e]::stm32builder_can_show_the_whole_info::{closure#0} as core[a373ad73a504971]::ops::function::FnOnce<()>>::call_once
[INFO] [stdout]   14:     0x60c66902617b - test[aada8e7e76ba119b]::__rust_begin_short_backtrace::<core[a373ad73a504971]::result::Result<(), alloc[2e1b2a31b91974c5]::string::String>, fn() -> core[a373ad73a504971]::result::Result<(), alloc[2e1b2a31b91974c5]::string::String>>
[INFO] [stdout]   15:     0x60c669033355 - test[aada8e7e76ba119b]::run_test::{closure#0}
[INFO] [stdout]   16:     0x60c66902cc44 - std[617be2ca0a6fd877]::sys::backtrace::__rust_begin_short_backtrace::<test[aada8e7e76ba119b]::run_test::{closure#1}, ()>
[INFO] [stdout]   17:     0x60c6690363e2 - <std[617be2ca0a6fd877]::thread::lifecycle::spawn_unchecked<test[aada8e7e76ba119b]::run_test::{closure#1}, ()>::{closure#1} as core[a373ad73a504971]::ops::function::FnOnce<()>>::call_once::{shim:vtable#0}
[INFO] [stdout]   18:     0x60c66909db7f - <std[617be2ca0a6fd877]::sys::thread::unix::Thread>::new::thread_start
[INFO] [stdout]   19:     0x738834d3cdfa - <unknown>
[INFO] [stdout]   20:     0x738834dd03d4 - clone
[INFO] [stdout]   21:                0x0 - <unknown>
[INFO] [stdout] 
[INFO] [stdout] ---- stm32builder_can_show_the_whole_rcc stdout ----
[INFO] [stdout] 
[INFO] [stdout] thread 'stm32builder_can_show_the_whole_rcc' (1531) panicked at tests/main.rs:46:1:
[INFO] [stdout] assertion `left == right` failed
[INFO] [stdout]   left: "                resetable: true"
[INFO] [stdout]  right: "                resetable: true,"
[INFO] [stdout] stack backtrace:
[INFO] [stdout]    0:     0x60c66909e321 - <<std[617be2ca0a6fd877]::sys::backtrace::BacktraceLock>::print::DisplayBacktrace as core[a373ad73a504971]::fmt::Display>::fmt
[INFO] [stdout]    1:     0x60c6690b221a - core[a373ad73a504971]::fmt::write
[INFO] [stdout]    2:     0x60c6690a253c - <alloc[2e1b2a31b91974c5]::vec::Vec<u8> as core[a373ad73a504971]::io::write::Write>::write_fmt
[INFO] [stdout]    3:     0x60c66907a456 - std[617be2ca0a6fd877]::panicking::default_hook::{closure#0}
[INFO] [stdout]    4:     0x60c6690969b9 - std[617be2ca0a6fd877]::panicking::default_hook
[INFO] [stdout]    5:     0x60c669032d30 - test[aada8e7e76ba119b]::test_main_inner::{closure#0}
[INFO] [stdout]    6:     0x60c669096b72 - std[617be2ca0a6fd877]::panicking::panic_with_hook
[INFO] [stdout]    7:     0x60c66907a502 - std[617be2ca0a6fd877]::panicking::panic_handler::{closure#0}
[INFO] [stdout]    8:     0x60c669073219 - std[617be2ca0a6fd877]::sys::backtrace::__rust_end_short_backtrace::<std[617be2ca0a6fd877]::panicking::panic_handler::{closure#0}, !>
[INFO] [stdout]    9:     0x60c66907b10d - __rustc[ea4f61d10b84890b]::rust_begin_unwind
[INFO] [stdout]   10:     0x60c6690b294c - core[a373ad73a504971]::panicking::panic_fmt
[INFO] [stdout]   11:     0x60c6690b2863 - core[a373ad73a504971]::panicking::assert_failed_inner
[INFO] [stdout]   12:     0x60c6690250fd - core[a373ad73a504971]::panicking::assert_failed::<alloc[2e1b2a31b91974c5]::string::String, alloc[2e1b2a31b91974c5]::string::String>
[INFO] [stdout]   13:     0x60c669021679 - <main[716a5b3fb803763e]::stm32builder_can_show_the_whole_rcc::{closure#0} as core[a373ad73a504971]::ops::function::FnOnce<()>>::call_once
[INFO] [stdout]   14:     0x60c66902617b - test[aada8e7e76ba119b]::__rust_begin_short_backtrace::<core[a373ad73a504971]::result::Result<(), alloc[2e1b2a31b91974c5]::string::String>, fn() -> core[a373ad73a504971]::result::Result<(), alloc[2e1b2a31b91974c5]::string::String>>
[INFO] [stdout]   15:     0x60c669033355 - test[aada8e7e76ba119b]::run_test::{closure#0}
[INFO] [stdout]   16:     0x60c66902cc44 - std[617be2ca0a6fd877]::sys::backtrace::__rust_begin_short_backtrace::<test[aada8e7e76ba119b]::run_test::{closure#1}, ()>
[INFO] [stdout]   17:     0x60c6690363e2 - <std[617be2ca0a6fd877]::thread::lifecycle::spawn_unchecked<test[aada8e7e76ba119b]::run_test::{closure#1}, ()>::{closure#1} as core[a373ad73a504971]::ops::function::FnOnce<()>>::call_once::{shim:vtable#0}
[INFO] [stdout]   18:     0x60c66909db7f - <std[617be2ca0a6fd877]::sys::thread::unix::Thread>::new::thread_start
[INFO] [stdout]   19:     0x738834d3cdfa - <unknown>
[INFO] [stdout]   20:     0x738834dd03d4 - clone
[INFO] [stdout]   21:                0x0 - <unknown>
[INFO] [stdout] 
[INFO] [stdout] 
[INFO] [stdout] failures:
[INFO] [stdout]     stm32builder_can_parse_a_device
[INFO] [stdout]     stm32builder_can_show_a_device
[INFO] [stdout]     stm32builder_can_show_the_whole_device
[INFO] [stdout]     stm32builder_can_show_the_whole_gpio
[INFO] [stdout]     stm32builder_can_show_the_whole_info
[INFO] [stdout]     stm32builder_can_show_the_whole_rcc
[INFO] [stdout] 
[INFO] [stdout] test result: FAILED. 11 passed; 6 failed; 0 ignored; 0 measured; 0 filtered out; finished in 47.07s
[INFO] [stdout] 
[INFO] [stderr] error: test failed, to rerun pass `--test main`
[INFO] running `Command { std: "docker" "inspect" "661086d17eb27e462beb3dc8516d48a4b1472c2c997320ea69c0802d2ed29b37", kill_on_drop: false }`
[INFO] running `Command { std: "docker" "rm" "-f" "661086d17eb27e462beb3dc8516d48a4b1472c2c997320ea69c0802d2ed29b37", kill_on_drop: false }`
[INFO] [stdout] 661086d17eb27e462beb3dc8516d48a4b1472c2c997320ea69c0802d2ed29b37
