[INFO] fetching crate stitchy-core 0.1.6...
[INFO] testing stitchy-core-0.1.6 against 1.100.0-beta.1+cargoflags=--release for beta-release-1.100-2
[INFO] extracting crate stitchy-core 0.1.6 into /workspace/builds/worker-1-tc2/source
[INFO] started tweaking crates.io crate stitchy-core 0.1.6
[INFO] finished tweaking crates.io crate stitchy-core 0.1.6
[INFO] tweaked toml for crates.io crate stitchy-core 0.1.6 written to /workspace/builds/worker-1-tc2/source/Cargo.toml
[INFO] validating manifest of crates.io crate stitchy-core 0.1.6 on toolchain 1.100.0-beta.1
[INFO] running `Command { std: CARGO_HOME="/workspace/cargo-home" RUSTUP_HOME="/workspace/rustup-home" "/workspace/cargo-home/bin/cargo" "+1.100.0-beta.1" "metadata" "--manifest-path" "Cargo.toml" "--no-deps", kill_on_drop: false }`
[INFO] crate crates.io crate stitchy-core 0.1.6 already has a lockfile, it will not be regenerated
[INFO] running `Command { std: CARGO_HOME="/workspace/cargo-home" RUSTUP_HOME="/workspace/rustup-home" "/workspace/cargo-home/bin/cargo" "+1.100.0-beta.1" "fetch" "--manifest-path" "Cargo.toml", kill_on_drop: false }`
[INFO] running `Command { std: "docker" "create" "-v" "/var/lib/crater-agent-workspace/builds/worker-1-tc2/source:/opt/rustwide/workdir:ro,Z" "-v" "/var/lib/crater-agent-workspace/builds/worker-1-tc2/target:/opt/rustwide/target:rw,Z" "-v" "/var/lib/crater-agent-workspace/cargo-home:/opt/rustwide/cargo-home:ro,Z" "-v" "/var/lib/crater-agent-workspace/rustup-home:/opt/rustwide/rustup-home:ro,Z" "-m" "1610612736" "--network" "none" "ghcr.io/rust-lang/crates-build-env/linux@sha256:77db811e55d90add9212f6832c23229e3de5f1c1f9905e8cb07319ea15df73ac" "sleep" "infinity", kill_on_drop: false }`
[INFO] [stdout] e7b16224be47545df771e87bb9b6037d5337d68ef753296ef8867014d5558761
[INFO] running `Command { std: "docker" "start" "e7b16224be47545df771e87bb9b6037d5337d68ef753296ef8867014d5558761", kill_on_drop: false }`
[INFO] running `Command { std: "docker" "inspect" "e7b16224be47545df771e87bb9b6037d5337d68ef753296ef8867014d5558761", kill_on_drop: false }`
[INFO] running `Command { std: "docker" "exec" "-e" "SOURCE_DIR=/opt/rustwide/workdir" "-e" "CARGO_HOME=/opt/rustwide/cargo-home" "-e" "RUSTUP_HOME=/opt/rustwide/rustup-home" "-e" "CARGO_TARGET_DIR=/opt/rustwide/target" "-w" "/opt/rustwide/workdir" "--user" "0:0" "e7b16224be47545df771e87bb9b6037d5337d68ef753296ef8867014d5558761" "/opt/rustwide/cargo-home/bin/cargo" "+1.100.0-beta.1" "metadata" "--no-deps" "--format-version=1", kill_on_drop: false }`
[INFO] running `Command { std: "docker" "inspect" "e7b16224be47545df771e87bb9b6037d5337d68ef753296ef8867014d5558761", kill_on_drop: false }`
[INFO] running `Command { std: "docker" "exec" "-e" "SOURCE_DIR=/opt/rustwide/workdir" "-e" "CARGO_HOME=/opt/rustwide/cargo-home" "-e" "RUSTUP_HOME=/opt/rustwide/rustup-home" "-e" "CARGO_TARGET_DIR=/opt/rustwide/target" "-e" "CARGO_INCREMENTAL=0" "-e" "RUST_BACKTRACE=full" "-e" "RUSTFLAGS=--cap-lints=warn" "-e" "RUSTDOCFLAGS=--cap-lints=warn" "-w" "/opt/rustwide/workdir" "--user" "0:0" "e7b16224be47545df771e87bb9b6037d5337d68ef753296ef8867014d5558761" "/opt/rustwide/cargo-home/bin/cargo" "+1.100.0-beta.1" "build" "--frozen" "--message-format=json" "--release", kill_on_drop: false }`
[INFO] [stderr]    Compiling simd-adler32 v0.3.7
[INFO] [stderr]    Compiling crc32fast v1.5.0
[INFO] [stderr]    Compiling adler2 v2.0.1
[INFO] [stderr]    Compiling cfg-if v1.0.1
[INFO] [stderr]    Compiling autocfg v1.5.0
[INFO] [stderr]    Compiling weezl v0.1.10
[INFO] [stderr]    Compiling bitflags v1.3.2
[INFO] [stderr]    Compiling byteorder-lite v0.1.0
[INFO] [stderr]    Compiling color_quant v1.1.0
[INFO] [stderr]    Compiling quick-error v2.0.1
[INFO] [stderr]    Compiling zune-core v0.4.12
[INFO] [stderr]    Compiling bytemuck v1.23.1
[INFO] [stderr]    Compiling miniz_oxide v0.8.9
[INFO] [stderr]    Compiling fdeflate v0.3.7
[INFO] [stderr]    Compiling gif v0.13.3
[INFO] [stderr]    Compiling image-webp v0.2.3
[INFO] [stderr]    Compiling zune-jpeg v0.4.19
[INFO] [stderr]    Compiling num-traits v0.2.19
[INFO] [stderr]    Compiling flate2 v1.1.2
[INFO] [stderr]    Compiling png v0.17.16
[INFO] [stderr]    Compiling image v0.25.6
[INFO] [stderr]    Compiling stitchy-core v0.1.6 (/opt/rustwide/workdir)
[INFO] [stderr]     Finished `release` profile [optimized] target(s) in 42.02s
[INFO] running `Command { std: "docker" "inspect" "e7b16224be47545df771e87bb9b6037d5337d68ef753296ef8867014d5558761", kill_on_drop: false }`
[INFO] running `Command { std: "docker" "exec" "-e" "SOURCE_DIR=/opt/rustwide/workdir" "-e" "CARGO_HOME=/opt/rustwide/cargo-home" "-e" "RUSTUP_HOME=/opt/rustwide/rustup-home" "-e" "CARGO_TARGET_DIR=/opt/rustwide/target" "-e" "CARGO_INCREMENTAL=0" "-e" "RUST_BACKTRACE=full" "-e" "RUSTFLAGS=--cap-lints=warn" "-e" "RUSTDOCFLAGS=--cap-lints=warn" "-w" "/opt/rustwide/workdir" "--user" "0:0" "e7b16224be47545df771e87bb9b6037d5337d68ef753296ef8867014d5558761" "/opt/rustwide/cargo-home/bin/cargo" "+1.100.0-beta.1" "test" "--frozen" "--no-run" "--message-format=json" "--release", kill_on_drop: false }`
[INFO] [stderr]    Compiling stitchy-core v0.1.6 (/opt/rustwide/workdir)
[INFO] [stderr]     Finished `release` profile [optimized] target(s) in 6.94s
[INFO] running `Command { std: "docker" "inspect" "e7b16224be47545df771e87bb9b6037d5337d68ef753296ef8867014d5558761", kill_on_drop: false }`
[INFO] running `Command { std: "docker" "exec" "-e" "SOURCE_DIR=/opt/rustwide/workdir" "-e" "CARGO_HOME=/opt/rustwide/cargo-home" "-e" "RUSTUP_HOME=/opt/rustwide/rustup-home" "-e" "CARGO_TARGET_DIR=/opt/rustwide/target" "-e" "CARGO_INCREMENTAL=0" "-e" "RUST_BACKTRACE=full" "-e" "RUSTFLAGS=--cap-lints=warn" "-e" "RUSTDOCFLAGS=--cap-lints=warn" "-w" "/opt/rustwide/workdir" "--user" "0:0" "e7b16224be47545df771e87bb9b6037d5337d68ef753296ef8867014d5558761" "/opt/rustwide/cargo-home/bin/cargo" "+1.100.0-beta.1" "test" "--frozen" "--release", kill_on_drop: false }`
[INFO] [stderr]     Finished `release` profile [optimized] target(s) in 0.07s
[INFO] [stdout] 
[INFO] [stderr]      Running unittests src/lib.rs (/opt/rustwide/target/release/build/stitchy-core/36af2f5b129c5ea7/out/stitchy_core-36af2f5b129c5ea7)
[INFO] [stdout] running 8 tests
[INFO] [stdout] test stitch::tests::test_types ... FAILED
[INFO] [stdout] test stitch::tests::check_horizontal_and_vertical_resizing ... ok
[INFO] [stdout] test stitch::tests::test_rotated_files ... FAILED
[INFO] [stdout] test stitch::tests::test_unusual_inputs ... FAILED
[INFO] [stdout] test stitch::tests::test_output_dimensions ... FAILED
[INFO] [stdout] test stitch::tests::test_file_counts ... FAILED
[INFO] [stdout] test tests::check_files_length_strings ... ok
[INFO] [stdout] test stitch::tests::check_grid_resizing ... ok
[INFO] [stdout] 
[INFO] [stdout] failures:
[INFO] [stdout] 
[INFO] [stdout] ---- stitch::tests::test_types stdout ----
[INFO] [stdout] 
[INFO] [stdout] thread 'stitch::tests::test_types' (529) panicked at src/stitch/tests.rs:101:10:
[INFO] [stdout] called `Result::unwrap()` on an `Err` value: "Requested path is not a directory:/opt/rustwide/workdir/../../images/testing/test_types"
[INFO] [stdout] stack backtrace:
[INFO] [stdout]    0:     0x65517ee20201 - <<std[617be2ca0a6fd877]::sys::backtrace::BacktraceLock>::print::DisplayBacktrace as core[a373ad73a504971]::fmt::Display>::fmt
[INFO] [stdout]    1:     0x65517ee3557a - core[a373ad73a504971]::fmt::write
[INFO] [stdout]    2:     0x65517ee2488c - <alloc[2e1b2a31b91974c5]::vec::Vec<u8> as core[a373ad73a504971]::io::write::Write>::write_fmt
[INFO] [stdout]    3:     0x65517edfbc16 - std[617be2ca0a6fd877]::panicking::default_hook::{closure#0}
[INFO] [stdout]    4:     0x65517ee185a9 - std[617be2ca0a6fd877]::panicking::default_hook
[INFO] [stdout]    5:     0x65517ed5c740 - test[aada8e7e76ba119b]::test_main_inner::{closure#0}
[INFO] [stdout]    6:     0x65517ee18762 - std[617be2ca0a6fd877]::panicking::panic_with_hook
[INFO] [stdout]    7:     0x65517edfbcc2 - std[617be2ca0a6fd877]::panicking::panic_handler::{closure#0}
[INFO] [stdout]    8:     0x65517edf4859 - std[617be2ca0a6fd877]::sys::backtrace::__rust_end_short_backtrace::<std[617be2ca0a6fd877]::panicking::panic_handler::{closure#0}, !>
[INFO] [stdout]    9:     0x65517edfc8cd - __rustc[ea4f61d10b84890b]::rust_begin_unwind
[INFO] [stdout]   10:     0x65517ee35cac - core[a373ad73a504971]::panicking::panic_fmt
[INFO] [stdout]   11:     0x65517ee35a82 - core[a373ad73a504971]::result::unwrap_failed
[INFO] [stdout]   12:     0x65517ed4310a - <stitchy_core[6f8a49b4abaf7e7c]::stitch::tests::test_types::{closure#0} as core[a373ad73a504971]::ops::function::FnOnce<()>>::call_once
[INFO] [stdout]   13:     0x65517ed4fb8b - test[aada8e7e76ba119b]::__rust_begin_short_backtrace::<core[a373ad73a504971]::result::Result<(), alloc[2e1b2a31b91974c5]::string::String>, fn() -> core[a373ad73a504971]::result::Result<(), alloc[2e1b2a31b91974c5]::string::String>>
[INFO] [stdout]   14:     0x65517ed5cd65 - test[aada8e7e76ba119b]::run_test::{closure#0}
[INFO] [stdout]   15:     0x65517ed56654 - std[617be2ca0a6fd877]::sys::backtrace::__rust_begin_short_backtrace::<test[aada8e7e76ba119b]::run_test::{closure#1}, ()>
[INFO] [stdout]   16:     0x65517ed5fdf2 - <std[617be2ca0a6fd877]::thread::lifecycle::spawn_unchecked<test[aada8e7e76ba119b]::run_test::{closure#1}, ()>::{closure#1} as core[a373ad73a504971]::ops::function::FnOnce<()>>::call_once::{shim:vtable#0}
[INFO] [stdout]   17:     0x65517ee1fa5f - <std[617be2ca0a6fd877]::sys::thread::unix::Thread>::new::thread_start
[INFO] [stdout]   18:     0x7d5468f66dfa - <unknown>
[INFO] [stdout]   19:     0x7d5468ffa3d4 - clone
[INFO] [stdout]   20:                0x0 - <unknown>
[INFO] [stdout] 
[INFO] [stdout] ---- stitch::tests::test_rotated_files stdout ----
[INFO] [stdout] 
[INFO] [stdout] thread 'stitch::tests::test_rotated_files' (528) panicked at src/stitch/tests.rs:265:10:
[INFO] [stdout] called `Result::unwrap()` on an `Err` value: "Requested path is not a directory:/opt/rustwide/workdir/../../images/testing/test_rotation"
[INFO] [stdout] stack backtrace:
[INFO] [stdout]    0:     0x65517ee20201 - <<std[617be2ca0a6fd877]::sys::backtrace::BacktraceLock>::print::DisplayBacktrace as core[a373ad73a504971]::fmt::Display>::fmt
[INFO] [stdout]    1:     0x65517ee3557a - core[a373ad73a504971]::fmt::write
[INFO] [stdout]    2:     0x65517ee2488c - <alloc[2e1b2a31b91974c5]::vec::Vec<u8> as core[a373ad73a504971]::io::write::Write>::write_fmt
[INFO] [stdout]    3:     0x65517edfbc16 - std[617be2ca0a6fd877]::panicking::default_hook::{closure#0}
[INFO] [stdout]    4:     0x65517ee185a9 - std[617be2ca0a6fd877]::panicking::default_hook
[INFO] [stdout]    5:     0x65517ed5c740 - test[aada8e7e76ba119b]::test_main_inner::{closure#0}
[INFO] [stdout]    6:     0x65517ee18762 - std[617be2ca0a6fd877]::panicking::panic_with_hook
[INFO] [stdout]    7:     0x65517edfbcc2 - std[617be2ca0a6fd877]::panicking::panic_handler::{closure#0}
[INFO] [stdout]    8:     0x65517edf4859 - std[617be2ca0a6fd877]::sys::backtrace::__rust_end_short_backtrace::<std[617be2ca0a6fd877]::panicking::panic_handler::{closure#0}, !>
[INFO] [stdout]    9:     0x65517edfc8cd - __rustc[ea4f61d10b84890b]::rust_begin_unwind
[INFO] [stdout]   10:     0x65517ee35cac - core[a373ad73a504971]::panicking::panic_fmt
[INFO] [stdout]   11:     0x65517ee35a82 - core[a373ad73a504971]::result::unwrap_failed
[INFO] [stdout]   12:     0x65517ed439ce - <stitchy_core[6f8a49b4abaf7e7c]::stitch::tests::test_rotated_files::{closure#0} as core[a373ad73a504971]::ops::function::FnOnce<()>>::call_once
[INFO] [stdout]   13:     0x65517ed4fb8b - test[aada8e7e76ba119b]::__rust_begin_short_backtrace::<core[a373ad73a504971]::result::Result<(), alloc[2e1b2a31b91974c5]::string::String>, fn() -> core[a373ad73a504971]::result::Result<(), alloc[2e1b2a31b91974c5]::string::String>>
[INFO] [stdout]   14:     0x65517ed5cd65 - test[aada8e7e76ba119b]::run_test::{closure#0}
[INFO] [stdout]   15:     0x65517ed56654 - std[617be2ca0a6fd877]::sys::backtrace::__rust_begin_short_backtrace::<test[aada8e7e76ba119b]::run_test::{closure#1}, ()>
[INFO] [stdout]   16:     0x65517ed5fdf2 - <std[617be2ca0a6fd877]::thread::lifecycle::spawn_unchecked<test[aada8e7e76ba119b]::run_test::{closure#1}, ()>::{closure#1} as core[a373ad73a504971]::ops::function::FnOnce<()>>::call_once::{shim:vtable#0}
[INFO] [stdout]   17:     0x65517ee1fa5f - <std[617be2ca0a6fd877]::sys::thread::unix::Thread>::new::thread_start
[INFO] [stdout]   18:     0x7d5468f66dfa - <unknown>
[INFO] [stdout]   19:     0x7d5468ffa3d4 - clone
[INFO] [stdout]   20:                0x0 - <unknown>
[INFO] [stdout] 
[INFO] [stdout] ---- stitch::tests::test_unusual_inputs stdout ----
[INFO] [stdout] 
[INFO] [stdout] thread 'stitch::tests::test_unusual_inputs' (530) panicked at src/stitch/tests.rs:135:10:
[INFO] [stdout] called `Result::unwrap()` on an `Err` value: "Requested path is not a directory:/opt/rustwide/workdir/../../images/testing/test_unusual_inputs"
[INFO] [stdout] stack backtrace:
[INFO] [stdout]    0:     0x65517ee20201 - <<std[617be2ca0a6fd877]::sys::backtrace::BacktraceLock>::print::DisplayBacktrace as core[a373ad73a504971]::fmt::Display>::fmt
[INFO] [stdout]    1:     0x65517ee3557a - core[a373ad73a504971]::fmt::write
[INFO] [stdout]    2:     0x65517ee2488c - <alloc[2e1b2a31b91974c5]::vec::Vec<u8> as core[a373ad73a504971]::io::write::Write>::write_fmt
[INFO] [stdout]    3:     0x65517edfbc16 - std[617be2ca0a6fd877]::panicking::default_hook::{closure#0}
[INFO] [stdout]    4:     0x65517ee185a9 - std[617be2ca0a6fd877]::panicking::default_hook
[INFO] [stdout]    5:     0x65517ed5c740 - test[aada8e7e76ba119b]::test_main_inner::{closure#0}
[INFO] [stdout]    6:     0x65517ee18762 - std[617be2ca0a6fd877]::panicking::panic_with_hook
[INFO] [stdout]    7:     0x65517edfbcc2 - std[617be2ca0a6fd877]::panicking::panic_handler::{closure#0}
[INFO] [stdout]    8:     0x65517edf4859 - std[617be2ca0a6fd877]::sys::backtrace::__rust_end_short_backtrace::<std[617be2ca0a6fd877]::panicking::panic_handler::{closure#0}, !>
[INFO] [stdout]    9:     0x65517edfc8cd - __rustc[ea4f61d10b84890b]::rust_begin_unwind
[INFO] [stdout]   10:     0x65517ee35cac - core[a373ad73a504971]::panicking::panic_fmt
[INFO] [stdout]   11:     0x65517ee35a82 - core[a373ad73a504971]::result::unwrap_failed
[INFO] [stdout]   12:     0x65517ed442af - <stitchy_core[6f8a49b4abaf7e7c]::stitch::tests::test_unusual_inputs::{closure#0} as core[a373ad73a504971]::ops::function::FnOnce<()>>::call_once
[INFO] [stdout]   13:     0x65517ed4fb8b - test[aada8e7e76ba119b]::__rust_begin_short_backtrace::<core[a373ad73a504971]::result::Result<(), alloc[2e1b2a31b91974c5]::string::String>, fn() -> core[a373ad73a504971]::result::Result<(), alloc[2e1b2a31b91974c5]::string::String>>
[INFO] [stdout]   14:     0x65517ed5cd65 - test[aada8e7e76ba119b]::run_test::{closure#0}
[INFO] [stdout]   15:     0x65517ed56654 - std[617be2ca0a6fd877]::sys::backtrace::__rust_begin_short_backtrace::<test[aada8e7e76ba119b]::run_test::{closure#1}, ()>
[INFO] [stdout]   16:     0x65517ed5fdf2 - <std[617be2ca0a6fd877]::thread::lifecycle::spawn_unchecked<test[aada8e7e76ba119b]::run_test::{closure#1}, ()>::{closure#1} as core[a373ad73a504971]::ops::function::FnOnce<()>>::call_once::{shim:vtable#0}
[INFO] [stdout]   17:     0x65517ee1fa5f - <std[617be2ca0a6fd877]::sys::thread::unix::Thread>::new::thread_start
[INFO] [stdout]   18:     0x7d5468f66dfa - <unknown>
[INFO] [stdout]   19:     0x7d5468ffa3d4 - clone
[INFO] [stdout]   20:                0x0 - <unknown>
[INFO] [stdout] 
[INFO] [stdout] ---- stitch::tests::test_output_dimensions stdout ----
[INFO] [stdout] 
[INFO] [stdout] thread 'stitch::tests::test_output_dimensions' (527) panicked at src/stitch/tests.rs:178:10:
[INFO] [stdout] called `Result::unwrap()` on an `Err` value: "Requested path is not a directory:/opt/rustwide/workdir/../../images/testing/test_output_dimensions"
[INFO] [stdout] stack backtrace:
[INFO] [stdout]    0:     0x65517ee20201 - <<std[617be2ca0a6fd877]::sys::backtrace::BacktraceLock>::print::DisplayBacktrace as core[a373ad73a504971]::fmt::Display>::fmt
[INFO] [stdout]    1:     0x65517ee3557a - core[a373ad73a504971]::fmt::write
[INFO] [stdout]    2:     0x65517ee2488c - <alloc[2e1b2a31b91974c5]::vec::Vec<u8> as core[a373ad73a504971]::io::write::Write>::write_fmt
[INFO] [stdout]    3:     0x65517edfbc16 - std[617be2ca0a6fd877]::panicking::default_hook::{closure#0}
[INFO] [stdout]    4:     0x65517ee185a9 - std[617be2ca0a6fd877]::panicking::default_hook
[INFO] [stdout]    5:     0x65517ed5c740 - test[aada8e7e76ba119b]::test_main_inner::{closure#0}
[INFO] [stdout]    6:     0x65517ee18762 - std[617be2ca0a6fd877]::panicking::panic_with_hook
[INFO] [stdout]    7:     0x65517edfbcc2 - std[617be2ca0a6fd877]::panicking::panic_handler::{closure#0}
[INFO] [stdout]    8:     0x65517edf4859 - std[617be2ca0a6fd877]::sys::backtrace::__rust_end_short_backtrace::<std[617be2ca0a6fd877]::panicking::panic_handler::{closure#0}, !>
[INFO] [stdout]    9:     0x65517edfc8cd - __rustc[ea4f61d10b84890b]::rust_begin_unwind
[INFO] [stdout]   10:     0x65517ee35cac - core[a373ad73a504971]::panicking::panic_fmt
[INFO] [stdout]   11:     0x65517ee35a82 - core[a373ad73a504971]::result::unwrap_failed
[INFO] [stdout]   12:     0x65517ed44ad7 - <stitchy_core[6f8a49b4abaf7e7c]::stitch::tests::test_output_dimensions::{closure#0} as core[a373ad73a504971]::ops::function::FnOnce<()>>::call_once
[INFO] [stdout]   13:     0x65517ed4fb8b - test[aada8e7e76ba119b]::__rust_begin_short_backtrace::<core[a373ad73a504971]::result::Result<(), alloc[2e1b2a31b91974c5]::string::String>, fn() -> core[a373ad73a504971]::result::Result<(), alloc[2e1b2a31b91974c5]::string::String>>
[INFO] [stdout]   14:     0x65517ed5cd65 - test[aada8e7e76ba119b]::run_test::{closure#0}
[INFO] [stdout]   15:     0x65517ed56654 - std[617be2ca0a6fd877]::sys::backtrace::__rust_begin_short_backtrace::<test[aada8e7e76ba119b]::run_test::{closure#1}, ()>
[INFO] [stdout]   16:     0x65517ed5fdf2 - <std[617be2ca0a6fd877]::thread::lifecycle::spawn_unchecked<test[aada8e7e76ba119b]::run_test::{closure#1}, ()>::{closure#1} as core[a373ad73a504971]::ops::function::FnOnce<()>>::call_once::{shim:vtable#0}
[INFO] [stdout]   17:     0x65517ee1fa5f - <std[617be2ca0a6fd877]::sys::thread::unix::Thread>::new::thread_start
[INFO] [stdout]   18:     0x7d5468f66dfa - <unknown>
[INFO] [stdout]   19:     0x7d5468ffa3d4 - clone
[INFO] [stdout]   20:                0x0 - <unknown>
[INFO] [stdout] 
[INFO] [stdout] ---- stitch::tests::test_file_counts stdout ----
[INFO] [stdout] 
[INFO] [stdout] thread 'stitch::tests::test_file_counts' (526) panicked at src/stitch/tests.rs:298:14:
[INFO] [stdout] called `Result::unwrap()` on an `Err` value: "Requested path is not a directory:/opt/rustwide/workdir/../../images/testing/test_file_counts"
[INFO] [stdout] stack backtrace:
[INFO] [stdout]    0:     0x65517ee20201 - <<std[617be2ca0a6fd877]::sys::backtrace::BacktraceLock>::print::DisplayBacktrace as core[a373ad73a504971]::fmt::Display>::fmt
[INFO] [stdout]    1:     0x65517ee3557a - core[a373ad73a504971]::fmt::write
[INFO] [stdout]    2:     0x65517ee2488c - <alloc[2e1b2a31b91974c5]::vec::Vec<u8> as core[a373ad73a504971]::io::write::Write>::write_fmt
[INFO] [stdout]    3:     0x65517edfbc16 - std[617be2ca0a6fd877]::panicking::default_hook::{closure#0}
[INFO] [stdout]    4:     0x65517ee185a9 - std[617be2ca0a6fd877]::panicking::default_hook
[INFO] [stdout]    5:     0x65517ed5c740 - test[aada8e7e76ba119b]::test_main_inner::{closure#0}
[INFO] [stdout]    6:     0x65517ee18762 - std[617be2ca0a6fd877]::panicking::panic_with_hook
[INFO] [stdout]    7:     0x65517edfbcc2 - std[617be2ca0a6fd877]::panicking::panic_handler::{closure#0}
[INFO] [stdout]    8:     0x65517edf4859 - std[617be2ca0a6fd877]::sys::backtrace::__rust_end_short_backtrace::<std[617be2ca0a6fd877]::panicking::panic_handler::{closure#0}, !>
[INFO] [stdout]    9:     0x65517edfc8cd - __rustc[ea4f61d10b84890b]::rust_begin_unwind
[INFO] [stdout]   10:     0x65517ee35cac - core[a373ad73a504971]::panicking::panic_fmt
[INFO] [stdout]   11:     0x65517ee35a82 - core[a373ad73a504971]::result::unwrap_failed
[INFO] [stdout]   12:     0x65517ed4353d - <stitchy_core[6f8a49b4abaf7e7c]::stitch::tests::test_file_counts::{closure#0} as core[a373ad73a504971]::ops::function::FnOnce<()>>::call_once
[INFO] [stdout]   13:     0x65517ed4fb8b - test[aada8e7e76ba119b]::__rust_begin_short_backtrace::<core[a373ad73a504971]::result::Result<(), alloc[2e1b2a31b91974c5]::string::String>, fn() -> core[a373ad73a504971]::result::Result<(), alloc[2e1b2a31b91974c5]::string::String>>
[INFO] [stdout]   14:     0x65517ed5cd65 - test[aada8e7e76ba119b]::run_test::{closure#0}
[INFO] [stdout]   15:     0x65517ed56654 - std[617be2ca0a6fd877]::sys::backtrace::__rust_begin_short_backtrace::<test[aada8e7e76ba119b]::run_test::{closure#1}, ()>
[INFO] [stdout]   16:     0x65517ed5fdf2 - <std[617be2ca0a6fd877]::thread::lifecycle::spawn_unchecked<test[aada8e7e76ba119b]::run_test::{closure#1}, ()>::{closure#1} as core[a373ad73a504971]::ops::function::FnOnce<()>>::call_once::{shim:vtable#0}
[INFO] [stdout]   17:     0x65517ee1fa5f - <std[617be2ca0a6fd877]::sys::thread::unix::Thread>::new::thread_start
[INFO] [stdout]   18:     0x7d5468f66dfa - <unknown>
[INFO] [stdout]   19:     0x7d5468ffa3d4 - clone
[INFO] [stdout]   20:                0x0 - <unknown>
[INFO] [stdout] 
[INFO] [stdout] 
[INFO] [stdout] failures:
[INFO] [stdout]     stitch::tests::test_file_counts
[INFO] [stdout]     stitch::tests::test_output_dimensions
[INFO] [stdout]     stitch::tests::test_rotated_files
[INFO] [stdout]     stitch::tests::test_types
[INFO] [stdout]     stitch::tests::test_unusual_inputs
[INFO] [stdout] 
[INFO] [stdout] test result: FAILED. 3 passed; 5 failed; 0 ignored; 0 measured; 0 filtered out; finished in 0.01s
[INFO] [stdout] 
[INFO] [stderr] error: test failed, to rerun pass `--lib`
[INFO] running `Command { std: "docker" "inspect" "e7b16224be47545df771e87bb9b6037d5337d68ef753296ef8867014d5558761", kill_on_drop: false }`
[INFO] running `Command { std: "docker" "rm" "-f" "e7b16224be47545df771e87bb9b6037d5337d68ef753296ef8867014d5558761", kill_on_drop: false }`
[INFO] [stdout] e7b16224be47545df771e87bb9b6037d5337d68ef753296ef8867014d5558761
