[INFO] fetching crate stingy 0.1.0...
[INFO] testing stingy-0.1.0 against 1.100.0-beta.1+cargoflags=--release for beta-release-1.100-2
[INFO] extracting crate stingy 0.1.0 into /workspace/builds/worker-1-tc2/source
[INFO] removed /workspace/builds/worker-1-tc2/source/rust-toolchain.toml
[INFO] started tweaking crates.io crate stingy 0.1.0
[INFO] removed 0 missing tests
[INFO] finished tweaking crates.io crate stingy 0.1.0
[INFO] tweaked toml for crates.io crate stingy 0.1.0 written to /workspace/builds/worker-1-tc2/source/Cargo.toml
[INFO] validating manifest of crates.io crate stingy 0.1.0 on toolchain 1.100.0-beta.1
[INFO] running `Command { std: CARGO_HOME="/workspace/cargo-home" RUSTUP_HOME="/workspace/rustup-home" "/workspace/cargo-home/bin/cargo" "+1.100.0-beta.1" "metadata" "--manifest-path" "Cargo.toml" "--no-deps", kill_on_drop: false }`
[INFO] crate crates.io crate stingy 0.1.0 already has a lockfile, it will not be regenerated
[INFO] running `Command { std: CARGO_HOME="/workspace/cargo-home" RUSTUP_HOME="/workspace/rustup-home" "/workspace/cargo-home/bin/cargo" "+1.100.0-beta.1" "fetch" "--manifest-path" "Cargo.toml", kill_on_drop: false }`
[INFO] [stderr] warning: `package.homepage` is redundant with `package.repository`
[INFO] [stderr]   --> Cargo.toml:41:12
[INFO] [stderr]    |
[INFO] [stderr] 41 | homepage = "https://github.com/muhanad-bueno/stingy"
[INFO] [stderr]    |            ^^^^^^^^^^^^^^^^^^^^^^^^^^^^^^^^^^^^^^^^^
[INFO] [stderr] ...
[INFO] [stderr] 46 | repository = "https://github.com/muhanad-bueno/stingy"
[INFO] [stderr]    |              -----------------------------------------
[INFO] [stderr]    |
[INFO] [stderr]    = note: `cargo::redundant_homepage` is set to `warn` by default
[INFO] [stderr] help: consider removing `package.homepage`
[INFO] [stderr] warning: `stingy` (manifest) generated 1 warning
[INFO] running `Command { std: "docker" "create" "-v" "/var/lib/crater-agent-workspace/builds/worker-1-tc2/source:/opt/rustwide/workdir:ro,Z" "-v" "/var/lib/crater-agent-workspace/builds/worker-1-tc2/target:/opt/rustwide/target:rw,Z" "-v" "/var/lib/crater-agent-workspace/cargo-home:/opt/rustwide/cargo-home:ro,Z" "-v" "/var/lib/crater-agent-workspace/rustup-home:/opt/rustwide/rustup-home:ro,Z" "-m" "1610612736" "--network" "none" "ghcr.io/rust-lang/crates-build-env/linux@sha256:77db811e55d90add9212f6832c23229e3de5f1c1f9905e8cb07319ea15df73ac" "sleep" "infinity", kill_on_drop: false }`
[INFO] [stdout] 36844b57e199aff5232d71510a83b06e929f468ff94620ba7e43989b9bd8e55a
[INFO] running `Command { std: "docker" "start" "36844b57e199aff5232d71510a83b06e929f468ff94620ba7e43989b9bd8e55a", kill_on_drop: false }`
[INFO] running `Command { std: "docker" "inspect" "36844b57e199aff5232d71510a83b06e929f468ff94620ba7e43989b9bd8e55a", kill_on_drop: false }`
[INFO] running `Command { std: "docker" "exec" "-e" "SOURCE_DIR=/opt/rustwide/workdir" "-e" "CARGO_HOME=/opt/rustwide/cargo-home" "-e" "RUSTUP_HOME=/opt/rustwide/rustup-home" "-e" "CARGO_TARGET_DIR=/opt/rustwide/target" "-w" "/opt/rustwide/workdir" "--user" "0:0" "36844b57e199aff5232d71510a83b06e929f468ff94620ba7e43989b9bd8e55a" "/opt/rustwide/cargo-home/bin/cargo" "+1.100.0-beta.1" "metadata" "--no-deps" "--format-version=1", kill_on_drop: false }`
[INFO] running `Command { std: "docker" "inspect" "36844b57e199aff5232d71510a83b06e929f468ff94620ba7e43989b9bd8e55a", kill_on_drop: false }`
[INFO] running `Command { std: "docker" "exec" "-e" "SOURCE_DIR=/opt/rustwide/workdir" "-e" "CARGO_HOME=/opt/rustwide/cargo-home" "-e" "RUSTUP_HOME=/opt/rustwide/rustup-home" "-e" "CARGO_TARGET_DIR=/opt/rustwide/target" "-e" "CARGO_INCREMENTAL=0" "-e" "RUST_BACKTRACE=full" "-e" "RUSTFLAGS=--cap-lints=warn" "-e" "RUSTDOCFLAGS=--cap-lints=warn" "-w" "/opt/rustwide/workdir" "--user" "0:0" "36844b57e199aff5232d71510a83b06e929f468ff94620ba7e43989b9bd8e55a" "/opt/rustwide/cargo-home/bin/cargo" "+1.100.0-beta.1" "build" "--frozen" "--message-format=json" "--release", kill_on_drop: false }`
[INFO] [stderr] warning: `package.homepage` is redundant with `package.repository`
[INFO] [stderr]   --> Cargo.toml:41:12
[INFO] [stderr]    |
[INFO] [stderr] 41 | homepage = "https://github.com/muhanad-bueno/stingy"
[INFO] [stderr]    |            ^^^^^^^^^^^^^^^^^^^^^^^^^^^^^^^^^^^^^^^^^
[INFO] [stderr] ...
[INFO] [stderr] 46 | repository = "https://github.com/muhanad-bueno/stingy"
[INFO] [stderr]    |              -----------------------------------------
[INFO] [stderr]    |
[INFO] [stderr]    = note: `cargo::redundant_homepage` is set to `warn` by default
[INFO] [stderr] help: consider removing `package.homepage`
[INFO] [stderr] warning: `stingy` (manifest) generated 1 warning
[INFO] [stderr]    Compiling crossbeam-utils v0.8.22
[INFO] [stderr]    Compiling memchr v2.8.3
[INFO] [stderr]    Compiling crossbeam-epoch v0.9.20
[INFO] [stderr]    Compiling proc-macro2 v1.0.107
[INFO] [stderr]    Compiling crossbeam-deque v0.8.7
[INFO] [stderr]    Compiling unicode-ident v1.0.24
[INFO] [stderr]    Compiling quote v1.0.47
[INFO] [stderr]    Compiling find-msvc-tools v0.1.11
[INFO] [stderr]    Compiling shlex v2.0.1
[INFO] [stderr]    Compiling serde_core v1.0.229
[INFO] [stderr]    Compiling rayon-core v1.13.0
[INFO] [stderr]    Compiling cc v1.4.3
[INFO] [stderr]    Compiling regex-syntax v0.8.11
[INFO] [stderr]    Compiling zmij v1.0.23
[INFO] [stderr]    Compiling log v0.4.33
[INFO] [stderr]    Compiling same-file v1.0.6
[INFO] [stderr]    Compiling serde_json v1.0.151
[INFO] [stderr]    Compiling anyhow v1.0.104
[INFO] [stderr]    Compiling serde v1.0.229
[INFO] [stderr]    Compiling walkdir v2.5.0
[INFO] [stderr]    Compiling aho-corasick v1.1.5
[INFO] [stderr]    Compiling bstr v1.13.1
[INFO] [stderr]    Compiling either v1.17.0
[INFO] [stderr]    Compiling syn v3.0.3
[INFO] [stderr]    Compiling arrayref v0.3.9
[INFO] [stderr]    Compiling constant_time_eq v0.4.2
[INFO] [stderr]    Compiling arrayvec v0.7.8
[INFO] [stderr]    Compiling cfg-if v1.0.4
[INFO] [stderr]    Compiling itoa v1.0.18
[INFO] [stderr]    Compiling blake3 v1.8.6
[INFO] [stderr]    Compiling cpufeatures v0.3.0
[INFO] [stderr]    Compiling rustc-hash v2.1.3
[INFO] [stderr]    Compiling rayon v1.12.0
[INFO] [stderr]    Compiling regex-automata v0.4.18
[INFO] [stderr]    Compiling serde_derive v1.0.229
[INFO] [stderr]    Compiling globset v0.4.19
[INFO] [stderr]    Compiling ignore v0.4.30
[INFO] [stderr]    Compiling stingy v0.1.0 (/opt/rustwide/workdir)
[INFO] [stderr]     Finished `release` profile [optimized] target(s) in 1m 16s
[INFO] running `Command { std: "docker" "inspect" "36844b57e199aff5232d71510a83b06e929f468ff94620ba7e43989b9bd8e55a", kill_on_drop: false }`
[INFO] running `Command { std: "docker" "exec" "-e" "SOURCE_DIR=/opt/rustwide/workdir" "-e" "CARGO_HOME=/opt/rustwide/cargo-home" "-e" "RUSTUP_HOME=/opt/rustwide/rustup-home" "-e" "CARGO_TARGET_DIR=/opt/rustwide/target" "-e" "CARGO_INCREMENTAL=0" "-e" "RUST_BACKTRACE=full" "-e" "RUSTFLAGS=--cap-lints=warn" "-e" "RUSTDOCFLAGS=--cap-lints=warn" "-w" "/opt/rustwide/workdir" "--user" "0:0" "36844b57e199aff5232d71510a83b06e929f468ff94620ba7e43989b9bd8e55a" "/opt/rustwide/cargo-home/bin/cargo" "+1.100.0-beta.1" "test" "--frozen" "--no-run" "--message-format=json" "--release", kill_on_drop: false }`
[INFO] [stderr] warning: `package.homepage` is redundant with `package.repository`
[INFO] [stderr]   --> Cargo.toml:41:12
[INFO] [stderr]    |
[INFO] [stderr] 41 | homepage = "https://github.com/muhanad-bueno/stingy"
[INFO] [stderr]    |            ^^^^^^^^^^^^^^^^^^^^^^^^^^^^^^^^^^^^^^^^^
[INFO] [stderr] ...
[INFO] [stderr] 46 | repository = "https://github.com/muhanad-bueno/stingy"
[INFO] [stderr]    |              -----------------------------------------
[INFO] [stderr]    |
[INFO] [stderr]    = note: `cargo::redundant_homepage` is set to `warn` by default
[INFO] [stderr] help: consider removing `package.homepage`
[INFO] [stderr] warning: `stingy` (manifest) generated 1 warning
[INFO] [stderr]    Compiling memchr v2.8.3
[INFO] [stderr]    Compiling crossbeam-utils v0.8.22
[INFO] [stderr]    Compiling regex-syntax v0.8.11
[INFO] [stderr]    Compiling serde_core v1.0.229
[INFO] [stderr]    Compiling log v0.4.33
[INFO] [stderr]    Compiling same-file v1.0.6
[INFO] [stderr]    Compiling zmij v1.0.23
[INFO] [stderr]    Compiling constant_time_eq v0.4.2
[INFO] [stderr]    Compiling walkdir v2.5.0
[INFO] [stderr]    Compiling arrayvec v0.7.8
[INFO] [stderr]    Compiling itoa v1.0.18
[INFO] [stderr]    Compiling arrayref v0.3.9
[INFO] [stderr]    Compiling cfg-if v1.0.4
[INFO] [stderr]    Compiling either v1.17.0
[INFO] [stderr]    Compiling cpufeatures v0.3.0
[INFO] [stderr]    Compiling anyhow v1.0.104
[INFO] [stderr]    Compiling blake3 v1.8.6
[INFO] [stderr]    Compiling aho-corasick v1.1.5
[INFO] [stderr]    Compiling bstr v1.13.1
[INFO] [stderr]    Compiling crossbeam-epoch v0.9.20
[INFO] [stderr]    Compiling rustc-hash v2.1.3
[INFO] [stderr]    Compiling crossbeam-deque v0.8.7
[INFO] [stderr]    Compiling rayon-core v1.13.0
[INFO] [stderr]    Compiling rayon v1.12.0
[INFO] [stderr]    Compiling regex-automata v0.4.18
[INFO] [stderr]    Compiling serde_json v1.0.151
[INFO] [stderr]    Compiling serde v1.0.229
[INFO] [stderr]    Compiling globset v0.4.19
[INFO] [stderr]    Compiling ignore v0.4.30
[INFO] [stderr]    Compiling stingy v0.1.0 (/opt/rustwide/workdir)
[INFO] [stderr]     Finished `release` profile [optimized] target(s) in 2m 50s
[INFO] running `Command { std: "docker" "inspect" "36844b57e199aff5232d71510a83b06e929f468ff94620ba7e43989b9bd8e55a", kill_on_drop: false }`
[INFO] running `Command { std: "docker" "exec" "-e" "SOURCE_DIR=/opt/rustwide/workdir" "-e" "CARGO_HOME=/opt/rustwide/cargo-home" "-e" "RUSTUP_HOME=/opt/rustwide/rustup-home" "-e" "CARGO_TARGET_DIR=/opt/rustwide/target" "-e" "CARGO_INCREMENTAL=0" "-e" "RUST_BACKTRACE=full" "-e" "RUSTFLAGS=--cap-lints=warn" "-e" "RUSTDOCFLAGS=--cap-lints=warn" "-w" "/opt/rustwide/workdir" "--user" "0:0" "36844b57e199aff5232d71510a83b06e929f468ff94620ba7e43989b9bd8e55a" "/opt/rustwide/cargo-home/bin/cargo" "+1.100.0-beta.1" "test" "--frozen" "--release", kill_on_drop: false }`
[INFO] [stderr] warning: `package.homepage` is redundant with `package.repository`
[INFO] [stderr]   --> Cargo.toml:41:12
[INFO] [stderr]    |
[INFO] [stderr] 41 | homepage = "https://github.com/muhanad-bueno/stingy"
[INFO] [stderr]    |            ^^^^^^^^^^^^^^^^^^^^^^^^^^^^^^^^^^^^^^^^^
[INFO] [stderr] ...
[INFO] [stderr] 46 | repository = "https://github.com/muhanad-bueno/stingy"
[INFO] [stderr]    |              -----------------------------------------
[INFO] [stderr]    |
[INFO] [stderr]    = note: `cargo::redundant_homepage` is set to `warn` by default
[INFO] [stderr] help: consider removing `package.homepage`
[INFO] [stderr] warning: `stingy` (manifest) generated 1 warning
[INFO] [stderr]     Finished `release` profile [optimized] target(s) in 0.13s
[INFO] [stderr]      Running unittests src/lib.rs (/opt/rustwide/target/release/build/stingy/f965754b14c98e7a/out/stingy-f965754b14c98e7a)
[INFO] [stdout] 
[INFO] [stdout] running 36 tests
[INFO] [stdout] test cache::tests::rejects_parent_paths ... ok
[INFO] [stdout] test cache::tests::rejects_bad_worktree_fingerprint ... ok
[INFO] [stdout] test git::tests::parses_framed_nul_history_without_marker_collisions ... ok
[INFO] [stdout] test evidence::tests::oversized_piece_focuses_around_matching_line ... ok
[INFO] [stdout] test cache::tests::rejects_oversized_symbol_fields ... ok
[INFO] [stdout] test cache::tests::rejects_bad_edges ... ok
[INFO] [stdout] test cache::tests::rejects_oversized_tables ... ok
[INFO] [stdout] test graph::tests::graph_rows_are_bounded_and_sorted ... ok
[INFO] [stdout] test cache::tests::rejects_symlink_in_cache_tail_before_mkdir ... ok
[INFO] [stdout] test git::tests::overflowing_history_commit_contributes_nothing ... ok
[INFO] [stdout] test graph::tests::path_and_import_extension_rules_match ... ok
[INFO] [stdout] test git::tests::parses_porcelain_paths_without_shell_quoting ... ok
[INFO] [stdout] test lang::tests::rust_symbol_range ... ok
[INFO] [stdout] test graph::tests::personalized_rank_handles_many_dangling_nodes ... ok
[INFO] [stdout] test output::tests::terminal_controls_are_visible_not_executable ... ok
[INFO] [stdout] test lang::tests::extracts_common_import_forms ... ok
[INFO] [stdout] test lang::tests::python_range ... ok
[INFO] [stdout] test query::tests::parses_task_and_retrieval_terms_once ... ok
[INFO] [stdout] test lang::tests::recognizes_common_structural_forms ... ok
[INFO] [stdout] test repo::tests::hidden_policy_is_explicit ... ok
[INFO] [stdout] test index::tests::fast_reuse_checks_dirty_file_hashes ... ok
[INFO] [stdout] test rank::tests::top_positive_frontier_is_bounded_and_stable ... ok
[INFO] [stdout] test repo::tests::secret_like_paths_are_filtered ... ok
[INFO] [stdout] test rank::tests::action_only_query_abstains ... ok
[INFO] [stdout] test lang::tests::recognizes_nested_test_names_and_generated_roots ... ok
[INFO] [stdout] test structure::tests::facade_returns_symbols_and_imports ... ok
[INFO] [stdout] test tokenize::tests::handles_unicode_and_punctuation ... ok
[INFO] [stdout] test query::tests::action_only_query_has_no_retrieval_terms ... ok
[INFO] [stdout] test query::tests::matcher_is_case_and_identifier_style_insensitive ... ok
[INFO] [stdout] test source::tests::reads_normal_file ... ok
[INFO] [stdout] test rank::tests::graph_corroboration_is_not_self_awarded_to_seed ... ok
[INFO] [stdout] test tokenize::tests::splits_acronym_boundary ... ok
[INFO] [stdout] test tokenize::tests::term_count_cap_keeps_counting_existing_terms ... ok
[INFO] [stdout] test tokenize::tests::splits_identifiers ... ok
[INFO] [stdout] test tokenize::tests::estimate_is_conservative_and_nonzero_for_text ... ok
[INFO] [stdout] test source::tests::rejects_file_that_exceeds_read_ceiling ... ok
[INFO] [stdout] 
[INFO] [stdout] test result: ok. 36 passed; 0 failed; 0 ignored; 0 measured; 0 filtered out; finished in 0.01s
[INFO] [stdout] 
[INFO] [stderr]      Running unittests src/main.rs (/opt/rustwide/target/release/build/stingy/97d962b1a8d801bf/out/stingy-97d962b1a8d801bf)
[INFO] [stdout] 
[INFO] [stdout] running 0 tests
[INFO] [stdout] 
[INFO] [stdout] test result: ok. 0 passed; 0 failed; 0 ignored; 0 measured; 0 filtered out; finished in 0.00s
[INFO] [stdout] 
[INFO] [stderr]      Running tests/hardening.rs (/opt/rustwide/target/release/build/stingy/b25ad81307f94090/out/hardening-b25ad81307f94090)
[INFO] [stdout] 
[INFO] [stdout] running 14 tests
[INFO] [stdout] test concurrent_invocations_are_safe ... FAILED
[INFO] [stdout] test action_only_abstains_despite_dirty_file ... FAILED
[INFO] [stdout] test non_git_directory_search_works ... ok
[INFO] [stdout] test path_with_space_and_non_ascii_is_indexed ... ok
[INFO] [stdout] test deleted_file_does_not_break_subsequent_search ... ok
[INFO] [stdout] test rust_python_ts_go_symbol_boundaries ... ok
[INFO] [stdout] test oversized_file_skipped_gracefully ... ok
[INFO] [stdout] test duplicate_module_names_do_not_create_hub ... ok
[INFO] [stdout] test stable_ordering_despite_ties ... ok
[INFO] [stdout] test terminal_control_escaped_in_text_output ... ok
[INFO] [stdout] test bounded_source_reads_reject_growth ... ok
[INFO] [stdout] test same_size_mtime_preserved_edit_detected ... ok
[INFO] [stdout] test secret_binary_generated_oversized_excluded ... ok
[INFO] [stdout] test warm_fast_path_reuses_on_same_head_and_dirty_set ... ok
[INFO] [stdout] 
[INFO] [stdout] failures:
[INFO] [stdout] 
[INFO] [stdout] ---- concurrent_invocations_are_safe stdout ----
[INFO] [stdout] 
[INFO] [stdout] thread 'concurrent_invocations_are_safe' (1423) panicked at tests/hardening.rs:19:36:
[INFO] [stdout] called `Result::unwrap()` on an `Err` value: Os { code: 2, kind: NotFound, message: "No such file or directory" }
[INFO] [stdout] stack backtrace:
[INFO] [stdout]    0:     0x564c862b6ce6 - <unknown>
[INFO] [stdout]    1:     0x564c8619a05a - <unknown>
[INFO] [stdout]    2:     0x564c862bc98c - <unknown>
[INFO] [stdout]    3:     0x564c8628fca2 - <unknown>
[INFO] [stdout]    4:     0x564c862ad5e1 - <unknown>
[INFO] [stdout]    5:     0x564c862ada22 - <unknown>
[INFO] [stdout]    6:     0x564c8628fd52 - <unknown>
[INFO] [stdout]    7:     0x564c862883e9 - <unknown>
[INFO] [stdout]    8:     0x564c86290c9d - <unknown>
[INFO] [stdout]    9:     0x564c8619a77c - <unknown>
[INFO] [stdout]   10:     0x564c8619a552 - <unknown>
[INFO] [stdout]   11:     0x564c861c0082 - <unknown>
[INFO] [stdout]   12:     0x564c861c2556 - <unknown>
[INFO] [stdout]   13:     0x564c8632220b - <unknown>
[INFO] [stdout]   14:     0x564c863300b4 - <unknown>
[INFO] [stdout]   15:     0x564c863297e4 - <unknown>
[INFO] [stdout]   16:     0x564c86333e72 - <unknown>
[INFO] [stdout]   17:     0x564c862b61f4 - <unknown>
[INFO] [stdout]   18:     0x7327a3049dfa - <unknown>
[INFO] [stdout]   19:     0x7327a30dd3d4 - clone
[INFO] [stdout]   20:                0x0 - <unknown>
[INFO] [stdout] 
[INFO] [stdout] ---- action_only_abstains_despite_dirty_file stdout ----
[INFO] [stdout] 
[INFO] [stdout] thread 'action_only_abstains_despite_dirty_file' (1413) panicked at tests/hardening.rs:19:36:
[INFO] [stdout] called `Result::unwrap()` on an `Err` value: Os { code: 2, kind: NotFound, message: "No such file or directory" }
[INFO] [stdout] stack backtrace:
[INFO] [stdout]    0:     0x564c862b6ce6 - <unknown>
[INFO] [stdout]    1:     0x564c8619a05a - <unknown>
[INFO] [stdout]    2:     0x564c862bc98c - <unknown>
[INFO] [stdout]    3:     0x564c8628fca2 - <unknown>
[INFO] [stdout]    4:     0x564c862ad5e1 - <unknown>
[INFO] [stdout]    5:     0x564c862ada22 - <unknown>
[INFO] [stdout]    6:     0x564c8628fd52 - <unknown>
[INFO] [stdout]    7:     0x564c862883e9 - <unknown>
[INFO] [stdout]    8:     0x564c86290c9d - <unknown>
[INFO] [stdout]    9:     0x564c8619a77c - <unknown>
[INFO] [stdout]   10:     0x564c8619a552 - <unknown>
[INFO] [stdout]   11:     0x564c861c0082 - <unknown>
[INFO] [stdout]   12:     0x564c861c4bc6 - <unknown>
[INFO] [stdout]   13:     0x564c8632220b - <unknown>
[INFO] [stdout]   14:     0x564c863300b4 - <unknown>
[INFO] [stdout]   15:     0x564c863297e4 - <unknown>
[INFO] [stdout]   16:     0x564c86333e72 - <unknown>
[INFO] [stdout]   17:     0x564c862b61f4 - <unknown>
[INFO] [stdout]   18:     0x7327a3049dfa - <unknown>
[INFO] [stdout]   19:     0x7327a30dd3d4 - clone
[INFO] [stdout]   20:                0x0 - <unknown>
[INFO] [stdout] 
[INFO] [stdout] 
[INFO] [stdout] failures:
[INFO] [stdout]     action_only_abstains_despite_dirty_file
[INFO] [stdout]     concurrent_invocations_are_safe
[INFO] [stdout] 
[INFO] [stdout] test result: FAILED. 12 passed; 2 failed; 0 ignored; 0 measured; 0 filtered out; finished in 0.17s
[INFO] [stdout] 
[INFO] [stderr] error: test failed, to rerun pass `--test hardening`
[INFO] running `Command { std: "docker" "inspect" "36844b57e199aff5232d71510a83b06e929f468ff94620ba7e43989b9bd8e55a", kill_on_drop: false }`
[INFO] running `Command { std: "docker" "rm" "-f" "36844b57e199aff5232d71510a83b06e929f468ff94620ba7e43989b9bd8e55a", kill_on_drop: false }`
[INFO] [stdout] 36844b57e199aff5232d71510a83b06e929f468ff94620ba7e43989b9bd8e55a
