[INFO] fetching crate stellar_sdk 0.1.4...
[INFO] testing stellar_sdk-0.1.4 against 1.99.0-beta.8+cargoflags=--release for beta-release-1.100-2
[INFO] extracting crate stellar_sdk 0.1.4 into /workspace/builds/worker-2-tc1/source
[INFO] started tweaking crates.io crate stellar_sdk 0.1.4
[INFO] finished tweaking crates.io crate stellar_sdk 0.1.4
[INFO] tweaked toml for crates.io crate stellar_sdk 0.1.4 written to /workspace/builds/worker-2-tc1/source/Cargo.toml
[INFO] validating manifest of crates.io crate stellar_sdk 0.1.4 on toolchain 1.99.0-beta.8
[INFO] running `Command { std: CARGO_HOME="/workspace/cargo-home" RUSTUP_HOME="/workspace/rustup-home" "/workspace/cargo-home/bin/cargo" "+1.99.0-beta.8" "metadata" "--manifest-path" "Cargo.toml" "--no-deps", kill_on_drop: false }`
[INFO] running `Command { std: CARGO_HOME="/workspace/cargo-home" RUSTUP_HOME="/workspace/rustup-home" "/workspace/cargo-home/bin/cargo" "+1.99.0-beta.8" "generate-lockfile" "--manifest-path" "Cargo.toml", kill_on_drop: false }`
[INFO] [stderr]     Updating crates.io index
[INFO] [stderr]      Locking 166 packages to highest compatible versions
[INFO] [stderr]       Adding rand v0.8.8 (available: v0.10.3)
[INFO] [stderr]       Adding sodiumoxide v0.2.6 (available: v0.2.7)
[INFO] [stderr]       Adding stellar-base v0.5.0 (available: v0.7.0)
[INFO] [stderr]       Adding toml v0.5.11 (available: v1.1.8+spec-1.1.0)
[INFO] [stderr]       Adding ureq v2.12.1 (available: v3.4.2)
[INFO] running `Command { std: CARGO_HOME="/workspace/cargo-home" RUSTUP_HOME="/workspace/rustup-home" "/workspace/cargo-home/bin/cargo" "+1.99.0-beta.8" "fetch" "--manifest-path" "Cargo.toml", kill_on_drop: false }`
[INFO] [stderr]  Downloading crates ...
[INFO] [stderr]   Downloaded stellar-base v0.5.0
[INFO] [stderr]   Downloaded xdr-rs-serialize-derive v0.2.5
[INFO] [stderr]   Downloaded xdr-rs-serialize v0.2.5
[INFO] [stderr]   Downloaded crc16 v0.4.0
[INFO] [stderr]   Downloaded num-bigint v0.3.3
[INFO] [stderr]   Downloaded nacl v0.5.3
[INFO] [stderr]   Downloaded sodiumoxide v0.2.6
[INFO] [stderr]   Downloaded libsodium-sys v0.2.7
[INFO] running `Command { std: "docker" "create" "-v" "/var/lib/crater-agent-workspace/builds/worker-2-tc1/source:/opt/rustwide/workdir:ro,Z" "-v" "/var/lib/crater-agent-workspace/builds/worker-2-tc1/target:/opt/rustwide/target:rw,Z" "-v" "/var/lib/crater-agent-workspace/cargo-home:/opt/rustwide/cargo-home:ro,Z" "-v" "/var/lib/crater-agent-workspace/rustup-home:/opt/rustwide/rustup-home:ro,Z" "-m" "1610612736" "--network" "none" "ghcr.io/rust-lang/crates-build-env/linux@sha256:77db811e55d90add9212f6832c23229e3de5f1c1f9905e8cb07319ea15df73ac" "sleep" "infinity", kill_on_drop: false }`
[INFO] [stdout] 4d6e80124bb0951a12bea84c4215c55c101a12f6a85b4ecdeacebf29f5bfcec2
[INFO] running `Command { std: "docker" "start" "4d6e80124bb0951a12bea84c4215c55c101a12f6a85b4ecdeacebf29f5bfcec2", kill_on_drop: false }`
[INFO] running `Command { std: "docker" "inspect" "4d6e80124bb0951a12bea84c4215c55c101a12f6a85b4ecdeacebf29f5bfcec2", kill_on_drop: false }`
[INFO] running `Command { std: "docker" "exec" "-e" "SOURCE_DIR=/opt/rustwide/workdir" "-e" "CARGO_HOME=/opt/rustwide/cargo-home" "-e" "RUSTUP_HOME=/opt/rustwide/rustup-home" "-e" "CARGO_TARGET_DIR=/opt/rustwide/target" "-w" "/opt/rustwide/workdir" "--user" "0:0" "4d6e80124bb0951a12bea84c4215c55c101a12f6a85b4ecdeacebf29f5bfcec2" "/opt/rustwide/cargo-home/bin/cargo" "+1.99.0-beta.8" "metadata" "--no-deps" "--format-version=1", kill_on_drop: false }`
[INFO] running `Command { std: "docker" "inspect" "4d6e80124bb0951a12bea84c4215c55c101a12f6a85b4ecdeacebf29f5bfcec2", kill_on_drop: false }`
[INFO] running `Command { std: "docker" "exec" "-e" "SOURCE_DIR=/opt/rustwide/workdir" "-e" "CARGO_HOME=/opt/rustwide/cargo-home" "-e" "RUSTUP_HOME=/opt/rustwide/rustup-home" "-e" "CARGO_TARGET_DIR=/opt/rustwide/target" "-e" "CARGO_INCREMENTAL=0" "-e" "RUST_BACKTRACE=full" "-e" "RUSTFLAGS=--cap-lints=warn" "-e" "RUSTDOCFLAGS=--cap-lints=warn" "-w" "/opt/rustwide/workdir" "--user" "0:0" "4d6e80124bb0951a12bea84c4215c55c101a12f6a85b4ecdeacebf29f5bfcec2" "/opt/rustwide/cargo-home/bin/cargo" "+1.99.0-beta.8" "build" "--frozen" "--message-format=json" "--release", kill_on_drop: false }`
[INFO] [stderr]    Compiling litemap v0.8.3
[INFO] [stderr]    Compiling writeable v0.6.4
[INFO] [stderr]    Compiling icu_normalizer_data v2.3.0
[INFO] [stderr]    Compiling syn v3.0.9
[INFO] [stderr]    Compiling getrandom v0.2.17
[INFO] [stderr]    Compiling icu_properties_data v2.3.0
[INFO] [stderr]    Compiling ring v0.17.14
[INFO] [stderr]    Compiling zeroize v1.9.1
[INFO] [stderr]    Compiling same-file v1.0.6
[INFO] [stderr]    Compiling walkdir v2.5.0
[INFO] [stderr]    Compiling rustls-pki-types v1.15.1
[INFO] [stderr]    Compiling zerocopy v0.8.63
[INFO] [stderr]    Compiling memchr v2.8.3
[INFO] [stderr]    Compiling smallvec v1.16.3
[INFO] [stderr]    Compiling num-integer v0.1.47
[INFO] [stderr]    Compiling libsodium-sys v0.2.7
[INFO] [stderr]    Compiling num-bigint v0.3.3
[INFO] [stderr]    Compiling syn v0.15.44
[INFO] [stderr]    Compiling crc32fast v1.5.2
[INFO] [stderr]    Compiling num-rational v0.3.2
[INFO] [stderr]    Compiling serde_json v1.0.154
[INFO] [stderr]    Compiling crc16 v0.4.0
[INFO] [stderr]    Compiling rust_decimal v1.43.0
[INFO] [stderr]    Compiling rustls v0.23.46
[INFO] [stderr]    Compiling miniz_oxide v0.9.1
[INFO] [stderr]    Compiling aho-corasick v1.1.5
[INFO] [stderr]    Compiling webpki-roots v1.0.9
[INFO] [stderr]    Compiling rand_core v0.6.4
[INFO] [stderr]    Compiling synstructure v0.14.0
[INFO] [stderr]    Compiling json v0.12.4
[INFO] [stderr]    Compiling zerofrom-derive v0.1.8
[INFO] [stderr]    Compiling zerofrom v0.1.8
[INFO] [stderr]    Compiling yoke-derive v0.8.4
[INFO] [stderr]    Compiling yoke v0.8.3
[INFO] [stderr]    Compiling zerovec-derive v0.11.6
[INFO] [stderr]    Compiling displaydoc v0.2.7
[INFO] [stderr]    Compiling serde_derive v1.0.229
[INFO] [stderr]    Compiling arrayvec v0.7.8
[INFO] [stderr]    Compiling zerotrie v0.2.5
[INFO] [stderr]    Compiling zerovec v0.11.8
[INFO] [stderr]    Compiling ppv-lite86 v0.2.21
[INFO] [stderr]    Compiling base64 v0.11.0
[INFO] [stderr]    Compiling chrono v0.4.45
[INFO] [stderr]    Compiling xdr-rs-serialize v0.2.5
[INFO] [stderr]    Compiling rand_chacha v0.3.1
[INFO] [stderr]    Compiling tinystr v0.8.4
[INFO] [stderr]    Compiling icu_locale_core v2.3.0
[INFO] [stderr]    Compiling potential_utf v0.1.6
[INFO] [stderr]    Compiling regex-automata v0.4.18
[INFO] [stderr]    Compiling icu_collections v2.3.0
[INFO] [stderr]    Compiling icu_provider v2.3.1
[INFO] [stderr]    Compiling serde v1.0.229
[INFO] [stderr]    Compiling icu_properties v2.3.0
[INFO] [stderr]    Compiling icu_normalizer v2.3.0
[INFO] [stderr]    Compiling idna_adapter v1.2.2
[INFO] [stderr]    Compiling idna v1.1.0
[INFO] [stderr]    Compiling url v2.5.8
[INFO] [stderr]    Compiling xdr-rs-serialize-derive v0.2.5
[INFO] [stderr]    Compiling webpki-roots v0.26.11
[INFO] [stderr]    Compiling flate2 v1.1.10
[INFO] [stderr]    Compiling num-bigint v0.2.6
[INFO] [stderr]    Compiling rustls-webpki v0.103.15
[INFO] [stderr]    Compiling base32 v0.4.0
[INFO] [stderr]    Compiling regex v1.13.1
[INFO] [stderr]    Compiling toml v0.5.11
[INFO] [stderr]    Compiling rand v0.8.8
[INFO] [stderr]    Compiling data-encoding v2.11.1
[INFO] [stderr]    Compiling nacl v0.5.3
[INFO] [stderr]    Compiling ureq v2.12.1
[INFO] [stderr]    Compiling sodiumoxide v0.2.6
[INFO] [stderr]    Compiling stellar-base v0.5.0
[INFO] [stderr]    Compiling stellar_sdk v0.1.4 (/opt/rustwide/workdir)
[INFO] [stdout] warning: struct `PriceR` is never constructed
[INFO] [stdout]   --> src/endpoints/horizon.rs:74:12
[INFO] [stdout]    |
[INFO] [stdout] 74 | pub struct PriceR {
[INFO] [stdout]    |            ^^^^^^
[INFO] [stdout]    |
[INFO] [stdout]    = note: `#[warn(dead_code)]` (part of `#[warn(unused)]`) on by default
[INFO] [stdout] 
[INFO] [stdout] 
[INFO] [stdout] warning: struct `TomlValidators` is never constructed
[INFO] [stdout]   --> src/endpoints/toml_resolver.rs:35:12
[INFO] [stdout]    |
[INFO] [stdout] 35 | pub struct TomlValidators {
[INFO] [stdout]    |            ^^^^^^^^^^^^^^
[INFO] [stdout] 
[INFO] [stdout] 
[INFO] [stdout] warning: struct `OfferLinks` is never constructed
[INFO] [stdout]  --> src/types/offer.rs:6:12
[INFO] [stdout]   |
[INFO] [stdout] 6 | pub struct OfferLinks {
[INFO] [stdout]   |            ^^^^^^^^^^
[INFO] [stdout] 
[INFO] [stdout] 
[INFO] [stdout] warning: hiding a lifetime that's elided elsewhere is confusing
[INFO] [stdout]   --> src/endpoints/server.rs:86:21
[INFO] [stdout]    |
[INFO] [stdout] 86 |     pub fn accounts(&self) -> AccountCallBuilder {
[INFO] [stdout]    |                     ^^^^^     ^^^^^^^^^^^^^^^^^^ the same lifetime is hidden here
[INFO] [stdout]    |                     |
[INFO] [stdout]    |                     the lifetime is elided here
[INFO] [stdout]    |
[INFO] [stdout]    = help: the same lifetime is referred to in inconsistent ways, making the signature confusing
[INFO] [stdout]    = note: `#[warn(mismatched_lifetime_syntaxes)]` on by default
[INFO] [stdout] help: use `'_` for type paths
[INFO] [stdout]    |
[INFO] [stdout] 86 |     pub fn accounts(&self) -> AccountCallBuilder<'_> {
[INFO] [stdout]    |                                                 ++++
[INFO] [stdout] 
[INFO] [stdout] 
[INFO] [stdout] warning: hiding a lifetime that's elided elsewhere is confusing
[INFO] [stdout]    --> src/endpoints/server.rs:100:25
[INFO] [stdout]     |
[INFO] [stdout] 100 |     pub fn transactions(&self) -> TransactionCallBuilder {
[INFO] [stdout]     |                         ^^^^^     ^^^^^^^^^^^^^^^^^^^^^^ the same lifetime is hidden here
[INFO] [stdout]     |                         |
[INFO] [stdout]     |                         the lifetime is elided here
[INFO] [stdout]     |
[INFO] [stdout]     = help: the same lifetime is referred to in inconsistent ways, making the signature confusing
[INFO] [stdout] help: use `'_` for type paths
[INFO] [stdout]     |
[INFO] [stdout] 100 |     pub fn transactions(&self) -> TransactionCallBuilder<'_> {
[INFO] [stdout]     |                                                         ++++
[INFO] [stdout] 
[INFO] [stdout] 
[INFO] [stdout] warning: hiding a lifetime that's elided elsewhere is confusing
[INFO] [stdout]    --> src/endpoints/server.rs:114:20
[INFO] [stdout]     |
[INFO] [stdout] 114 |     pub fn ledgers(&self) -> LedgerCallBuilder {
[INFO] [stdout]     |                    ^^^^^     ^^^^^^^^^^^^^^^^^ the same lifetime is hidden here
[INFO] [stdout]     |                    |
[INFO] [stdout]     |                    the lifetime is elided here
[INFO] [stdout]     |
[INFO] [stdout]     = help: the same lifetime is referred to in inconsistent ways, making the signature confusing
[INFO] [stdout] help: use `'_` for type paths
[INFO] [stdout]     |
[INFO] [stdout] 114 |     pub fn ledgers(&self) -> LedgerCallBuilder<'_> {
[INFO] [stdout]     |                                               ++++
[INFO] [stdout] 
[INFO] [stdout] 
[INFO] [stdout] warning: hiding a lifetime that's elided elsewhere is confusing
[INFO] [stdout]    --> src/endpoints/server.rs:128:19
[INFO] [stdout]     |
[INFO] [stdout] 128 |     pub fn offers(&self) -> OfferCallBuilder {
[INFO] [stdout]     |                   ^^^^^     ^^^^^^^^^^^^^^^^ the same lifetime is hidden here
[INFO] [stdout]     |                   |
[INFO] [stdout]     |                   the lifetime is elided here
[INFO] [stdout]     |
[INFO] [stdout]     = help: the same lifetime is referred to in inconsistent ways, making the signature confusing
[INFO] [stdout] help: use `'_` for type paths
[INFO] [stdout]     |
[INFO] [stdout] 128 |     pub fn offers(&self) -> OfferCallBuilder<'_> {
[INFO] [stdout]     |                                             ++++
[INFO] [stdout] 
[INFO] [stdout] 
[INFO] [stdout] warning: hiding a lifetime that's elided elsewhere is confusing
[INFO] [stdout]    --> src/endpoints/server.rs:142:23
[INFO] [stdout]     |
[INFO] [stdout] 142 |     pub fn operations(&self) -> OperationCallBuilder {
[INFO] [stdout]     |                       ^^^^^     ^^^^^^^^^^^^^^^^^^^^ the same lifetime is hidden here
[INFO] [stdout]     |                       |
[INFO] [stdout]     |                       the lifetime is elided here
[INFO] [stdout]     |
[INFO] [stdout]     = help: the same lifetime is referred to in inconsistent ways, making the signature confusing
[INFO] [stdout] help: use `'_` for type paths
[INFO] [stdout]     |
[INFO] [stdout] 142 |     pub fn operations(&self) -> OperationCallBuilder<'_> {
[INFO] [stdout]     |                                                     ++++
[INFO] [stdout] 
[INFO] [stdout] 
[INFO] [stdout] warning: hiding a lifetime that's elided elsewhere is confusing
[INFO] [stdout]    --> src/endpoints/server.rs:159:28
[INFO] [stdout]     |
[INFO] [stdout] 159 |     pub fn liquidity_pools(&self) -> LiquidityPoolCallBuilder {
[INFO] [stdout]     |                            ^^^^^     ^^^^^^^^^^^^^^^^^^^^^^^^ the same lifetime is hidden here
[INFO] [stdout]     |                            |
[INFO] [stdout]     |                            the lifetime is elided here
[INFO] [stdout]     |
[INFO] [stdout]     = help: the same lifetime is referred to in inconsistent ways, making the signature confusing
[INFO] [stdout] help: use `'_` for type paths
[INFO] [stdout]     |
[INFO] [stdout] 159 |     pub fn liquidity_pools(&self) -> LiquidityPoolCallBuilder<'_> {
[INFO] [stdout]     |                                                              ++++
[INFO] [stdout] 
[INFO] [stdout] 
[INFO] [stdout] warning: hiding a lifetime that's elided elsewhere is confusing
[INFO] [stdout]    --> src/endpoints/server.rs:179:31
[INFO] [stdout]     |
[INFO] [stdout] 179 |     pub fn claimable_balances(&self) -> ClaimableBalanceCallbuilder {
[INFO] [stdout]     |                               ^^^^^     ^^^^^^^^^^^^^^^^^^^^^^^^^^^ the same lifetime is hidden here
[INFO] [stdout]     |                               |
[INFO] [stdout]     |                               the lifetime is elided here
[INFO] [stdout]     |
[INFO] [stdout]     = help: the same lifetime is referred to in inconsistent ways, making the signature confusing
[INFO] [stdout] help: use `'_` for type paths
[INFO] [stdout]     |
[INFO] [stdout] 179 |     pub fn claimable_balances(&self) -> ClaimableBalanceCallbuilder<'_> {
[INFO] [stdout]     |                                                                    ++++
[INFO] [stdout] 
[INFO] [stdout] 
[INFO] [stdout] warning: hiding a lifetime that's named elsewhere is confusing
[INFO] [stdout]    --> src/endpoints/server.rs:188:10
[INFO] [stdout]     |
[INFO] [stdout] 184 |         &'a self,
[INFO] [stdout]     |          -- the lifetime is named here
[INFO] [stdout] 185 |         base: &'a Asset,
[INFO] [stdout]     |                -- the lifetime is named here
[INFO] [stdout] 186 |         counter: &'a Asset,
[INFO] [stdout]     |                   -- the lifetime is named here
[INFO] [stdout] 187 |         resolution: &'a str,
[INFO] [stdout]     |                      -- the lifetime is named here
[INFO] [stdout] 188 |     ) -> TradeAggregationCallBuilder {
[INFO] [stdout]     |          ^^^^^^^^^^^^^^^^^^^^^^^^^^^ the same lifetime is hidden here
[INFO] [stdout]     |
[INFO] [stdout]     = help: the same lifetime is referred to in inconsistent ways, making the signature confusing
[INFO] [stdout] help: consistently use `'a`
[INFO] [stdout]     |
[INFO] [stdout] 188 |     ) -> TradeAggregationCallBuilder<'a> {
[INFO] [stdout]     |                                     ++++
[INFO] [stdout] 
[INFO] [stdout] 
[INFO] [stdout] warning: hiding a lifetime that's elided elsewhere is confusing
[INFO] [stdout]    --> src/endpoints/server.rs:192:24
[INFO] [stdout]     |
[INFO] [stdout] 192 |     pub fn order_books(&self, selling: Asset, buying: Asset) -> OrderBookCallBuilder {
[INFO] [stdout]     |                        ^^^^^ the lifetime is elided here        ^^^^^^^^^^^^^^^^^^^^ the same lifetime is hidden here
[INFO] [stdout]     |
[INFO] [stdout]     = help: the same lifetime is referred to in inconsistent ways, making the signature confusing
[INFO] [stdout] help: use `'_` for type paths
[INFO] [stdout]     |
[INFO] [stdout] 192 |     pub fn order_books(&self, selling: Asset, buying: Asset) -> OrderBookCallBuilder<'_> {
[INFO] [stdout]     |                                                                                     ++++
[INFO] [stdout] 
[INFO] [stdout] 
[INFO] [stdout] warning: hiding a lifetime that's named elsewhere is confusing
[INFO] [stdout]    --> src/endpoints/server.rs:201:10
[INFO] [stdout]     |
[INFO] [stdout] 197 |         &'a self,
[INFO] [stdout]     |          -- the lifetime is named here
[INFO] [stdout] ...
[INFO] [stdout] 201 |     ) -> StrictReceiveCallBuilder {
[INFO] [stdout]     |          ^^^^^^^^^^^^^^^^^^^^^^^^ the same lifetime is hidden here
[INFO] [stdout]     |
[INFO] [stdout]     = help: the same lifetime is referred to in inconsistent ways, making the signature confusing
[INFO] [stdout] help: consistently use `'a`
[INFO] [stdout]     |
[INFO] [stdout] 201 |     ) -> StrictReceiveCallBuilder<'a> {
[INFO] [stdout]     |                                  ++++
[INFO] [stdout] 
[INFO] [stdout] 
[INFO] [stdout] warning: hiding a lifetime that's named elsewhere is confusing
[INFO] [stdout]    --> src/endpoints/server.rs:210:10
[INFO] [stdout]     |
[INFO] [stdout] 206 |         &'a self,
[INFO] [stdout]     |          -- the lifetime is named here
[INFO] [stdout] 207 |         destination: &StrictPathSource,
[INFO] [stdout] 208 |         source_asset: &'a Asset,
[INFO] [stdout]     |                        -- the lifetime is named here
[INFO] [stdout] 209 |         source_amount: &'a str,
[INFO] [stdout]     |                         -- the lifetime is named here
[INFO] [stdout] 210 |     ) -> StrictSendCallBuilder {
[INFO] [stdout]     |          ^^^^^^^^^^^^^^^^^^^^^ the same lifetime is hidden here
[INFO] [stdout]     |
[INFO] [stdout]     = help: the same lifetime is referred to in inconsistent ways, making the signature confusing
[INFO] [stdout] help: consistently use `'a`
[INFO] [stdout]     |
[INFO] [stdout] 210 |     ) -> StrictSendCallBuilder<'a> {
[INFO] [stdout]     |                               ++++
[INFO] [stdout] 
[INFO] [stdout] 
[INFO] [stdout] warning: hiding a lifetime that's elided elsewhere is confusing
[INFO] [stdout]    --> src/endpoints/server.rs:214:19
[INFO] [stdout]     |
[INFO] [stdout] 214 |     pub fn trades(&self) -> TradeCallBuilder {
[INFO] [stdout]     |                   ^^^^^     ^^^^^^^^^^^^^^^^ the same lifetime is hidden here
[INFO] [stdout]     |                   |
[INFO] [stdout]     |                   the lifetime is elided here
[INFO] [stdout]     |
[INFO] [stdout]     = help: the same lifetime is referred to in inconsistent ways, making the signature confusing
[INFO] [stdout] help: use `'_` for type paths
[INFO] [stdout]     |
[INFO] [stdout] 214 |     pub fn trades(&self) -> TradeCallBuilder<'_> {
[INFO] [stdout]     |                                             ++++
[INFO] [stdout] 
[INFO] [stdout] 
[INFO] [stdout] warning: hiding a lifetime that's elided elsewhere is confusing
[INFO] [stdout]    --> src/endpoints/server.rs:218:21
[INFO] [stdout]     |
[INFO] [stdout] 218 |     pub fn payments(&self) -> PaymentCallBuilder {
[INFO] [stdout]     |                     ^^^^^     ^^^^^^^^^^^^^^^^^^ the same lifetime is hidden here
[INFO] [stdout]     |                     |
[INFO] [stdout]     |                     the lifetime is elided here
[INFO] [stdout]     |
[INFO] [stdout]     = help: the same lifetime is referred to in inconsistent ways, making the signature confusing
[INFO] [stdout] help: use `'_` for type paths
[INFO] [stdout]     |
[INFO] [stdout] 218 |     pub fn payments(&self) -> PaymentCallBuilder<'_> {
[INFO] [stdout]     |                                                 ++++
[INFO] [stdout] 
[INFO] [stdout] 
[INFO] [stdout] warning: hiding a lifetime that's elided elsewhere is confusing
[INFO] [stdout]    --> src/endpoints/server.rs:222:19
[INFO] [stdout]     |
[INFO] [stdout] 222 |     pub fn assets(&self) -> AssetCallBuilder {
[INFO] [stdout]     |                   ^^^^^     ^^^^^^^^^^^^^^^^ the same lifetime is hidden here
[INFO] [stdout]     |                   |
[INFO] [stdout]     |                   the lifetime is elided here
[INFO] [stdout]     |
[INFO] [stdout]     = help: the same lifetime is referred to in inconsistent ways, making the signature confusing
[INFO] [stdout] help: use `'_` for type paths
[INFO] [stdout]     |
[INFO] [stdout] 222 |     pub fn assets(&self) -> AssetCallBuilder<'_> {
[INFO] [stdout]     |                                             ++++
[INFO] [stdout] 
[INFO] [stdout] 
[INFO] [stdout] warning: hiding a lifetime that's elided elsewhere is confusing
[INFO] [stdout]    --> src/endpoints/server.rs:284:20
[INFO] [stdout]     |
[INFO] [stdout] 284 |     pub fn effects(&self) -> EffectCallBuilder {
[INFO] [stdout]     |                    ^^^^^     ^^^^^^^^^^^^^^^^^ the same lifetime is hidden here
[INFO] [stdout]     |                    |
[INFO] [stdout]     |                    the lifetime is elided here
[INFO] [stdout]     |
[INFO] [stdout]     = help: the same lifetime is referred to in inconsistent ways, making the signature confusing
[INFO] [stdout] help: use `'_` for type paths
[INFO] [stdout]     |
[INFO] [stdout] 284 |     pub fn effects(&self) -> EffectCallBuilder<'_> {
[INFO] [stdout]     |                                               ++++
[INFO] [stdout] 
[INFO] [stdout] 
[INFO] [stderr]     Finished `release` profile [optimized] target(s) in 5m 02s
[INFO] running `Command { std: "docker" "inspect" "4d6e80124bb0951a12bea84c4215c55c101a12f6a85b4ecdeacebf29f5bfcec2", kill_on_drop: false }`
[INFO] running `Command { std: "docker" "exec" "-e" "SOURCE_DIR=/opt/rustwide/workdir" "-e" "CARGO_HOME=/opt/rustwide/cargo-home" "-e" "RUSTUP_HOME=/opt/rustwide/rustup-home" "-e" "CARGO_TARGET_DIR=/opt/rustwide/target" "-e" "CARGO_INCREMENTAL=0" "-e" "RUST_BACKTRACE=full" "-e" "RUSTFLAGS=--cap-lints=warn" "-e" "RUSTDOCFLAGS=--cap-lints=warn" "-w" "/opt/rustwide/workdir" "--user" "0:0" "4d6e80124bb0951a12bea84c4215c55c101a12f6a85b4ecdeacebf29f5bfcec2" "/opt/rustwide/cargo-home/bin/cargo" "+1.99.0-beta.8" "test" "--frozen" "--no-run" "--message-format=json" "--release", kill_on_drop: false }`
[INFO] [stdout] warning: struct `PriceR` is never constructed
[INFO] [stdout]   --> src/endpoints/horizon.rs:74:12
[INFO] [stdout]    |
[INFO] [stdout] 74 | pub struct PriceR {
[INFO] [stdout]    |            ^^^^^^
[INFO] [stdout]    |
[INFO] [stdout]    = note: `#[warn(dead_code)]` (part of `#[warn(unused)]`) on by default
[INFO] [stdout] 
[INFO] [stdout] 
[INFO] [stdout] warning: struct `TomlValidators` is never constructed
[INFO] [stdout]   --> src/endpoints/toml_resolver.rs:35:12
[INFO] [stdout]    |
[INFO] [stdout] 35 | pub struct TomlValidators {
[INFO] [stdout]    |            ^^^^^^^^^^^^^^
[INFO] [stdout] 
[INFO] [stdout] 
[INFO] [stdout] warning: struct `OfferLinks` is never constructed
[INFO] [stdout]  --> src/types/offer.rs:6:12
[INFO] [stdout]   |
[INFO] [stdout] 6 | pub struct OfferLinks {
[INFO] [stdout]   |            ^^^^^^^^^^
[INFO] [stdout] 
[INFO] [stdout] 
[INFO] [stdout] warning: hiding a lifetime that's elided elsewhere is confusing
[INFO] [stdout]   --> src/endpoints/server.rs:86:21
[INFO] [stdout]    |
[INFO] [stdout] 86 |     pub fn accounts(&self) -> AccountCallBuilder {
[INFO] [stdout]    |                     ^^^^^     ^^^^^^^^^^^^^^^^^^ the same lifetime is hidden here
[INFO] [stdout]    |                     |
[INFO] [stdout]    |                     the lifetime is elided here
[INFO] [stdout]    |
[INFO] [stdout]    = help: the same lifetime is referred to in inconsistent ways, making the signature confusing
[INFO] [stdout]    = note: `#[warn(mismatched_lifetime_syntaxes)]` on by default
[INFO] [stdout] help: use `'_` for type paths
[INFO] [stdout]    |
[INFO] [stdout] 86 |     pub fn accounts(&self) -> AccountCallBuilder<'_> {
[INFO] [stdout]    |                                                 ++++
[INFO] [stdout] 
[INFO] [stdout] 
[INFO] [stdout] warning: hiding a lifetime that's elided elsewhere is confusing
[INFO] [stdout]    --> src/endpoints/server.rs:100:25
[INFO] [stdout]     |
[INFO] [stdout] 100 |     pub fn transactions(&self) -> TransactionCallBuilder {
[INFO] [stdout]     |                         ^^^^^     ^^^^^^^^^^^^^^^^^^^^^^ the same lifetime is hidden here
[INFO] [stdout]     |                         |
[INFO] [stdout]     |                         the lifetime is elided here
[INFO] [stdout]     |
[INFO] [stdout]     = help: the same lifetime is referred to in inconsistent ways, making the signature confusing
[INFO] [stdout] help: use `'_` for type paths
[INFO] [stdout]     |
[INFO] [stdout] 100 |     pub fn transactions(&self) -> TransactionCallBuilder<'_> {
[INFO] [stdout]     |                                                         ++++
[INFO] [stdout] 
[INFO] [stdout] 
[INFO] [stdout] warning: hiding a lifetime that's elided elsewhere is confusing
[INFO] [stdout]    --> src/endpoints/server.rs:114:20
[INFO] [stdout]     |
[INFO] [stdout] 114 |     pub fn ledgers(&self) -> LedgerCallBuilder {
[INFO] [stdout]     |                    ^^^^^     ^^^^^^^^^^^^^^^^^ the same lifetime is hidden here
[INFO] [stdout]     |                    |
[INFO] [stdout]     |                    the lifetime is elided here
[INFO] [stdout]     |
[INFO] [stdout]     = help: the same lifetime is referred to in inconsistent ways, making the signature confusing
[INFO] [stdout] help: use `'_` for type paths
[INFO] [stdout]     |
[INFO] [stdout] 114 |     pub fn ledgers(&self) -> LedgerCallBuilder<'_> {
[INFO] [stdout]     |                                               ++++
[INFO] [stdout] 
[INFO] [stdout] 
[INFO] [stdout] warning: hiding a lifetime that's elided elsewhere is confusing
[INFO] [stdout]    --> src/endpoints/server.rs:128:19
[INFO] [stdout]     |
[INFO] [stdout] 128 |     pub fn offers(&self) -> OfferCallBuilder {
[INFO] [stdout]     |                   ^^^^^     ^^^^^^^^^^^^^^^^ the same lifetime is hidden here
[INFO] [stdout]     |                   |
[INFO] [stdout]     |                   the lifetime is elided here
[INFO] [stdout]     |
[INFO] [stdout]     = help: the same lifetime is referred to in inconsistent ways, making the signature confusing
[INFO] [stdout] help: use `'_` for type paths
[INFO] [stdout]     |
[INFO] [stdout] 128 |     pub fn offers(&self) -> OfferCallBuilder<'_> {
[INFO] [stdout]     |                                             ++++
[INFO] [stdout] 
[INFO] [stdout] 
[INFO] [stdout] warning: hiding a lifetime that's elided elsewhere is confusing
[INFO] [stdout]    --> src/endpoints/server.rs:142:23
[INFO] [stdout]     |
[INFO] [stdout] 142 |     pub fn operations(&self) -> OperationCallBuilder {
[INFO] [stdout]     |                       ^^^^^     ^^^^^^^^^^^^^^^^^^^^ the same lifetime is hidden here
[INFO] [stdout]     |                       |
[INFO] [stdout]     |                       the lifetime is elided here
[INFO] [stdout]     |
[INFO] [stdout]     = help: the same lifetime is referred to in inconsistent ways, making the signature confusing
[INFO] [stdout] help: use `'_` for type paths
[INFO] [stdout]     |
[INFO] [stdout] 142 |     pub fn operations(&self) -> OperationCallBuilder<'_> {
[INFO] [stdout]     |                                                     ++++
[INFO] [stdout] 
[INFO] [stdout] 
[INFO] [stdout] warning: hiding a lifetime that's elided elsewhere is confusing
[INFO] [stdout]    --> src/endpoints/server.rs:159:28
[INFO] [stdout]     |
[INFO] [stdout] 159 |     pub fn liquidity_pools(&self) -> LiquidityPoolCallBuilder {
[INFO] [stdout]     |                            ^^^^^     ^^^^^^^^^^^^^^^^^^^^^^^^ the same lifetime is hidden here
[INFO] [stdout]     |                            |
[INFO] [stdout]     |                            the lifetime is elided here
[INFO] [stdout]     |
[INFO] [stdout]     = help: the same lifetime is referred to in inconsistent ways, making the signature confusing
[INFO] [stdout] help: use `'_` for type paths
[INFO] [stdout]     |
[INFO] [stdout] 159 |     pub fn liquidity_pools(&self) -> LiquidityPoolCallBuilder<'_> {
[INFO] [stdout]     |                                                              ++++
[INFO] [stdout] 
[INFO] [stdout] 
[INFO] [stdout] warning: hiding a lifetime that's elided elsewhere is confusing
[INFO] [stdout]    --> src/endpoints/server.rs:179:31
[INFO] [stdout]     |
[INFO] [stdout] 179 |     pub fn claimable_balances(&self) -> ClaimableBalanceCallbuilder {
[INFO] [stdout]     |                               ^^^^^     ^^^^^^^^^^^^^^^^^^^^^^^^^^^ the same lifetime is hidden here
[INFO] [stdout]     |                               |
[INFO] [stdout]     |                               the lifetime is elided here
[INFO] [stdout]     |
[INFO] [stdout]     = help: the same lifetime is referred to in inconsistent ways, making the signature confusing
[INFO] [stdout] help: use `'_` for type paths
[INFO] [stdout]     |
[INFO] [stdout] 179 |     pub fn claimable_balances(&self) -> ClaimableBalanceCallbuilder<'_> {
[INFO] [stdout]     |                                                                    ++++
[INFO] [stdout] 
[INFO] [stdout] 
[INFO] [stdout] warning: hiding a lifetime that's named elsewhere is confusing
[INFO] [stdout]    --> src/endpoints/server.rs:188:10
[INFO] [stdout]     |
[INFO] [stdout] 184 |         &'a self,
[INFO] [stdout]     |          -- the lifetime is named here
[INFO] [stdout] 185 |         base: &'a Asset,
[INFO] [stdout]     |                -- the lifetime is named here
[INFO] [stdout] 186 |         counter: &'a Asset,
[INFO] [stdout]     |                   -- the lifetime is named here
[INFO] [stdout] 187 |         resolution: &'a str,
[INFO] [stdout]     |                      -- the lifetime is named here
[INFO] [stdout] 188 |     ) -> TradeAggregationCallBuilder {
[INFO] [stdout]     |          ^^^^^^^^^^^^^^^^^^^^^^^^^^^ the same lifetime is hidden here
[INFO] [stdout]     |
[INFO] [stdout]     = help: the same lifetime is referred to in inconsistent ways, making the signature confusing
[INFO] [stdout] help: consistently use `'a`
[INFO] [stdout]     |
[INFO] [stdout] 188 |     ) -> TradeAggregationCallBuilder<'a> {
[INFO] [stdout]     |                                     ++++
[INFO] [stdout] 
[INFO] [stdout] 
[INFO] [stdout] warning: hiding a lifetime that's elided elsewhere is confusing
[INFO] [stdout]    --> src/endpoints/server.rs:192:24
[INFO] [stdout]     |
[INFO] [stdout] 192 |     pub fn order_books(&self, selling: Asset, buying: Asset) -> OrderBookCallBuilder {
[INFO] [stdout]     |                        ^^^^^ the lifetime is elided here        ^^^^^^^^^^^^^^^^^^^^ the same lifetime is hidden here
[INFO] [stdout]     |
[INFO] [stdout]     = help: the same lifetime is referred to in inconsistent ways, making the signature confusing
[INFO] [stdout] help: use `'_` for type paths
[INFO] [stdout]     |
[INFO] [stdout] 192 |     pub fn order_books(&self, selling: Asset, buying: Asset) -> OrderBookCallBuilder<'_> {
[INFO] [stdout]     |                                                                                     ++++
[INFO] [stdout] 
[INFO] [stdout] 
[INFO] [stdout] warning: hiding a lifetime that's named elsewhere is confusing
[INFO] [stdout]    --> src/endpoints/server.rs:201:10
[INFO] [stdout]     |
[INFO] [stdout] 197 |         &'a self,
[INFO] [stdout]     |          -- the lifetime is named here
[INFO] [stdout] ...
[INFO] [stdout] 201 |     ) -> StrictReceiveCallBuilder {
[INFO] [stdout]     |          ^^^^^^^^^^^^^^^^^^^^^^^^ the same lifetime is hidden here
[INFO] [stdout]     |
[INFO] [stdout]     = help: the same lifetime is referred to in inconsistent ways, making the signature confusing
[INFO] [stdout] help: consistently use `'a`
[INFO] [stdout]     |
[INFO] [stdout] 201 |     ) -> StrictReceiveCallBuilder<'a> {
[INFO] [stdout]     |                                  ++++
[INFO] [stdout] 
[INFO] [stdout] 
[INFO] [stdout] warning: hiding a lifetime that's named elsewhere is confusing
[INFO] [stdout]    --> src/endpoints/server.rs:210:10
[INFO] [stdout]     |
[INFO] [stdout] 206 |         &'a self,
[INFO] [stdout]     |          -- the lifetime is named here
[INFO] [stdout] 207 |         destination: &StrictPathSource,
[INFO] [stdout] 208 |         source_asset: &'a Asset,
[INFO] [stdout]     |                        -- the lifetime is named here
[INFO] [stdout] 209 |         source_amount: &'a str,
[INFO] [stdout]     |                         -- the lifetime is named here
[INFO] [stdout] 210 |     ) -> StrictSendCallBuilder {
[INFO] [stdout]     |          ^^^^^^^^^^^^^^^^^^^^^ the same lifetime is hidden here
[INFO] [stdout]     |
[INFO] [stdout]     = help: the same lifetime is referred to in inconsistent ways, making the signature confusing
[INFO] [stdout] help: consistently use `'a`
[INFO] [stdout]     |
[INFO] [stdout] 210 |     ) -> StrictSendCallBuilder<'a> {
[INFO] [stdout]     |                               ++++
[INFO] [stdout] 
[INFO] [stdout] 
[INFO] [stdout] warning: hiding a lifetime that's elided elsewhere is confusing
[INFO] [stdout]    --> src/endpoints/server.rs:214:19
[INFO] [stdout]     |
[INFO] [stdout] 214 |     pub fn trades(&self) -> TradeCallBuilder {
[INFO] [stdout]     |                   ^^^^^     ^^^^^^^^^^^^^^^^ the same lifetime is hidden here
[INFO] [stdout]     |                   |
[INFO] [stdout]     |                   the lifetime is elided here
[INFO] [stdout]     |
[INFO] [stdout]     = help: the same lifetime is referred to in inconsistent ways, making the signature confusing
[INFO] [stdout] help: use `'_` for type paths
[INFO] [stdout]     |
[INFO] [stdout] 214 |     pub fn trades(&self) -> TradeCallBuilder<'_> {
[INFO] [stdout]     |                                             ++++
[INFO] [stdout] 
[INFO] [stdout] 
[INFO] [stdout] warning: hiding a lifetime that's elided elsewhere is confusing
[INFO] [stdout]    --> src/endpoints/server.rs:218:21
[INFO] [stdout]     |
[INFO] [stdout] 218 |     pub fn payments(&self) -> PaymentCallBuilder {
[INFO] [stdout]     |                     ^^^^^     ^^^^^^^^^^^^^^^^^^ the same lifetime is hidden here
[INFO] [stdout]     |                     |
[INFO] [stdout]     |                     the lifetime is elided here
[INFO] [stdout]     |
[INFO] [stdout]     = help: the same lifetime is referred to in inconsistent ways, making the signature confusing
[INFO] [stdout] help: use `'_` for type paths
[INFO] [stdout]     |
[INFO] [stdout] 218 |     pub fn payments(&self) -> PaymentCallBuilder<'_> {
[INFO] [stdout]     |                                                 ++++
[INFO] [stdout] 
[INFO] [stdout] 
[INFO] [stdout] warning: hiding a lifetime that's elided elsewhere is confusing
[INFO] [stdout]    --> src/endpoints/server.rs:222:19
[INFO] [stdout]     |
[INFO] [stdout] 222 |     pub fn assets(&self) -> AssetCallBuilder {
[INFO] [stdout]     |                   ^^^^^     ^^^^^^^^^^^^^^^^ the same lifetime is hidden here
[INFO] [stdout]     |                   |
[INFO] [stdout]     |                   the lifetime is elided here
[INFO] [stdout]     |
[INFO] [stdout]     = help: the same lifetime is referred to in inconsistent ways, making the signature confusing
[INFO] [stdout] help: use `'_` for type paths
[INFO] [stdout]     |
[INFO] [stdout] 222 |     pub fn assets(&self) -> AssetCallBuilder<'_> {
[INFO] [stdout]     |                                             ++++
[INFO] [stdout] 
[INFO] [stdout] 
[INFO] [stdout] warning: hiding a lifetime that's elided elsewhere is confusing
[INFO] [stdout]    --> src/endpoints/server.rs:284:20
[INFO] [stdout]     |
[INFO] [stdout] 284 |     pub fn effects(&self) -> EffectCallBuilder {
[INFO] [stdout]     |                    ^^^^^     ^^^^^^^^^^^^^^^^^ the same lifetime is hidden here
[INFO] [stdout]     |                    |
[INFO] [stdout]     |                    the lifetime is elided here
[INFO] [stdout]     |
[INFO] [stdout]     = help: the same lifetime is referred to in inconsistent ways, making the signature confusing
[INFO] [stdout] help: use `'_` for type paths
[INFO] [stdout]     |
[INFO] [stdout] 284 |     pub fn effects(&self) -> EffectCallBuilder<'_> {
[INFO] [stdout]     |                                               ++++
[INFO] [stdout] 
[INFO] [stdout] 
[INFO] [stderr]    Compiling stellar_sdk v0.1.4 (/opt/rustwide/workdir)
[INFO] [stdout] warning: struct `PriceR` is never constructed
[INFO] [stdout]   --> src/endpoints/horizon.rs:74:12
[INFO] [stdout]    |
[INFO] [stdout] 74 | pub struct PriceR {
[INFO] [stdout]    |            ^^^^^^
[INFO] [stdout]    |
[INFO] [stdout]    = note: `#[warn(dead_code)]` (part of `#[warn(unused)]`) on by default
[INFO] [stdout] 
[INFO] [stdout] 
[INFO] [stdout] warning: struct `TomlValidators` is never constructed
[INFO] [stdout]   --> src/endpoints/toml_resolver.rs:35:12
[INFO] [stdout]    |
[INFO] [stdout] 35 | pub struct TomlValidators {
[INFO] [stdout]    |            ^^^^^^^^^^^^^^
[INFO] [stdout] 
[INFO] [stdout] 
[INFO] [stdout] warning: struct `OfferLinks` is never constructed
[INFO] [stdout]  --> src/types/offer.rs:6:12
[INFO] [stdout]   |
[INFO] [stdout] 6 | pub struct OfferLinks {
[INFO] [stdout]   |            ^^^^^^^^^^
[INFO] [stdout] 
[INFO] [stdout] 
[INFO] [stdout] warning: hiding a lifetime that's elided elsewhere is confusing
[INFO] [stdout]   --> src/endpoints/server.rs:86:21
[INFO] [stdout]    |
[INFO] [stdout] 86 |     pub fn accounts(&self) -> AccountCallBuilder {
[INFO] [stdout]    |                     ^^^^^     ^^^^^^^^^^^^^^^^^^ the same lifetime is hidden here
[INFO] [stdout]    |                     |
[INFO] [stdout]    |                     the lifetime is elided here
[INFO] [stdout]    |
[INFO] [stdout]    = help: the same lifetime is referred to in inconsistent ways, making the signature confusing
[INFO] [stdout]    = note: `#[warn(mismatched_lifetime_syntaxes)]` on by default
[INFO] [stdout] help: use `'_` for type paths
[INFO] [stdout]    |
[INFO] [stdout] 86 |     pub fn accounts(&self) -> AccountCallBuilder<'_> {
[INFO] [stdout]    |                                                 ++++
[INFO] [stdout] 
[INFO] [stdout] 
[INFO] [stdout] warning: hiding a lifetime that's elided elsewhere is confusing
[INFO] [stdout]    --> src/endpoints/server.rs:100:25
[INFO] [stdout]     |
[INFO] [stdout] 100 |     pub fn transactions(&self) -> TransactionCallBuilder {
[INFO] [stdout]     |                         ^^^^^     ^^^^^^^^^^^^^^^^^^^^^^ the same lifetime is hidden here
[INFO] [stdout]     |                         |
[INFO] [stdout]     |                         the lifetime is elided here
[INFO] [stdout]     |
[INFO] [stdout]     = help: the same lifetime is referred to in inconsistent ways, making the signature confusing
[INFO] [stdout] help: use `'_` for type paths
[INFO] [stdout]     |
[INFO] [stdout] 100 |     pub fn transactions(&self) -> TransactionCallBuilder<'_> {
[INFO] [stdout]     |                                                         ++++
[INFO] [stdout] 
[INFO] [stdout] 
[INFO] [stdout] warning: hiding a lifetime that's elided elsewhere is confusing
[INFO] [stdout]    --> src/endpoints/server.rs:114:20
[INFO] [stdout]     |
[INFO] [stdout] 114 |     pub fn ledgers(&self) -> LedgerCallBuilder {
[INFO] [stdout]     |                    ^^^^^     ^^^^^^^^^^^^^^^^^ the same lifetime is hidden here
[INFO] [stdout]     |                    |
[INFO] [stdout]     |                    the lifetime is elided here
[INFO] [stdout]     |
[INFO] [stdout]     = help: the same lifetime is referred to in inconsistent ways, making the signature confusing
[INFO] [stdout] help: use `'_` for type paths
[INFO] [stdout]     |
[INFO] [stdout] 114 |     pub fn ledgers(&self) -> LedgerCallBuilder<'_> {
[INFO] [stdout]     |                                               ++++
[INFO] [stdout] 
[INFO] [stdout] 
[INFO] [stdout] warning: hiding a lifetime that's elided elsewhere is confusing
[INFO] [stdout]    --> src/endpoints/server.rs:128:19
[INFO] [stdout]     |
[INFO] [stdout] 128 |     pub fn offers(&self) -> OfferCallBuilder {
[INFO] [stdout]     |                   ^^^^^     ^^^^^^^^^^^^^^^^ the same lifetime is hidden here
[INFO] [stdout]     |                   |
[INFO] [stdout]     |                   the lifetime is elided here
[INFO] [stdout]     |
[INFO] [stdout]     = help: the same lifetime is referred to in inconsistent ways, making the signature confusing
[INFO] [stdout] help: use `'_` for type paths
[INFO] [stdout]     |
[INFO] [stdout] 128 |     pub fn offers(&self) -> OfferCallBuilder<'_> {
[INFO] [stdout]     |                                             ++++
[INFO] [stdout] 
[INFO] [stdout] 
[INFO] [stdout] warning: hiding a lifetime that's elided elsewhere is confusing
[INFO] [stdout]    --> src/endpoints/server.rs:142:23
[INFO] [stdout]     |
[INFO] [stdout] 142 |     pub fn operations(&self) -> OperationCallBuilder {
[INFO] [stdout]     |                       ^^^^^     ^^^^^^^^^^^^^^^^^^^^ the same lifetime is hidden here
[INFO] [stdout]     |                       |
[INFO] [stdout]     |                       the lifetime is elided here
[INFO] [stdout]     |
[INFO] [stdout]     = help: the same lifetime is referred to in inconsistent ways, making the signature confusing
[INFO] [stdout] help: use `'_` for type paths
[INFO] [stdout]     |
[INFO] [stdout] 142 |     pub fn operations(&self) -> OperationCallBuilder<'_> {
[INFO] [stdout]     |                                                     ++++
[INFO] [stdout] 
[INFO] [stdout] 
[INFO] [stdout] warning: hiding a lifetime that's elided elsewhere is confusing
[INFO] [stdout]    --> src/endpoints/server.rs:159:28
[INFO] [stdout]     |
[INFO] [stdout] 159 |     pub fn liquidity_pools(&self) -> LiquidityPoolCallBuilder {
[INFO] [stdout]     |                            ^^^^^     ^^^^^^^^^^^^^^^^^^^^^^^^ the same lifetime is hidden here
[INFO] [stdout]     |                            |
[INFO] [stdout]     |                            the lifetime is elided here
[INFO] [stdout]     |
[INFO] [stdout]     = help: the same lifetime is referred to in inconsistent ways, making the signature confusing
[INFO] [stdout] help: use `'_` for type paths
[INFO] [stdout]     |
[INFO] [stdout] 159 |     pub fn liquidity_pools(&self) -> LiquidityPoolCallBuilder<'_> {
[INFO] [stdout]     |                                                              ++++
[INFO] [stdout] 
[INFO] [stdout] 
[INFO] [stdout] warning: hiding a lifetime that's elided elsewhere is confusing
[INFO] [stdout]    --> src/endpoints/server.rs:179:31
[INFO] [stdout]     |
[INFO] [stdout] 179 |     pub fn claimable_balances(&self) -> ClaimableBalanceCallbuilder {
[INFO] [stdout]     |                               ^^^^^     ^^^^^^^^^^^^^^^^^^^^^^^^^^^ the same lifetime is hidden here
[INFO] [stdout]     |                               |
[INFO] [stdout]     |                               the lifetime is elided here
[INFO] [stdout]     |
[INFO] [stdout]     = help: the same lifetime is referred to in inconsistent ways, making the signature confusing
[INFO] [stdout] help: use `'_` for type paths
[INFO] [stdout]     |
[INFO] [stdout] 179 |     pub fn claimable_balances(&self) -> ClaimableBalanceCallbuilder<'_> {
[INFO] [stdout]     |                                                                    ++++
[INFO] [stdout] 
[INFO] [stdout] 
[INFO] [stdout] warning: hiding a lifetime that's named elsewhere is confusing
[INFO] [stdout]    --> src/endpoints/server.rs:188:10
[INFO] [stdout]     |
[INFO] [stdout] 184 |         &'a self,
[INFO] [stdout]     |          -- the lifetime is named here
[INFO] [stdout] 185 |         base: &'a Asset,
[INFO] [stdout]     |                -- the lifetime is named here
[INFO] [stdout] 186 |         counter: &'a Asset,
[INFO] [stdout]     |                   -- the lifetime is named here
[INFO] [stdout] 187 |         resolution: &'a str,
[INFO] [stdout]     |                      -- the lifetime is named here
[INFO] [stdout] 188 |     ) -> TradeAggregationCallBuilder {
[INFO] [stdout]     |          ^^^^^^^^^^^^^^^^^^^^^^^^^^^ the same lifetime is hidden here
[INFO] [stdout]     |
[INFO] [stdout]     = help: the same lifetime is referred to in inconsistent ways, making the signature confusing
[INFO] [stdout] help: consistently use `'a`
[INFO] [stdout]     |
[INFO] [stdout] 188 |     ) -> TradeAggregationCallBuilder<'a> {
[INFO] [stdout]     |                                     ++++
[INFO] [stdout] 
[INFO] [stdout] 
[INFO] [stdout] warning: hiding a lifetime that's elided elsewhere is confusing
[INFO] [stdout]    --> src/endpoints/server.rs:192:24
[INFO] [stdout]     |
[INFO] [stdout] 192 |     pub fn order_books(&self, selling: Asset, buying: Asset) -> OrderBookCallBuilder {
[INFO] [stdout]     |                        ^^^^^ the lifetime is elided here        ^^^^^^^^^^^^^^^^^^^^ the same lifetime is hidden here
[INFO] [stdout]     |
[INFO] [stdout]     = help: the same lifetime is referred to in inconsistent ways, making the signature confusing
[INFO] [stdout] help: use `'_` for type paths
[INFO] [stdout]     |
[INFO] [stdout] 192 |     pub fn order_books(&self, selling: Asset, buying: Asset) -> OrderBookCallBuilder<'_> {
[INFO] [stdout]     |                                                                                     ++++
[INFO] [stdout] 
[INFO] [stdout] 
[INFO] [stdout] warning: hiding a lifetime that's named elsewhere is confusing
[INFO] [stdout]    --> src/endpoints/server.rs:201:10
[INFO] [stdout]     |
[INFO] [stdout] 197 |         &'a self,
[INFO] [stdout]     |          -- the lifetime is named here
[INFO] [stdout] ...
[INFO] [stdout] 201 |     ) -> StrictReceiveCallBuilder {
[INFO] [stdout]     |          ^^^^^^^^^^^^^^^^^^^^^^^^ the same lifetime is hidden here
[INFO] [stdout]     |
[INFO] [stdout]     = help: the same lifetime is referred to in inconsistent ways, making the signature confusing
[INFO] [stdout] help: consistently use `'a`
[INFO] [stdout]     |
[INFO] [stdout] 201 |     ) -> StrictReceiveCallBuilder<'a> {
[INFO] [stdout]     |                                  ++++
[INFO] [stdout] 
[INFO] [stdout] 
[INFO] [stdout] warning: hiding a lifetime that's named elsewhere is confusing
[INFO] [stdout]    --> src/endpoints/server.rs:210:10
[INFO] [stdout]     |
[INFO] [stdout] 206 |         &'a self,
[INFO] [stdout]     |          -- the lifetime is named here
[INFO] [stdout] 207 |         destination: &StrictPathSource,
[INFO] [stdout] 208 |         source_asset: &'a Asset,
[INFO] [stdout]     |                        -- the lifetime is named here
[INFO] [stdout] 209 |         source_amount: &'a str,
[INFO] [stdout]     |                         -- the lifetime is named here
[INFO] [stdout] 210 |     ) -> StrictSendCallBuilder {
[INFO] [stdout]     |          ^^^^^^^^^^^^^^^^^^^^^ the same lifetime is hidden here
[INFO] [stdout]     |
[INFO] [stdout]     = help: the same lifetime is referred to in inconsistent ways, making the signature confusing
[INFO] [stdout] help: consistently use `'a`
[INFO] [stdout]     |
[INFO] [stdout] 210 |     ) -> StrictSendCallBuilder<'a> {
[INFO] [stdout]     |                               ++++
[INFO] [stdout] 
[INFO] [stdout] 
[INFO] [stdout] warning: hiding a lifetime that's elided elsewhere is confusing
[INFO] [stdout]    --> src/endpoints/server.rs:214:19
[INFO] [stdout]     |
[INFO] [stdout] 214 |     pub fn trades(&self) -> TradeCallBuilder {
[INFO] [stdout]     |                   ^^^^^     ^^^^^^^^^^^^^^^^ the same lifetime is hidden here
[INFO] [stdout]     |                   |
[INFO] [stdout]     |                   the lifetime is elided here
[INFO] [stdout]     |
[INFO] [stdout]     = help: the same lifetime is referred to in inconsistent ways, making the signature confusing
[INFO] [stdout] help: use `'_` for type paths
[INFO] [stdout]     |
[INFO] [stdout] 214 |     pub fn trades(&self) -> TradeCallBuilder<'_> {
[INFO] [stdout]     |                                             ++++
[INFO] [stdout] 
[INFO] [stdout] 
[INFO] [stdout] warning: hiding a lifetime that's elided elsewhere is confusing
[INFO] [stdout]    --> src/endpoints/server.rs:218:21
[INFO] [stdout]     |
[INFO] [stdout] 218 |     pub fn payments(&self) -> PaymentCallBuilder {
[INFO] [stdout]     |                     ^^^^^     ^^^^^^^^^^^^^^^^^^ the same lifetime is hidden here
[INFO] [stdout]     |                     |
[INFO] [stdout]     |                     the lifetime is elided here
[INFO] [stdout]     |
[INFO] [stdout]     = help: the same lifetime is referred to in inconsistent ways, making the signature confusing
[INFO] [stdout] help: use `'_` for type paths
[INFO] [stdout]     |
[INFO] [stdout] 218 |     pub fn payments(&self) -> PaymentCallBuilder<'_> {
[INFO] [stdout]     |                                                 ++++
[INFO] [stdout] 
[INFO] [stdout] 
[INFO] [stdout] warning: hiding a lifetime that's elided elsewhere is confusing
[INFO] [stdout]    --> src/endpoints/server.rs:222:19
[INFO] [stdout]     |
[INFO] [stdout] 222 |     pub fn assets(&self) -> AssetCallBuilder {
[INFO] [stdout]     |                   ^^^^^     ^^^^^^^^^^^^^^^^ the same lifetime is hidden here
[INFO] [stdout]     |                   |
[INFO] [stdout]     |                   the lifetime is elided here
[INFO] [stdout]     |
[INFO] [stdout]     = help: the same lifetime is referred to in inconsistent ways, making the signature confusing
[INFO] [stdout] help: use `'_` for type paths
[INFO] [stdout]     |
[INFO] [stdout] 222 |     pub fn assets(&self) -> AssetCallBuilder<'_> {
[INFO] [stdout]     |                                             ++++
[INFO] [stdout] 
[INFO] [stdout] 
[INFO] [stdout] warning: hiding a lifetime that's elided elsewhere is confusing
[INFO] [stdout]    --> src/endpoints/server.rs:284:20
[INFO] [stdout]     |
[INFO] [stdout] 284 |     pub fn effects(&self) -> EffectCallBuilder {
[INFO] [stdout]     |                    ^^^^^     ^^^^^^^^^^^^^^^^^ the same lifetime is hidden here
[INFO] [stdout]     |                    |
[INFO] [stdout]     |                    the lifetime is elided here
[INFO] [stdout]     |
[INFO] [stdout]     = help: the same lifetime is referred to in inconsistent ways, making the signature confusing
[INFO] [stdout] help: use `'_` for type paths
[INFO] [stdout]     |
[INFO] [stdout] 284 |     pub fn effects(&self) -> EffectCallBuilder<'_> {
[INFO] [stdout]     |                                               ++++
[INFO] [stdout] 
[INFO] [stdout] 
[INFO] [stderr]     Finished `release` profile [optimized] target(s) in 32.92s
[INFO] running `Command { std: "docker" "inspect" "4d6e80124bb0951a12bea84c4215c55c101a12f6a85b4ecdeacebf29f5bfcec2", kill_on_drop: false }`
[INFO] running `Command { std: "docker" "exec" "-e" "SOURCE_DIR=/opt/rustwide/workdir" "-e" "CARGO_HOME=/opt/rustwide/cargo-home" "-e" "RUSTUP_HOME=/opt/rustwide/rustup-home" "-e" "CARGO_TARGET_DIR=/opt/rustwide/target" "-e" "CARGO_INCREMENTAL=0" "-e" "RUST_BACKTRACE=full" "-e" "RUSTFLAGS=--cap-lints=warn" "-e" "RUSTDOCFLAGS=--cap-lints=warn" "-w" "/opt/rustwide/workdir" "--user" "0:0" "4d6e80124bb0951a12bea84c4215c55c101a12f6a85b4ecdeacebf29f5bfcec2" "/opt/rustwide/cargo-home/bin/cargo" "+1.99.0-beta.8" "test" "--frozen" "--release", kill_on_drop: false }`
[INFO] [stderr] warning: struct `PriceR` is never constructed
[INFO] [stderr]   --> src/endpoints/horizon.rs:74:12
[INFO] [stderr]    |
[INFO] [stderr] 74 | pub struct PriceR {
[INFO] [stderr]    |            ^^^^^^
[INFO] [stderr]    |
[INFO] [stderr]    = note: `#[warn(dead_code)]` (part of `#[warn(unused)]`) on by default
[INFO] [stderr] 
[INFO] [stderr] warning: struct `TomlValidators` is never constructed
[INFO] [stderr]   --> src/endpoints/toml_resolver.rs:35:12
[INFO] [stderr]    |
[INFO] [stderr] 35 | pub struct TomlValidators {
[INFO] [stderr]    |            ^^^^^^^^^^^^^^
[INFO] [stderr] 
[INFO] [stderr] warning: struct `OfferLinks` is never constructed
[INFO] [stderr]  --> src/types/offer.rs:6:12
[INFO] [stderr]   |
[INFO] [stderr] 6 | pub struct OfferLinks {
[INFO] [stderr]   |            ^^^^^^^^^^
[INFO] [stderr] 
[INFO] [stderr] warning: hiding a lifetime that's elided elsewhere is confusing
[INFO] [stderr]   --> src/endpoints/server.rs:86:21
[INFO] [stderr]    |
[INFO] [stderr] 86 |     pub fn accounts(&self) -> AccountCallBuilder {
[INFO] [stderr]    |                     ^^^^^     ^^^^^^^^^^^^^^^^^^ the same lifetime is hidden here
[INFO] [stderr]    |                     |
[INFO] [stderr]    |                     the lifetime is elided here
[INFO] [stderr]    |
[INFO] [stderr]    = help: the same lifetime is referred to in inconsistent ways, making the signature confusing
[INFO] [stderr]    = note: `#[warn(mismatched_lifetime_syntaxes)]` on by default
[INFO] [stderr] help: use `'_` for type paths
[INFO] [stderr]    |
[INFO] [stderr] 86 |     pub fn accounts(&self) -> AccountCallBuilder<'_> {
[INFO] [stderr]    |                                                 ++++
[INFO] [stderr] 
[INFO] [stderr] warning: hiding a lifetime that's elided elsewhere is confusing
[INFO] [stderr]    --> src/endpoints/server.rs:100:25
[INFO] [stderr]     |
[INFO] [stderr] 100 |     pub fn transactions(&self) -> TransactionCallBuilder {
[INFO] [stderr]     |                         ^^^^^     ^^^^^^^^^^^^^^^^^^^^^^ the same lifetime is hidden here
[INFO] [stderr]     |                         |
[INFO] [stderr]     |                         the lifetime is elided here
[INFO] [stderr]     |
[INFO] [stderr]     = help: the same lifetime is referred to in inconsistent ways, making the signature confusing
[INFO] [stderr] help: use `'_` for type paths
[INFO] [stderr]     |
[INFO] [stderr] 100 |     pub fn transactions(&self) -> TransactionCallBuilder<'_> {
[INFO] [stderr]     |                                                         ++++
[INFO] [stderr] 
[INFO] [stderr] warning: hiding a lifetime that's elided elsewhere is confusing
[INFO] [stderr]    --> src/endpoints/server.rs:114:20
[INFO] [stderr]     |
[INFO] [stderr] 114 |     pub fn ledgers(&self) -> LedgerCallBuilder {
[INFO] [stderr]     |                    ^^^^^     ^^^^^^^^^^^^^^^^^ the same lifetime is hidden here
[INFO] [stderr]     |                    |
[INFO] [stderr]     |                    the lifetime is elided here
[INFO] [stderr]     |
[INFO] [stderr]     = help: the same lifetime is referred to in inconsistent ways, making the signature confusing
[INFO] [stderr] help: use `'_` for type paths
[INFO] [stderr]     |
[INFO] [stderr] 114 |     pub fn ledgers(&self) -> LedgerCallBuilder<'_> {
[INFO] [stderr]     |                                               ++++
[INFO] [stderr] 
[INFO] [stderr] warning: hiding a lifetime that's elided elsewhere is confusing
[INFO] [stderr]    --> src/endpoints/server.rs:128:19
[INFO] [stderr]     |
[INFO] [stderr] 128 |     pub fn offers(&self) -> OfferCallBuilder {
[INFO] [stderr]     |                   ^^^^^     ^^^^^^^^^^^^^^^^ the same lifetime is hidden here
[INFO] [stderr]     |                   |
[INFO] [stderr]     |                   the lifetime is elided here
[INFO] [stderr]     |
[INFO] [stderr]     = help: the same lifetime is referred to in inconsistent ways, making the signature confusing
[INFO] [stderr] help: use `'_` for type paths
[INFO] [stderr]     |
[INFO] [stderr] 128 |     pub fn offers(&self) -> OfferCallBuilder<'_> {
[INFO] [stderr]     |                                             ++++
[INFO] [stderr] 
[INFO] [stderr] warning: hiding a lifetime that's elided elsewhere is confusing
[INFO] [stderr]    --> src/endpoints/server.rs:142:23
[INFO] [stderr]     |
[INFO] [stderr] 142 |     pub fn operations(&self) -> OperationCallBuilder {
[INFO] [stderr]     |                       ^^^^^     ^^^^^^^^^^^^^^^^^^^^ the same lifetime is hidden here
[INFO] [stderr]     |                       |
[INFO] [stderr]     |                       the lifetime is elided here
[INFO] [stderr]     |
[INFO] [stderr]     = help: the same lifetime is referred to in inconsistent ways, making the signature confusing
[INFO] [stderr] help: use `'_` for type paths
[INFO] [stderr]     |
[INFO] [stderr] 142 |     pub fn operations(&self) -> OperationCallBuilder<'_> {
[INFO] [stderr]     |                                                     ++++
[INFO] [stderr] 
[INFO] [stderr] warning: hiding a lifetime that's elided elsewhere is confusing
[INFO] [stderr]    --> src/endpoints/server.rs:159:28
[INFO] [stderr]     |
[INFO] [stderr] 159 |     pub fn liquidity_pools(&self) -> LiquidityPoolCallBuilder {
[INFO] [stderr]     |                            ^^^^^     ^^^^^^^^^^^^^^^^^^^^^^^^ the same lifetime is hidden here
[INFO] [stderr]     |                            |
[INFO] [stderr]     |                            the lifetime is elided here
[INFO] [stderr]     |
[INFO] [stderr]     = help: the same lifetime is referred to in inconsistent ways, making the signature confusing
[INFO] [stderr] help: use `'_` for type paths
[INFO] [stderr]     |
[INFO] [stderr] 159 |     pub fn liquidity_pools(&self) -> LiquidityPoolCallBuilder<'_> {
[INFO] [stderr]     |                                                              ++++
[INFO] [stderr] 
[INFO] [stderr] warning: hiding a lifetime that's elided elsewhere is confusing
[INFO] [stderr]    --> src/endpoints/server.rs:179:31
[INFO] [stderr]     |
[INFO] [stderr] 179 |     pub fn claimable_balances(&self) -> ClaimableBalanceCallbuilder {
[INFO] [stderr]     |                               ^^^^^     ^^^^^^^^^^^^^^^^^^^^^^^^^^^ the same lifetime is hidden here
[INFO] [stderr]     |                               |
[INFO] [stderr]     |                               the lifetime is elided here
[INFO] [stderr]     |
[INFO] [stderr]     = help: the same lifetime is referred to in inconsistent ways, making the signature confusing
[INFO] [stderr] help: use `'_` for type paths
[INFO] [stderr]     |
[INFO] [stderr] 179 |     pub fn claimable_balances(&self) -> ClaimableBalanceCallbuilder<'_> {
[INFO] [stderr]     |                                                                    ++++
[INFO] [stderr] 
[INFO] [stderr] warning: hiding a lifetime that's named elsewhere is confusing
[INFO] [stderr]    --> src/endpoints/server.rs:188:10
[INFO] [stderr]     |
[INFO] [stderr] 184 |         &'a self,
[INFO] [stderr]     |          -- the lifetime is named here
[INFO] [stderr] 185 |         base: &'a Asset,
[INFO] [stderr]     |                -- the lifetime is named here
[INFO] [stderr] 186 |         counter: &'a Asset,
[INFO] [stderr]     |                   -- the lifetime is named here
[INFO] [stderr] 187 |         resolution: &'a str,
[INFO] [stderr]     |                      -- the lifetime is named here
[INFO] [stderr] 188 |     ) -> TradeAggregationCallBuilder {
[INFO] [stderr]     |          ^^^^^^^^^^^^^^^^^^^^^^^^^^^ the same lifetime is hidden here
[INFO] [stderr]     |
[INFO] [stderr]     = help: the same lifetime is referred to in inconsistent ways, making the signature confusing
[INFO] [stderr] help: consistently use `'a`
[INFO] [stderr]     |
[INFO] [stderr] 188 |     ) -> TradeAggregationCallBuilder<'a> {
[INFO] [stderr]     |                                     ++++
[INFO] [stderr] 
[INFO] [stderr] warning: hiding a lifetime that's elided elsewhere is confusing
[INFO] [stderr]    --> src/endpoints/server.rs:192:24
[INFO] [stderr]     |
[INFO] [stderr] 192 |     pub fn order_books(&self, selling: Asset, buying: Asset) -> OrderBookCallBuilder {
[INFO] [stderr]     |                        ^^^^^ the lifetime is elided here        ^^^^^^^^^^^^^^^^^^^^ the same lifetime is hidden here
[INFO] [stderr]     |
[INFO] [stderr]     = help: the same lifetime is referred to in inconsistent ways, making the signature confusing
[INFO] [stderr] help: use `'_` for type paths
[INFO] [stderr]     |
[INFO] [stderr] 192 |     pub fn order_books(&self, selling: Asset, buying: Asset) -> OrderBookCallBuilder<'_> {
[INFO] [stderr]     |                                                                                     ++++
[INFO] [stderr] 
[INFO] [stderr] warning: hiding a lifetime that's named elsewhere is confusing
[INFO] [stderr]    --> src/endpoints/server.rs:201:10
[INFO] [stderr]     |
[INFO] [stderr] 197 |         &'a self,
[INFO] [stderr]     |          -- the lifetime is named here
[INFO] [stderr] ...
[INFO] [stderr] 201 |     ) -> StrictReceiveCallBuilder {
[INFO] [stderr]     |          ^^^^^^^^^^^^^^^^^^^^^^^^ the same lifetime is hidden here
[INFO] [stderr]     |
[INFO] [stderr]     = help: the same lifetime is referred to in inconsistent ways, making the signature confusing
[INFO] [stderr] help: consistently use `'a`
[INFO] [stderr]     |
[INFO] [stderr] 201 |     ) -> StrictReceiveCallBuilder<'a> {
[INFO] [stderr]     |                                  ++++
[INFO] [stderr] 
[INFO] [stderr] warning: hiding a lifetime that's named elsewhere is confusing
[INFO] [stderr]    --> src/endpoints/server.rs:210:10
[INFO] [stderr]     |
[INFO] [stderr] 206 |         &'a self,
[INFO] [stderr]     |          -- the lifetime is named here
[INFO] [stderr] 207 |         destination: &StrictPathSource,
[INFO] [stderr] 208 |         source_asset: &'a Asset,
[INFO] [stderr]     |                        -- the lifetime is named here
[INFO] [stderr] 209 |         source_amount: &'a str,
[INFO] [stderr]     |                         -- the lifetime is named here
[INFO] [stderr] 210 |     ) -> StrictSendCallBuilder {
[INFO] [stderr]     |          ^^^^^^^^^^^^^^^^^^^^^ the same lifetime is hidden here
[INFO] [stderr]     |
[INFO] [stderr]     = help: the same lifetime is referred to in inconsistent ways, making the signature confusing
[INFO] [stderr] help: consistently use `'a`
[INFO] [stderr]     |
[INFO] [stderr] 210 |     ) -> StrictSendCallBuilder<'a> {
[INFO] [stderr]     |                               ++++
[INFO] [stderr] 
[INFO] [stderr] warning: hiding a lifetime that's elided elsewhere is confusing
[INFO] [stderr]    --> src/endpoints/server.rs:214:19
[INFO] [stderr]     |
[INFO] [stderr] 214 |     pub fn trades(&self) -> TradeCallBuilder {
[INFO] [stderr]     |                   ^^^^^     ^^^^^^^^^^^^^^^^ the same lifetime is hidden here
[INFO] [stderr]     |                   |
[INFO] [stderr]     |                   the lifetime is elided here
[INFO] [stderr]     |
[INFO] [stderr]     = help: the same lifetime is referred to in inconsistent ways, making the signature confusing
[INFO] [stderr] help: use `'_` for type paths
[INFO] [stderr]     |
[INFO] [stderr] 214 |     pub fn trades(&self) -> TradeCallBuilder<'_> {
[INFO] [stderr]     |                                             ++++
[INFO] [stderr] 
[INFO] [stderr] warning: hiding a lifetime that's elided elsewhere is confusing
[INFO] [stderr]    --> src/endpoints/server.rs:218:21
[INFO] [stderr]     |
[INFO] [stderr] 218 |     pub fn payments(&self) -> PaymentCallBuilder {
[INFO] [stderr]     |                     ^^^^^     ^^^^^^^^^^^^^^^^^^ the same lifetime is hidden here
[INFO] [stderr]     |                     |
[INFO] [stderr]     |                     the lifetime is elided here
[INFO] [stderr]     |
[INFO] [stderr]     = help: the same lifetime is referred to in inconsistent ways, making the signature confusing
[INFO] [stderr] help: use `'_` for type paths
[INFO] [stderr]     |
[INFO] [stderr] 218 |     pub fn payments(&self) -> PaymentCallBuilder<'_> {
[INFO] [stderr]     |                                                 ++++
[INFO] [stderr] 
[INFO] [stderr] warning: hiding a lifetime that's elided elsewhere is confusing
[INFO] [stderr]    --> src/endpoints/server.rs:222:19
[INFO] [stderr]     |
[INFO] [stderr] 222 |     pub fn assets(&self) -> AssetCallBuilder {
[INFO] [stderr]     |                   ^^^^^     ^^^^^^^^^^^^^^^^ the same lifetime is hidden here
[INFO] [stderr]     |                   |
[INFO] [stderr]     |                   the lifetime is elided here
[INFO] [stderr]     |
[INFO] [stderr]     = help: the same lifetime is referred to in inconsistent ways, making the signature confusing
[INFO] [stderr] help: use `'_` for type paths
[INFO] [stderr]     |
[INFO] [stderr] 222 |     pub fn assets(&self) -> AssetCallBuilder<'_> {
[INFO] [stderr]     |                                             ++++
[INFO] [stderr] 
[INFO] [stderr] warning: hiding a lifetime that's elided elsewhere is confusing
[INFO] [stderr]    --> src/endpoints/server.rs:284:20
[INFO] [stderr]     |
[INFO] [stderr] 284 |     pub fn effects(&self) -> EffectCallBuilder {
[INFO] [stderr]     |                    ^^^^^     ^^^^^^^^^^^^^^^^^ the same lifetime is hidden here
[INFO] [stderr]     |                    |
[INFO] [stderr]     |                    the lifetime is elided here
[INFO] [stderr]     |
[INFO] [stderr]     = help: the same lifetime is referred to in inconsistent ways, making the signature confusing
[INFO] [stderr] help: use `'_` for type paths
[INFO] [stderr]     |
[INFO] [stderr] 284 |     pub fn effects(&self) -> EffectCallBuilder<'_> {
[INFO] [stderr]     |                                               ++++
[INFO] [stderr] 
[INFO] [stderr] warning: `stellar_sdk` (lib) generated 18 warnings (run `cargo fix --lib -p stellar_sdk` to apply 15 suggestions)
[INFO] [stderr] warning: `stellar_sdk` (lib test) generated 18 warnings (18 duplicates)
[INFO] [stderr]     Finished `release` profile [optimized] target(s) in 0.16s
[INFO] [stderr]      Running unittests src/lib.rs (/opt/rustwide/target/release/deps/stellar_sdk-c2d5e79d7c059c08)
[INFO] [stdout] 
[INFO] [stdout] running 51 tests
[INFO] [stdout] test endpoints::claimable_balance_call_builder::tests::test_claimable_balance_for_asset ... FAILED
[INFO] [stdout] test endpoints::claimable_balance_call_builder::tests::test_claimable_balance_sponsor ... FAILED
[INFO] [stdout] test endpoints::asset_call_builder::tests::assets_horizon_test ... FAILED
[INFO] [stdout] test endpoints::effect_call_builder::tests::assets_horizon_test ... FAILED
[INFO] [stdout] test endpoints::ledger_call_builder::tests::ledger_horizon_test ... FAILED
[INFO] [stdout] test endpoints::offer_call_builder::tests::test_offer_call_builder ... FAILED
[INFO] [stdout] test endpoints::payment_call_builder::tests::limit_payment_call_builder ... FAILED
[INFO] [stdout] test endpoints::liquidity_pool_call_builder::tests::test_limit_liquidity_pools ... FAILED
[INFO] [stdout] test endpoints::order_book_call_builder::tests::test_order_book ... FAILED
[INFO] [stdout] test endpoints::offer_call_builder::tests::test_offer_call_builder_selling_buying ... FAILED
[INFO] [stdout] test endpoints::liquidity_pool_call_builder::tests::test_liquidity_pools_for_assets ... FAILED
[INFO] [stdout] test endpoints::account_call_builder::tests::limit_account_call_builder ... FAILED
[INFO] [stdout] test endpoints::server::tests::load_some_operations ... FAILED
[INFO] [stdout] test endpoints::server::tests::test_load_account ... FAILED
[INFO] [stdout] test endpoints::operation_call_builder::tests::limit_operation_call_builder ... FAILED
[INFO] [stdout] test endpoints::server::tests::test_fetch_timebounds ... ok
[INFO] [stdout] test endpoints::server::tests::test_load_base_fee ... FAILED
[INFO] [stdout] test endpoints::server::tests::test_load_fee_stats ... FAILED
[INFO] [stdout] test endpoints::server::tests::test_load_ledger ... FAILED
[INFO] [stdout] test endpoints::server::tests::load_operation ... FAILED
[INFO] [stdout] test endpoints::trade_call_builder::tests::limit_trade_call_builder ... FAILED
[INFO] [stdout] test endpoints::server::tests::test_load_trade ... FAILED
[INFO] [stdout] test endpoints::trade_call_builder::tests::test_for_type ... FAILED
[INFO] [stdout] test endpoints::server::tests::test_load_transaction ... FAILED
[INFO] [stdout] test endpoints::trade_call_builder::tests::test_trade_call_builder_asset_pair ... FAILED
[INFO] [stdout] test endpoints::strict_send_call_builder::tests::test_strict_send ... FAILED
[INFO] [stdout] test endpoints::transaction_call_builder::tests::limit_transaction_call_builder ... FAILED
[INFO] [stdout] test keypair::tests::test_from_raw_seed ... ok
[INFO] [stdout] test endpoints::server::tests::test_submit_transaction ... FAILED
[INFO] [stdout] test endpoints::strict_receive_call_builder::tests::test_strict_receive ... FAILED
[INFO] [stdout] test keypair::tests::test_can_sign ... ok
[INFO] [stdout] test keypair::tests::test_keypair_conversion ... ok
[INFO] [stdout] test endpoints::trade_aggregation_call_builder::tests::test_trade_aggregation ... FAILED
[INFO] [stdout] test keypair::tests::test_from_secret_key ... ok
[INFO] [stdout] test endpoints::toml_resolver::tests::test_toml_resolve ... FAILED
[INFO] [stdout] test str_key::tests::test_encode ... ok
[INFO] [stdout] test str_key::tests::test_decode ... ok
[INFO] [stdout] test keypair::tests::test_verify_signed_message ... ok
[INFO] [stdout] test keypair::tests::test_sign_message ... ok
[INFO] [stdout] test str_key::tests::test_get_version_byte_prefix ... ok
[INFO] [stdout] test tests::test_app ... FAILED
[INFO] [stdout] test types::account::tests::sequence_number_adds ... ok
[INFO] [stdout] test types::asset::tests::test_is_native ... ok
[INFO] [stdout] test types::asset::tests::test_assets_equal ... ok
[INFO] [stdout] test types::asset::tests::test_validate_asset ... ok
[INFO] [stdout] test types::asset::tests::test_assets_type ... ok
[INFO] [stdout] test keypair::tests::test_random_keypair ... ok
[INFO] [stdout] test str_key::tests::test_is_valid ... ok
[INFO] [stdout] test str_key::tests::test_version_bytes_into ... ok
[INFO] [stdout] test types::asset::tests::test_asset_as_str ... ok
[INFO] [stdout] test types::asset::tests::test_asset_from_str ... ok
[INFO] [stdout] 
[INFO] [stdout] failures:
[INFO] [stdout] 
[INFO] [stdout] ---- endpoints::claimable_balance_call_builder::tests::test_claimable_balance_for_asset stdout ----
[INFO] [stdout] 
[INFO] [stdout] thread 'endpoints::claimable_balance_call_builder::tests::test_claimable_balance_for_asset' (52089) panicked at src/endpoints/claimable_balance_call_builder.rs:131:14:
[INFO] [stdout] called `Result::unwrap()` on an `Err` value: https://horizon.stellar.org/claimable_balances?asset=LSP%3AGAB7STHVD5BDH3EEYXPI3OM7PCS4V443PYB5FNT6CFGJVPDLMKDM24WK&limit=1: Dns Failed: resolve dns name 'horizon.stellar.org:443': failed to lookup address information: Temporary failure in name resolution
[INFO] [stdout] 
[INFO] [stdout] Caused by:
[INFO] [stdout]     failed to lookup address information: Temporary failure in name resolution
[INFO] [stdout] 
[INFO] [stdout] Stack backtrace:
[INFO] [stdout]    0: <anyhow::Error as core::convert::From<ureq::error::Error>>::from
[INFO] [stdout]    1: stellar_sdk::api_call::api_call::<stellar_sdk::endpoints::horizon::Record<stellar_sdk::types::claimable_balance::ClaimableBalance>>
[INFO] [stdout]    2: <stellar_sdk::endpoints::claimable_balance_call_builder::ClaimableBalanceCallbuilder as stellar_sdk::endpoints::call_builder::CallBuilder<stellar_sdk::types::claimable_balance::ClaimableBalance>>::call
[INFO] [stdout]    3: stellar_sdk::endpoints::claimable_balance_call_builder::tests::test_claimable_balance_for_asset
[INFO] [stdout]    4: <stellar_sdk::endpoints::claimable_balance_call_builder::tests::test_claimable_balance_for_asset::{closure#0} as core::ops::function::FnOnce<()>>::call_once
[INFO] [stdout]    5: test::__rust_begin_short_backtrace::<core::result::Result<(), alloc::string::String>, fn() -> core::result::Result<(), alloc::string::String>>
[INFO] [stdout]    6: test::run_test::{closure#0}
[INFO] [stdout]    7: std::sys::backtrace::__rust_begin_short_backtrace::<test::run_test::{closure#1}, ()>
[INFO] [stdout]    8: <std::thread::lifecycle::spawn_unchecked<test::run_test::{closure#1}, ()>::{closure#1} as core::ops::function::FnOnce<()>>::call_once::{shim:vtable#0}
[INFO] [stdout]    9: <std::sys::thread::unix::Thread>::new::thread_start
[INFO] [stdout]   10: <unknown>
[INFO] [stdout]   11: clone
[INFO] [stdout] stack backtrace:
[INFO] [stdout]    0:     0x605e1f982461 - <<std[70759c8f55707aa4]::sys::backtrace::BacktraceLock>::print::DisplayBacktrace as core[df12db4294e9bfd3]::fmt::Display>::fmt
[INFO] [stdout]    1:     0x605e1f999c3a - core[df12db4294e9bfd3]::fmt::write
[INFO] [stdout]    2:     0x605e1f98753c - <alloc[2182bb758b4b3781]::vec::Vec<u8> as core[df12db4294e9bfd3]::io::write::Write>::write_fmt
[INFO] [stdout]    3:     0x605e1f95be86 - std[70759c8f55707aa4]::panicking::default_hook::{closure#0}
[INFO] [stdout]    4:     0x605e1f979959 - std[70759c8f55707aa4]::panicking::default_hook
[INFO] [stdout]    5:     0x605e1f6c10f0 - test[9d35eded1c95d3be]::test_main_inner::<test[9d35eded1c95d3be]::test_main_static::{closure#0}>::{closure#0}
[INFO] [stdout]    6:     0x605e1f979b12 - std[70759c8f55707aa4]::panicking::panic_with_hook
[INFO] [stdout]    7:     0x605e1f95bf32 - std[70759c8f55707aa4]::panicking::panic_handler::{closure#0}
[INFO] [stdout]    8:     0x605e1f9544b9 - std[70759c8f55707aa4]::sys::backtrace::__rust_end_short_backtrace::<std[70759c8f55707aa4]::panicking::panic_handler::{closure#0}, !>
[INFO] [stdout]    9:     0x605e1f95ce2d - __rustc[8fa7c3cbc660c2b3]::rust_begin_unwind
[INFO] [stdout]   10:     0x605e1f99a41c - core[df12db4294e9bfd3]::panicking::panic_fmt
[INFO] [stdout]   11:     0x605e1f99a1f2 - core[df12db4294e9bfd3]::result::unwrap_failed
[INFO] [stdout]   12:     0x605e1f68c637 - stellar_sdk[fd513faf2cfa7d5a]::endpoints::claimable_balance_call_builder::tests::test_claimable_balance_for_asset
[INFO] [stdout]   13:     0x605e1f67c319 - <stellar_sdk[fd513faf2cfa7d5a]::endpoints::claimable_balance_call_builder::tests::test_claimable_balance_for_asset::{closure#0} as core[df12db4294e9bfd3]::ops::function::FnOnce<()>>::call_once
[INFO] [stdout]   14:     0x605e1f6b43db - test[9d35eded1c95d3be]::__rust_begin_short_backtrace::<core[df12db4294e9bfd3]::result::Result<(), alloc[2182bb758b4b3781]::string::String>, fn() -> core[df12db4294e9bfd3]::result::Result<(), alloc[2182bb758b4b3781]::string::String>>
[INFO] [stdout]   15:     0x605e1f6c1a45 - test[9d35eded1c95d3be]::run_test::{closure#0}
[INFO] [stdout]   16:     0x605e1f6bb304 - std[70759c8f55707aa4]::sys::backtrace::__rust_begin_short_backtrace::<test[9d35eded1c95d3be]::run_test::{closure#1}, ()>
[INFO] [stdout]   17:     0x605e1f6c4ba2 - <std[70759c8f55707aa4]::thread::lifecycle::spawn_unchecked<test[9d35eded1c95d3be]::run_test::{closure#1}, ()>::{closure#1} as core[df12db4294e9bfd3]::ops::function::FnOnce<()>>::call_once::{shim:vtable#0}
[INFO] [stdout]   18:     0x605e1f980f09 - <std[70759c8f55707aa4]::sys::thread::unix::Thread>::new::thread_start
[INFO] [stdout]   19:     0x7bf633b1adfa - <unknown>
[INFO] [stdout]   20:     0x7bf633bae3d4 - clone
[INFO] [stdout]   21:                0x0 - <unknown>
[INFO] [stdout] 
[INFO] [stdout] ---- endpoints::claimable_balance_call_builder::tests::test_claimable_balance_sponsor stdout ----
[INFO] [stdout] 
[INFO] [stdout] thread 'endpoints::claimable_balance_call_builder::tests::test_claimable_balance_sponsor' (52090) panicked at src/endpoints/claimable_balance_call_builder.rs:106:14:
[INFO] [stdout] called `Result::unwrap()` on an `Err` value: https://horizon.stellar.org/claimable_balances?limit=1&sponsor=GDCJIHD3623OCYNH65UUQC3NLG2D6YCNCDPZULRLCLOA76TBQRL6A3TF: Dns Failed: resolve dns name 'horizon.stellar.org:443': failed to lookup address information: Temporary failure in name resolution
[INFO] [stdout] 
[INFO] [stdout] Caused by:
[INFO] [stdout]     failed to lookup address information: Temporary failure in name resolution
[INFO] [stdout] 
[INFO] [stdout] Stack backtrace:
[INFO] [stdout]    0: <anyhow::Error as core::convert::From<ureq::error::Error>>::from
[INFO] [stdout]    1: stellar_sdk::api_call::api_call::<stellar_sdk::endpoints::horizon::Record<stellar_sdk::types::claimable_balance::ClaimableBalance>>
[INFO] [stdout]    2: <stellar_sdk::endpoints::claimable_balance_call_builder::ClaimableBalanceCallbuilder as stellar_sdk::endpoints::call_builder::CallBuilder<stellar_sdk::types::claimable_balance::ClaimableBalance>>::call
[INFO] [stdout]    3: stellar_sdk::endpoints::claimable_balance_call_builder::tests::test_claimable_balance_sponsor
[INFO] [stdout]    4: <stellar_sdk::endpoints::claimable_balance_call_builder::tests::test_claimable_balance_sponsor::{closure#0} as core::ops::function::FnOnce<()>>::call_once
[INFO] [stdout]    5: test::__rust_begin_short_backtrace::<core::result::Result<(), alloc::string::String>, fn() -> core::result::Result<(), alloc::string::String>>
[INFO] [stdout]    6: test::run_test::{closure#0}
[INFO] [stdout]    7: std::sys::backtrace::__rust_begin_short_backtrace::<test::run_test::{closure#1}, ()>
[INFO] [stdout]    8: <std::thread::lifecycle::spawn_unchecked<test::run_test::{closure#1}, ()>::{closure#1} as core::ops::function::FnOnce<()>>::call_once::{shim:vtable#0}
[INFO] [stdout]    9: <std::sys::thread::unix::Thread>::new::thread_start
[INFO] [stdout]   10: <unknown>
[INFO] [stdout]   11: clone
[INFO] [stdout] stack backtrace:
[INFO] [stdout]    0:     0x605e1f982461 - <<std[70759c8f55707aa4]::sys::backtrace::BacktraceLock>::print::DisplayBacktrace as core[df12db4294e9bfd3]::fmt::Display>::fmt
[INFO] [stdout]    1:     0x605e1f999c3a - core[df12db4294e9bfd3]::fmt::write
[INFO] [stdout]    2:     0x605e1f98753c - <alloc[2182bb758b4b3781]::vec::Vec<u8> as core[df12db4294e9bfd3]::io::write::Write>::write_fmt
[INFO] [stdout]    3:     0x605e1f95be86 - std[70759c8f55707aa4]::panicking::default_hook::{closure#0}
[INFO] [stdout]    4:     0x605e1f979959 - std[70759c8f55707aa4]::panicking::default_hook
[INFO] [stdout]    5:     0x605e1f6c10f0 - test[9d35eded1c95d3be]::test_main_inner::<test[9d35eded1c95d3be]::test_main_static::{closure#0}>::{closure#0}
[INFO] [stdout]    6:     0x605e1f979b12 - std[70759c8f55707aa4]::panicking::panic_with_hook
[INFO] [stdout]    7:     0x605e1f95bf32 - std[70759c8f55707aa4]::panicking::panic_handler::{closure#0}
[INFO] [stdout]    8:     0x605e1f9544b9 - std[70759c8f55707aa4]::sys::backtrace::__rust_end_short_backtrace::<std[70759c8f55707aa4]::panicking::panic_handler::{closure#0}, !>
[INFO] [stdout]    9:     0x605e1f95ce2d - __rustc[8fa7c3cbc660c2b3]::rust_begin_unwind
[INFO] [stdout]   10:     0x605e1f99a41c - core[df12db4294e9bfd3]::panicking::panic_fmt
[INFO] [stdout]   11:     0x605e1f99a1f2 - core[df12db4294e9bfd3]::result::unwrap_failed
[INFO] [stdout]   12:     0x605e1f68be16 - stellar_sdk[fd513faf2cfa7d5a]::endpoints::claimable_balance_call_builder::tests::test_claimable_balance_sponsor
[INFO] [stdout]   13:     0x605e1f67c2f9 - <stellar_sdk[fd513faf2cfa7d5a]::endpoints::claimable_balance_call_builder::tests::test_claimable_balance_sponsor::{closure#0} as core[df12db4294e9bfd3]::ops::function::FnOnce<()>>::call_once
[INFO] [stdout]   14:     0x605e1f6b43db - test[9d35eded1c95d3be]::__rust_begin_short_backtrace::<core[df12db4294e9bfd3]::result::Result<(), alloc[2182bb758b4b3781]::string::String>, fn() -> core[df12db4294e9bfd3]::result::Result<(), alloc[2182bb758b4b3781]::string::String>>
[INFO] [stdout]   15:     0x605e1f6c1a45 - test[9d35eded1c95d3be]::run_test::{closure#0}
[INFO] [stdout]   16:     0x605e1f6bb304 - std[70759c8f55707aa4]::sys::backtrace::__rust_begin_short_backtrace::<test[9d35eded1c95d3be]::run_test::{closure#1}, ()>
[INFO] [stdout]   17:     0x605e1f6c4ba2 - <std[70759c8f55707aa4]::thread::lifecycle::spawn_unchecked<test[9d35eded1c95d3be]::run_test::{closure#1}, ()>::{closure#1} as core[df12db4294e9bfd3]::ops::function::FnOnce<()>>::call_once::{shim:vtable#0}
[INFO] [stdout]   18:     0x605e1f980f09 - <std[70759c8f55707aa4]::sys::thread::unix::Thread>::new::thread_start
[INFO] [stdout]   19:     0x7bf633b1adfa - <unknown>
[INFO] [stdout]   20:     0x7bf633bae3d4 - clone
[INFO] [stdout]   21:                0x0 - <unknown>
[INFO] [stdout] 
[INFO] [stdout] ---- endpoints::asset_call_builder::tests::assets_horizon_test stdout ----
[INFO] [stdout] 
[INFO] [stdout] thread 'endpoints::asset_call_builder::tests::assets_horizon_test' (52088) panicked at src/endpoints/asset_call_builder.rs:101:14:
[INFO] [stdout] called `Result::unwrap()` on an `Err` value: https://horizon.stellar.org/assets?issuer=GA5BUT4SND34VRUJGFEVLG6LMEYOU5HSSYZLX673I2IJVRLLPATMH4RN&limit=3: Dns Failed: resolve dns name 'horizon.stellar.org:443': failed to lookup address information: Temporary failure in name resolution
[INFO] [stdout] 
[INFO] [stdout] Caused by:
[INFO] [stdout]     failed to lookup address information: Temporary failure in name resolution
[INFO] [stdout] 
[INFO] [stdout] Stack backtrace:
[INFO] [stdout]    0: <anyhow::Error as core::convert::From<ureq::error::Error>>::from
[INFO] [stdout]    1: stellar_sdk::api_call::api_call::<stellar_sdk::endpoints::horizon::Record<stellar_sdk::types::asset_horizon::AssetHorizon>>
[INFO] [stdout]    2: <stellar_sdk::endpoints::asset_call_builder::AssetCallBuilder as stellar_sdk::endpoints::call_builder::CallBuilder<stellar_sdk::types::asset_horizon::AssetHorizon>>::call
[INFO] [stdout]    3: stellar_sdk::endpoints::asset_call_builder::tests::assets_horizon_test
[INFO] [stdout]    4: <stellar_sdk::endpoints::asset_call_builder::tests::assets_horizon_test::{closure#0} as core::ops::function::FnOnce<()>>::call_once
[INFO] [stdout]    5: test::__rust_begin_short_backtrace::<core::result::Result<(), alloc::string::String>, fn() -> core::result::Result<(), alloc::string::String>>
[INFO] [stdout]    6: test::run_test::{closure#0}
[INFO] [stdout]    7: std::sys::backtrace::__rust_begin_short_backtrace::<test::run_test::{closure#1}, ()>
[INFO] [stdout]    8: <std::thread::lifecycle::spawn_unchecked<test::run_test::{closure#1}, ()>::{closure#1} as core::ops::function::FnOnce<()>>::call_once::{shim:vtable#0}
[INFO] [stdout]    9: <std::sys::thread::unix::Thread>::new::thread_start
[INFO] [stdout]   10: <unknown>
[INFO] [stdout]   11: clone
[INFO] [stdout] stack backtrace:
[INFO] [stdout]    0:     0x605e1f982461 - <<std[70759c8f55707aa4]::sys::backtrace::BacktraceLock>::print::DisplayBacktrace as core[df12db4294e9bfd3]::fmt::Display>::fmt
[INFO] [stdout]    1:     0x605e1f999c3a - core[df12db4294e9bfd3]::fmt::write
[INFO] [stdout]    2:     0x605e1f98753c - <alloc[2182bb758b4b3781]::vec::Vec<u8> as core[df12db4294e9bfd3]::io::write::Write>::write_fmt
[INFO] [stdout]    3:     0x605e1f95be86 - std[70759c8f55707aa4]::panicking::default_hook::{closure#0}
[INFO] [stdout]    4:     0x605e1f979959 - std[70759c8f55707aa4]::panicking::default_hook
[INFO] [stdout]    5:     0x605e1f6c10f0 - test[9d35eded1c95d3be]::test_main_inner::<test[9d35eded1c95d3be]::test_main_static::{closure#0}>::{closure#0}
[INFO] [stdout]    6:     0x605e1f979b12 - std[70759c8f55707aa4]::panicking::panic_with_hook
[INFO] [stdout]    7:     0x605e1f95bf32 - std[70759c8f55707aa4]::panicking::panic_handler::{closure#0}
[INFO] [stdout]    8:     0x605e1f9544b9 - std[70759c8f55707aa4]::sys::backtrace::__rust_end_short_backtrace::<std[70759c8f55707aa4]::panicking::panic_handler::{closure#0}, !>
[INFO] [stdout]    9:     0x605e1f95ce2d - __rustc[8fa7c3cbc660c2b3]::rust_begin_unwind
[INFO] [stdout]   10:     0x605e1f99a41c - core[df12db4294e9bfd3]::panicking::panic_fmt
[INFO] [stdout]   11:     0x605e1f99a1f2 - core[df12db4294e9bfd3]::result::unwrap_failed
[INFO] [stdout]   12:     0x605e1f691c93 - stellar_sdk[fd513faf2cfa7d5a]::endpoints::asset_call_builder::tests::assets_horizon_test
[INFO] [stdout]   13:     0x605e1f67a7c9 - <stellar_sdk[fd513faf2cfa7d5a]::endpoints::asset_call_builder::tests::assets_horizon_test::{closure#0} as core[df12db4294e9bfd3]::ops::function::FnOnce<()>>::call_once
[INFO] [stdout]   14:     0x605e1f6b43db - test[9d35eded1c95d3be]::__rust_begin_short_backtrace::<core[df12db4294e9bfd3]::result::Result<(), alloc[2182bb758b4b3781]::string::String>, fn() -> core[df12db4294e9bfd3]::result::Result<(), alloc[2182bb758b4b3781]::string::String>>
[INFO] [stdout]   15:     0x605e1f6c1a45 - test[9d35eded1c95d3be]::run_test::{closure#0}
[INFO] [stdout]   16:     0x605e1f6bb304 - std[70759c8f55707aa4]::sys::backtrace::__rust_begin_short_backtrace::<test[9d35eded1c95d3be]::run_test::{closure#1}, ()>
[INFO] [stdout]   17:     0x605e1f6c4ba2 - <std[70759c8f55707aa4]::thread::lifecycle::spawn_unchecked<test[9d35eded1c95d3be]::run_test::{closure#1}, ()>::{closure#1} as core[df12db4294e9bfd3]::ops::function::FnOnce<()>>::call_once::{shim:vtable#0}
[INFO] [stdout]   18:     0x605e1f980f09 - <std[70759c8f55707aa4]::sys::thread::unix::Thread>::new::thread_start
[INFO] [stdout]   19:     0x7bf633b1adfa - <unknown>
[INFO] [stdout]   20:     0x7bf633bae3d4 - clone
[INFO] [stdout]   21:                0x0 - <unknown>
[INFO] [stdout] 
[INFO] [stdout] ---- endpoints::effect_call_builder::tests::assets_horizon_test stdout ----
[INFO] [stdout] 
[INFO] [stdout] thread 'endpoints::effect_call_builder::tests::assets_horizon_test' (52091) panicked at src/endpoints/effect_call_builder.rs:83:52:
[INFO] [stdout] called `Result::unwrap()` on an `Err` value: https://horizon.stellar.org/effects?limit=200: Dns Failed: resolve dns name 'horizon.stellar.org:443': failed to lookup address information: Temporary failure in name resolution
[INFO] [stdout] 
[INFO] [stdout] Caused by:
[INFO] [stdout]     failed to lookup address information: Temporary failure in name resolution
[INFO] [stdout] 
[INFO] [stdout] Stack backtrace:
[INFO] [stdout]    0: <anyhow::Error as core::convert::From<ureq::error::Error>>::from
[INFO] [stdout]    1: stellar_sdk::api_call::api_call::<stellar_sdk::endpoints::horizon::Record<stellar_sdk::types::effect::Effect>>
[INFO] [stdout]    2: <stellar_sdk::endpoints::effect_call_builder::EffectCallBuilder as stellar_sdk::endpoints::call_builder::CallBuilder<stellar_sdk::types::effect::Effect>>::call
[INFO] [stdout]    3: <stellar_sdk::endpoints::effect_call_builder::tests::assets_horizon_test::{closure#0} as core::ops::function::FnOnce<()>>::call_once
[INFO] [stdout]    4: test::__rust_begin_short_backtrace::<core::result::Result<(), alloc::string::String>, fn() -> core::result::Result<(), alloc::string::String>>
[INFO] [stdout]    5: test::run_test::{closure#0}
[INFO] [stdout]    6: std::sys::backtrace::__rust_begin_short_backtrace::<test::run_test::{closure#1}, ()>
[INFO] [stdout]    7: <std::thread::lifecycle::spawn_unchecked<test::run_test::{closure#1}, ()>::{closure#1} as core::ops::function::FnOnce<()>>::call_once::{shim:vtable#0}
[INFO] [stdout]    8: <std::sys::thread::unix::Thread>::new::thread_start
[INFO] [stdout]    9: <unknown>
[INFO] [stdout]   10: clone
[INFO] [stdout] stack backtrace:
[INFO] [stdout]    0:     0x605e1f982461 - <<std[70759c8f55707aa4]::sys::backtrace::BacktraceLock>::print::DisplayBacktrace as core[df12db4294e9bfd3]::fmt::Display>::fmt
[INFO] [stdout]    1:     0x605e1f999c3a - core[df12db4294e9bfd3]::fmt::write
[INFO] [stdout]    2:     0x605e1f98753c - <alloc[2182bb758b4b3781]::vec::Vec<u8> as core[df12db4294e9bfd3]::io::write::Write>::write_fmt
[INFO] [stdout]    3:     0x605e1f95be86 - std[70759c8f55707aa4]::panicking::default_hook::{closure#0}
[INFO] [stdout]    4:     0x605e1f979959 - std[70759c8f55707aa4]::panicking::default_hook
[INFO] [stdout]    5:     0x605e1f6c10f0 - test[9d35eded1c95d3be]::test_main_inner::<test[9d35eded1c95d3be]::test_main_static::{closure#0}>::{closure#0}
[INFO] [stdout]    6:     0x605e1f979b12 - std[70759c8f55707aa4]::panicking::panic_with_hook
[INFO] [stdout]    7:     0x605e1f95bf32 - std[70759c8f55707aa4]::panicking::panic_handler::{closure#0}
[INFO] [stdout]    8:     0x605e1f9544b9 - std[70759c8f55707aa4]::sys::backtrace::__rust_end_short_backtrace::<std[70759c8f55707aa4]::panicking::panic_handler::{closure#0}, !>
[INFO] [stdout]    9:     0x605e1f95ce2d - __rustc[8fa7c3cbc660c2b3]::rust_begin_unwind
[INFO] [stdout]   10:     0x605e1f99a41c - core[df12db4294e9bfd3]::panicking::panic_fmt
[INFO] [stdout]   11:     0x605e1f99a1f2 - core[df12db4294e9bfd3]::result::unwrap_failed
[INFO] [stdout]   12:     0x605e1f67acbf - <stellar_sdk[fd513faf2cfa7d5a]::endpoints::effect_call_builder::tests::assets_horizon_test::{closure#0} as core[df12db4294e9bfd3]::ops::function::FnOnce<()>>::call_once
[INFO] [stdout]   13:     0x605e1f6b43db - test[9d35eded1c95d3be]::__rust_begin_short_backtrace::<core[df12db4294e9bfd3]::result::Result<(), alloc[2182bb758b4b3781]::string::String>, fn() -> core[df12db4294e9bfd3]::result::Result<(), alloc[2182bb758b4b3781]::string::String>>
[INFO] [stdout]   14:     0x605e1f6c1a45 - test[9d35eded1c95d3be]::run_test::{closure#0}
[INFO] [stdout]   15:     0x605e1f6bb304 - std[70759c8f55707aa4]::sys::backtrace::__rust_begin_short_backtrace::<test[9d35eded1c95d3be]::run_test::{closure#1}, ()>
[INFO] [stdout]   16:     0x605e1f6c4ba2 - <std[70759c8f55707aa4]::thread::lifecycle::spawn_unchecked<test[9d35eded1c95d3be]::run_test::{closure#1}, ()>::{closure#1} as core[df12db4294e9bfd3]::ops::function::FnOnce<()>>::call_once::{shim:vtable#0}
[INFO] [stdout]   17:     0x605e1f980f09 - <std[70759c8f55707aa4]::sys::thread::unix::Thread>::new::thread_start
[INFO] [stdout]   18:     0x7bf633b1adfa - <unknown>
[INFO] [stdout]   19:     0x7bf633bae3d4 - clone
[INFO] [stdout]   20:                0x0 - <unknown>
[INFO] [stdout] 
[INFO] [stdout] ---- endpoints::ledger_call_builder::tests::ledger_horizon_test stdout ----
[INFO] [stdout] 
[INFO] [stdout] thread 'endpoints::ledger_call_builder::tests::ledger_horizon_test' (52092) panicked at src/endpoints/ledger_call_builder.rs:83:52:
[INFO] [stdout] called `Result::unwrap()` on an `Err` value: https://horizon.stellar.org/ledgers?limit=200: Dns Failed: resolve dns name 'horizon.stellar.org:443': failed to lookup address information: Temporary failure in name resolution
[INFO] [stdout] 
[INFO] [stdout] Caused by:
[INFO] [stdout]     failed to lookup address information: Temporary failure in name resolution
[INFO] [stdout] 
[INFO] [stdout] Stack backtrace:
[INFO] [stdout]    0: <anyhow::Error as core::convert::From<ureq::error::Error>>::from
[INFO] [stdout]    1: stellar_sdk::api_call::api_call::<stellar_sdk::endpoints::horizon::Record<stellar_sdk::types::ledger::Ledger>>
[INFO] [stdout]    2: <stellar_sdk::endpoints::ledger_call_builder::LedgerCallBuilder as stellar_sdk::endpoints::call_builder::CallBuilder<stellar_sdk::types::ledger::Ledger>>::call
[INFO] [stdout]    3: stellar_sdk::endpoints::ledger_call_builder::tests::ledger_horizon_test
[INFO] [stdout]    4: <stellar_sdk::endpoints::ledger_call_builder::tests::ledger_horizon_test::{closure#0} as core::ops::function::FnOnce<()>>::call_once
[INFO] [stdout]    5: test::__rust_begin_short_backtrace::<core::result::Result<(), alloc::string::String>, fn() -> core::result::Result<(), alloc::string::String>>
[INFO] [stdout]    6: test::run_test::{closure#0}
[INFO] [stdout]    7: std::sys::backtrace::__rust_begin_short_backtrace::<test::run_test::{closure#1}, ()>
[INFO] [stdout]    8: <std::thread::lifecycle::spawn_unchecked<test::run_test::{closure#1}, ()>::{closure#1} as core::ops::function::FnOnce<()>>::call_once::{shim:vtable#0}
[INFO] [stdout]    9: <std::sys::thread::unix::Thread>::new::thread_start
[INFO] [stdout]   10: <unknown>
[INFO] [stdout]   11: clone
[INFO] [stdout] stack backtrace:
[INFO] [stdout]    0:     0x605e1f982461 - <<std[70759c8f55707aa4]::sys::backtrace::BacktraceLock>::print::DisplayBacktrace as core[df12db4294e9bfd3]::fmt::Display>::fmt
[INFO] [stdout]    1:     0x605e1f999c3a - core[df12db4294e9bfd3]::fmt::write
[INFO] [stdout]    2:     0x605e1f98753c - <alloc[2182bb758b4b3781]::vec::Vec<u8> as core[df12db4294e9bfd3]::io::write::Write>::write_fmt
[INFO] [stdout]    3:     0x605e1f95be86 - std[70759c8f55707aa4]::panicking::default_hook::{closure#0}
[INFO] [stdout]    4:     0x605e1f979959 - std[70759c8f55707aa4]::panicking::default_hook
[INFO] [stdout]    5:     0x605e1f6c10f0 - test[9d35eded1c95d3be]::test_main_inner::<test[9d35eded1c95d3be]::test_main_static::{closure#0}>::{closure#0}
[INFO] [stdout]    6:     0x605e1f979b12 - std[70759c8f55707aa4]::panicking::panic_with_hook
[INFO] [stdout]    7:     0x605e1f95bf32 - std[70759c8f55707aa4]::panicking::panic_handler::{closure#0}
[INFO] [stdout]    8:     0x605e1f9544b9 - std[70759c8f55707aa4]::sys::backtrace::__rust_end_short_backtrace::<std[70759c8f55707aa4]::panicking::panic_handler::{closure#0}, !>
[INFO] [stdout]    9:     0x605e1f95ce2d - __rustc[8fa7c3cbc660c2b3]::rust_begin_unwind
[INFO] [stdout]   10:     0x605e1f99a41c - core[df12db4294e9bfd3]::panicking::panic_fmt
[INFO] [stdout]   11:     0x605e1f99a1f2 - core[df12db4294e9bfd3]::result::unwrap_failed
[INFO] [stdout]   12:     0x605e1f689d40 - stellar_sdk[fd513faf2cfa7d5a]::endpoints::ledger_call_builder::tests::ledger_horizon_test
[INFO] [stdout]   13:     0x605e1f67ade9 - <stellar_sdk[fd513faf2cfa7d5a]::endpoints::ledger_call_builder::tests::ledger_horizon_test::{closure#0} as core[df12db4294e9bfd3]::ops::function::FnOnce<()>>::call_once
[INFO] [stdout]   14:     0x605e1f6b43db - test[9d35eded1c95d3be]::__rust_begin_short_backtrace::<core[df12db4294e9bfd3]::result::Result<(), alloc[2182bb758b4b3781]::string::String>, fn() -> core[df12db4294e9bfd3]::result::Result<(), alloc[2182bb758b4b3781]::string::String>>
[INFO] [stdout]   15:     0x605e1f6c1a45 - test[9d35eded1c95d3be]::run_test::{closure#0}
[INFO] [stdout]   16:     0x605e1f6bb304 - std[70759c8f55707aa4]::sys::backtrace::__rust_begin_short_backtrace::<test[9d35eded1c95d3be]::run_test::{closure#1}, ()>
[INFO] [stdout]   17:     0x605e1f6c4ba2 - <std[70759c8f55707aa4]::thread::lifecycle::spawn_unchecked<test[9d35eded1c95d3be]::run_test::{closure#1}, ()>::{closure#1} as core[df12db4294e9bfd3]::ops::function::FnOnce<()>>::call_once::{shim:vtable#0}
[INFO] [stdout]   18:     0x605e1f980f09 - <std[70759c8f55707aa4]::sys::thread::unix::Thread>::new::thread_start
[INFO] [stdout]   19:     0x7bf633b1adfa - <unknown>
[INFO] [stdout]   20:     0x7bf633bae3d4 - clone
[INFO] [stdout]   21:                0x0 - <unknown>
[INFO] [stdout] 
[INFO] [stdout] ---- endpoints::offer_call_builder::tests::test_offer_call_builder stdout ----
[INFO] [stdout] 
[INFO] [stdout] thread 'endpoints::offer_call_builder::tests::test_offer_call_builder' (52095) panicked at src/endpoints/offer_call_builder.rs:111:51:
[INFO] [stdout] called `Result::unwrap()` on an `Err` value: https://horizon.stellar.org/offers?limit=200: Dns Failed: resolve dns name 'horizon.stellar.org:443': failed to lookup address information: Temporary failure in name resolution
[INFO] [stdout] 
[INFO] [stdout] Caused by:
[INFO] [stdout]     failed to lookup address information: Temporary failure in name resolution
[INFO] [stdout] 
[INFO] [stdout] Stack backtrace:
[INFO] [stdout]    0: <anyhow::Error as core::convert::From<ureq::error::Error>>::from
[INFO] [stdout]    1: stellar_sdk::api_call::api_call::<stellar_sdk::endpoints::horizon::Record<stellar_sdk::types::offer::Offer>>
[INFO] [stdout]    2: <stellar_sdk::endpoints::offer_call_builder::OfferCallBuilder as stellar_sdk::endpoints::call_builder::CallBuilder<stellar_sdk::types::offer::Offer>>::call
[INFO] [stdout]    3: stellar_sdk::endpoints::offer_call_builder::tests::test_offer_call_builder
[INFO] [stdout]    4: <stellar_sdk::endpoints::offer_call_builder::tests::test_offer_call_builder::{closure#0} as core::ops::function::FnOnce<()>>::call_once
[INFO] [stdout]    5: test::__rust_begin_short_backtrace::<core::result::Result<(), alloc::string::String>, fn() -> core::result::Result<(), alloc::string::String>>
[INFO] [stdout]    6: test::run_test::{closure#0}
[INFO] [stdout]    7: std::sys::backtrace::__rust_begin_short_backtrace::<test::run_test::{closure#1}, ()>
[INFO] [stdout]    8: <std::thread::lifecycle::spawn_unchecked<test::run_test::{closure#1}, ()>::{closure#1} as core::ops::function::FnOnce<()>>::call_once::{shim:vtable#0}
[INFO] [stdout]    9: <std::sys::thread::unix::Thread>::new::thread_start
[INFO] [stdout]   10: <unknown>
[INFO] [stdout]   11: clone
[INFO] [stdout] stack backtrace:
[INFO] [stdout]    0:     0x605e1f982461 - <<std[70759c8f55707aa4]::sys::backtrace::BacktraceLock>::print::DisplayBacktrace as core[df12db4294e9bfd3]::fmt::Display>::fmt
[INFO] [stdout]    1:     0x605e1f999c3a - core[df12db4294e9bfd3]::fmt::write
[INFO] [stdout]    2:     0x605e1f98753c - <alloc[2182bb758b4b3781]::vec::Vec<u8> as core[df12db4294e9bfd3]::io::write::Write>::write_fmt
[INFO] [stdout]    3:     0x605e1f95be86 - std[70759c8f55707aa4]::panicking::default_hook::{closure#0}
[INFO] [stdout]    4:     0x605e1f979959 - std[70759c8f55707aa4]::panicking::default_hook
[INFO] [stdout]    5:     0x605e1f6c10f0 - test[9d35eded1c95d3be]::test_main_inner::<test[9d35eded1c95d3be]::test_main_static::{closure#0}>::{closure#0}
[INFO] [stdout]    6:     0x605e1f979b12 - std[70759c8f55707aa4]::panicking::panic_with_hook
[INFO] [stdout]    7:     0x605e1f95bf32 - std[70759c8f55707aa4]::panicking::panic_handler::{closure#0}
[INFO] [stdout]    8:     0x605e1f9544b9 - std[70759c8f55707aa4]::sys::backtrace::__rust_end_short_backtrace::<std[70759c8f55707aa4]::panicking::panic_handler::{closure#0}, !>
[INFO] [stdout]    9:     0x605e1f95ce2d - __rustc[8fa7c3cbc660c2b3]::rust_begin_unwind
[INFO] [stdout]   10:     0x605e1f99a41c - core[df12db4294e9bfd3]::panicking::panic_fmt
[INFO] [stdout]   11:     0x605e1f99a1f2 - core[df12db4294e9bfd3]::result::unwrap_failed
[INFO] [stdout]   12:     0x605e1f6921f0 - stellar_sdk[fd513faf2cfa7d5a]::endpoints::offer_call_builder::tests::test_offer_call_builder
[INFO] [stdout]   13:     0x605e1f67a7e9 - <stellar_sdk[fd513faf2cfa7d5a]::endpoints::offer_call_builder::tests::test_offer_call_builder::{closure#0} as core[df12db4294e9bfd3]::ops::function::FnOnce<()>>::call_once
[INFO] [stdout]   14:     0x605e1f6b43db - test[9d35eded1c95d3be]::__rust_begin_short_backtrace::<core[df12db4294e9bfd3]::result::Result<(), alloc[2182bb758b4b3781]::string::String>, fn() -> core[df12db4294e9bfd3]::result::Result<(), alloc[2182bb758b4b3781]::string::String>>
[INFO] [stdout]   15:     0x605e1f6c1a45 - test[9d35eded1c95d3be]::run_test::{closure#0}
[INFO] [stdout]   16:     0x605e1f6bb304 - std[70759c8f55707aa4]::sys::backtrace::__rust_begin_short_backtrace::<test[9d35eded1c95d3be]::run_test::{closure#1}, ()>
[INFO] [stdout]   17:     0x605e1f6c4ba2 - <std[70759c8f55707aa4]::thread::lifecycle::spawn_unchecked<test[9d35eded1c95d3be]::run_test::{closure#1}, ()>::{closure#1} as core[df12db4294e9bfd3]::ops::function::FnOnce<()>>::call_once::{shim:vtable#0}
[INFO] [stdout]   18:     0x605e1f980f09 - <std[70759c8f55707aa4]::sys::thread::unix::Thread>::new::thread_start
[INFO] [stdout]   19:     0x7bf633b1adfa - <unknown>
[INFO] [stdout]   20:     0x7bf633bae3d4 - clone
[INFO] [stdout]   21:                0x0 - <unknown>
[INFO] [stdout] 
[INFO] [stdout] ---- endpoints::payment_call_builder::tests::limit_payment_call_builder stdout ----
[INFO] [stdout] 
[INFO] [stdout] thread 'endpoints::payment_call_builder::tests::limit_payment_call_builder' (52099) panicked at src/endpoints/payment_call_builder.rs:89:14:
[INFO] [stdout] called `Result::unwrap()` on an `Err` value: https://horizon.stellar.org/accounts/GAUZUPTHOMSZEV65VNSRMUDAAE4VBMSRYYAX3UOWYU3BQUZ6OK65NOWM/payments?limit=200: Dns Failed: resolve dns name 'horizon.stellar.org:443': failed to lookup address information: Temporary failure in name resolution
[INFO] [stdout] 
[INFO] [stdout] Caused by:
[INFO] [stdout]     failed to lookup address information: Temporary failure in name resolution
[INFO] [stdout] 
[INFO] [stdout] Stack backtrace:
[INFO] [stdout]    0: <anyhow::Error as core::convert::From<ureq::error::Error>>::from
[INFO] [stdout]    1: stellar_sdk::api_call::api_call::<stellar_sdk::endpoints::horizon::Record<stellar_sdk::types::operation::Operation>>
[INFO] [stdout]    2: <stellar_sdk::endpoints::payment_call_builder::PaymentCallBuilder as stellar_sdk::endpoints::call_builder::CallBuilder<stellar_sdk::types::operation::Operation>>::call
[INFO] [stdout]    3: <stellar_sdk::endpoints::payment_call_builder::tests::limit_payment_call_builder::{closure#0} as core::ops::function::FnOnce<()>>::call_once
[INFO] [stdout]    4: test::__rust_begin_short_backtrace::<core::result::Result<(), alloc::string::String>, fn() -> core::result::Result<(), alloc::string::String>>
[INFO] [stdout]    5: test::run_test::{closure#0}
[INFO] [stdout]    6: std::sys::backtrace::__rust_begin_short_backtrace::<test::run_test::{closure#1}, ()>
[INFO] [stdout]    7: <std::thread::lifecycle::spawn_unchecked<test::run_test::{closure#1}, ()>::{closure#1} as core::ops::function::FnOnce<()>>::call_once::{shim:vtable#0}
[INFO] [stdout]    8: <std::sys::thread::unix::Thread>::new::thread_start
[INFO] [stdout]    9: <unknown>
[INFO] [stdout]   10: clone
[INFO] [stdout] stack backtrace:
[INFO] [stdout]    0:     0x605e1f982461 - <<std[70759c8f55707aa4]::sys::backtrace::BacktraceLock>::print::DisplayBacktrace as core[df12db4294e9bfd3]::fmt::Display>::fmt
[INFO] [stdout]    1:     0x605e1f999c3a - core[df12db4294e9bfd3]::fmt::write
[INFO] [stdout]    2:     0x605e1f98753c - <alloc[2182bb758b4b3781]::vec::Vec<u8> as core[df12db4294e9bfd3]::io::write::Write>::write_fmt
[INFO] [stdout]    3:     0x605e1f95be86 - std[70759c8f55707aa4]::panicking::default_hook::{closure#0}
[INFO] [stdout]    4:     0x605e1f979959 - std[70759c8f55707aa4]::panicking::default_hook
[INFO] [stdout]    5:     0x605e1f6c10f0 - test[9d35eded1c95d3be]::test_main_inner::<test[9d35eded1c95d3be]::test_main_static::{closure#0}>::{closure#0}
[INFO] [stdout]    6:     0x605e1f979b12 - std[70759c8f55707aa4]::panicking::panic_with_hook
[INFO] [stdout]    7:     0x605e1f95bf32 - std[70759c8f55707aa4]::panicking::panic_handler::{closure#0}
[INFO] [stdout]    8:     0x605e1f9544b9 - std[70759c8f55707aa4]::sys::backtrace::__rust_end_short_backtrace::<std[70759c8f55707aa4]::panicking::panic_handler::{closure#0}, !>
[INFO] [stdout]    9:     0x605e1f95ce2d - __rustc[8fa7c3cbc660c2b3]::rust_begin_unwind
[INFO] [stdout]   10:     0x605e1f99a41c - core[df12db4294e9bfd3]::panicking::panic_fmt
[INFO] [stdout]   11:     0x605e1f99a1f2 - core[df12db4294e9bfd3]::result::unwrap_failed
[INFO] [stdout]   12:     0x605e1f67b312 - <stellar_sdk[fd513faf2cfa7d5a]::endpoints::payment_call_builder::tests::limit_payment_call_builder::{closure#0} as core[df12db4294e9bfd3]::ops::function::FnOnce<()>>::call_once
[INFO] [stdout]   13:     0x605e1f6b43db - test[9d35eded1c95d3be]::__rust_begin_short_backtrace::<core[df12db4294e9bfd3]::result::Result<(), alloc[2182bb758b4b3781]::string::String>, fn() -> core[df12db4294e9bfd3]::result::Result<(), alloc[2182bb758b4b3781]::string::String>>
[INFO] [stdout]   14:     0x605e1f6c1a45 - test[9d35eded1c95d3be]::run_test::{closure#0}
[INFO] [stdout]   15:     0x605e1f6bb304 - std[70759c8f55707aa4]::sys::backtrace::__rust_begin_short_backtrace::<test[9d35eded1c95d3be]::run_test::{closure#1}, ()>
[INFO] [stdout]   16:     0x605e1f6c4ba2 - <std[70759c8f55707aa4]::thread::lifecycle::spawn_unchecked<test[9d35eded1c95d3be]::run_test::{closure#1}, ()>::{closure#1} as core[df12db4294e9bfd3]::ops::function::FnOnce<()>>::call_once::{shim:vtable#0}
[INFO] [stdout]   17:     0x605e1f980f09 - <std[70759c8f55707aa4]::sys::thread::unix::Thread>::new::thread_start
[INFO] [stdout]   18:     0x7bf633b1adfa - <unknown>
[INFO] [stdout]   19:     0x7bf633bae3d4 - clone
[INFO] [stdout]   20:                0x0 - <unknown>
[INFO] [stdout] 
[INFO] [stdout] ---- endpoints::liquidity_pool_call_builder::tests::test_limit_liquidity_pools stdout ----
[INFO] [stdout] 
[INFO] [stdout] thread 'endpoints::liquidity_pool_call_builder::tests::test_limit_liquidity_pools' (52093) panicked at src/endpoints/liquidity_pool_call_builder.rs:96:46:
[INFO] [stdout] called `Result::unwrap()` on an `Err` value: https://horizon.stellar.org/liquidity_pools?limit=200: Dns Failed: resolve dns name 'horizon.stellar.org:443': failed to lookup address information: Temporary failure in name resolution
[INFO] [stdout] 
[INFO] [stdout] Caused by:
[INFO] [stdout]     failed to lookup address information: Temporary failure in name resolution
[INFO] [stdout] 
[INFO] [stdout] Stack backtrace:
[INFO] [stdout]    0: <anyhow::Error as core::convert::From<ureq::error::Error>>::from
[INFO] [stdout]    1: stellar_sdk::api_call::api_call::<stellar_sdk::endpoints::horizon::Record<stellar_sdk::types::liquidity_pool::LiquidityPool>>
[INFO] [stdout]    2: <stellar_sdk::endpoints::liquidity_pool_call_builder::LiquidityPoolCallBuilder as stellar_sdk::endpoints::call_builder::CallBuilder<stellar_sdk::types::liquidity_pool::LiquidityPool>>::call
[INFO] [stdout]    3: stellar_sdk::endpoints::liquidity_pool_call_builder::tests::test_limit_liquidity_pools
[INFO] [stdout]    4: <stellar_sdk::endpoints::liquidity_pool_call_builder::tests::test_limit_liquidity_pools::{closure#0} as core::ops::function::FnOnce<()>>::call_once
[INFO] [stdout]    5: test::__rust_begin_short_backtrace::<core::result::Result<(), alloc::string::String>, fn() -> core::result::Result<(), alloc::string::String>>
[INFO] [stdout]    6: test::run_test::{closure#0}
[INFO] [stdout]    7: std::sys::backtrace::__rust_begin_short_backtrace::<test::run_test::{closure#1}, ()>
[INFO] [stdout]    8: <std::thread::lifecycle::spawn_unchecked<test::run_test::{closure#1}, ()>::{closure#1} as core::ops::function::FnOnce<()>>::call_once::{shim:vtable#0}
[INFO] [stdout]    9: <std::sys::thread::unix::Thread>::new::thread_start
[INFO] [stdout]   10: <unknown>
[INFO] [stdout]   11: clone
[INFO] [stdout] stack backtrace:
[INFO] [stdout]    0:     0x605e1f982461 - <<std[70759c8f55707aa4]::sys::backtrace::BacktraceLock>::print::DisplayBacktrace as core[df12db4294e9bfd3]::fmt::Display>::fmt
[INFO] [stdout]    1:     0x605e1f999c3a - core[df12db4294e9bfd3]::fmt::write
[INFO] [stdout]    2:     0x605e1f98753c - <alloc[2182bb758b4b3781]::vec::Vec<u8> as core[df12db4294e9bfd3]::io::write::Write>::write_fmt
[INFO] [stdout]    3:     0x605e1f95be86 - std[70759c8f55707aa4]::panicking::default_hook::{closure#0}
[INFO] [stdout]    4:     0x605e1f979959 - std[70759c8f55707aa4]::panicking::default_hook
[INFO] [stdout]    5:     0x605e1f6c10f0 - test[9d35eded1c95d3be]::test_main_inner::<test[9d35eded1c95d3be]::test_main_static::{closure#0}>::{closure#0}
[INFO] [stdout]    6:     0x605e1f979b12 - std[70759c8f55707aa4]::panicking::panic_with_hook
[INFO] [stdout]    7:     0x605e1f95bf32 - std[70759c8f55707aa4]::panicking::panic_handler::{closure#0}
[INFO] [stdout]    8:     0x605e1f9544b9 - std[70759c8f55707aa4]::sys::backtrace::__rust_end_short_backtrace::<std[70759c8f55707aa4]::panicking::panic_handler::{closure#0}, !>
[INFO] [stdout]    9:     0x605e1f95ce2d - __rustc[8fa7c3cbc660c2b3]::rust_begin_unwind
[INFO] [stdout]   10:     0x605e1f99a41c - core[df12db4294e9bfd3]::panicking::panic_fmt
[INFO] [stdout]   11:     0x605e1f99a1f2 - core[df12db4294e9bfd3]::result::unwrap_failed
[INFO] [stdout]   12:     0x605e1f68ae20 - stellar_sdk[fd513faf2cfa7d5a]::endpoints::liquidity_pool_call_builder::tests::test_limit_liquidity_pools
[INFO] [stdout]   13:     0x605e1f67bb49 - <stellar_sdk[fd513faf2cfa7d5a]::endpoints::liquidity_pool_call_builder::tests::test_limit_liquidity_pools::{closure#0} as core[df12db4294e9bfd3]::ops::function::FnOnce<()>>::call_once
[INFO] [stdout]   14:     0x605e1f6b43db - test[9d35eded1c95d3be]::__rust_begin_short_backtrace::<core[df12db4294e9bfd3]::result::Result<(), alloc[2182bb758b4b3781]::string::String>, fn() -> core[df12db4294e9bfd3]::result::Result<(), alloc[2182bb758b4b3781]::string::String>>
[INFO] [stdout]   15:     0x605e1f6c1a45 - test[9d35eded1c95d3be]::run_test::{closure#0}
[INFO] [stdout]   16:     0x605e1f6bb304 - std[70759c8f55707aa4]::sys::backtrace::__rust_begin_short_backtrace::<test[9d35eded1c95d3be]::run_test::{closure#1}, ()>
[INFO] [stdout]   17:     0x605e1f6c4ba2 - <std[70759c8f55707aa4]::thread::lifecycle::spawn_unchecked<test[9d35eded1c95d3be]::run_test::{closure#1}, ()>::{closure#1} as core[df12db4294e9bfd3]::ops::function::FnOnce<()>>::call_once::{shim:vtable#0}
[INFO] [stdout]   18:     0x605e1f980f09 - <std[70759c8f55707aa4]::sys::thread::unix::Thread>::new::thread_start
[INFO] [stdout]   19:     0x7bf633b1adfa - <unknown>
[INFO] [stdout]   20:     0x7bf633bae3d4 - clone
[INFO] [stdout]   21:                0x0 - <unknown>
[INFO] [stdout] 
[INFO] [stdout] ---- endpoints::order_book_call_builder::tests::test_order_book stdout ----
[INFO] [stdout] 
[INFO] [stdout] thread 'endpoints::order_book_call_builder::tests::test_order_book' (52098) panicked at src/endpoints/order_book_call_builder.rs:78:46:
[INFO] [stdout] called `Result::unwrap()` on an `Err` value: https://horizon.stellar.org/order_book?limit=1&buying_asset_issuer=GBDEVU63Y6NTHJQQZIKVTC23NWLQVP3WJ2RI2OTSJTNYOIGICST6DUXR&selling_asset_type=native&buying_asset_code=BAT&buying_asset_type=credit_alphanum4: Dns Failed: resolve dns name 'horizon.stellar.org:443': failed to lookup address information: Temporary failure in name resolution
[INFO] [stdout] 
[INFO] [stdout] Caused by:
[INFO] [stdout]     failed to lookup address information: Temporary failure in name resolution
[INFO] [stdout] 
[INFO] [stdout] Stack backtrace:
[INFO] [stdout]    0: <anyhow::Error as core::convert::From<ureq::error::Error>>::from
[INFO] [stdout]    1: stellar_sdk::api_call::api_call::<stellar_sdk::types::order_book::OrderBook>
[INFO] [stdout]    2: <stellar_sdk::endpoints::order_book_call_builder::OrderBookCallBuilder>::call
[INFO] [stdout]    3: stellar_sdk::endpoints::order_book_call_builder::tests::test_order_book
[INFO] [stdout]    4: <stellar_sdk::endpoints::order_book_call_builder::tests::test_order_book::{closure#0} as core::ops::function::FnOnce<()>>::call_once
[INFO] [stdout]    5: test::__rust_begin_short_backtrace::<core::result::Result<(), alloc::string::String>, fn() -> core::result::Result<(), alloc::string::String>>
[INFO] [stdout]    6: test::run_test::{closure#0}
[INFO] [stdout]    7: std::sys::backtrace::__rust_begin_short_backtrace::<test::run_test::{closure#1}, ()>
[INFO] [stdout]    8: <std::thread::lifecycle::spawn_unchecked<test::run_test::{closure#1}, ()>::{closure#1} as core::ops::function::FnOnce<()>>::call_once::{shim:vtable#0}
[INFO] [stdout]    9: <std::sys::thread::unix::Thread>::new::thread_start
[INFO] [stdout]   10: <unknown>
[INFO] [stdout]   11: clone
[INFO] [stdout] stack backtrace:
[INFO] [stdout]    0:     0x605e1f982461 - <<std[70759c8f55707aa4]::sys::backtrace::BacktraceLock>::print::DisplayBacktrace as core[df12db4294e9bfd3]::fmt::Display>::fmt
[INFO] [stdout]    1:     0x605e1f999c3a - core[df12db4294e9bfd3]::fmt::write
[INFO] [stdout]    2:     0x605e1f98753c - <alloc[2182bb758b4b3781]::vec::Vec<u8> as core[df12db4294e9bfd3]::io::write::Write>::write_fmt
[INFO] [stdout]    3:     0x605e1f95be86 - std[70759c8f55707aa4]::panicking::default_hook::{closure#0}
[INFO] [stdout]    4:     0x605e1f979959 - std[70759c8f55707aa4]::panicking::default_hook
[INFO] [stdout]    5:     0x605e1f6c10f0 - test[9d35eded1c95d3be]::test_main_inner::<test[9d35eded1c95d3be]::test_main_static::{closure#0}>::{closure#0}
[INFO] [stdout]    6:     0x605e1f979b12 - std[70759c8f55707aa4]::panicking::panic_with_hook
[INFO] [stdout]    7:     0x605e1f95bf32 - std[70759c8f55707aa4]::panicking::panic_handler::{closure#0}
[INFO] [stdout]    8:     0x605e1f9544b9 - std[70759c8f55707aa4]::sys::backtrace::__rust_end_short_backtrace::<std[70759c8f55707aa4]::panicking::panic_handler::{closure#0}, !>
[INFO] [stdout]    9:     0x605e1f95ce2d - __rustc[8fa7c3cbc660c2b3]::rust_begin_unwind
[INFO] [stdout]   10:     0x605e1f99a41c - core[df12db4294e9bfd3]::panicking::panic_fmt
[INFO] [stdout]   11:     0x605e1f99a1f2 - core[df12db4294e9bfd3]::result::unwrap_failed
[INFO] [stdout]   12:     0x605e1f69452c - stellar_sdk[fd513faf2cfa7d5a]::endpoints::order_book_call_builder::tests::test_order_book
[INFO] [stdout]   13:     0x605e1f67bae9 - <stellar_sdk[fd513faf2cfa7d5a]::endpoints::order_book_call_builder::tests::test_order_book::{closure#0} as core[df12db4294e9bfd3]::ops::function::FnOnce<()>>::call_once
[INFO] [stdout]   14:     0x605e1f6b43db - test[9d35eded1c95d3be]::__rust_begin_short_backtrace::<core[df12db4294e9bfd3]::result::Result<(), alloc[2182bb758b4b3781]::string::String>, fn() -> core[df12db4294e9bfd3]::result::Result<(), alloc[2182bb758b4b3781]::string::String>>
[INFO] [stdout]   15:     0x605e1f6c1a45 - test[9d35eded1c95d3be]::run_test::{closure#0}
[INFO] [stdout]   16:     0x605e1f6bb304 - std[70759c8f55707aa4]::sys::backtrace::__rust_begin_short_backtrace::<test[9d35eded1c95d3be]::run_test::{closure#1}, ()>
[INFO] [stdout]   17:     0x605e1f6c4ba2 - <std[70759c8f55707aa4]::thread::lifecycle::spawn_unchecked<test[9d35eded1c95d3be]::run_test::{closure#1}, ()>::{closure#1} as core[df12db4294e9bfd3]::ops::function::FnOnce<()>>::call_once::{shim:vtable#0}
[INFO] [stdout]   18:     0x605e1f980f09 - <std[70759c8f55707aa4]::sys::thread::unix::Thread>::new::thread_start
[INFO] [stdout]   19:     0x7bf633b1adfa - <unknown>
[INFO] [stdout]   20:     0x7bf633bae3d4 - clone
[INFO] [stdout]   21:                0x0 - <unknown>
[INFO] [stdout] 
[INFO] [stdout] ---- endpoints::offer_call_builder::tests::test_offer_call_builder_selling_buying stdout ----
[INFO] [stdout] 
[INFO] [stdout] thread 'endpoints::offer_call_builder::tests::test_offer_call_builder_selling_buying' (52096) panicked at src/endpoints/offer_call_builder.rs:133:14:
[INFO] [stdout] called `Result::unwrap()` on an `Err` value: https://horizon.stellar.org/offers?limit=2&selling=yXLM%3AGARDNV3Q7YGT4AKSDF25LT32YSCCW4EV22Y2TV3I2PU2MMXJTEDL5T55&buying=native: Dns Failed: resolve dns name 'horizon.stellar.org:443': failed to lookup address information: Temporary failure in name resolution
[INFO] [stdout] 
[INFO] [stdout] Caused by:
[INFO] [stdout]     failed to lookup address information: Temporary failure in name resolution
[INFO] [stdout] 
[INFO] [stdout] Stack backtrace:
[INFO] [stdout]    0: <anyhow::Error as core::convert::From<ureq::error::Error>>::from
[INFO] [stdout]    1: stellar_sdk::api_call::api_call::<stellar_sdk::endpoints::horizon::Record<stellar_sdk::types::offer::Offer>>
[INFO] [stdout]    2: <stellar_sdk::endpoints::offer_call_builder::OfferCallBuilder as stellar_sdk::endpoints::call_builder::CallBuilder<stellar_sdk::types::offer::Offer>>::call
[INFO] [stdout]    3: stellar_sdk::endpoints::offer_call_builder::tests::test_offer_call_builder_selling_buying
[INFO] [stdout]    4: <stellar_sdk::endpoints::offer_call_builder::tests::test_offer_call_builder_selling_buying::{closure#0} as core::ops::function::FnOnce<()>>::call_once
[INFO] [stdout]    5: test::__rust_begin_short_backtrace::<core::result::Result<(), alloc::string::String>, fn() -> core::result::Result<(), alloc::string::String>>
[INFO] [stdout]    6: test::run_test::{closure#0}
[INFO] [stdout]    7: std::sys::backtrace::__rust_begin_short_backtrace::<test::run_test::{closure#1}, ()>
[INFO] [stdout]    8: <std::thread::lifecycle::spawn_unchecked<test::run_test::{closure#1}, ()>::{closure#1} as core::ops::function::FnOnce<()>>::call_once::{shim:vtable#0}
[INFO] [stdout]    9: <std::sys::thread::unix::Thread>::new::thread_start
[INFO] [stdout]   10: <unknown>
[INFO] [stdout]   11: clone
[INFO] [stdout] stack backtrace:
[INFO] [stdout]    0:     0x605e1f982461 - <<std[70759c8f55707aa4]::sys::backtrace::BacktraceLock>::print::DisplayBacktrace as core[df12db4294e9bfd3]::fmt::Display>::fmt
[INFO] [stdout]    1:     0x605e1f999c3a - core[df12db4294e9bfd3]::fmt::write
[INFO] [stdout]    2:     0x605e1f98753c - <alloc[2182bb758b4b3781]::vec::Vec<u8> as core[df12db4294e9bfd3]::io::write::Write>::write_fmt
[INFO] [stdout]    3:     0x605e1f95be86 - std[70759c8f55707aa4]::panicking::default_hook::{closure#0}
[INFO] [stdout]    4:     0x605e1f979959 - std[70759c8f55707aa4]::panicking::default_hook
[INFO] [stdout]    5:     0x605e1f6c10f0 - test[9d35eded1c95d3be]::test_main_inner::<test[9d35eded1c95d3be]::test_main_static::{closure#0}>::{closure#0}
[INFO] [stdout]    6:     0x605e1f979b12 - std[70759c8f55707aa4]::panicking::panic_with_hook
[INFO] [stdout]    7:     0x605e1f95bf32 - std[70759c8f55707aa4]::panicking::panic_handler::{closure#0}
[INFO] [stdout]    8:     0x605e1f9544b9 - std[70759c8f55707aa4]::sys::backtrace::__rust_end_short_backtrace::<std[70759c8f55707aa4]::panicking::panic_handler::{closure#0}, !>
[INFO] [stdout]    9:     0x605e1f95ce2d - __rustc[8fa7c3cbc660c2b3]::rust_begin_unwind
[INFO] [stdout]   10:     0x605e1f99a41c - core[df12db4294e9bfd3]::panicking::panic_fmt
[INFO] [stdout]   11:     0x605e1f99a1f2 - core[df12db4294e9bfd3]::result::unwrap_failed
[INFO] [stdout]   12:     0x605e1f692bb9 - stellar_sdk[fd513faf2cfa7d5a]::endpoints::offer_call_builder::tests::test_offer_call_builder_selling_buying
[INFO] [stdout]   13:     0x605e1f67a809 - <stellar_sdk[fd513faf2cfa7d5a]::endpoints::offer_call_builder::tests::test_offer_call_builder_selling_buying::{closure#0} as core[df12db4294e9bfd3]::ops::function::FnOnce<()>>::call_once
[INFO] [stdout]   14:     0x605e1f6b43db - test[9d35eded1c95d3be]::__rust_begin_short_backtrace::<core[df12db4294e9bfd3]::result::Result<(), alloc[2182bb758b4b3781]::string::String>, fn() -> core[df12db4294e9bfd3]::result::Result<(), alloc[2182bb758b4b3781]::string::String>>
[INFO] [stdout]   15:     0x605e1f6c1a45 - test[9d35eded1c95d3be]::run_test::{closure#0}
[INFO] [stdout]   16:     0x605e1f6bb304 - std[70759c8f55707aa4]::sys::backtrace::__rust_begin_short_backtrace::<test[9d35eded1c95d3be]::run_test::{closure#1}, ()>
[INFO] [stdout]   17:     0x605e1f6c4ba2 - <std[70759c8f55707aa4]::thread::lifecycle::spawn_unchecked<test[9d35eded1c95d3be]::run_test::{closure#1}, ()>::{closure#1} as core[df12db4294e9bfd3]::ops::function::FnOnce<()>>::call_once::{shim:vtable#0}
[INFO] [stdout]   18:     0x605e1f980f09 - <std[70759c8f55707aa4]::sys::thread::unix::Thread>::new::thread_start
[INFO] [stdout]   19:     0x7bf633b1adfa - <unknown>
[INFO] [stdout]   20:     0x7bf633bae3d4 - clone
[INFO] [stdout]   21:                0x0 - <unknown>
[INFO] [stdout] 
[INFO] [stdout] ---- endpoints::liquidity_pool_call_builder::tests::test_liquidity_pools_for_assets stdout ----
[INFO] [stdout] 
[INFO] [stdout] thread 'endpoints::liquidity_pool_call_builder::tests::test_liquidity_pools_for_assets' (52094) panicked at src/endpoints/liquidity_pool_call_builder.rs:121:67:
[INFO] [stdout] called `Result::unwrap()` on an `Err` value: https://horizon.stellar.org/liquidity_pools?reserves=yXLM%3AGARDNV3Q7YGT4AKSDF25LT32YSCCW4EV22Y2TV3I2PU2MMXJTEDL5T55%2CyUSDC%3AGDGTVWSM4MGS4T7Z6W4RPWOCHE2I6RDFCIFZGS3DOA63LWQTRNZNTTFF: Dns Failed: resolve dns name 'horizon.stellar.org:443': failed to lookup address information: Temporary failure in name resolution
[INFO] [stdout] 
[INFO] [stdout] Caused by:
[INFO] [stdout]     failed to lookup address information: Temporary failure in name resolution
[INFO] [stdout] 
[INFO] [stdout] Stack backtrace:
[INFO] [stdout]    0: <anyhow::Error as core::convert::From<ureq::error::Error>>::from
[INFO] [stdout]    1: stellar_sdk::api_call::api_call::<stellar_sdk::endpoints::horizon::Record<stellar_sdk::types::liquidity_pool::LiquidityPool>>
[INFO] [stdout]    2: <stellar_sdk::endpoints::liquidity_pool_call_builder::LiquidityPoolCallBuilder as stellar_sdk::endpoints::call_builder::CallBuilder<stellar_sdk::types::liquidity_pool::LiquidityPool>>::call
[INFO] [stdout]    3: stellar_sdk::endpoints::liquidity_pool_call_builder::tests::test_liquidity_pools_for_assets
[INFO] [stdout]    4: <stellar_sdk::endpoints::liquidity_pool_call_builder::tests::test_liquidity_pools_for_assets::{closure#0} as core::ops::function::FnOnce<()>>::call_once
[INFO] [stdout]    5: test::__rust_begin_short_backtrace::<core::result::Result<(), alloc::string::String>, fn() -> core::result::Result<(), alloc::string::String>>
[INFO] [stdout]    6: test::run_test::{closure#0}
[INFO] [stdout]    7: std::sys::backtrace::__rust_begin_short_backtrace::<test::run_test::{closure#1}, ()>
[INFO] [stdout]    8: <std::thread::lifecycle::spawn_unchecked<test::run_test::{closure#1}, ()>::{closure#1} as core::ops::function::FnOnce<()>>::call_once::{shim:vtable#0}
[INFO] [stdout]    9: <std::sys::thread::unix::Thread>::new::thread_start
[INFO] [stdout]   10: <unknown>
[INFO] [stdout]   11: clone
[INFO] [stdout] stack backtrace:
[INFO] [stdout]    0:     0x605e1f982461 - <<std[70759c8f55707aa4]::sys::backtrace::BacktraceLock>::print::DisplayBacktrace as core[df12db4294e9bfd3]::fmt::Display>::fmt
[INFO] [stdout]    1:     0x605e1f999c3a - core[df12db4294e9bfd3]::fmt::write
[INFO] [stdout]    2:     0x605e1f98753c - <alloc[2182bb758b4b3781]::vec::Vec<u8> as core[df12db4294e9bfd3]::io::write::Write>::write_fmt
[INFO] [stdout]    3:     0x605e1f95be86 - std[70759c8f55707aa4]::panicking::default_hook::{closure#0}
[INFO] [stdout]    4:     0x605e1f979959 - std[70759c8f55707aa4]::panicking::default_hook
[INFO] [stdout]    5:     0x605e1f6c10f0 - test[9d35eded1c95d3be]::test_main_inner::<test[9d35eded1c95d3be]::test_main_static::{closure#0}>::{closure#0}
[INFO] [stdout]    6:     0x605e1f979b12 - std[70759c8f55707aa4]::panicking::panic_with_hook
[INFO] [stdout]    7:     0x605e1f95bf32 - std[70759c8f55707aa4]::panicking::panic_handler::{closure#0}
[INFO] [stdout]    8:     0x605e1f9544b9 - std[70759c8f55707aa4]::sys::backtrace::__rust_end_short_backtrace::<std[70759c8f55707aa4]::panicking::panic_handler::{closure#0}, !>
[INFO] [stdout]    9:     0x605e1f95ce2d - __rustc[8fa7c3cbc660c2b3]::rust_begin_unwind
[INFO] [stdout]   10:     0x605e1f99a41c - core[df12db4294e9bfd3]::panicking::panic_fmt
[INFO] [stdout]   11:     0x605e1f99a1f2 - core[df12db4294e9bfd3]::result::unwrap_failed
[INFO] [stdout]   12:     0x605e1f68b728 - stellar_sdk[fd513faf2cfa7d5a]::endpoints::liquidity_pool_call_builder::tests::test_liquidity_pools_for_assets
[INFO] [stdout]   13:     0x605e1f67bb69 - <stellar_sdk[fd513faf2cfa7d5a]::endpoints::liquidity_pool_call_builder::tests::test_liquidity_pools_for_assets::{closure#0} as core[df12db4294e9bfd3]::ops::function::FnOnce<()>>::call_once
[INFO] [stdout]   14:     0x605e1f6b43db - test[9d35eded1c95d3be]::__rust_begin_short_backtrace::<core[df12db4294e9bfd3]::result::Result<(), alloc[2182bb758b4b3781]::string::String>, fn() -> core[df12db4294e9bfd3]::result::Result<(), alloc[2182bb758b4b3781]::string::String>>
[INFO] [stdout]   15:     0x605e1f6c1a45 - test[9d35eded1c95d3be]::run_test::{closure#0}
[INFO] [stdout]   16:     0x605e1f6bb304 - std[70759c8f55707aa4]::sys::backtrace::__rust_begin_short_backtrace::<test[9d35eded1c95d3be]::run_test::{closure#1}, ()>
[INFO] [stdout]   17:     0x605e1f6c4ba2 - <std[70759c8f55707aa4]::thread::lifecycle::spawn_unchecked<test[9d35eded1c95d3be]::run_test::{closure#1}, ()>::{closure#1} as core[df12db4294e9bfd3]::ops::function::FnOnce<()>>::call_once::{shim:vtable#0}
[INFO] [stdout]   18:     0x605e1f980f09 - <std[70759c8f55707aa4]::sys::thread::unix::Thread>::new::thread_start
[INFO] [stdout]   19:     0x7bf633b1adfa - <unknown>
[INFO] [stdout]   20:     0x7bf633bae3d4 - clone
[INFO] [stdout]   21:                0x0 - <unknown>
[INFO] [stdout] 
[INFO] [stdout] ---- endpoints::account_call_builder::tests::limit_account_call_builder stdout ----
[INFO] [stdout] 
[INFO] [stdout] thread 'endpoints::account_call_builder::tests::limit_account_call_builder' (52087) panicked at src/endpoints/account_call_builder.rs:115:14:
[INFO] [stdout] called `Result::unwrap()` on an `Err` value: https://horizon.stellar.org/accounts?liquidity_pool=a468d41d8e9b8f3c7209651608b74b7db7ac9952dcae0cdf24871d1d9c7b0088&limit=3: Dns Failed: resolve dns name 'horizon.stellar.org:443': failed to lookup address information: Temporary failure in name resolution
[INFO] [stdout] 
[INFO] [stdout] Caused by:
[INFO] [stdout]     failed to lookup address information: Temporary failure in name resolution
[INFO] [stdout] 
[INFO] [stdout] Stack backtrace:
[INFO] [stdout]    0: <anyhow::Error as core::convert::From<ureq::error::Error>>::from
[INFO] [stdout]    1: stellar_sdk::api_call::api_call::<stellar_sdk::endpoints::horizon::Record<stellar_sdk::types::account::Account>>
[INFO] [stdout]    2: <stellar_sdk::endpoints::account_call_builder::AccountCallBuilder as stellar_sdk::endpoints::call_builder::CallBuilder<stellar_sdk::types::account::Account>>::call
[INFO] [stdout]    3: stellar_sdk::endpoints::account_call_builder::tests::limit_account_call_builder
[INFO] [stdout]    4: <stellar_sdk::endpoints::account_call_builder::tests::limit_account_call_builder::{closure#0} as core::ops::function::FnOnce<()>>::call_once
[INFO] [stdout]    5: test::__rust_begin_short_backtrace::<core::result::Result<(), alloc::string::String>, fn() -> core::result::Result<(), alloc::string::String>>
[INFO] [stdout]    6: test::run_test::{closure#0}
[INFO] [stdout]    7: std::sys::backtrace::__rust_begin_short_backtrace::<test::run_test::{closure#1}, ()>
[INFO] [stdout]    8: <std::thread::lifecycle::spawn_unchecked<test::run_test::{closure#1}, ()>::{closure#1} as core::ops::function::FnOnce<()>>::call_once::{shim:vtable#0}
[INFO] [stdout]    9: <std::sys::thread::unix::Thread>::new::thread_start
[INFO] [stdout]   10: <unknown>
[INFO] [stdout]   11: clone
[INFO] [stdout] stack backtrace:
[INFO] [stdout]    0:     0x605e1f982461 - <<std[70759c8f55707aa4]::sys::backtrace::BacktraceLock>::print::DisplayBacktrace as core[df12db4294e9bfd3]::fmt::Display>::fmt
[INFO] [stdout]    1:     0x605e1f999c3a - core[df12db4294e9bfd3]::fmt::write
[INFO] [stdout]    2:     0x605e1f98753c - <alloc[2182bb758b4b3781]::vec::Vec<u8> as core[df12db4294e9bfd3]::io::write::Write>::write_fmt
[INFO] [stdout]    3:     0x605e1f95be86 - std[70759c8f55707aa4]::panicking::default_hook::{closure#0}
[INFO] [stdout]    4:     0x605e1f979959 - std[70759c8f55707aa4]::panicking::default_hook
[INFO] [stdout]    5:     0x605e1f6c10f0 - test[9d35eded1c95d3be]::test_main_inner::<test[9d35eded1c95d3be]::test_main_static::{closure#0}>::{closure#0}
[INFO] [stdout]    6:     0x605e1f979b12 - std[70759c8f55707aa4]::panicking::panic_with_hook
[INFO] [stdout]    7:     0x605e1f95bf32 - std[70759c8f55707aa4]::panicking::panic_handler::{closure#0}
[INFO] [stdout]    8:     0x605e1f9544b9 - std[70759c8f55707aa4]::sys::backtrace::__rust_end_short_backtrace::<std[70759c8f55707aa4]::panicking::panic_handler::{closure#0}, !>
[INFO] [stdout]    9:     0x605e1f95ce2d - __rustc[8fa7c3cbc660c2b3]::rust_begin_unwind
[INFO] [stdout]   10:     0x605e1f99a41c - core[df12db4294e9bfd3]::panicking::panic_fmt
[INFO] [stdout]   11:     0x605e1f99a1f2 - core[df12db4294e9bfd3]::result::unwrap_failed
[INFO] [stdout]   12:     0x605e1f68a2cb - stellar_sdk[fd513faf2cfa7d5a]::endpoints::account_call_builder::tests::limit_account_call_builder
[INFO] [stdout]   13:     0x605e1f67ae09 - <stellar_sdk[fd513faf2cfa7d5a]::endpoints::account_call_builder::tests::limit_account_call_builder::{closure#0} as core[df12db4294e9bfd3]::ops::function::FnOnce<()>>::call_once
[INFO] [stdout]   14:     0x605e1f6b43db - test[9d35eded1c95d3be]::__rust_begin_short_backtrace::<core[df12db4294e9bfd3]::result::Result<(), alloc[2182bb758b4b3781]::string::String>, fn() -> core[df12db4294e9bfd3]::result::Result<(), alloc[2182bb758b4b3781]::string::String>>
[INFO] [stdout]   15:     0x605e1f6c1a45 - test[9d35eded1c95d3be]::run_test::{closure#0}
[INFO] [stdout]   16:     0x605e1f6bb304 - std[70759c8f55707aa4]::sys::backtrace::__rust_begin_short_backtrace::<test[9d35eded1c95d3be]::run_test::{closure#1}, ()>
[INFO] [stdout]   17:     0x605e1f6c4ba2 - <std[70759c8f55707aa4]::thread::lifecycle::spawn_unchecked<test[9d35eded1c95d3be]::run_test::{closure#1}, ()>::{closure#1} as core[df12db4294e9bfd3]::ops::function::FnOnce<()>>::call_once::{shim:vtable#0}
[INFO] [stdout]   18:     0x605e1f980f09 - <std[70759c8f55707aa4]::sys::thread::unix::Thread>::new::thread_start
[INFO] [stdout]   19:     0x7bf633b1adfa - <unknown>
[INFO] [stdout]   20:     0x7bf633bae3d4 - clone
[INFO] [stdout]   21:                0x0 - <unknown>
[INFO] [stdout] 
[INFO] [stdout] ---- endpoints::server::tests::load_some_operations stdout ----
[INFO] [stdout] 
[INFO] [stdout] thread 'endpoints::server::tests::load_some_operations' (52101) panicked at src/endpoints/server.rs:378:14:
[INFO] [stdout] called `Result::unwrap()` on an `Err` value: https://horizon.stellar.org/accounts/GAUZUPTHOMSZEV65VNSRMUDAAE4VBMSRYYAX3UOWYU3BQUZ6OK65NOWM/operations?limit=2&include_failed=true: Dns Failed: resolve dns name 'horizon.stellar.org:443': failed to lookup address information: Temporary failure in name resolution
[INFO] [stdout] 
[INFO] [stdout] Caused by:
[INFO] [stdout]     failed to lookup address information: Temporary failure in name resolution
[INFO] [stdout] 
[INFO] [stdout] Stack backtrace:
[INFO] [stdout]    0: <anyhow::Error as core::convert::From<ureq::error::Error>>::from
[INFO] [stdout]    1: stellar_sdk::api_call::api_call::<stellar_sdk::endpoints::horizon::Record<stellar_sdk::types::operation::Operation>>
[INFO] [stdout]    2: <stellar_sdk::endpoints::operation_call_builder::OperationCallBuilder as stellar_sdk::endpoints::call_builder::CallBuilder<stellar_sdk::types::operation::Operation>>::call
[INFO] [stdout]    3: <stellar_sdk::endpoints::server::tests::load_some_operations::{closure#0} as core::ops::function::FnOnce<()>>::call_once
[INFO] [stdout]    4: test::__rust_begin_short_backtrace::<core::result::Result<(), alloc::string::String>, fn() -> core::result::Result<(), alloc::string::String>>
[INFO] [stdout]    5: test::run_test::{closure#0}
[INFO] [stdout]    6: std::sys::backtrace::__rust_begin_short_backtrace::<test::run_test::{closure#1}, ()>
[INFO] [stdout]    7: <std::thread::lifecycle::spawn_unchecked<test::run_test::{closure#1}, ()>::{closure#1} as core::ops::function::FnOnce<()>>::call_once::{shim:vtable#0}
[INFO] [stdout]    8: <std::sys::thread::unix::Thread>::new::thread_start
[INFO] [stdout]    9: <unknown>
[INFO] [stdout]   10: clone
[INFO] [stdout] stack backtrace:
[INFO] [stdout]    0:     0x605e1f982461 - <<std[70759c8f55707aa4]::sys::backtrace::BacktraceLock>::print::DisplayBacktrace as core[df12db4294e9bfd3]::fmt::Display>::fmt
[INFO] [stdout]    1:     0x605e1f999c3a - core[df12db4294e9bfd3]::fmt::write
[INFO] [stdout]    2:     0x605e1f98753c - <alloc[2182bb758b4b3781]::vec::Vec<u8> as core[df12db4294e9bfd3]::io::write::Write>::write_fmt
[INFO] [stdout]    3:     0x605e1f95be86 - std[70759c8f55707aa4]::panicking::default_hook::{closure#0}
[INFO] [stdout]    4:     0x605e1f979959 - std[70759c8f55707aa4]::panicking::default_hook
[INFO] [stdout]    5:     0x605e1f6c10f0 - test[9d35eded1c95d3be]::test_main_inner::<test[9d35eded1c95d3be]::test_main_static::{closure#0}>::{closure#0}
[INFO] [stdout]    6:     0x605e1f979b12 - std[70759c8f55707aa4]::panicking::panic_with_hook
[INFO] [stdout]    7:     0x605e1f95bf32 - std[70759c8f55707aa4]::panicking::panic_handler::{closure#0}
[INFO] [stdout]    8:     0x605e1f9544b9 - std[70759c8f55707aa4]::sys::backtrace::__rust_end_short_backtrace::<std[70759c8f55707aa4]::panicking::panic_handler::{closure#0}, !>
[INFO] [stdout]    9:     0x605e1f95ce2d - __rustc[8fa7c3cbc660c2b3]::rust_begin_unwind
[INFO] [stdout]   10:     0x605e1f99a41c - core[df12db4294e9bfd3]::panicking::panic_fmt
[INFO] [stdout]   11:     0x605e1f99a1f2 - core[df12db4294e9bfd3]::result::unwrap_failed
[INFO] [stdout]   12:     0x605e1f67e39b - <stellar_sdk[fd513faf2cfa7d5a]::endpoints::server::tests::load_some_operations::{closure#0} as core[df12db4294e9bfd3]::ops::function::FnOnce<()>>::call_once
[INFO] [stdout]   13:     0x605e1f6b43db - test[9d35eded1c95d3be]::__rust_begin_short_backtrace::<core[df12db4294e9bfd3]::result::Result<(), alloc[2182bb758b4b3781]::string::String>, fn() -> core[df12db4294e9bfd3]::result::Result<(), alloc[2182bb758b4b3781]::string::String>>
[INFO] [stdout]   14:     0x605e1f6c1a45 - test[9d35eded1c95d3be]::run_test::{closure#0}
[INFO] [stdout]   15:     0x605e1f6bb304 - std[70759c8f55707aa4]::sys::backtrace::__rust_begin_short_backtrace::<test[9d35eded1c95d3be]::run_test::{closure#1}, ()>
[INFO] [stdout]   16:     0x605e1f6c4ba2 - <std[70759c8f55707aa4]::thread::lifecycle::spawn_unchecked<test[9d35eded1c95d3be]::run_test::{closure#1}, ()>::{closure#1} as core[df12db4294e9bfd3]::ops::function::FnOnce<()>>::call_once::{shim:vtable#0}
[INFO] [stdout]   17:     0x605e1f980f09 - <std[70759c8f55707aa4]::sys::thread::unix::Thread>::new::thread_start
[INFO] [stdout]   18:     0x7bf633b1adfa - <unknown>
[INFO] [stdout]   19:     0x7bf633bae3d4 - clone
[INFO] [stdout]   20:                0x0 - <unknown>
[INFO] [stdout] 
[INFO] [stdout] ---- endpoints::server::tests::test_load_account stdout ----
[INFO] [stdout] 
[INFO] [stdout] thread 'endpoints::server::tests::test_load_account' (52103) panicked at src/endpoints/server.rs:311:14:
[INFO] [stdout] called `Result::unwrap()` on an `Err` value: https://horizon.stellar.org/accounts/GAUZUPTHOMSZEV65VNSRMUDAAE4VBMSRYYAX3UOWYU3BQUZ6OK65NOWM: Dns Failed: resolve dns name 'horizon.stellar.org:443': failed to lookup address information: Temporary failure in name resolution
[INFO] [stdout] 
[INFO] [stdout] Caused by:
[INFO] [stdout]     failed to lookup address information: Temporary failure in name resolution
[INFO] [stdout] 
[INFO] [stdout] Stack backtrace:
[INFO] [stdout]    0: <anyhow::Error as core::convert::From<ureq::error::Error>>::from
[INFO] [stdout]    1: stellar_sdk::api_call::api_call::<stellar_sdk::types::account::Account>
[INFO] [stdout]    2: <stellar_sdk::endpoints::server::Server>::load_account
[INFO] [stdout]    3: <stellar_sdk::endpoints::server::tests::test_load_account::{closure#0} as core::ops::function::FnOnce<()>>::call_once
[INFO] [stdout]    4: test::__rust_begin_short_backtrace::<core::result::Result<(), alloc::string::String>, fn() -> core::result::Result<(), alloc::string::String>>
[INFO] [stdout]    5: test::run_test::{closure#0}
[INFO] [stdout]    6: std::sys::backtrace::__rust_begin_short_backtrace::<test::run_test::{closure#1}, ()>
[INFO] [stdout]    7: <std::thread::lifecycle::spawn_unchecked<test::run_test::{closure#1}, ()>::{closure#1} as core::ops::function::FnOnce<()>>::call_once::{shim:vtable#0}
[INFO] [stdout]    8: <std::sys::thread::unix::Thread>::new::thread_start
[INFO] [stdout]    9: <unknown>
[INFO] [stdout]   10: clone
[INFO] [stdout] stack backtrace:
[INFO] [stdout]    0:     0x605e1f982461 - <<std[70759c8f55707aa4]::sys::backtrace::BacktraceLock>::print::DisplayBacktrace as core[df12db4294e9bfd3]::fmt::Display>::fmt
[INFO] [stdout]    1:     0x605e1f999c3a - core[df12db4294e9bfd3]::fmt::write
[INFO] [stdout]    2:     0x605e1f98753c - <alloc[2182bb758b4b3781]::vec::Vec<u8> as core[df12db4294e9bfd3]::io::write::Write>::write_fmt
[INFO] [stdout]    3:     0x605e1f95be86 - std[70759c8f55707aa4]::panicking::default_hook::{closure#0}
[INFO] [stdout]    4:     0x605e1f979959 - std[70759c8f55707aa4]::panicking::default_hook
[INFO] [stdout]    5:     0x605e1f6c10f0 - test[9d35eded1c95d3be]::test_main_inner::<test[9d35eded1c95d3be]::test_main_static::{closure#0}>::{closure#0}
[INFO] [stdout]    6:     0x605e1f979b12 - std[70759c8f55707aa4]::panicking::panic_with_hook
[INFO] [stdout]    7:     0x605e1f95bf32 - std[70759c8f55707aa4]::panicking::panic_handler::{closure#0}
[INFO] [stdout]    8:     0x605e1f9544b9 - std[70759c8f55707aa4]::sys::backtrace::__rust_end_short_backtrace::<std[70759c8f55707aa4]::panicking::panic_handler::{closure#0}, !>
[INFO] [stdout]    9:     0x605e1f95ce2d - __rustc[8fa7c3cbc660c2b3]::rust_begin_unwind
[INFO] [stdout]   10:     0x605e1f99a41c - core[df12db4294e9bfd3]::panicking::panic_fmt
[INFO] [stdout]   11:     0x605e1f99a1f2 - core[df12db4294e9bfd3]::result::unwrap_failed
[INFO] [stdout]   12:     0x605e1f67d93c - <stellar_sdk[fd513faf2cfa7d5a]::endpoints::server::tests::test_load_account::{closure#0} as core[df12db4294e9bfd3]::ops::function::FnOnce<()>>::call_once
[INFO] [stdout]   13:     0x605e1f6b43db - test[9d35eded1c95d3be]::__rust_begin_short_backtrace::<core[df12db4294e9bfd3]::result::Result<(), alloc[2182bb758b4b3781]::string::String>, fn() -> core[df12db4294e9bfd3]::result::Result<(), alloc[2182bb758b4b3781]::string::String>>
[INFO] [stdout]   14:     0x605e1f6c1a45 - test[9d35eded1c95d3be]::run_test::{closure#0}
[INFO] [stdout]   15:     0x605e1f6bb304 - std[70759c8f55707aa4]::sys::backtrace::__rust_begin_short_backtrace::<test[9d35eded1c95d3be]::run_test::{closure#1}, ()>
[INFO] [stdout]   16:     0x605e1f6c4ba2 - <std[70759c8f55707aa4]::thread::lifecycle::spawn_unchecked<test[9d35eded1c95d3be]::run_test::{closure#1}, ()>::{closure#1} as core[df12db4294e9bfd3]::ops::function::FnOnce<()>>::call_once::{shim:vtable#0}
[INFO] [stdout]   17:     0x605e1f980f09 - <std[70759c8f55707aa4]::sys::thread::unix::Thread>::new::thread_start
[INFO] [stdout]   18:     0x7bf633b1adfa - <unknown>
[INFO] [stdout]   19:     0x7bf633bae3d4 - clone
[INFO] [stdout]   20:                0x0 - <unknown>
[INFO] [stdout] 
[INFO] [stdout] ---- endpoints::operation_call_builder::tests::limit_operation_call_builder stdout ----
[INFO] [stdout] 
[INFO] [stdout] thread 'endpoints::operation_call_builder::tests::limit_operation_call_builder' (52097) panicked at src/endpoints/operation_call_builder.rs:96:14:
[INFO] [stdout] called `Result::unwrap()` on an `Err` value: https://horizon.stellar.org/accounts/GAUZUPTHOMSZEV65VNSRMUDAAE4VBMSRYYAX3UOWYU3BQUZ6OK65NOWM/operations?limit=200: Dns Failed: resolve dns name 'horizon.stellar.org:443': failed to lookup address information: Temporary failure in name resolution
[INFO] [stdout] 
[INFO] [stdout] Caused by:
[INFO] [stdout]     failed to lookup address information: Temporary failure in name resolution
[INFO] [stdout] 
[INFO] [stdout] Stack backtrace:
[INFO] [stdout]    0: <anyhow::Error as core::convert::From<ureq::error::Error>>::from
[INFO] [stdout]    1: stellar_sdk::api_call::api_call::<stellar_sdk::endpoints::horizon::Record<stellar_sdk::types::operation::Operation>>
[INFO] [stdout]    2: <stellar_sdk::endpoints::operation_call_builder::OperationCallBuilder as stellar_sdk::endpoints::call_builder::CallBuilder<stellar_sdk::types::operation::Operation>>::call
[INFO] [stdout]    3: <stellar_sdk::endpoints::operation_call_builder::tests::limit_operation_call_builder::{closure#0} as core::ops::function::FnOnce<()>>::call_once
[INFO] [stdout]    4: test::__rust_begin_short_backtrace::<core::result::Result<(), alloc::string::String>, fn() -> core::result::Result<(), alloc::string::String>>
[INFO] [stdout]    5: test::run_test::{closure#0}
[INFO] [stdout]    6: std::sys::backtrace::__rust_begin_short_backtrace::<test::run_test::{closure#1}, ()>
[INFO] [stdout]    7: <std::thread::lifecycle::spawn_unchecked<test::run_test::{closure#1}, ()>::{closure#1} as core::ops::function::FnOnce<()>>::call_once::{shim:vtable#0}
[INFO] [stdout]    8: <std::sys::thread::unix::Thread>::new::thread_start
[INFO] [stdout]    9: <unknown>
[INFO] [stdout]   10: clone
[INFO] [stdout] stack backtrace:
[INFO] [stdout]    0:     0x605e1f982461 - <<std[70759c8f55707aa4]::sys::backtrace::BacktraceLock>::print::DisplayBacktrace as core[df12db4294e9bfd3]::fmt::Display>::fmt
[INFO] [stdout]    1:     0x605e1f999c3a - core[df12db4294e9bfd3]::fmt::write
[INFO] [stdout]    2:     0x605e1f98753c - <alloc[2182bb758b4b3781]::vec::Vec<u8> as core[df12db4294e9bfd3]::io::write::Write>::write_fmt
[INFO] [stdout]    3:     0x605e1f95be86 - std[70759c8f55707aa4]::panicking::default_hook::{closure#0}
[INFO] [stdout]    4:     0x605e1f979959 - std[70759c8f55707aa4]::panicking::default_hook
[INFO] [stdout]    5:     0x605e1f6c10f0 - test[9d35eded1c95d3be]::test_main_inner::<test[9d35eded1c95d3be]::test_main_static::{closure#0}>::{closure#0}
[INFO] [stdout]    6:     0x605e1f979b12 - std[70759c8f55707aa4]::panicking::panic_with_hook
[INFO] [stdout]    7:     0x605e1f95bf32 - std[70759c8f55707aa4]::panicking::panic_handler::{closure#0}
[INFO] [stdout]    8:     0x605e1f9544b9 - std[70759c8f55707aa4]::sys::backtrace::__rust_end_short_backtrace::<std[70759c8f55707aa4]::panicking::panic_handler::{closure#0}, !>
[INFO] [stdout]    9:     0x605e1f95ce2d - __rustc[8fa7c3cbc660c2b3]::rust_begin_unwind
[INFO] [stdout]   10:     0x605e1f99a41c - core[df12db4294e9bfd3]::panicking::panic_fmt
[INFO] [stdout]   11:     0x605e1f99a1f2 - core[df12db4294e9bfd3]::result::unwrap_failed
[INFO] [stdout]   12:     0x605e1f67b972 - <stellar_sdk[fd513faf2cfa7d5a]::endpoints::operation_call_builder::tests::limit_operation_call_builder::{closure#0} as core[df12db4294e9bfd3]::ops::function::FnOnce<()>>::call_once
[INFO] [stdout]   13:     0x605e1f6b43db - test[9d35eded1c95d3be]::__rust_begin_short_backtrace::<core[df12db4294e9bfd3]::result::Result<(), alloc[2182bb758b4b3781]::string::String>, fn() -> core[df12db4294e9bfd3]::result::Result<(), alloc[2182bb758b4b3781]::string::String>>
[INFO] [stdout]   14:     0x605e1f6c1a45 - test[9d35eded1c95d3be]::run_test::{closure#0}
[INFO] [stdout]   15:     0x605e1f6bb304 - std[70759c8f55707aa4]::sys::backtrace::__rust_begin_short_backtrace::<test[9d35eded1c95d3be]::run_test::{closure#1}, ()>
[INFO] [stdout]   16:     0x605e1f6c4ba2 - <std[70759c8f55707aa4]::thread::lifecycle::spawn_unchecked<test[9d35eded1c95d3be]::run_test::{closure#1}, ()>::{closure#1} as core[df12db4294e9bfd3]::ops::function::FnOnce<()>>::call_once::{shim:vtable#0}
[INFO] [stdout]   17:     0x605e1f980f09 - <std[70759c8f55707aa4]::sys::thread::unix::Thread>::new::thread_start
[INFO] [stdout]   18:     0x7bf633b1adfa - <unknown>
[INFO] [stdout]   19:     0x7bf633bae3d4 - clone
[INFO] [stdout]   20:                0x0 - <unknown>
[INFO] [stdout] 
[INFO] [stdout] ---- endpoints::server::tests::test_load_base_fee stdout ----
[INFO] [stdout] 
[INFO] [stdout] thread 'endpoints::server::tests::test_load_base_fee' (52104) panicked at src/endpoints/server.rs:352:44:
[INFO] [stdout] called `Result::unwrap()` on an `Err` value: https://horizon.stellar.org/fee_stats: Dns Failed: resolve dns name 'horizon.stellar.org:443': failed to lookup address information: Temporary failure in name resolution
[INFO] [stdout] 
[INFO] [stdout] Caused by:
[INFO] [stderr] error: test failed, to rerun pass `--lib`
[INFO] [stdout]     failed to lookup address information: Temporary failure in name resolution
[INFO] [stdout] 
[INFO] [stdout] Stack backtrace:
[INFO] [stdout]    0: <anyhow::Error as core::convert::From<ureq::error::Error>>::from
[INFO] [stdout]    1: stellar_sdk::api_call::api_call::<stellar_sdk::types::fee_stats::FeeStats>
[INFO] [stdout]    2: <stellar_sdk::endpoints::server::Server>::fee_stats
[INFO] [stdout]    3: <stellar_sdk::endpoints::server::Server>::fetch_base_fee
[INFO] [stdout]    4: <stellar_sdk::endpoints::server::tests::test_load_base_fee::{closure#0} as core::ops::function::FnOnce<()>>::call_once
[INFO] [stdout]    5: test::__rust_begin_short_backtrace::<core::result::Result<(), alloc::string::String>, fn() -> core::result::Result<(), alloc::string::String>>
[INFO] [stdout]    6: test::run_test::{closure#0}
[INFO] [stdout]    7: std::sys::backtrace::__rust_begin_short_backtrace::<test::run_test::{closure#1}, ()>
[INFO] [stdout]    8: <std::thread::lifecycle::spawn_unchecked<test::run_test::{closure#1}, ()>::{closure#1} as core::ops::function::FnOnce<()>>::call_once::{shim:vtable#0}
[INFO] [stdout]    9: <std::sys::thread::unix::Thread>::new::thread_start
[INFO] [stdout]   10: <unknown>
[INFO] [stdout]   11: clone
[INFO] [stdout] stack backtrace:
[INFO] [stdout]    0:     0x605e1f982461 - <<std[70759c8f55707aa4]::sys::backtrace::BacktraceLock>::print::DisplayBacktrace as core[df12db4294e9bfd3]::fmt::Display>::fmt
[INFO] [stdout]    1:     0x605e1f999c3a - core[df12db4294e9bfd3]::fmt::write
[INFO] [stdout]    2:     0x605e1f98753c - <alloc[2182bb758b4b3781]::vec::Vec<u8> as core[df12db4294e9bfd3]::io::write::Write>::write_fmt
[INFO] [stdout]    3:     0x605e1f95be86 - std[70759c8f55707aa4]::panicking::default_hook::{closure#0}
[INFO] [stdout]    4:     0x605e1f979959 - std[70759c8f55707aa4]::panicking::default_hook
[INFO] [stdout]    5:     0x605e1f6c10f0 - test[9d35eded1c95d3be]::test_main_inner::<test[9d35eded1c95d3be]::test_main_static::{closure#0}>::{closure#0}
[INFO] [stdout]    6:     0x605e1f979b12 - std[70759c8f55707aa4]::panicking::panic_with_hook
[INFO] [stdout]    7:     0x605e1f95bf32 - std[70759c8f55707aa4]::panicking::panic_handler::{closure#0}
[INFO] [stdout]    8:     0x605e1f9544b9 - std[70759c8f55707aa4]::sys::backtrace::__rust_end_short_backtrace::<std[70759c8f55707aa4]::panicking::panic_handler::{closure#0}, !>
[INFO] [stdout]    9:     0x605e1f95ce2d - __rustc[8fa7c3cbc660c2b3]::rust_begin_unwind
[INFO] [stdout]   10:     0x605e1f99a41c - core[df12db4294e9bfd3]::panicking::panic_fmt
[INFO] [stdout]   11:     0x605e1f99a1f2 - core[df12db4294e9bfd3]::result::unwrap_failed
[INFO] [stdout]   12:     0x605e1f67db8d - <stellar_sdk[fd513faf2cfa7d5a]::endpoints::server::tests::test_load_base_fee::{closure#0} as core[df12db4294e9bfd3]::ops::function::FnOnce<()>>::call_once
[INFO] [stdout]   13:     0x605e1f6b43db - test[9d35eded1c95d3be]::__rust_begin_short_backtrace::<core[df12db4294e9bfd3]::result::Result<(), alloc[2182bb758b4b3781]::string::String>, fn() -> core[df12db4294e9bfd3]::result::Result<(), alloc[2182bb758b4b3781]::string::String>>
[INFO] [stdout]   14:     0x605e1f6c1a45 - test[9d35eded1c95d3be]::run_test::{closure#0}
[INFO] [stdout]   15:     0x605e1f6bb304 - std[70759c8f55707aa4]::sys::backtrace::__rust_begin_short_backtrace::<test[9d35eded1c95d3be]::run_test::{closure#1}, ()>
[INFO] [stdout]   16:     0x605e1f6c4ba2 - <std[70759c8f55707aa4]::thread::lifecycle::spawn_unchecked<test[9d35eded1c95d3be]::run_test::{closure#1}, ()>::{closure#1} as core[df12db4294e9bfd3]::ops::function::FnOnce<()>>::call_once::{shim:vtable#0}
[INFO] [stdout]   17:     0x605e1f980f09 - <std[70759c8f55707aa4]::sys::thread::unix::Thread>::new::thread_start
[INFO] [stdout]   18:     0x7bf633b1adfa - <unknown>
[INFO] [stdout]   19:     0x7bf633bae3d4 - clone
[INFO] [stdout]   20:                0x0 - <unknown>
[INFO] [stdout] 
[INFO] [stdout] ---- endpoints::server::tests::test_load_fee_stats stdout ----
[INFO] [stdout] 
[INFO] [stdout] thread 'endpoints::server::tests::test_load_fee_stats' (52105) panicked at src/endpoints/server.rs:344:40:
[INFO] [stdout] called `Result::unwrap()` on an `Err` value: https://horizon.stellar.org/fee_stats: Dns Failed: resolve dns name 'horizon.stellar.org:443': failed to lookup address information: Temporary failure in name resolution
[INFO] [stdout] 
[INFO] [stdout] Caused by:
[INFO] [stdout]     failed to lookup address information: Temporary failure in name resolution
[INFO] [stdout] 
[INFO] [stdout] Stack backtrace:
[INFO] [stdout]    0: <anyhow::Error as core::convert::From<ureq::error::Error>>::from
[INFO] [stdout]    1: stellar_sdk::api_call::api_call::<stellar_sdk::types::fee_stats::FeeStats>
[INFO] [stdout]    2: <stellar_sdk::endpoints::server::Server>::fee_stats
[INFO] [stdout]    3: <stellar_sdk::endpoints::server::tests::test_load_fee_stats::{closure#0} as core::ops::function::FnOnce<()>>::call_once
[INFO] [stdout]    4: test::__rust_begin_short_backtrace::<core::result::Result<(), alloc::string::String>, fn() -> core::result::Result<(), alloc::string::String>>
[INFO] [stdout]    5: test::run_test::{closure#0}
[INFO] [stdout]    6: std::sys::backtrace::__rust_begin_short_backtrace::<test::run_test::{closure#1}, ()>
[INFO] [stdout]    7: <std::thread::lifecycle::spawn_unchecked<test::run_test::{closure#1}, ()>::{closure#1} as core::ops::function::FnOnce<()>>::call_once::{shim:vtable#0}
[INFO] [stdout]    8: <std::sys::thread::unix::Thread>::new::thread_start
[INFO] [stdout]    9: <unknown>
[INFO] [stdout]   10: clone
[INFO] [stdout] stack backtrace:
[INFO] [stdout]    0:     0x605e1f982461 - <<std[70759c8f55707aa4]::sys::backtrace::BacktraceLock>::print::DisplayBacktrace as core[df12db4294e9bfd3]::fmt::Display>::fmt
[INFO] [stdout]    1:     0x605e1f999c3a - core[df12db4294e9bfd3]::fmt::write
[INFO] [stdout]    2:     0x605e1f98753c - <alloc[2182bb758b4b3781]::vec::Vec<u8> as core[df12db4294e9bfd3]::io::write::Write>::write_fmt
[INFO] [stdout]    3:     0x605e1f95be86 - std[70759c8f55707aa4]::panicking::default_hook::{closure#0}
[INFO] [stdout]    4:     0x605e1f979959 - std[70759c8f55707aa4]::panicking::default_hook
[INFO] [stdout]    5:     0x605e1f6c10f0 - test[9d35eded1c95d3be]::test_main_inner::<test[9d35eded1c95d3be]::test_main_static::{closure#0}>::{closure#0}
[INFO] [stdout]    6:     0x605e1f979b12 - std[70759c8f55707aa4]::panicking::panic_with_hook
[INFO] [stdout]    7:     0x605e1f95bf32 - std[70759c8f55707aa4]::panicking::panic_handler::{closure#0}
[INFO] [stdout]    8:     0x605e1f9544b9 - std[70759c8f55707aa4]::sys::backtrace::__rust_end_short_backtrace::<std[70759c8f55707aa4]::panicking::panic_handler::{closure#0}, !>
[INFO] [stdout]    9:     0x605e1f95ce2d - __rustc[8fa7c3cbc660c2b3]::rust_begin_unwind
[INFO] [stdout]   10:     0x605e1f99a41c - core[df12db4294e9bfd3]::panicking::panic_fmt
[INFO] [stdout]   11:     0x605e1f99a1f2 - core[df12db4294e9bfd3]::result::unwrap_failed
[INFO] [stdout]   12:     0x605e1f67de57 - <stellar_sdk[fd513faf2cfa7d5a]::endpoints::server::tests::test_load_fee_stats::{closure#0} as core[df12db4294e9bfd3]::ops::function::FnOnce<()>>::call_once
[INFO] [stdout]   13:     0x605e1f6b43db - test[9d35eded1c95d3be]::__rust_begin_short_backtrace::<core[df12db4294e9bfd3]::result::Result<(), alloc[2182bb758b4b3781]::string::String>, fn() -> core[df12db4294e9bfd3]::result::Result<(), alloc[2182bb758b4b3781]::string::String>>
[INFO] [stdout]   14:     0x605e1f6c1a45 - test[9d35eded1c95d3be]::run_test::{closure#0}
[INFO] [stdout]   15:     0x605e1f6bb304 - std[70759c8f55707aa4]::sys::backtrace::__rust_begin_short_backtrace::<test[9d35eded1c95d3be]::run_test::{closure#1}, ()>
[INFO] [stdout]   16:     0x605e1f6c4ba2 - <std[70759c8f55707aa4]::thread::lifecycle::spawn_unchecked<test[9d35eded1c95d3be]::run_test::{closure#1}, ()>::{closure#1} as core[df12db4294e9bfd3]::ops::function::FnOnce<()>>::call_once::{shim:vtable#0}
[INFO] [stdout]   17:     0x605e1f980f09 - <std[70759c8f55707aa4]::sys::thread::unix::Thread>::new::thread_start
[INFO] [stdout]   18:     0x7bf633b1adfa - <unknown>
[INFO] [stdout]   19:     0x7bf633bae3d4 - clone
[INFO] [stdout]   20:                0x0 - <unknown>
[INFO] [stdout] 
[INFO] [stdout] ---- endpoints::server::tests::test_load_ledger stdout ----
[INFO] [stdout] 
[INFO] [stdout] thread 'endpoints::server::tests::test_load_ledger' (52106) panicked at src/endpoints/server.rs:333:40:
[INFO] [stdout] called `Result::unwrap()` on an `Err` value: https://horizon.stellar.org/ledgers/3: Dns Failed: resolve dns name 'horizon.stellar.org:443': failed to lookup address information: Temporary failure in name resolution
[INFO] [stdout] 
[INFO] [stdout] Caused by:
[INFO] [stdout]     failed to lookup address information: Temporary failure in name resolution
[INFO] [stdout] 
[INFO] [stdout] Stack backtrace:
[INFO] [stdout]    0: <anyhow::Error as core::convert::From<ureq::error::Error>>::from
[INFO] [stdout]    1: stellar_sdk::api_call::api_call::<stellar_sdk::types::ledger::Ledger>
[INFO] [stdout]    2: <stellar_sdk::endpoints::server::Server>::load_ledger
[INFO] [stdout]    3: <stellar_sdk::endpoints::server::tests::test_load_ledger::{closure#0} as core::ops::function::FnOnce<()>>::call_once
[INFO] [stdout]    4: test::__rust_begin_short_backtrace::<core::result::Result<(), alloc::string::String>, fn() -> core::result::Result<(), alloc::string::String>>
[INFO] [stdout]    5: test::run_test::{closure#0}
[INFO] [stdout]    6: std::sys::backtrace::__rust_begin_short_backtrace::<test::run_test::{closure#1}, ()>
[INFO] [stdout]    7: <std::thread::lifecycle::spawn_unchecked<test::run_test::{closure#1}, ()>::{closure#1} as core::ops::function::FnOnce<()>>::call_once::{shim:vtable#0}
[INFO] [stdout]    8: <std::sys::thread::unix::Thread>::new::thread_start
[INFO] [stdout]    9: <unknown>
[INFO] [stdout]   10: clone
[INFO] [stdout] stack backtrace:
[INFO] [stdout]    0:     0x605e1f982461 - <<std[70759c8f55707aa4]::sys::backtrace::BacktraceLock>::print::DisplayBacktrace as core[df12db4294e9bfd3]::fmt::Display>::fmt
[INFO] [stdout]    1:     0x605e1f999c3a - core[df12db4294e9bfd3]::fmt::write
[INFO] [stdout]    2:     0x605e1f98753c - <alloc[2182bb758b4b3781]::vec::Vec<u8> as core[df12db4294e9bfd3]::io::write::Write>::write_fmt
[INFO] [stdout]    3:     0x605e1f95be86 - std[70759c8f55707aa4]::panicking::default_hook::{closure#0}
[INFO] [stdout]    4:     0x605e1f979959 - std[70759c8f55707aa4]::panicking::default_hook
[INFO] [stdout]    5:     0x605e1f6c10f0 - test[9d35eded1c95d3be]::test_main_inner::<test[9d35eded1c95d3be]::test_main_static::{closure#0}>::{closure#0}
[INFO] [stdout]    6:     0x605e1f979b12 - std[70759c8f55707aa4]::panicking::panic_with_hook
[INFO] [stdout]    7:     0x605e1f95bf32 - std[70759c8f55707aa4]::panicking::panic_handler::{closure#0}
[INFO] [stdout]    8:     0x605e1f9544b9 - std[70759c8f55707aa4]::sys::backtrace::__rust_end_short_backtrace::<std[70759c8f55707aa4]::panicking::panic_handler::{closure#0}, !>
[INFO] [stdout]    9:     0x605e1f95ce2d - __rustc[8fa7c3cbc660c2b3]::rust_begin_unwind
[INFO] [stdout]   10:     0x605e1f99a41c - core[df12db4294e9bfd3]::panicking::panic_fmt
[INFO] [stdout]   11:     0x605e1f99a1f2 - core[df12db4294e9bfd3]::result::unwrap_failed
[INFO] [stdout]   12:     0x605e1f67d607 - <stellar_sdk[fd513faf2cfa7d5a]::endpoints::server::tests::test_load_ledger::{closure#0} as core[df12db4294e9bfd3]::ops::function::FnOnce<()>>::call_once
[INFO] [stdout]   13:     0x605e1f6b43db - test[9d35eded1c95d3be]::__rust_begin_short_backtrace::<core[df12db4294e9bfd3]::result::Result<(), alloc[2182bb758b4b3781]::string::String>, fn() -> core[df12db4294e9bfd3]::result::Result<(), alloc[2182bb758b4b3781]::string::String>>
[INFO] [stdout]   14:     0x605e1f6c1a45 - test[9d35eded1c95d3be]::run_test::{closure#0}
[INFO] [stdout]   15:     0x605e1f6bb304 - std[70759c8f55707aa4]::sys::backtrace::__rust_begin_short_backtrace::<test[9d35eded1c95d3be]::run_test::{closure#1}, ()>
[INFO] [stdout]   16:     0x605e1f6c4ba2 - <std[70759c8f55707aa4]::thread::lifecycle::spawn_unchecked<test[9d35eded1c95d3be]::run_test::{closure#1}, ()>::{closure#1} as core[df12db4294e9bfd3]::ops::function::FnOnce<()>>::call_once::{shim:vtable#0}
[INFO] [stdout]   17:     0x605e1f980f09 - <std[70759c8f55707aa4]::sys::thread::unix::Thread>::new::thread_start
[INFO] [stdout]   18:     0x7bf633b1adfa - <unknown>
[INFO] [stdout]   19:     0x7bf633bae3d4 - clone
[INFO] [stdout]   20:                0x0 - <unknown>
[INFO] [stdout] 
[INFO] [stdout] ---- endpoints::server::tests::load_operation stdout ----
[INFO] [stdout] 
[INFO] [stdout] thread 'endpoints::server::tests::load_operation' (52100) panicked at src/endpoints/server.rs:360:53:
[INFO] [stdout] called `Result::unwrap()` on an `Err` value: https://horizon.stellar.org/operations/33676838572033: Dns Failed: resolve dns name 'horizon.stellar.org:443': failed to lookup address information: Temporary failure in name resolution
[INFO] [stdout] 
[INFO] [stdout] Caused by:
[INFO] [stdout]     failed to lookup address information: Temporary failure in name resolution
[INFO] [stdout] 
[INFO] [stdout] Stack backtrace:
[INFO] [stdout]    0: <anyhow::Error as core::convert::From<ureq::error::Error>>::from
[INFO] [stdout]    1: stellar_sdk::api_call::api_call::<stellar_sdk::types::operation::Operation>
[INFO] [stdout]    2: <stellar_sdk::endpoints::server::Server>::load_operation
[INFO] [stdout]    3: <stellar_sdk::endpoints::server::tests::load_operation::{closure#0} as core::ops::function::FnOnce<()>>::call_once
[INFO] [stdout]    4: test::__rust_begin_short_backtrace::<core::result::Result<(), alloc::string::String>, fn() -> core::result::Result<(), alloc::string::String>>
[INFO] [stdout]    5: test::run_test::{closure#0}
[INFO] [stdout]    6: std::sys::backtrace::__rust_begin_short_backtrace::<test::run_test::{closure#1}, ()>
[INFO] [stdout]    7: <std::thread::lifecycle::spawn_unchecked<test::run_test::{closure#1}, ()>::{closure#1} as core::ops::function::FnOnce<()>>::call_once::{shim:vtable#0}
[INFO] [stdout]    8: <std::sys::thread::unix::Thread>::new::thread_start
[INFO] [stdout]    9: <unknown>
[INFO] [stdout]   10: clone
[INFO] [stdout] stack backtrace:
[INFO] [stdout]    0:     0x605e1f982461 - <<std[70759c8f55707aa4]::sys::backtrace::BacktraceLock>::print::DisplayBacktrace as core[df12db4294e9bfd3]::fmt::Display>::fmt
[INFO] [stdout]    1:     0x605e1f999c3a - core[df12db4294e9bfd3]::fmt::write
[INFO] [stdout]    2:     0x605e1f98753c - <alloc[2182bb758b4b3781]::vec::Vec<u8> as core[df12db4294e9bfd3]::io::write::Write>::write_fmt
[INFO] [stdout]    3:     0x605e1f95be86 - std[70759c8f55707aa4]::panicking::default_hook::{closure#0}
[INFO] [stdout]    4:     0x605e1f979959 - std[70759c8f55707aa4]::panicking::default_hook
[INFO] [stdout]    5:     0x605e1f6c10f0 - test[9d35eded1c95d3be]::test_main_inner::<test[9d35eded1c95d3be]::test_main_static::{closure#0}>::{closure#0}
[INFO] [stdout]    6:     0x605e1f979b12 - std[70759c8f55707aa4]::panicking::panic_with_hook
[INFO] [stdout]    7:     0x605e1f95bf32 - std[70759c8f55707aa4]::panicking::panic_handler::{closure#0}
[INFO] [stdout]    8:     0x605e1f9544b9 - std[70759c8f55707aa4]::sys::backtrace::__rust_end_short_backtrace::<std[70759c8f55707aa4]::panicking::panic_handler::{closure#0}, !>
[INFO] [stdout]    9:     0x605e1f95ce2d - __rustc[8fa7c3cbc660c2b3]::rust_begin_unwind
[INFO] [stdout]   10:     0x605e1f99a41c - core[df12db4294e9bfd3]::panicking::panic_fmt
[INFO] [stdout]   11:     0x605e1f99a1f2 - core[df12db4294e9bfd3]::result::unwrap_failed
[INFO] [stdout]   12:     0x605e1f67cd1c - <stellar_sdk[fd513faf2cfa7d5a]::endpoints::server::tests::load_operation::{closure#0} as core[df12db4294e9bfd3]::ops::function::FnOnce<()>>::call_once
[INFO] [stdout]   13:     0x605e1f6b43db - test[9d35eded1c95d3be]::__rust_begin_short_backtrace::<core[df12db4294e9bfd3]::result::Result<(), alloc[2182bb758b4b3781]::string::String>, fn() -> core[df12db4294e9bfd3]::result::Result<(), alloc[2182bb758b4b3781]::string::String>>
[INFO] [stdout]   14:     0x605e1f6c1a45 - test[9d35eded1c95d3be]::run_test::{closure#0}
[INFO] [stdout]   15:     0x605e1f6bb304 - std[70759c8f55707aa4]::sys::backtrace::__rust_begin_short_backtrace::<test[9d35eded1c95d3be]::run_test::{closure#1}, ()>
[INFO] [stdout]   16:     0x605e1f6c4ba2 - <std[70759c8f55707aa4]::thread::lifecycle::spawn_unchecked<test[9d35eded1c95d3be]::run_test::{closure#1}, ()>::{closure#1} as core[df12db4294e9bfd3]::ops::function::FnOnce<()>>::call_once::{shim:vtable#0}
[INFO] [stdout]   17:     0x605e1f980f09 - <std[70759c8f55707aa4]::sys::thread::unix::Thread>::new::thread_start
[INFO] [stdout]   18:     0x7bf633b1adfa - <unknown>
[INFO] [stdout]   19:     0x7bf633bae3d4 - clone
[INFO] [stdout]   20:                0x0 - <unknown>
[INFO] [stdout] 
[INFO] [stdout] ---- endpoints::trade_call_builder::tests::limit_trade_call_builder stdout ----
[INFO] [stdout] 
[INFO] [stdout] thread 'endpoints::trade_call_builder::tests::limit_trade_call_builder' (52114) panicked at src/endpoints/trade_call_builder.rs:105:45:
[INFO] [stdout] called `Result::unwrap()` on an `Err` value: https://horizon.stellar.org/trades?limit=200: Dns Failed: resolve dns name 'horizon.stellar.org:443': failed to lookup address information: Temporary failure in name resolution
[INFO] [stdout] 
[INFO] [stdout] Caused by:
[INFO] [stdout]     failed to lookup address information: Temporary failure in name resolution
[INFO] [stdout] 
[INFO] [stdout] Stack backtrace:
[INFO] [stdout]    0: <anyhow::Error as core::convert::From<ureq::error::Error>>::from
[INFO] [stdout]    1: stellar_sdk::api_call::api_call::<stellar_sdk::endpoints::horizon::Record<stellar_sdk::types::trade::Trade>>
[INFO] [stdout]    2: <stellar_sdk::endpoints::trade_call_builder::TradeCallBuilder as stellar_sdk::endpoints::call_builder::CallBuilder<stellar_sdk::types::trade::Trade>>::call
[INFO] [stdout]    3: stellar_sdk::endpoints::trade_call_builder::tests::limit_trade_call_builder
[INFO] [stdout]    4: <stellar_sdk::endpoints::trade_call_builder::tests::limit_trade_call_builder::{closure#0} as core::ops::function::FnOnce<()>>::call_once
[INFO] [stdout]    5: test::__rust_begin_short_backtrace::<core::result::Result<(), alloc::string::String>, fn() -> core::result::Result<(), alloc::string::String>>
[INFO] [stdout]    6: test::run_test::{closure#0}
[INFO] [stdout]    7: std::sys::backtrace::__rust_begin_short_backtrace::<test::run_test::{closure#1}, ()>
[INFO] [stdout]    8: <std::thread::lifecycle::spawn_unchecked<test::run_test::{closure#1}, ()>::{closure#1} as core::ops::function::FnOnce<()>>::call_once::{shim:vtable#0}
[INFO] [stdout]    9: <std::sys::thread::unix::Thread>::new::thread_start
[INFO] [stdout]   10: <unknown>
[INFO] [stdout]   11: clone
[INFO] [stdout] stack backtrace:
[INFO] [stdout]    0:     0x605e1f982461 - <<std[70759c8f55707aa4]::sys::backtrace::BacktraceLock>::print::DisplayBacktrace as core[df12db4294e9bfd3]::fmt::Display>::fmt
[INFO] [stdout]    1:     0x605e1f999c3a - core[df12db4294e9bfd3]::fmt::write
[INFO] [stdout]    2:     0x605e1f98753c - <alloc[2182bb758b4b3781]::vec::Vec<u8> as core[df12db4294e9bfd3]::io::write::Write>::write_fmt
[INFO] [stdout]    3:     0x605e1f95be86 - std[70759c8f55707aa4]::panicking::default_hook::{closure#0}
[INFO] [stdout]    4:     0x605e1f979959 - std[70759c8f55707aa4]::panicking::default_hook
[INFO] [stdout]    5:     0x605e1f6c10f0 - test[9d35eded1c95d3be]::test_main_inner::<test[9d35eded1c95d3be]::test_main_static::{closure#0}>::{closure#0}
[INFO] [stdout]    6:     0x605e1f979b12 - std[70759c8f55707aa4]::panicking::panic_with_hook
[INFO] [stdout]    7:     0x605e1f95bf32 - std[70759c8f55707aa4]::panicking::panic_handler::{closure#0}
[INFO] [stdout]    8:     0x605e1f9544b9 - std[70759c8f55707aa4]::sys::backtrace::__rust_end_short_backtrace::<std[70759c8f55707aa4]::panicking::panic_handler::{closure#0}, !>
[INFO] [stdout]    9:     0x605e1f95ce2d - __rustc[8fa7c3cbc660c2b3]::rust_begin_unwind
[INFO] [stdout]   10:     0x605e1f99a41c - core[df12db4294e9bfd3]::panicking::panic_fmt
[INFO] [stdout]   11:     0x605e1f99a1f2 - core[df12db4294e9bfd3]::result::unwrap_failed
[INFO] [stdout]   12:     0x605e1f693750 - stellar_sdk[fd513faf2cfa7d5a]::endpoints::trade_call_builder::tests::limit_trade_call_builder
[INFO] [stdout]   13:     0x605e1f67a849 - <stellar_sdk[fd513faf2cfa7d5a]::endpoints::trade_call_builder::tests::limit_trade_call_builder::{closure#0} as core[df12db4294e9bfd3]::ops::function::FnOnce<()>>::call_once
[INFO] [stdout]   14:     0x605e1f6b43db - test[9d35eded1c95d3be]::__rust_begin_short_backtrace::<core[df12db4294e9bfd3]::result::Result<(), alloc[2182bb758b4b3781]::string::String>, fn() -> core[df12db4294e9bfd3]::result::Result<(), alloc[2182bb758b4b3781]::string::String>>
[INFO] [stdout]   15:     0x605e1f6c1a45 - test[9d35eded1c95d3be]::run_test::{closure#0}
[INFO] [stdout]   16:     0x605e1f6bb304 - std[70759c8f55707aa4]::sys::backtrace::__rust_begin_short_backtrace::<test[9d35eded1c95d3be]::run_test::{closure#1}, ()>
[INFO] [stdout]   17:     0x605e1f6c4ba2 - <std[70759c8f55707aa4]::thread::lifecycle::spawn_unchecked<test[9d35eded1c95d3be]::run_test::{closure#1}, ()>::{closure#1} as core[df12db4294e9bfd3]::ops::function::FnOnce<()>>::call_once::{shim:vtable#0}
[INFO] [stdout]   18:     0x605e1f980f09 - <std[70759c8f55707aa4]::sys::thread::unix::Thread>::new::thread_start
[INFO] [stdout]   19:     0x7bf633b1adfa - <unknown>
[INFO] [stdout]   20:     0x7bf633bae3d4 - clone
[INFO] [stdout]   21:                0x0 - <unknown>
[INFO] [stdout] 
[INFO] [stdout] ---- endpoints::server::tests::test_load_trade stdout ----
[INFO] [stdout] 
[INFO] [stdout] thread 'endpoints::server::tests::test_load_trade' (52107) panicked at src/endpoints/server.rs:388:66:
[INFO] [stdout] called `Result::unwrap()` on an `Err` value: https://horizon.stellar.org/trades?limit=1&offer_id=4: Dns Failed: resolve dns name 'horizon.stellar.org:443': failed to lookup address information: Temporary failure in name resolution
[INFO] [stdout] 
[INFO] [stdout] Caused by:
[INFO] [stdout]     failed to lookup address information: Temporary failure in name resolution
[INFO] [stdout] 
[INFO] [stdout] Stack backtrace:
[INFO] [stdout]    0: <anyhow::Error as core::convert::From<ureq::error::Error>>::from
[INFO] [stdout]    1: stellar_sdk::api_call::api_call::<stellar_sdk::endpoints::horizon::Record<stellar_sdk::types::trade::Trade>>
[INFO] [stdout]    2: <stellar_sdk::endpoints::trade_call_builder::TradeCallBuilder as stellar_sdk::endpoints::call_builder::CallBuilder<stellar_sdk::types::trade::Trade>>::call
[INFO] [stdout]    3: <stellar_sdk::endpoints::server::tests::test_load_trade::{closure#0} as core::ops::function::FnOnce<()>>::call_once
[INFO] [stdout]    4: test::__rust_begin_short_backtrace::<core::result::Result<(), alloc::string::String>, fn() -> core::result::Result<(), alloc::string::String>>
[INFO] [stdout]    5: test::run_test::{closure#0}
[INFO] [stdout]    6: std::sys::backtrace::__rust_begin_short_backtrace::<test::run_test::{closure#1}, ()>
[INFO] [stdout]    7: <std::thread::lifecycle::spawn_unchecked<test::run_test::{closure#1}, ()>::{closure#1} as core::ops::function::FnOnce<()>>::call_once::{shim:vtable#0}
[INFO] [stdout]    8: <std::sys::thread::unix::Thread>::new::thread_start
[INFO] [stdout]    9: <unknown>
[INFO] [stdout]   10: clone
[INFO] [stdout] stack backtrace:
[INFO] [stdout]    0:     0x605e1f982461 - <<std[70759c8f55707aa4]::sys::backtrace::BacktraceLock>::print::DisplayBacktrace as core[df12db4294e9bfd3]::fmt::Display>::fmt
[INFO] [stdout]    1:     0x605e1f999c3a - core[df12db4294e9bfd3]::fmt::write
[INFO] [stdout]    2:     0x605e1f98753c - <alloc[2182bb758b4b3781]::vec::Vec<u8> as core[df12db4294e9bfd3]::io::write::Write>::write_fmt
[INFO] [stdout]    3:     0x605e1f95be86 - std[70759c8f55707aa4]::panicking::default_hook::{closure#0}
[INFO] [stdout]    4:     0x605e1f979959 - std[70759c8f55707aa4]::panicking::default_hook
[INFO] [stdout]    5:     0x605e1f6c10f0 - test[9d35eded1c95d3be]::test_main_inner::<test[9d35eded1c95d3be]::test_main_static::{closure#0}>::{closure#0}
[INFO] [stdout]    6:     0x605e1f979b12 - std[70759c8f55707aa4]::panicking::panic_with_hook
[INFO] [stdout]    7:     0x605e1f95bf32 - std[70759c8f55707aa4]::panicking::panic_handler::{closure#0}
[INFO] [stdout]    8:     0x605e1f9544b9 - std[70759c8f55707aa4]::sys::backtrace::__rust_end_short_backtrace::<std[70759c8f55707aa4]::panicking::panic_handler::{closure#0}, !>
[INFO] [stdout]    9:     0x605e1f95ce2d - __rustc[8fa7c3cbc660c2b3]::rust_begin_unwind
[INFO] [stdout]   10:     0x605e1f99a41c - core[df12db4294e9bfd3]::panicking::panic_fmt
[INFO] [stdout]   11:     0x605e1f99a1f2 - core[df12db4294e9bfd3]::result::unwrap_failed
[INFO] [stdout]   12:     0x605e1f67d242 - <stellar_sdk[fd513faf2cfa7d5a]::endpoints::server::tests::test_load_trade::{closure#0} as core[df12db4294e9bfd3]::ops::function::FnOnce<()>>::call_once
[INFO] [stdout]   13:     0x605e1f6b43db - test[9d35eded1c95d3be]::__rust_begin_short_backtrace::<core[df12db4294e9bfd3]::result::Result<(), alloc[2182bb758b4b3781]::string::String>, fn() -> core[df12db4294e9bfd3]::result::Result<(), alloc[2182bb758b4b3781]::string::String>>
[INFO] [stdout]   14:     0x605e1f6c1a45 - test[9d35eded1c95d3be]::run_test::{closure#0}
[INFO] [stdout]   15:     0x605e1f6bb304 - std[70759c8f55707aa4]::sys::backtrace::__rust_begin_short_backtrace::<test[9d35eded1c95d3be]::run_test::{closure#1}, ()>
[INFO] [stdout]   16:     0x605e1f6c4ba2 - <std[70759c8f55707aa4]::thread::lifecycle::spawn_unchecked<test[9d35eded1c95d3be]::run_test::{closure#1}, ()>::{closure#1} as core[df12db4294e9bfd3]::ops::function::FnOnce<()>>::call_once::{shim:vtable#0}
[INFO] [stdout]   17:     0x605e1f980f09 - <std[70759c8f55707aa4]::sys::thread::unix::Thread>::new::thread_start
[INFO] [stdout]   18:     0x7bf633b1adfa - <unknown>
[INFO] [stdout]   19:     0x7bf633bae3d4 - clone
[INFO] [stdout]   20:                0x0 - <unknown>
[INFO] [stdout] 
[INFO] [stdout] ---- endpoints::trade_call_builder::tests::test_for_type stdout ----
[INFO] [stdout] 
[INFO] [stdout] thread 'endpoints::trade_call_builder::tests::test_for_type' (52115) panicked at src/endpoints/trade_call_builder.rs:137:73:
[INFO] [stdout] called `Result::unwrap()` on an `Err` value: https://horizon.stellar.org/trades?trade_type=orderbook: Dns Failed: resolve dns name 'horizon.stellar.org:443': failed to lookup address information: Temporary failure in name resolution
[INFO] [stdout] 
[INFO] [stdout] Caused by:
[INFO] [stdout]     failed to lookup address information: Temporary failure in name resolution
[INFO] [stdout] 
[INFO] [stdout] Stack backtrace:
[INFO] [stdout]    0: <anyhow::Error as core::convert::From<ureq::error::Error>>::from
[INFO] [stdout]    1: stellar_sdk::api_call::api_call::<stellar_sdk::endpoints::horizon::Record<stellar_sdk::types::trade::Trade>>
[INFO] [stdout]    2: <stellar_sdk::endpoints::trade_call_builder::TradeCallBuilder as stellar_sdk::endpoints::call_builder::CallBuilder<stellar_sdk::types::trade::Trade>>::call
[INFO] [stdout]    3: stellar_sdk::endpoints::trade_call_builder::tests::test_for_type
[INFO] [stdout]    4: <stellar_sdk::endpoints::trade_call_builder::tests::test_for_type::{closure#0} as core::ops::function::FnOnce<()>>::call_once
[INFO] [stdout]    5: test::__rust_begin_short_backtrace::<core::result::Result<(), alloc::string::String>, fn() -> core::result::Result<(), alloc::string::String>>
[INFO] [stdout]    6: test::run_test::{closure#0}
[INFO] [stdout]    7: std::sys::backtrace::__rust_begin_short_backtrace::<test::run_test::{closure#1}, ()>
[INFO] [stdout]    8: <std::thread::lifecycle::spawn_unchecked<test::run_test::{closure#1}, ()>::{closure#1} as core::ops::function::FnOnce<()>>::call_once::{shim:vtable#0}
[INFO] [stdout]    9: <std::sys::thread::unix::Thread>::new::thread_start
[INFO] [stdout]   10: <unknown>
[INFO] [stdout]   11: clone
[INFO] [stdout] stack backtrace:
[INFO] [stdout]    0:     0x605e1f982461 - <<std[70759c8f55707aa4]::sys::backtrace::BacktraceLock>::print::DisplayBacktrace as core[df12db4294e9bfd3]::fmt::Display>::fmt
[INFO] [stdout]    1:     0x605e1f999c3a - core[df12db4294e9bfd3]::fmt::write
[INFO] [stdout]    2:     0x605e1f98753c - <alloc[2182bb758b4b3781]::vec::Vec<u8> as core[df12db4294e9bfd3]::io::write::Write>::write_fmt
[INFO] [stdout]    3:     0x605e1f95be86 - std[70759c8f55707aa4]::panicking::default_hook::{closure#0}
[INFO] [stdout]    4:     0x605e1f979959 - std[70759c8f55707aa4]::panicking::default_hook
[INFO] [stdout]    5:     0x605e1f6c10f0 - test[9d35eded1c95d3be]::test_main_inner::<test[9d35eded1c95d3be]::test_main_static::{closure#0}>::{closure#0}
[INFO] [stdout]    6:     0x605e1f979b12 - std[70759c8f55707aa4]::panicking::panic_with_hook
[INFO] [stdout]    7:     0x605e1f95bf32 - std[70759c8f55707aa4]::panicking::panic_handler::{closure#0}
[INFO] [stdout]    8:     0x605e1f9544b9 - std[70759c8f55707aa4]::sys::backtrace::__rust_end_short_backtrace::<std[70759c8f55707aa4]::panicking::panic_handler::{closure#0}, !>
[INFO] [stdout]    9:     0x605e1f95ce2d - __rustc[8fa7c3cbc660c2b3]::rust_begin_unwind
[INFO] [stdout]   10:     0x605e1f99a41c - core[df12db4294e9bfd3]::panicking::panic_fmt
[INFO] [stdout]   11:     0x605e1f99a1f2 - core[df12db4294e9bfd3]::result::unwrap_failed
[INFO] [stdout]   12:     0x605e1f693212 - stellar_sdk[fd513faf2cfa7d5a]::endpoints::trade_call_builder::tests::test_for_type
[INFO] [stdout]   13:     0x605e1f67a829 - <stellar_sdk[fd513faf2cfa7d5a]::endpoints::trade_call_builder::tests::test_for_type::{closure#0} as core[df12db4294e9bfd3]::ops::function::FnOnce<()>>::call_once
[INFO] [stdout]   14:     0x605e1f6b43db - test[9d35eded1c95d3be]::__rust_begin_short_backtrace::<core[df12db4294e9bfd3]::result::Result<(), alloc[2182bb758b4b3781]::string::String>, fn() -> core[df12db4294e9bfd3]::result::Result<(), alloc[2182bb758b4b3781]::string::String>>
[INFO] [stdout]   15:     0x605e1f6c1a45 - test[9d35eded1c95d3be]::run_test::{closure#0}
[INFO] [stdout]   16:     0x605e1f6bb304 - std[70759c8f55707aa4]::sys::backtrace::__rust_begin_short_backtrace::<test[9d35eded1c95d3be]::run_test::{closure#1}, ()>
[INFO] [stdout]   17:     0x605e1f6c4ba2 - <std[70759c8f55707aa4]::thread::lifecycle::spawn_unchecked<test[9d35eded1c95d3be]::run_test::{closure#1}, ()>::{closure#1} as core[df12db4294e9bfd3]::ops::function::FnOnce<()>>::call_once::{shim:vtable#0}
[INFO] [stdout]   18:     0x605e1f980f09 - <std[70759c8f55707aa4]::sys::thread::unix::Thread>::new::thread_start
[INFO] [stdout]   19:     0x7bf633b1adfa - <unknown>
[INFO] [stdout]   20:     0x7bf633bae3d4 - clone
[INFO] [stdout]   21:                0x0 - <unknown>
[INFO] [stdout] 
[INFO] [stdout] ---- endpoints::server::tests::test_load_transaction stdout ----
[INFO] [stdout] 
[INFO] [stdout] thread 'endpoints::server::tests::test_load_transaction' (52108) panicked at src/endpoints/server.rs:323:14:
[INFO] [stdout] called `Result::unwrap()` on an `Err` value: https://horizon.stellar.org/transactions/3389e9f0f1a65f19736cacf544c2e825313e8447f569233bb8db39aa607c8889: Dns Failed: resolve dns name 'horizon.stellar.org:443': failed to lookup address information: Temporary failure in name resolution
[INFO] [stdout] 
[INFO] [stdout] Caused by:
[INFO] [stdout]     failed to lookup address information: Temporary failure in name resolution
[INFO] [stdout] 
[INFO] [stdout] Stack backtrace:
[INFO] [stdout]    0: <anyhow::Error as core::convert::From<ureq::error::Error>>::from
[INFO] [stdout]    1: stellar_sdk::api_call::api_call::<stellar_sdk::types::transaction::Transaction>
[INFO] [stdout]    2: <stellar_sdk::endpoints::server::Server>::load_transaction
[INFO] [stdout]    3: <stellar_sdk::endpoints::server::tests::test_load_transaction::{closure#0} as core::ops::function::FnOnce<()>>::call_once
[INFO] [stdout]    4: test::__rust_begin_short_backtrace::<core::result::Result<(), alloc::string::String>, fn() -> core::result::Result<(), alloc::string::String>>
[INFO] [stdout]    5: test::run_test::{closure#0}
[INFO] [stdout]    6: std::sys::backtrace::__rust_begin_short_backtrace::<test::run_test::{closure#1}, ()>
[INFO] [stdout]    7: <std::thread::lifecycle::spawn_unchecked<test::run_test::{closure#1}, ()>::{closure#1} as core::ops::function::FnOnce<()>>::call_once::{shim:vtable#0}
[INFO] [stdout]    8: <std::sys::thread::unix::Thread>::new::thread_start
[INFO] [stdout]    9: <unknown>
[INFO] [stdout]   10: clone
[INFO] [stdout] stack backtrace:
[INFO] [stdout]    0:     0x605e1f982461 - <<std[70759c8f55707aa4]::sys::backtrace::BacktraceLock>::print::DisplayBacktrace as core[df12db4294e9bfd3]::fmt::Display>::fmt
[INFO] [stdout]    1:     0x605e1f999c3a - core[df12db4294e9bfd3]::fmt::write
[INFO] [stdout]    2:     0x605e1f98753c - <alloc[2182bb758b4b3781]::vec::Vec<u8> as core[df12db4294e9bfd3]::io::write::Write>::write_fmt
[INFO] [stdout]    3:     0x605e1f95be86 - std[70759c8f55707aa4]::panicking::default_hook::{closure#0}
[INFO] [stdout]    4:     0x605e1f979959 - std[70759c8f55707aa4]::panicking::default_hook
[INFO] [stdout]    5:     0x605e1f6c10f0 - test[9d35eded1c95d3be]::test_main_inner::<test[9d35eded1c95d3be]::test_main_static::{closure#0}>::{closure#0}
[INFO] [stdout]    6:     0x605e1f979b12 - std[70759c8f55707aa4]::panicking::panic_with_hook
[INFO] [stdout]    7:     0x605e1f95bf32 - std[70759c8f55707aa4]::panicking::panic_handler::{closure#0}
[INFO] [stdout]    8:     0x605e1f9544b9 - std[70759c8f55707aa4]::sys::backtrace::__rust_end_short_backtrace::<std[70759c8f55707aa4]::panicking::panic_handler::{closure#0}, !>
[INFO] [stdout]    9:     0x605e1f95ce2d - __rustc[8fa7c3cbc660c2b3]::rust_begin_unwind
[INFO] [stdout]   10:     0x605e1f99a41c - core[df12db4294e9bfd3]::panicking::panic_fmt
[INFO] [stdout]   11:     0x605e1f99a1f2 - core[df12db4294e9bfd3]::result::unwrap_failed
[INFO] [stdout]   12:     0x605e1f67ea2c - <stellar_sdk[fd513faf2cfa7d5a]::endpoints::server::tests::test_load_transaction::{closure#0} as core[df12db4294e9bfd3]::ops::function::FnOnce<()>>::call_once
[INFO] [stdout]   13:     0x605e1f6b43db - test[9d35eded1c95d3be]::__rust_begin_short_backtrace::<core[df12db4294e9bfd3]::result::Result<(), alloc[2182bb758b4b3781]::string::String>, fn() -> core[df12db4294e9bfd3]::result::Result<(), alloc[2182bb758b4b3781]::string::String>>
[INFO] [stdout]   14:     0x605e1f6c1a45 - test[9d35eded1c95d3be]::run_test::{closure#0}
[INFO] [stdout]   15:     0x605e1f6bb304 - std[70759c8f55707aa4]::sys::backtrace::__rust_begin_short_backtrace::<test[9d35eded1c95d3be]::run_test::{closure#1}, ()>
[INFO] [stdout]   16:     0x605e1f6c4ba2 - <std[70759c8f55707aa4]::thread::lifecycle::spawn_unchecked<test[9d35eded1c95d3be]::run_test::{closure#1}, ()>::{closure#1} as core[df12db4294e9bfd3]::ops::function::FnOnce<()>>::call_once::{shim:vtable#0}
[INFO] [stdout]   17:     0x605e1f980f09 - <std[70759c8f55707aa4]::sys::thread::unix::Thread>::new::thread_start
[INFO] [stdout]   18:     0x7bf633b1adfa - <unknown>
[INFO] [stdout]   19:     0x7bf633bae3d4 - clone
[INFO] [stdout]   20:                0x0 - <unknown>
[INFO] [stdout] 
[INFO] [stdout] ---- endpoints::trade_call_builder::tests::test_trade_call_builder_asset_pair stdout ----
[INFO] [stdout] 
[INFO] [stdout] thread 'endpoints::trade_call_builder::tests::test_trade_call_builder_asset_pair' (52116) panicked at src/endpoints/trade_call_builder.rs:127:14:
[INFO] [stdout] called `Result::unwrap()` on an `Err` value: https://horizon.stellar.org/trades?counter_asset_issuer=GDGTVWSM4MGS4T7Z6W4RPWOCHE2I6RDFCIFZGS3DOA63LWQTRNZNTTFF&counter_asset_code=yUSDC&base_asset_type=native&counter_asset_type=credit_alphanum12&limit=2: Dns Failed: resolve dns name 'horizon.stellar.org:443': failed to lookup address information: Temporary failure in name resolution
[INFO] [stdout] 
[INFO] [stdout] Caused by:
[INFO] [stdout]     failed to lookup address information: Temporary failure in name resolution
[INFO] [stdout] 
[INFO] [stdout] Stack backtrace:
[INFO] [stdout]    0: <anyhow::Error as core::convert::From<ureq::error::Error>>::from
[INFO] [stdout]    1: stellar_sdk::api_call::api_call::<stellar_sdk::endpoints::horizon::Record<stellar_sdk::types::trade::Trade>>
[INFO] [stdout]    2: <stellar_sdk::endpoints::trade_call_builder::TradeCallBuilder as stellar_sdk::endpoints::call_builder::CallBuilder<stellar_sdk::types::trade::Trade>>::call
[INFO] [stdout]    3: stellar_sdk::endpoints::trade_call_builder::tests::test_trade_call_builder_asset_pair
[INFO] [stdout]    4: <stellar_sdk::endpoints::trade_call_builder::tests::test_trade_call_builder_asset_pair::{closure#0} as core::ops::function::FnOnce<()>>::call_once
[INFO] [stdout]    5: test::__rust_begin_short_backtrace::<core::result::Result<(), alloc::string::String>, fn() -> core::result::Result<(), alloc::string::String>>
[INFO] [stdout]    6: test::run_test::{closure#0}
[INFO] [stdout]    7: std::sys::backtrace::__rust_begin_short_backtrace::<test::run_test::{closure#1}, ()>
[INFO] [stdout]    8: <std::thread::lifecycle::spawn_unchecked<test::run_test::{closure#1}, ()>::{closure#1} as core::ops::function::FnOnce<()>>::call_once::{shim:vtable#0}
[INFO] [stdout]    9: <std::sys::thread::unix::Thread>::new::thread_start
[INFO] [stdout]   10: <unknown>
[INFO] [stdout]   11: clone
[INFO] [stdout] stack backtrace:
[INFO] [stdout]    0:     0x605e1f982461 - <<std[70759c8f55707aa4]::sys::backtrace::BacktraceLock>::print::DisplayBacktrace as core[df12db4294e9bfd3]::fmt::Display>::fmt
[INFO] [stdout]    1:     0x605e1f999c3a - core[df12db4294e9bfd3]::fmt::write
[INFO] [stdout]    2:     0x605e1f98753c - <alloc[2182bb758b4b3781]::vec::Vec<u8> as core[df12db4294e9bfd3]::io::write::Write>::write_fmt
[INFO] [stdout]    3:     0x605e1f95be86 - std[70759c8f55707aa4]::panicking::default_hook::{closure#0}
[INFO] [stdout]    4:     0x605e1f979959 - std[70759c8f55707aa4]::panicking::default_hook
[INFO] [stdout]    5:     0x605e1f6c10f0 - test[9d35eded1c95d3be]::test_main_inner::<test[9d35eded1c95d3be]::test_main_static::{closure#0}>::{closure#0}
[INFO] [stdout]    6:     0x605e1f979b12 - std[70759c8f55707aa4]::panicking::panic_with_hook
[INFO] [stdout]    7:     0x605e1f95bf32 - std[70759c8f55707aa4]::panicking::panic_handler::{closure#0}
[INFO] [stdout]    8:     0x605e1f9544b9 - std[70759c8f55707aa4]::sys::backtrace::__rust_end_short_backtrace::<std[70759c8f55707aa4]::panicking::panic_handler::{closure#0}, !>
[INFO] [stdout]    9:     0x605e1f95ce2d - __rustc[8fa7c3cbc660c2b3]::rust_begin_unwind
[INFO] [stdout]   10:     0x605e1f99a41c - core[df12db4294e9bfd3]::panicking::panic_fmt
[INFO] [stdout]   11:     0x605e1f99a1f2 - core[df12db4294e9bfd3]::result::unwrap_failed
[INFO] [stdout]   12:     0x605e1f693ed0 - stellar_sdk[fd513faf2cfa7d5a]::endpoints::trade_call_builder::tests::test_trade_call_builder_asset_pair
[INFO] [stdout]   13:     0x605e1f67a869 - <stellar_sdk[fd513faf2cfa7d5a]::endpoints::trade_call_builder::tests::test_trade_call_builder_asset_pair::{closure#0} as core[df12db4294e9bfd3]::ops::function::FnOnce<()>>::call_once
[INFO] [stdout]   14:     0x605e1f6b43db - test[9d35eded1c95d3be]::__rust_begin_short_backtrace::<core[df12db4294e9bfd3]::result::Result<(), alloc[2182bb758b4b3781]::string::String>, fn() -> core[df12db4294e9bfd3]::result::Result<(), alloc[2182bb758b4b3781]::string::String>>
[INFO] [stdout]   15:     0x605e1f6c1a45 - test[9d35eded1c95d3be]::run_test::{closure#0}
[INFO] [stdout]   16:     0x605e1f6bb304 - std[70759c8f55707aa4]::sys::backtrace::__rust_begin_short_backtrace::<test[9d35eded1c95d3be]::run_test::{closure#1}, ()>
[INFO] [stdout]   17:     0x605e1f6c4ba2 - <std[70759c8f55707aa4]::thread::lifecycle::spawn_unchecked<test[9d35eded1c95d3be]::run_test::{closure#1}, ()>::{closure#1} as core[df12db4294e9bfd3]::ops::function::FnOnce<()>>::call_once::{shim:vtable#0}
[INFO] [stdout]   18:     0x605e1f980f09 - <std[70759c8f55707aa4]::sys::thread::unix::Thread>::new::thread_start
[INFO] [stdout]   19:     0x7bf633b1adfa - <unknown>
[INFO] [stdout]   20:     0x7bf633bae3d4 - clone
[INFO] [stdout]   21:                0x0 - <unknown>
[INFO] [stdout] 
[INFO] [stdout] ---- endpoints::strict_send_call_builder::tests::test_strict_send stdout ----
[INFO] [stdout] 
[INFO] [stdout] thread 'endpoints::strict_send_call_builder::tests::test_strict_send' (52111) panicked at src/endpoints/strict_send_call_builder.rs:109:18:
[INFO] [stdout] called `Result::unwrap()` on an `Err` value: https://horizon.stellar.org/paths/strict-send?limit=1&source_asset_type=native&source_amount=20&destination_account=GBDEVU63Y6NTHJQQZIKVTC23NWLQVP3WJ2RI2OTSJTNYOIGICST6DUXR: Dns Failed: resolve dns name 'horizon.stellar.org:443': failed to lookup address information: Temporary failure in name resolution
[INFO] [stdout] 
[INFO] [stdout] Caused by:
[INFO] [stdout]     failed to lookup address information: Temporary failure in name resolution
[INFO] [stdout] 
[INFO] [stdout] Stack backtrace:
[INFO] [stdout]    0: <anyhow::Error as core::convert::From<ureq::error::Error>>::from
[INFO] [stdout]    1: stellar_sdk::api_call::api_call::<stellar_sdk::endpoints::horizon::Record<stellar_sdk::types::strict_path::StrictPath>>
[INFO] [stdout]    2: stellar_sdk::endpoints::strict_send_call_builder::tests::test_strict_send
[INFO] [stdout]    3: <stellar_sdk::endpoints::strict_send_call_builder::tests::test_strict_send::{closure#0} as core::ops::function::FnOnce<()>>::call_once
[INFO] [stdout]    4: test::__rust_begin_short_backtrace::<core::result::Result<(), alloc::string::String>, fn() -> core::result::Result<(), alloc::string::String>>
[INFO] [stdout]    5: test::run_test::{closure#0}
[INFO] [stdout]    6: std::sys::backtrace::__rust_begin_short_backtrace::<test::run_test::{closure#1}, ()>
[INFO] [stdout]    7: <std::thread::lifecycle::spawn_unchecked<test::run_test::{closure#1}, ()>::{closure#1} as core::ops::function::FnOnce<()>>::call_once::{shim:vtable#0}
[INFO] [stdout]    8: <std::sys::thread::unix::Thread>::new::thread_start
[INFO] [stdout]    9: <unknown>
[INFO] [stdout]   10: clone
[INFO] [stdout] stack backtrace:
[INFO] [stdout]    0:     0x605e1f982461 - <<std[70759c8f55707aa4]::sys::backtrace::BacktraceLock>::print::DisplayBacktrace as core[df12db4294e9bfd3]::fmt::Display>::fmt
[INFO] [stdout]    1:     0x605e1f999c3a - core[df12db4294e9bfd3]::fmt::write
[INFO] [stdout]    2:     0x605e1f98753c - <alloc[2182bb758b4b3781]::vec::Vec<u8> as core[df12db4294e9bfd3]::io::write::Write>::write_fmt
[INFO] [stdout]    3:     0x605e1f95be86 - std[70759c8f55707aa4]::panicking::default_hook::{closure#0}
[INFO] [stdout]    4:     0x605e1f979959 - std[70759c8f55707aa4]::panicking::default_hook
[INFO] [stdout]    5:     0x605e1f6c10f0 - test[9d35eded1c95d3be]::test_main_inner::<test[9d35eded1c95d3be]::test_main_static::{closure#0}>::{closure#0}
[INFO] [stdout]    6:     0x605e1f979b12 - std[70759c8f55707aa4]::panicking::panic_with_hook
[INFO] [stdout]    7:     0x605e1f95bf32 - std[70759c8f55707aa4]::panicking::panic_handler::{closure#0}
[INFO] [stdout]    8:     0x605e1f9544b9 - std[70759c8f55707aa4]::sys::backtrace::__rust_end_short_backtrace::<std[70759c8f55707aa4]::panicking::panic_handler::{closure#0}, !>
[INFO] [stdout]    9:     0x605e1f95ce2d - __rustc[8fa7c3cbc660c2b3]::rust_begin_unwind
[INFO] [stdout]   10:     0x605e1f99a41c - core[df12db4294e9bfd3]::panicking::panic_fmt
[INFO] [stdout]   11:     0x605e1f99a1f2 - core[df12db4294e9bfd3]::result::unwrap_failed
[INFO] [stdout]   12:     0x605e1f68a8a7 - stellar_sdk[fd513faf2cfa7d5a]::endpoints::strict_send_call_builder::tests::test_strict_send
[INFO] [stdout]   13:     0x605e1f67bb09 - <stellar_sdk[fd513faf2cfa7d5a]::endpoints::strict_send_call_builder::tests::test_strict_send::{closure#0} as core[df12db4294e9bfd3]::ops::function::FnOnce<()>>::call_once
[INFO] [stdout]   14:     0x605e1f6b43db - test[9d35eded1c95d3be]::__rust_begin_short_backtrace::<core[df12db4294e9bfd3]::result::Result<(), alloc[2182bb758b4b3781]::string::String>, fn() -> core[df12db4294e9bfd3]::result::Result<(), alloc[2182bb758b4b3781]::string::String>>
[INFO] [stdout]   15:     0x605e1f6c1a45 - test[9d35eded1c95d3be]::run_test::{closure#0}
[INFO] [stdout]   16:     0x605e1f6bb304 - std[70759c8f55707aa4]::sys::backtrace::__rust_begin_short_backtrace::<test[9d35eded1c95d3be]::run_test::{closure#1}, ()>
[INFO] [stdout]   17:     0x605e1f6c4ba2 - <std[70759c8f55707aa4]::thread::lifecycle::spawn_unchecked<test[9d35eded1c95d3be]::run_test::{closure#1}, ()>::{closure#1} as core[df12db4294e9bfd3]::ops::function::FnOnce<()>>::call_once::{shim:vtable#0}
[INFO] [stdout]   18:     0x605e1f980f09 - <std[70759c8f55707aa4]::sys::thread::unix::Thread>::new::thread_start
[INFO] [stdout]   19:     0x7bf633b1adfa - <unknown>
[INFO] [stdout]   20:     0x7bf633bae3d4 - clone
[INFO] [stdout]   21:                0x0 - <unknown>
[INFO] [stdout] 
[INFO] [stdout] ---- endpoints::transaction_call_builder::tests::limit_transaction_call_builder stdout ----
[INFO] [stdout] 
[INFO] [stdout] thread 'endpoints::transaction_call_builder::tests::limit_transaction_call_builder' (52117) panicked at src/endpoints/transaction_call_builder.rs:96:14:
[INFO] [stdout] called `Result::unwrap()` on an `Err` value: https://horizon.stellar.org/accounts/GAUZUPTHOMSZEV65VNSRMUDAAE4VBMSRYYAX3UOWYU3BQUZ6OK65NOWM/transactions?limit=200: Dns Failed: resolve dns name 'horizon.stellar.org:443': failed to lookup address information: Temporary failure in name resolution
[INFO] [stdout] 
[INFO] [stdout] Caused by:
[INFO] [stdout]     failed to lookup address information: Temporary failure in name resolution
[INFO] [stdout] 
[INFO] [stdout] Stack backtrace:
[INFO] [stdout]    0: <anyhow::Error as core::convert::From<ureq::error::Error>>::from
[INFO] [stdout]    1: stellar_sdk::api_call::api_call::<stellar_sdk::endpoints::horizon::Record<stellar_sdk::types::transaction::Transaction>>
[INFO] [stdout]    2: <stellar_sdk::endpoints::transaction_call_builder::TransactionCallBuilder as stellar_sdk::endpoints::call_builder::CallBuilder<stellar_sdk::types::transaction::Transaction>>::call
[INFO] [stdout]    3: stellar_sdk::endpoints::transaction_call_builder::tests::limit_transaction_call_builder
[INFO] [stdout]    4: <stellar_sdk::endpoints::transaction_call_builder::tests::limit_transaction_call_builder::{closure#0} as core::ops::function::FnOnce<()>>::call_once
[INFO] [stdout]    5: test::__rust_begin_short_backtrace::<core::result::Result<(), alloc::string::String>, fn() -> core::result::Result<(), alloc::string::String>>
[INFO] [stdout]    6: test::run_test::{closure#0}
[INFO] [stdout]    7: std::sys::backtrace::__rust_begin_short_backtrace::<test::run_test::{closure#1}, ()>
[INFO] [stdout]    8: <std::thread::lifecycle::spawn_unchecked<test::run_test::{closure#1}, ()>::{closure#1} as core::ops::function::FnOnce<()>>::call_once::{shim:vtable#0}
[INFO] [stdout]    9: <std::sys::thread::unix::Thread>::new::thread_start
[INFO] [stdout]   10: <unknown>
[INFO] [stdout]   11: clone
[INFO] [stdout] stack backtrace:
[INFO] [stdout]    0:     0x605e1f982461 - <<std[70759c8f55707aa4]::sys::backtrace::BacktraceLock>::print::DisplayBacktrace as core[df12db4294e9bfd3]::fmt::Display>::fmt
[INFO] [stdout]    1:     0x605e1f999c3a - core[df12db4294e9bfd3]::fmt::write
[INFO] [stdout]    2:     0x605e1f98753c - <alloc[2182bb758b4b3781]::vec::Vec<u8> as core[df12db4294e9bfd3]::io::write::Write>::write_fmt
[INFO] [stdout]    3:     0x605e1f95be86 - std[70759c8f55707aa4]::panicking::default_hook::{closure#0}
[INFO] [stdout]    4:     0x605e1f979959 - std[70759c8f55707aa4]::panicking::default_hook
[INFO] [stdout]    5:     0x605e1f6c10f0 - test[9d35eded1c95d3be]::test_main_inner::<test[9d35eded1c95d3be]::test_main_static::{closure#0}>::{closure#0}
[INFO] [stdout]    6:     0x605e1f979b12 - std[70759c8f55707aa4]::panicking::panic_with_hook
[INFO] [stdout]    7:     0x605e1f95bf32 - std[70759c8f55707aa4]::panicking::panic_handler::{closure#0}
[INFO] [stdout]    8:     0x605e1f9544b9 - std[70759c8f55707aa4]::sys::backtrace::__rust_end_short_backtrace::<std[70759c8f55707aa4]::panicking::panic_handler::{closure#0}, !>
[INFO] [stdout]    9:     0x605e1f95ce2d - __rustc[8fa7c3cbc660c2b3]::rust_begin_unwind
[INFO] [stdout]   10:     0x605e1f99a41c - core[df12db4294e9bfd3]::panicking::panic_fmt
[INFO] [stdout]   11:     0x605e1f99a1f2 - core[df12db4294e9bfd3]::result::unwrap_failed
[INFO] [stdout]   12:     0x605e1f694b56 - stellar_sdk[fd513faf2cfa7d5a]::endpoints::transaction_call_builder::tests::limit_transaction_call_builder
[INFO] [stdout]   13:     0x605e1f67bb29 - <stellar_sdk[fd513faf2cfa7d5a]::endpoints::transaction_call_builder::tests::limit_transaction_call_builder::{closure#0} as core[df12db4294e9bfd3]::ops::function::FnOnce<()>>::call_once
[INFO] [stdout]   14:     0x605e1f6b43db - test[9d35eded1c95d3be]::__rust_begin_short_backtrace::<core[df12db4294e9bfd3]::result::Result<(), alloc[2182bb758b4b3781]::string::String>, fn() -> core[df12db4294e9bfd3]::result::Result<(), alloc[2182bb758b4b3781]::string::String>>
[INFO] [stdout]   15:     0x605e1f6c1a45 - test[9d35eded1c95d3be]::run_test::{closure#0}
[INFO] [stdout]   16:     0x605e1f6bb304 - std[70759c8f55707aa4]::sys::backtrace::__rust_begin_short_backtrace::<test[9d35eded1c95d3be]::run_test::{closure#1}, ()>
[INFO] [stdout]   17:     0x605e1f6c4ba2 - <std[70759c8f55707aa4]::thread::lifecycle::spawn_unchecked<test[9d35eded1c95d3be]::run_test::{closure#1}, ()>::{closure#1} as core[df12db4294e9bfd3]::ops::function::FnOnce<()>>::call_once::{shim:vtable#0}
[INFO] [stdout]   18:     0x605e1f980f09 - <std[70759c8f55707aa4]::sys::thread::unix::Thread>::new::thread_start
[INFO] [stdout]   19:     0x7bf633b1adfa - <unknown>
[INFO] [stdout]   20:     0x7bf633bae3d4 - clone
[INFO] [stdout]   21:                0x0 - <unknown>
[INFO] [stdout] 
[INFO] [stdout] ---- endpoints::server::tests::test_submit_transaction stdout ----
[INFO] [stdout] 
[INFO] [stdout] thread 'endpoints::server::tests::test_submit_transaction' (52109) panicked at src/endpoints/server.rs:430:14:
[INFO] [stdout] called `Result::unwrap()` on an `Err` value: https://horizon-testnet.stellar.org/accounts/GA5HVYJ3SFOKWCT5EOVCUHWR7752JI4UI2AKGMNOWE66KLHW6DHJGDX7: Dns Failed: resolve dns name 'horizon-testnet.stellar.org:443': failed to lookup address information: Temporary failure in name resolution
[INFO] [stdout] 
[INFO] [stdout] Caused by:
[INFO] [stdout]     failed to lookup address information: Temporary failure in name resolution
[INFO] [stdout] 
[INFO] [stdout] Stack backtrace:
[INFO] [stdout]    0: <anyhow::Error as core::convert::From<ureq::error::Error>>::from
[INFO] [stdout]    1: stellar_sdk::api_call::api_call::<stellar_sdk::types::account::Account>
[INFO] [stdout]    2: <stellar_sdk::endpoints::server::Server>::load_account
[INFO] [stdout]    3: <stellar_sdk::endpoints::server::tests::test_submit_transaction::{closure#0} as core::ops::function::FnOnce<()>>::call_once
[INFO] [stdout]    4: test::__rust_begin_short_backtrace::<core::result::Result<(), alloc::string::String>, fn() -> core::result::Result<(), alloc::string::String>>
[INFO] [stdout]    5: test::run_test::{closure#0}
[INFO] [stdout]    6: std::sys::backtrace::__rust_begin_short_backtrace::<test::run_test::{closure#1}, ()>
[INFO] [stdout]    7: <std::thread::lifecycle::spawn_unchecked<test::run_test::{closure#1}, ()>::{closure#1} as core::ops::function::FnOnce<()>>::call_once::{shim:vtable#0}
[INFO] [stdout]    8: <std::sys::thread::unix::Thread>::new::thread_start
[INFO] [stdout]    9: <unknown>
[INFO] [stdout]   10: clone
[INFO] [stdout] stack backtrace:
[INFO] [stdout]    0:     0x605e1f982461 - <<std[70759c8f55707aa4]::sys::backtrace::BacktraceLock>::print::DisplayBacktrace as core[df12db4294e9bfd3]::fmt::Display>::fmt
[INFO] [stdout]    1:     0x605e1f999c3a - core[df12db4294e9bfd3]::fmt::write
[INFO] [stdout]    2:     0x605e1f98753c - <alloc[2182bb758b4b3781]::vec::Vec<u8> as core[df12db4294e9bfd3]::io::write::Write>::write_fmt
[INFO] [stdout]    3:     0x605e1f95be86 - std[70759c8f55707aa4]::panicking::default_hook::{closure#0}
[INFO] [stdout]    4:     0x605e1f979959 - std[70759c8f55707aa4]::panicking::default_hook
[INFO] [stdout]    5:     0x605e1f6c10f0 - test[9d35eded1c95d3be]::test_main_inner::<test[9d35eded1c95d3be]::test_main_static::{closure#0}>::{closure#0}
[INFO] [stdout]    6:     0x605e1f979b12 - std[70759c8f55707aa4]::panicking::panic_with_hook
[INFO] [stdout]    7:     0x605e1f95bf32 - std[70759c8f55707aa4]::panicking::panic_handler::{closure#0}
[INFO] [stdout]    8:     0x605e1f9544b9 - std[70759c8f55707aa4]::sys::backtrace::__rust_end_short_backtrace::<std[70759c8f55707aa4]::panicking::panic_handler::{closure#0}, !>
[INFO] [stdout]    9:     0x605e1f95ce2d - __rustc[8fa7c3cbc660c2b3]::rust_begin_unwind
[INFO] [stdout]   10:     0x605e1f99a41c - core[df12db4294e9bfd3]::panicking::panic_fmt
[INFO] [stdout]   11:     0x605e1f99a1f2 - core[df12db4294e9bfd3]::result::unwrap_failed
[INFO] [stdout]   12:     0x605e1f67f576 - <stellar_sdk[fd513faf2cfa7d5a]::endpoints::server::tests::test_submit_transaction::{closure#0} as core[df12db4294e9bfd3]::ops::function::FnOnce<()>>::call_once
[INFO] [stdout]   13:     0x605e1f6b43db - test[9d35eded1c95d3be]::__rust_begin_short_backtrace::<core[df12db4294e9bfd3]::result::Result<(), alloc[2182bb758b4b3781]::string::String>, fn() -> core[df12db4294e9bfd3]::result::Result<(), alloc[2182bb758b4b3781]::string::String>>
[INFO] [stdout]   14:     0x605e1f6c1a45 - test[9d35eded1c95d3be]::run_test::{closure#0}
[INFO] [stdout]   15:     0x605e1f6bb304 - std[70759c8f55707aa4]::sys::backtrace::__rust_begin_short_backtrace::<test[9d35eded1c95d3be]::run_test::{closure#1}, ()>
[INFO] [stdout]   16:     0x605e1f6c4ba2 - <std[70759c8f55707aa4]::thread::lifecycle::spawn_unchecked<test[9d35eded1c95d3be]::run_test::{closure#1}, ()>::{closure#1} as core[df12db4294e9bfd3]::ops::function::FnOnce<()>>::call_once::{shim:vtable#0}
[INFO] [stdout]   17:     0x605e1f980f09 - <std[70759c8f55707aa4]::sys::thread::unix::Thread>::new::thread_start
[INFO] [stdout]   18:     0x7bf633b1adfa - <unknown>
[INFO] [stdout]   19:     0x7bf633bae3d4 - clone
[INFO] [stdout]   20:                0x0 - <unknown>
[INFO] [stdout] 
[INFO] [stdout] ---- endpoints::strict_receive_call_builder::tests::test_strict_receive stdout ----
[INFO] [stdout] 
[INFO] [stdout] thread 'endpoints::strict_receive_call_builder::tests::test_strict_receive' (52110) panicked at src/endpoints/strict_receive_call_builder.rs:118:10:
[INFO] [stdout] called `Result::unwrap()` on an `Err` value: https://horizon.stellar.org/paths/strict-receive?destination_amount=20&source_account=GBDEVU63Y6NTHJQQZIKVTC23NWLQVP3WJ2RI2OTSJTNYOIGICST6DUXR&destination_asset_type=native&limit=1: Dns Failed: resolve dns name 'horizon.stellar.org:443': failed to lookup address information: Temporary failure in name resolution
[INFO] [stdout] 
[INFO] [stdout] Caused by:
[INFO] [stdout]     failed to lookup address information: Temporary failure in name resolution
[INFO] [stdout] 
[INFO] [stdout] Stack backtrace:
[INFO] [stdout]    0: <anyhow::Error as core::convert::From<ureq::error::Error>>::from
[INFO] [stdout]    1: stellar_sdk::api_call::api_call::<stellar_sdk::endpoints::horizon::Record<stellar_sdk::types::strict_path::StrictPath>>
[INFO] [stdout]    2: <stellar_sdk::endpoints::strict_receive_call_builder::tests::test_strict_receive::{closure#0} as core::ops::function::FnOnce<()>>::call_once
[INFO] [stdout]    3: test::__rust_begin_short_backtrace::<core::result::Result<(), alloc::string::String>, fn() -> core::result::Result<(), alloc::string::String>>
[INFO] [stdout]    4: test::run_test::{closure#0}
[INFO] [stdout]    5: std::sys::backtrace::__rust_begin_short_backtrace::<test::run_test::{closure#1}, ()>
[INFO] [stdout]    6: <std::thread::lifecycle::spawn_unchecked<test::run_test::{closure#1}, ()>::{closure#1} as core::ops::function::FnOnce<()>>::call_once::{shim:vtable#0}
[INFO] [stdout]    7: <std::sys::thread::unix::Thread>::new::thread_start
[INFO] [stdout]    8: <unknown>
[INFO] [stdout]    9: clone
[INFO] [stdout] stack backtrace:
[INFO] [stdout]    0:     0x605e1f982461 - <<std[70759c8f55707aa4]::sys::backtrace::BacktraceLock>::print::DisplayBacktrace as core[df12db4294e9bfd3]::fmt::Display>::fmt
[INFO] [stdout]    1:     0x605e1f999c3a - core[df12db4294e9bfd3]::fmt::write
[INFO] [stdout]    2:     0x605e1f98753c - <alloc[2182bb758b4b3781]::vec::Vec<u8> as core[df12db4294e9bfd3]::io::write::Write>::write_fmt
[INFO] [stdout]    3:     0x605e1f95be86 - std[70759c8f55707aa4]::panicking::default_hook::{closure#0}
[INFO] [stdout]    4:     0x605e1f979959 - std[70759c8f55707aa4]::panicking::default_hook
[INFO] [stdout]    5:     0x605e1f6c10f0 - test[9d35eded1c95d3be]::test_main_inner::<test[9d35eded1c95d3be]::test_main_static::{closure#0}>::{closure#0}
[INFO] [stdout]    6:     0x605e1f979b12 - std[70759c8f55707aa4]::panicking::panic_with_hook
[INFO] [stdout]    7:     0x605e1f95bf32 - std[70759c8f55707aa4]::panicking::panic_handler::{closure#0}
[INFO] [stdout]    8:     0x605e1f9544b9 - std[70759c8f55707aa4]::sys::backtrace::__rust_end_short_backtrace::<std[70759c8f55707aa4]::panicking::panic_handler::{closure#0}, !>
[INFO] [stdout]    9:     0x605e1f95ce2d - __rustc[8fa7c3cbc660c2b3]::rust_begin_unwind
[INFO] [stdout]   10:     0x605e1f99a41c - core[df12db4294e9bfd3]::panicking::panic_fmt
[INFO] [stdout]   11:     0x605e1f99a1f2 - core[df12db4294e9bfd3]::result::unwrap_failed
[INFO] [stdout]   12:     0x605e1f67c158 - <stellar_sdk[fd513faf2cfa7d5a]::endpoints::strict_receive_call_builder::tests::test_strict_receive::{closure#0} as core[df12db4294e9bfd3]::ops::function::FnOnce<()>>::call_once
[INFO] [stdout]   13:     0x605e1f6b43db - test[9d35eded1c95d3be]::__rust_begin_short_backtrace::<core[df12db4294e9bfd3]::result::Result<(), alloc[2182bb758b4b3781]::string::String>, fn() -> core[df12db4294e9bfd3]::result::Result<(), alloc[2182bb758b4b3781]::string::String>>
[INFO] [stdout]   14:     0x605e1f6c1a45 - test[9d35eded1c95d3be]::run_test::{closure#0}
[INFO] [stdout]   15:     0x605e1f6bb304 - std[70759c8f55707aa4]::sys::backtrace::__rust_begin_short_backtrace::<test[9d35eded1c95d3be]::run_test::{closure#1}, ()>
[INFO] [stdout]   16:     0x605e1f6c4ba2 - <std[70759c8f55707aa4]::thread::lifecycle::spawn_unchecked<test[9d35eded1c95d3be]::run_test::{closure#1}, ()>::{closure#1} as core[df12db4294e9bfd3]::ops::function::FnOnce<()>>::call_once::{shim:vtable#0}
[INFO] [stdout]   17:     0x605e1f980f09 - <std[70759c8f55707aa4]::sys::thread::unix::Thread>::new::thread_start
[INFO] [stdout]   18:     0x7bf633b1adfa - <unknown>
[INFO] [stdout]   19:     0x7bf633bae3d4 - clone
[INFO] [stdout]   20:                0x0 - <unknown>
[INFO] [stdout] 
[INFO] [stdout] ---- endpoints::trade_aggregation_call_builder::tests::test_trade_aggregation stdout ----
[INFO] [stdout] 
[INFO] [stdout] thread 'endpoints::trade_aggregation_call_builder::tests::test_trade_aggregation' (52113) panicked at src/endpoints/trade_aggregation_call_builder.rs:97:46:
[INFO] [stdout] called `Result::unwrap()` on an `Err` value: https://horizon.stellar.org/trade_aggregations?resolution=60000&counter_asset_issuer=GBDEVU63Y6NTHJQQZIKVTC23NWLQVP3WJ2RI2OTSJTNYOIGICST6DUXR&counter_asset_code=BAT&counter_asset_type=credit_alphanum4&limit=1&base_asset_type=native: Dns Failed: resolve dns name 'horizon.stellar.org:443': failed to lookup address information: Temporary failure in name resolution
[INFO] [stdout] 
[INFO] [stdout] Caused by:
[INFO] [stdout]     failed to lookup address information: Temporary failure in name resolution
[INFO] [stdout] 
[INFO] [stdout] Stack backtrace:
[INFO] [stdout]    0: <anyhow::Error as core::convert::From<ureq::error::Error>>::from
[INFO] [stdout]    1: stellar_sdk::api_call::api_call::<stellar_sdk::endpoints::horizon::Record<stellar_sdk::types::trade_aggregation::TradeAggregation>>
[INFO] [stdout]    2: <stellar_sdk::endpoints::trade_aggregation_call_builder::tests::test_trade_aggregation::{closure#0} as core::ops::function::FnOnce<()>>::call_once
[INFO] [stdout]    3: test::__rust_begin_short_backtrace::<core::result::Result<(), alloc::string::String>, fn() -> core::result::Result<(), alloc::string::String>>
[INFO] [stdout]    4: test::run_test::{closure#0}
[INFO] [stdout]    5: std::sys::backtrace::__rust_begin_short_backtrace::<test::run_test::{closure#1}, ()>
[INFO] [stdout]    6: <std::thread::lifecycle::spawn_unchecked<test::run_test::{closure#1}, ()>::{closure#1} as core::ops::function::FnOnce<()>>::call_once::{shim:vtable#0}
[INFO] [stdout]    7: <std::sys::thread::unix::Thread>::new::thread_start
[INFO] [stdout]    8: <unknown>
[INFO] [stdout]    9: clone
[INFO] [stdout] stack backtrace:
[INFO] [stdout]    0:     0x605e1f982461 - <<std[70759c8f55707aa4]::sys::backtrace::BacktraceLock>::print::DisplayBacktrace as core[df12db4294e9bfd3]::fmt::Display>::fmt
[INFO] [stdout]    1:     0x605e1f999c3a - core[df12db4294e9bfd3]::fmt::write
[INFO] [stdout]    2:     0x605e1f98753c - <alloc[2182bb758b4b3781]::vec::Vec<u8> as core[df12db4294e9bfd3]::io::write::Write>::write_fmt
[INFO] [stdout]    3:     0x605e1f95be86 - std[70759c8f55707aa4]::panicking::default_hook::{closure#0}
[INFO] [stdout]    4:     0x605e1f979959 - std[70759c8f55707aa4]::panicking::default_hook
[INFO] [stdout]    5:     0x605e1f6c10f0 - test[9d35eded1c95d3be]::test_main_inner::<test[9d35eded1c95d3be]::test_main_static::{closure#0}>::{closure#0}
[INFO] [stdout]    6:     0x605e1f979b12 - std[70759c8f55707aa4]::panicking::panic_with_hook
[INFO] [stdout]    7:     0x605e1f95bf32 - std[70759c8f55707aa4]::panicking::panic_handler::{closure#0}
[INFO] [stdout]    8:     0x605e1f9544b9 - std[70759c8f55707aa4]::sys::backtrace::__rust_end_short_backtrace::<std[70759c8f55707aa4]::panicking::panic_handler::{closure#0}, !>
[INFO] [stdout]    9:     0x605e1f95ce2d - __rustc[8fa7c3cbc660c2b3]::rust_begin_unwind
[INFO] [stdout]   10:     0x605e1f99a41c - core[df12db4294e9bfd3]::panicking::panic_fmt
[INFO] [stdout]   11:     0x605e1f99a1f2 - core[df12db4294e9bfd3]::result::unwrap_failed
[INFO] [stdout]   12:     0x605e1f67c961 - <stellar_sdk[fd513faf2cfa7d5a]::endpoints::trade_aggregation_call_builder::tests::test_trade_aggregation::{closure#0} as core[df12db4294e9bfd3]::ops::function::FnOnce<()>>::call_once
[INFO] [stdout]   13:     0x605e1f6b43db - test[9d35eded1c95d3be]::__rust_begin_short_backtrace::<core[df12db4294e9bfd3]::result::Result<(), alloc[2182bb758b4b3781]::string::String>, fn() -> core[df12db4294e9bfd3]::result::Result<(), alloc[2182bb758b4b3781]::string::String>>
[INFO] [stdout]   14:     0x605e1f6c1a45 - test[9d35eded1c95d3be]::run_test::{closure#0}
[INFO] [stdout]   15:     0x605e1f6bb304 - std[70759c8f55707aa4]::sys::backtrace::__rust_begin_short_backtrace::<test[9d35eded1c95d3be]::run_test::{closure#1}, ()>
[INFO] [stdout]   16:     0x605e1f6c4ba2 - <std[70759c8f55707aa4]::thread::lifecycle::spawn_unchecked<test[9d35eded1c95d3be]::run_test::{closure#1}, ()>::{closure#1} as core[df12db4294e9bfd3]::ops::function::FnOnce<()>>::call_once::{shim:vtable#0}
[INFO] [stdout]   17:     0x605e1f980f09 - <std[70759c8f55707aa4]::sys::thread::unix::Thread>::new::thread_start
[INFO] [stdout]   18:     0x7bf633b1adfa - <unknown>
[INFO] [stdout]   19:     0x7bf633bae3d4 - clone
[INFO] [stdout]   20:                0x0 - <unknown>
[INFO] [stdout] 
[INFO] [stdout] ---- endpoints::toml_resolver::tests::test_toml_resolve stdout ----
[INFO] [stdout] 
[INFO] [stdout] thread 'endpoints::toml_resolver::tests::test_toml_resolve' (52112) panicked at src/endpoints/toml_resolver.rs:96:67:
[INFO] [stdout] called `Result::unwrap()` on an `Err` value: https://rabet.io/.well-known/stellar.toml: Dns Failed: resolve dns name 'rabet.io:443': failed to lookup address information: Temporary failure in name resolution
[INFO] [stdout] 
[INFO] [stdout] Caused by:
[INFO] [stdout]     failed to lookup address information: Temporary failure in name resolution
[INFO] [stdout] 
[INFO] [stdout] Stack backtrace:
[INFO] [stdout]    0: <anyhow::Error as core::convert::From<ureq::error::Error>>::from
[INFO] [stdout]    1: <stellar_sdk::endpoints::toml_resolver::StellarTomlResolver>::resolve
[INFO] [stdout]    2: stellar_sdk::endpoints::toml_resolver::tests::test_toml_resolve
[INFO] [stdout]    3: <stellar_sdk::endpoints::toml_resolver::tests::test_toml_resolve::{closure#0} as core::ops::function::FnOnce<()>>::call_once
[INFO] [stdout]    4: test::__rust_begin_short_backtrace::<core::result::Result<(), alloc::string::String>, fn() -> core::result::Result<(), alloc::string::String>>
[INFO] [stdout]    5: test::run_test::{closure#0}
[INFO] [stdout]    6: std::sys::backtrace::__rust_begin_short_backtrace::<test::run_test::{closure#1}, ()>
[INFO] [stdout]    7: <std::thread::lifecycle::spawn_unchecked<test::run_test::{closure#1}, ()>::{closure#1} as core::ops::function::FnOnce<()>>::call_once::{shim:vtable#0}
[INFO] [stdout]    8: <std::sys::thread::unix::Thread>::new::thread_start
[INFO] [stdout]    9: <unknown>
[INFO] [stdout]   10: clone
[INFO] [stdout] stack backtrace:
[INFO] [stdout]    0:     0x605e1f982461 - <<std[70759c8f55707aa4]::sys::backtrace::BacktraceLock>::print::DisplayBacktrace as core[df12db4294e9bfd3]::fmt::Display>::fmt
[INFO] [stdout]    1:     0x605e1f999c3a - core[df12db4294e9bfd3]::fmt::write
[INFO] [stdout]    2:     0x605e1f98753c - <alloc[2182bb758b4b3781]::vec::Vec<u8> as core[df12db4294e9bfd3]::io::write::Write>::write_fmt
[INFO] [stdout]    3:     0x605e1f95be86 - std[70759c8f55707aa4]::panicking::default_hook::{closure#0}
[INFO] [stdout]    4:     0x605e1f979959 - std[70759c8f55707aa4]::panicking::default_hook
[INFO] [stdout]    5:     0x605e1f6c10f0 - test[9d35eded1c95d3be]::test_main_inner::<test[9d35eded1c95d3be]::test_main_static::{closure#0}>::{closure#0}
[INFO] [stdout]    6:     0x605e1f979b12 - std[70759c8f55707aa4]::panicking::panic_with_hook
[INFO] [stdout]    7:     0x605e1f95bf32 - std[70759c8f55707aa4]::panicking::panic_handler::{closure#0}
[INFO] [stdout]    8:     0x605e1f9544b9 - std[70759c8f55707aa4]::sys::backtrace::__rust_end_short_backtrace::<std[70759c8f55707aa4]::panicking::panic_handler::{closure#0}, !>
[INFO] [stdout]    9:     0x605e1f95ce2d - __rustc[8fa7c3cbc660c2b3]::rust_begin_unwind
[INFO] [stdout]   10:     0x605e1f99a41c - core[df12db4294e9bfd3]::panicking::panic_fmt
[INFO] [stdout]   11:     0x605e1f99a1f2 - core[df12db4294e9bfd3]::result::unwrap_failed
[INFO] [stdout]   12:     0x605e1f685722 - stellar_sdk[fd513faf2cfa7d5a]::endpoints::toml_resolver::tests::test_toml_resolve
[INFO] [stdout]   13:     0x605e1f67a7a9 - <stellar_sdk[fd513faf2cfa7d5a]::endpoints::toml_resolver::tests::test_toml_resolve::{closure#0} as core[df12db4294e9bfd3]::ops::function::FnOnce<()>>::call_once
[INFO] [stdout]   14:     0x605e1f6b43db - test[9d35eded1c95d3be]::__rust_begin_short_backtrace::<core[df12db4294e9bfd3]::result::Result<(), alloc[2182bb758b4b3781]::string::String>, fn() -> core[df12db4294e9bfd3]::result::Result<(), alloc[2182bb758b4b3781]::string::String>>
[INFO] [stdout]   15:     0x605e1f6c1a45 - test[9d35eded1c95d3be]::run_test::{closure#0}
[INFO] [stdout]   16:     0x605e1f6bb304 - std[70759c8f55707aa4]::sys::backtrace::__rust_begin_short_backtrace::<test[9d35eded1c95d3be]::run_test::{closure#1}, ()>
[INFO] [stdout]   17:     0x605e1f6c4ba2 - <std[70759c8f55707aa4]::thread::lifecycle::spawn_unchecked<test[9d35eded1c95d3be]::run_test::{closure#1}, ()>::{closure#1} as core[df12db4294e9bfd3]::ops::function::FnOnce<()>>::call_once::{shim:vtable#0}
[INFO] [stdout]   18:     0x605e1f980f09 - <std[70759c8f55707aa4]::sys::thread::unix::Thread>::new::thread_start
[INFO] [stdout]   19:     0x7bf633b1adfa - <unknown>
[INFO] [stdout]   20:     0x7bf633bae3d4 - clone
[INFO] [stdout]   21:                0x0 - <unknown>
[INFO] [stdout] 
[INFO] [stdout] ---- tests::test_app stdout ----
[INFO] [stdout] 
[INFO] [stdout] thread 'tests::test_app' (52130) panicked at src/lib.rs:84:14:
[INFO] [stdout] called `Result::unwrap()` on an `Err` value: https://horizon.stellar.org/accounts/GAUZUPTHOMSZEV65VNSRMUDAAE4VBMSRYYAX3UOWYU3BQUZ6OK65NOWM: Dns Failed: resolve dns name 'horizon.stellar.org:443': failed to lookup address information: Temporary failure in name resolution
[INFO] [stdout] 
[INFO] [stdout] Caused by:
[INFO] [stdout]     failed to lookup address information: Temporary failure in name resolution
[INFO] [stdout] 
[INFO] [stdout] Stack backtrace:
[INFO] [stdout]    0: <anyhow::Error as core::convert::From<ureq::error::Error>>::from
[INFO] [stdout]    1: stellar_sdk::api_call::api_call::<stellar_sdk::types::account::Account>
[INFO] [stdout]    2: <stellar_sdk::endpoints::server::Server>::load_account
[INFO] [stdout]    3: stellar_sdk::tests::test_app
[INFO] [stdout]    4: <stellar_sdk::tests::test_app::{closure#0} as core::ops::function::FnOnce<()>>::call_once
[INFO] [stdout]    5: test::__rust_begin_short_backtrace::<core::result::Result<(), alloc::string::String>, fn() -> core::result::Result<(), alloc::string::String>>
[INFO] [stdout]    6: test::run_test::{closure#0}
[INFO] [stdout]    7: std::sys::backtrace::__rust_begin_short_backtrace::<test::run_test::{closure#1}, ()>
[INFO] [stdout]    8: <std::thread::lifecycle::spawn_unchecked<test::run_test::{closure#1}, ()>::{closure#1} as core::ops::function::FnOnce<()>>::call_once::{shim:vtable#0}
[INFO] [stdout]    9: <std::sys::thread::unix::Thread>::new::thread_start
[INFO] [stdout]   10: <unknown>
[INFO] [stdout]   11: clone
[INFO] [stdout] stack backtrace:
[INFO] [stdout]    0:     0x605e1f982461 - <<std[70759c8f55707aa4]::sys::backtrace::BacktraceLock>::print::DisplayBacktrace as core[df12db4294e9bfd3]::fmt::Display>::fmt
[INFO] [stdout]    1:     0x605e1f999c3a - core[df12db4294e9bfd3]::fmt::write
[INFO] [stdout]    2:     0x605e1f98753c - <alloc[2182bb758b4b3781]::vec::Vec<u8> as core[df12db4294e9bfd3]::io::write::Write>::write_fmt
[INFO] [stdout]    3:     0x605e1f95be86 - std[70759c8f55707aa4]::panicking::default_hook::{closure#0}
[INFO] [stdout]    4:     0x605e1f979959 - std[70759c8f55707aa4]::panicking::default_hook
[INFO] [stdout]    5:     0x605e1f6c10f0 - test[9d35eded1c95d3be]::test_main_inner::<test[9d35eded1c95d3be]::test_main_static::{closure#0}>::{closure#0}
[INFO] [stdout]    6:     0x605e1f979b12 - std[70759c8f55707aa4]::panicking::panic_with_hook
[INFO] [stdout]    7:     0x605e1f95bf32 - std[70759c8f55707aa4]::panicking::panic_handler::{closure#0}
[INFO] [stdout]    8:     0x605e1f9544b9 - std[70759c8f55707aa4]::sys::backtrace::__rust_end_short_backtrace::<std[70759c8f55707aa4]::panicking::panic_handler::{closure#0}, !>
[INFO] [stdout]    9:     0x605e1f95ce2d - __rustc[8fa7c3cbc660c2b3]::rust_begin_unwind
[INFO] [stdout]   10:     0x605e1f99a41c - core[df12db4294e9bfd3]::panicking::panic_fmt
[INFO] [stdout]   11:     0x605e1f99a1f2 - core[df12db4294e9bfd3]::result::unwrap_failed
[INFO] [stdout]   12:     0x605e1f68fcb6 - stellar_sdk[fd513faf2cfa7d5a]::tests::test_app
[INFO] [stdout]   13:     0x605e1f67a539 - <stellar_sdk[fd513faf2cfa7d5a]::tests::test_app::{closure#0} as core[df12db4294e9bfd3]::ops::function::FnOnce<()>>::call_once
[INFO] [stdout]   14:     0x605e1f6b43db - test[9d35eded1c95d3be]::__rust_begin_short_backtrace::<core[df12db4294e9bfd3]::result::Result<(), alloc[2182bb758b4b3781]::string::String>, fn() -> core[df12db4294e9bfd3]::result::Result<(), alloc[2182bb758b4b3781]::string::String>>
[INFO] [stdout]   15:     0x605e1f6c1a45 - test[9d35eded1c95d3be]::run_test::{closure#0}
[INFO] [stdout]   16:     0x605e1f6bb304 - std[70759c8f55707aa4]::sys::backtrace::__rust_begin_short_backtrace::<test[9d35eded1c95d3be]::run_test::{closure#1}, ()>
[INFO] [stdout]   17:     0x605e1f6c4ba2 - <std[70759c8f55707aa4]::thread::lifecycle::spawn_unchecked<test[9d35eded1c95d3be]::run_test::{closure#1}, ()>::{closure#1} as core[df12db4294e9bfd3]::ops::function::FnOnce<()>>::call_once::{shim:vtable#0}
[INFO] [stdout]   18:     0x605e1f980f09 - <std[70759c8f55707aa4]::sys::thread::unix::Thread>::new::thread_start
[INFO] [stdout]   19:     0x7bf633b1adfa - <unknown>
[INFO] [stdout]   20:     0x7bf633bae3d4 - clone
[INFO] [stdout]   21:                0x0 - <unknown>
[INFO] [stdout] 
[INFO] [stdout] 
[INFO] [stdout] failures:
[INFO] [stdout]     endpoints::account_call_builder::tests::limit_account_call_builder
[INFO] [stdout]     endpoints::asset_call_builder::tests::assets_horizon_test
[INFO] [stdout]     endpoints::claimable_balance_call_builder::tests::test_claimable_balance_for_asset
[INFO] [stdout]     endpoints::claimable_balance_call_builder::tests::test_claimable_balance_sponsor
[INFO] [stdout]     endpoints::effect_call_builder::tests::assets_horizon_test
[INFO] [stdout]     endpoints::ledger_call_builder::tests::ledger_horizon_test
[INFO] [stdout]     endpoints::liquidity_pool_call_builder::tests::test_limit_liquidity_pools
[INFO] [stdout]     endpoints::liquidity_pool_call_builder::tests::test_liquidity_pools_for_assets
[INFO] [stdout]     endpoints::offer_call_builder::tests::test_offer_call_builder
[INFO] [stdout]     endpoints::offer_call_builder::tests::test_offer_call_builder_selling_buying
[INFO] [stdout]     endpoints::operation_call_builder::tests::limit_operation_call_builder
[INFO] [stdout]     endpoints::order_book_call_builder::tests::test_order_book
[INFO] [stdout]     endpoints::payment_call_builder::tests::limit_payment_call_builder
[INFO] [stdout]     endpoints::server::tests::load_operation
[INFO] [stdout]     endpoints::server::tests::load_some_operations
[INFO] [stdout]     endpoints::server::tests::test_load_account
[INFO] [stdout]     endpoints::server::tests::test_load_base_fee
[INFO] [stdout]     endpoints::server::tests::test_load_fee_stats
[INFO] [stdout]     endpoints::server::tests::test_load_ledger
[INFO] [stdout]     endpoints::server::tests::test_load_trade
[INFO] [stdout]     endpoints::server::tests::test_load_transaction
[INFO] [stdout]     endpoints::server::tests::test_submit_transaction
[INFO] [stdout]     endpoints::strict_receive_call_builder::tests::test_strict_receive
[INFO] [stdout]     endpoints::strict_send_call_builder::tests::test_strict_send
[INFO] [stdout]     endpoints::toml_resolver::tests::test_toml_resolve
[INFO] [stdout]     endpoints::trade_aggregation_call_builder::tests::test_trade_aggregation
[INFO] [stdout]     endpoints::trade_call_builder::tests::limit_trade_call_builder
[INFO] [stdout]     endpoints::trade_call_builder::tests::test_for_type
[INFO] [stdout]     endpoints::trade_call_builder::tests::test_trade_call_builder_asset_pair
[INFO] [stdout]     endpoints::transaction_call_builder::tests::limit_transaction_call_builder
[INFO] [stdout]     tests::test_app
[INFO] [stdout] 
[INFO] [stdout] test result: FAILED. 20 passed; 31 failed; 0 ignored; 0 measured; 0 filtered out; finished in 0.02s
[INFO] [stdout] 
[INFO] running `Command { std: "docker" "inspect" "4d6e80124bb0951a12bea84c4215c55c101a12f6a85b4ecdeacebf29f5bfcec2", kill_on_drop: false }`
[INFO] running `Command { std: "docker" "rm" "-f" "4d6e80124bb0951a12bea84c4215c55c101a12f6a85b4ecdeacebf29f5bfcec2", kill_on_drop: false }`
[INFO] [stdout] 4d6e80124bb0951a12bea84c4215c55c101a12f6a85b4ecdeacebf29f5bfcec2
