[INFO] fetching crate stellar_cli_wallet_lumen 0.1.0...
[INFO] testing stellar_cli_wallet_lumen-0.1.0 against 1.99.0-beta.8+cargoflags=--release for beta-release-1.100-2
[INFO] extracting crate stellar_cli_wallet_lumen 0.1.0 into /workspace/builds/worker-0-tc1/source
[INFO] started tweaking crates.io crate stellar_cli_wallet_lumen 0.1.0
[INFO] finished tweaking crates.io crate stellar_cli_wallet_lumen 0.1.0
[INFO] tweaked toml for crates.io crate stellar_cli_wallet_lumen 0.1.0 written to /workspace/builds/worker-0-tc1/source/Cargo.toml
[INFO] validating manifest of crates.io crate stellar_cli_wallet_lumen 0.1.0 on toolchain 1.99.0-beta.8
[INFO] running `Command { std: CARGO_HOME="/workspace/cargo-home" RUSTUP_HOME="/workspace/rustup-home" "/workspace/cargo-home/bin/cargo" "+1.99.0-beta.8" "metadata" "--manifest-path" "Cargo.toml" "--no-deps", kill_on_drop: false }`
[INFO] crate crates.io crate stellar_cli_wallet_lumen 0.1.0 already has a lockfile, it will not be regenerated
[INFO] running `Command { std: CARGO_HOME="/workspace/cargo-home" RUSTUP_HOME="/workspace/rustup-home" "/workspace/cargo-home/bin/cargo" "+1.99.0-beta.8" "fetch" "--manifest-path" "Cargo.toml", kill_on_drop: false }`
[INFO] [stderr]  Downloading crates ...
[INFO] [stderr]   Downloaded bytes v1.10.0
[INFO] [stderr]   Downloaded wiremock v0.6.2
[INFO] [stderr]   Downloaded h2 v0.4.7
[INFO] [stderr]   Downloaded deadpool v0.10.0
[INFO] [stderr]   Downloaded sdd v3.0.7
[INFO] [stderr]   Downloaded native-tls v0.2.13
[INFO] [stderr]   Downloaded scc v2.3.3
[INFO] [stderr]   Downloaded openssl v0.10.70
[INFO] [stderr]   Downloaded openssl-sys v0.9.105
[INFO] [stderr]   Downloaded cc v1.2.13
[INFO] [stderr]   Downloaded semver v1.0.25
[INFO] [stderr]   Downloaded crc v2.1.0
[INFO] [stderr]   Downloaded crc-catalog v1.1.1
[INFO] [stderr]   Downloaded mockito v0.32.5
[INFO] running `Command { std: "docker" "create" "-v" "/var/lib/crater-agent-workspace/builds/worker-0-tc1/source:/opt/rustwide/workdir:ro,Z" "-v" "/var/lib/crater-agent-workspace/builds/worker-0-tc1/target:/opt/rustwide/target:rw,Z" "-v" "/var/lib/crater-agent-workspace/cargo-home:/opt/rustwide/cargo-home:ro,Z" "-v" "/var/lib/crater-agent-workspace/rustup-home:/opt/rustwide/rustup-home:ro,Z" "-m" "1610612736" "--network" "none" "ghcr.io/rust-lang/crates-build-env/linux@sha256:77db811e55d90add9212f6832c23229e3de5f1c1f9905e8cb07319ea15df73ac" "sleep" "infinity", kill_on_drop: false }`
[INFO] [stdout] 951e0d0e75207c31bdde710698a15ee8551241f8dfbcdc4b4966288a69aaac5d
[INFO] running `Command { std: "docker" "start" "951e0d0e75207c31bdde710698a15ee8551241f8dfbcdc4b4966288a69aaac5d", kill_on_drop: false }`
[INFO] running `Command { std: "docker" "inspect" "951e0d0e75207c31bdde710698a15ee8551241f8dfbcdc4b4966288a69aaac5d", kill_on_drop: false }`
[INFO] running `Command { std: "docker" "exec" "-e" "SOURCE_DIR=/opt/rustwide/workdir" "-e" "CARGO_HOME=/opt/rustwide/cargo-home" "-e" "RUSTUP_HOME=/opt/rustwide/rustup-home" "-e" "CARGO_TARGET_DIR=/opt/rustwide/target" "-w" "/opt/rustwide/workdir" "--user" "0:0" "951e0d0e75207c31bdde710698a15ee8551241f8dfbcdc4b4966288a69aaac5d" "/opt/rustwide/cargo-home/bin/cargo" "+1.99.0-beta.8" "metadata" "--no-deps" "--format-version=1", kill_on_drop: false }`
[INFO] running `Command { std: "docker" "inspect" "951e0d0e75207c31bdde710698a15ee8551241f8dfbcdc4b4966288a69aaac5d", kill_on_drop: false }`
[INFO] running `Command { std: "docker" "exec" "-e" "SOURCE_DIR=/opt/rustwide/workdir" "-e" "CARGO_HOME=/opt/rustwide/cargo-home" "-e" "RUSTUP_HOME=/opt/rustwide/rustup-home" "-e" "CARGO_TARGET_DIR=/opt/rustwide/target" "-e" "CARGO_INCREMENTAL=0" "-e" "RUST_BACKTRACE=full" "-e" "RUSTFLAGS=--cap-lints=warn" "-e" "RUSTDOCFLAGS=--cap-lints=warn" "-w" "/opt/rustwide/workdir" "--user" "0:0" "951e0d0e75207c31bdde710698a15ee8551241f8dfbcdc4b4966288a69aaac5d" "/opt/rustwide/cargo-home/bin/cargo" "+1.99.0-beta.8" "build" "--frozen" "--message-format=json" "--release", kill_on_drop: false }`
[INFO] [stderr]    Compiling proc-macro2 v1.0.93
[INFO] [stderr]    Compiling unicode-ident v1.0.16
[INFO] [stderr]    Compiling libc v0.2.169
[INFO] [stderr]    Compiling autocfg v1.4.0
[INFO] [stderr]    Compiling smallvec v1.13.2
[INFO] [stderr]    Compiling stable_deref_trait v1.2.0
[INFO] [stderr]    Compiling typenum v1.17.0
[INFO] [stderr]    Compiling pkg-config v0.3.31
[INFO] [stderr]    Compiling parking_lot_core v0.9.10
[INFO] [stderr]    Compiling vcpkg v0.2.15
[INFO] [stderr]    Compiling once_cell v1.20.3
[INFO] [stderr]    Compiling writeable v0.5.5
[INFO] [stderr]    Compiling cc v1.2.13
[INFO] [stderr]    Compiling bytes v1.10.0
[INFO] [stderr]    Compiling litemap v0.7.4
[INFO] [stderr]    Compiling itoa v1.0.14
[INFO] [stderr]    Compiling semver v1.0.25
[INFO] [stderr]    Compiling icu_locid_transform_data v1.5.0
[INFO] [stderr]    Compiling serde v1.0.217
[INFO] [stderr]    Compiling openssl v0.10.70
[INFO] [stderr]    Compiling icu_properties_data v1.5.0
[INFO] [stderr]    Compiling tracing-core v0.1.33
[INFO] [stderr]    Compiling futures-task v0.3.31
[INFO] [stderr]    Compiling write16 v1.0.0
[INFO] [stderr]    Compiling native-tls v0.2.13
[INFO] [stderr]    Compiling httparse v1.10.0
[INFO] [stderr]    Compiling utf16_iter v1.0.5
[INFO] [stderr]    Compiling bitflags v2.8.0
[INFO] [stderr]    Compiling hashbrown v0.15.2
[INFO] [stderr]    Compiling equivalent v1.0.1
[INFO] [stderr]    Compiling icu_normalizer_data v1.5.0
[INFO] [stderr]    Compiling lock_api v0.4.12
[INFO] [stderr]    Compiling slab v0.4.9
[INFO] [stderr]    Compiling tracing v0.1.41
[INFO] [stderr]    Compiling futures-util v0.3.31
[INFO] [stderr]    Compiling rustc_version v0.4.1
[INFO] [stderr]    Compiling ryu v1.0.19
[INFO] [stderr]    Compiling percent-encoding v2.3.1
[INFO] [stderr]    Compiling quote v1.0.38
[INFO] [stderr]    Compiling serde_json v1.0.138
[INFO] [stderr]    Compiling log v0.4.25
[INFO] [stderr]    Compiling syn v2.0.98
[INFO] [stderr]    Compiling openssl-probe v0.1.6
[INFO] [stderr]    Compiling form_urlencoded v1.2.1
[INFO] [stderr]    Compiling futures-channel v0.3.31
[INFO] [stderr]    Compiling generic-array v0.14.7
[INFO] [stderr]    Compiling curve25519-dalek v4.1.3
[INFO] [stderr]    Compiling http v0.2.12
[INFO] [stderr]    Compiling socket2 v0.5.8
[INFO] [stderr]    Compiling mio v1.0.3
[INFO] [stderr]    Compiling signal-hook-registry v1.4.2
[INFO] [stderr]    Compiling getrandom v0.2.15
[INFO] [stderr]    Compiling memchr v2.7.4
[INFO] [stderr]    Compiling parking_lot v0.12.3
[INFO] [stderr]    Compiling rand_core v0.6.4
[INFO] [stderr]    Compiling zeroize v1.8.1
[INFO] [stderr]    Compiling indexmap v2.7.1
[INFO] [stderr]    Compiling signature v2.2.0
[INFO] [stderr]    Compiling rustls-pemfile v1.0.4
[INFO] [stderr]    Compiling encoding_rs v0.8.35
[INFO] [stderr]    Compiling openssl-sys v0.9.105
[INFO] [stderr]    Compiling ed25519 v2.2.3
[INFO] [stderr]    Compiling sync_wrapper v0.1.2
[INFO] [stderr]    Compiling block-buffer v0.10.4
[INFO] [stderr]    Compiling crypto-common v0.1.6
[INFO] [stderr]    Compiling cipher v0.3.0
[INFO] [stderr]    Compiling digest v0.10.7
[INFO] [stderr]    Compiling ipnet v2.11.0
[INFO] [stderr]    Compiling crc-catalog v1.1.1
[INFO] [stderr]    Compiling crc v2.1.0
[INFO] [stderr]    Compiling base32 v0.4.0
[INFO] [stderr]    Compiling aes v0.7.5
[INFO] [stderr]    Compiling block-modes v0.8.1
[INFO] [stderr]    Compiling sha2 v0.10.8
[INFO] [stderr]    Compiling http-body v0.4.6
[INFO] [stderr]    Compiling synstructure v0.13.1
[INFO] [stderr]    Compiling zerofrom-derive v0.1.5
[INFO] [stderr]    Compiling yoke-derive v0.7.5
[INFO] [stderr]    Compiling zerovec-derive v0.10.3
[INFO] [stderr]    Compiling displaydoc v0.2.5
[INFO] [stderr]    Compiling icu_provider_macros v1.5.0
[INFO] [stderr]    Compiling tokio-macros v2.5.0
[INFO] [stderr]    Compiling serde_derive v1.0.217
[INFO] [stderr]    Compiling openssl-macros v0.1.1
[INFO] [stderr]    Compiling zerocopy-derive v0.7.35
[INFO] [stderr]    Compiling curve25519-dalek-derive v0.1.1
[INFO] [stderr]    Compiling tokio v1.43.0
[INFO] [stderr]    Compiling zerocopy v0.7.35
[INFO] [stderr]    Compiling zerofrom v0.1.5
[INFO] [stderr]    Compiling yoke v0.7.5
[INFO] [stderr]    Compiling zerovec v0.10.4
[INFO] [stderr]    Compiling ppv-lite86 v0.2.20
[INFO] [stderr]    Compiling ed25519-dalek v2.1.1
[INFO] [stderr]    Compiling rand_chacha v0.3.1
[INFO] [stderr]    Compiling tinystr v0.7.6
[INFO] [stderr]    Compiling icu_collections v1.5.0
[INFO] [stderr]    Compiling rand v0.8.5
[INFO] [stderr]    Compiling icu_locid v1.5.0
[INFO] [stderr]    Compiling icu_provider v1.5.0
[INFO] [stderr]    Compiling icu_locid_transform v1.5.0
[INFO] [stderr]    Compiling icu_properties v1.5.1
[INFO] [stderr]    Compiling serde_urlencoded v0.7.1
[INFO] [stderr]    Compiling icu_normalizer v1.5.0
[INFO] [stderr]    Compiling rpassword v6.0.1
[INFO] [stderr]    Compiling idna_adapter v1.2.0
[INFO] [stderr]    Compiling idna v1.0.3
[INFO] [stderr]    Compiling url v2.5.4
[INFO] [stderr]    Compiling tokio-util v0.7.13
[INFO] [stderr]    Compiling tokio-native-tls v0.3.1
[INFO] [stderr]    Compiling h2 v0.3.26
[INFO] [stderr]    Compiling hyper v0.14.32
[INFO] [stderr]    Compiling hyper-tls v0.5.0
[INFO] [stderr]    Compiling reqwest v0.11.27
[INFO] [stderr]    Compiling stellar_cli_wallet_lumen v0.1.0 (/opt/rustwide/workdir)
[INFO] [stdout] warning: struct `Identity` is never constructed
[INFO] [stdout]   --> src/keystore.rs:35:12
[INFO] [stdout]    |
[INFO] [stdout] 35 | pub struct Identity {
[INFO] [stdout]    |            ^^^^^^^^
[INFO] [stdout]    |
[INFO] [stdout]    = note: `#[warn(dead_code)]` (part of `#[warn(unused)]`) on by default
[INFO] [stdout] 
[INFO] [stdout] 
[INFO] [stdout] warning: associated items `key_count`, `get_keys`, and `decode_stellar_key` are never used
[INFO] [stdout]    --> src/keystore.rs:120:12
[INFO] [stdout]     |
[INFO] [stdout] 112 | impl Keystore {
[INFO] [stdout]     | ------------- associated items in this implementation
[INFO] [stdout] ...
[INFO] [stdout] 120 |     pub fn key_count(&self) -> usize {
[INFO] [stdout]     |            ^^^^^^^^^
[INFO] [stdout] ...
[INFO] [stdout] 125 |     pub fn get_keys(&self) -> &HashMap<String, String> {
[INFO] [stdout]     |            ^^^^^^^^
[INFO] [stdout] ...
[INFO] [stdout] 189 |     pub fn decode_stellar_key(key: &str) -> Result<Vec<u8>, String> {
[INFO] [stdout]     |            ^^^^^^^^^^^^^^^^^^
[INFO] [stdout] 
[INFO] [stdout] 
[INFO] [stderr]     Finished `release` profile [optimized] target(s) in 1m 11s
[INFO] running `Command { std: "docker" "inspect" "951e0d0e75207c31bdde710698a15ee8551241f8dfbcdc4b4966288a69aaac5d", kill_on_drop: false }`
[INFO] running `Command { std: "docker" "exec" "-e" "SOURCE_DIR=/opt/rustwide/workdir" "-e" "CARGO_HOME=/opt/rustwide/cargo-home" "-e" "RUSTUP_HOME=/opt/rustwide/rustup-home" "-e" "CARGO_TARGET_DIR=/opt/rustwide/target" "-e" "CARGO_INCREMENTAL=0" "-e" "RUST_BACKTRACE=full" "-e" "RUSTFLAGS=--cap-lints=warn" "-e" "RUSTDOCFLAGS=--cap-lints=warn" "-w" "/opt/rustwide/workdir" "--user" "0:0" "951e0d0e75207c31bdde710698a15ee8551241f8dfbcdc4b4966288a69aaac5d" "/opt/rustwide/cargo-home/bin/cargo" "+1.99.0-beta.8" "test" "--frozen" "--no-run" "--message-format=json" "--release", kill_on_drop: false }`
[INFO] [stderr]    Compiling syn v2.0.98
[INFO] [stderr]    Compiling smallvec v1.13.2
[INFO] [stderr]    Compiling memchr v2.7.4
[INFO] [stderr]    Compiling futures-channel v0.3.31
[INFO] [stderr]    Compiling futures-io v0.3.31
[INFO] [stderr]    Compiling futures-task v0.3.31
[INFO] [stderr]    Compiling http v1.2.0
[INFO] [stderr]    Compiling regex-syntax v0.8.5
[INFO] [stderr]    Compiling num_cpus v1.16.0
[INFO] [stderr]    Compiling sdd v3.0.7
[INFO] [stderr]    Compiling deadpool-runtime v0.1.4
[INFO] [stderr]    Compiling scc v2.3.3
[INFO] [stderr]    Compiling parking_lot_core v0.9.10
[INFO] [stderr]    Compiling parking_lot v0.12.3
[INFO] [stderr]    Compiling aho-corasick v1.1.3
[INFO] [stderr]    Compiling http-body v1.0.1
[INFO] [stderr]    Compiling regex-automata v0.4.9
[INFO] [stderr]    Compiling synstructure v0.13.1
[INFO] [stderr]    Compiling futures-macro v0.3.31
[INFO] [stderr]    Compiling zerovec-derive v0.10.3
[INFO] [stderr]    Compiling tokio-macros v2.5.0
[INFO] [stderr]    Compiling displaydoc v0.2.5
[INFO] [stderr]    Compiling icu_provider_macros v1.5.0
[INFO] [stderr]    Compiling serde_derive v1.0.217
[INFO] [stderr]    Compiling openssl-macros v0.1.1
[INFO] [stderr]    Compiling zerocopy-derive v0.7.35
[INFO] [stderr]    Compiling curve25519-dalek-derive v0.1.1
[INFO] [stderr]    Compiling async-trait v0.1.86
[INFO] [stderr]    Compiling serial_test_derive v3.2.0
[INFO] [stderr]    Compiling openssl v0.10.70
[INFO] [stderr]    Compiling curve25519-dalek v4.1.3
[INFO] [stderr]    Compiling zerofrom-derive v0.1.5
[INFO] [stderr]    Compiling yoke-derive v0.7.5
[INFO] [stderr]    Compiling tokio v1.43.0
[INFO] [stderr]    Compiling zerofrom v0.1.5
[INFO] [stderr]    Compiling futures-util v0.3.31
[INFO] [stderr]    Compiling zerocopy v0.7.35
[INFO] [stderr]    Compiling yoke v0.7.5
[INFO] [stderr]    Compiling zerovec v0.10.4
[INFO] [stderr]    Compiling regex v1.11.1
[INFO] [stderr]    Compiling ed25519-dalek v2.1.1
[INFO] [stderr]    Compiling ppv-lite86 v0.2.20
[INFO] [stderr]    Compiling rand_chacha v0.3.1
[INFO] [stderr]    Compiling rand v0.8.5
[INFO] [stderr]    Compiling tinystr v0.7.6
[INFO] [stderr]    Compiling icu_locid v1.5.0
[INFO] [stderr]    Compiling serde v1.0.217
[INFO] [stderr]    Compiling icu_collections v1.5.0
[INFO] [stderr]    Compiling icu_provider v1.5.0
[INFO] [stderr]    Compiling icu_locid_transform v1.5.0
[INFO] [stderr]    Compiling native-tls v0.2.13
[INFO] [stderr]    Compiling futures-executor v0.3.31
[INFO] [stderr]    Compiling http-body-util v0.1.2
[INFO] [stderr]    Compiling futures v0.3.31
[INFO] [stderr]    Compiling serial_test v3.2.0
[INFO] [stderr]    Compiling icu_properties v1.5.1
[INFO] [stderr]    Compiling tokio-util v0.7.13
[INFO] [stderr]    Compiling tokio-native-tls v0.3.1
[INFO] [stderr]    Compiling deadpool v0.10.0
[INFO] [stderr]    Compiling serde_json v1.0.138
[INFO] [stderr]    Compiling serde_urlencoded v0.7.1
[INFO] [stderr]    Compiling h2 v0.3.26
[INFO] [stderr]    Compiling h2 v0.4.7
[INFO] [stderr]    Compiling icu_normalizer v1.5.0
[INFO] [stderr]    Compiling idna_adapter v1.2.0
[INFO] [stderr]    Compiling idna v1.0.3
[INFO] [stderr]    Compiling assert-json-diff v2.0.2
[INFO] [stderr]    Compiling rpassword v6.0.1
[INFO] [stderr]    Compiling url v2.5.4
[INFO] [stderr]    Compiling hyper v1.6.0
[INFO] [stderr]    Compiling hyper v0.14.32
[INFO] [stderr]    Compiling hyper-util v0.1.10
[INFO] [stderr]    Compiling wiremock v0.6.2
[INFO] [stderr]    Compiling hyper-tls v0.5.0
[INFO] [stderr]    Compiling mockito v0.32.5
[INFO] [stderr]    Compiling reqwest v0.11.27
[INFO] [stderr]    Compiling stellar_cli_wallet_lumen v0.1.0 (/opt/rustwide/workdir)
[INFO] [stdout] warning: struct `Identity` is never constructed
[INFO] [stdout]   --> src/keystore.rs:35:12
[INFO] [stdout]    |
[INFO] [stdout] 35 | pub struct Identity {
[INFO] [stdout]    |            ^^^^^^^^
[INFO] [stdout]    |
[INFO] [stdout]    = note: `#[warn(dead_code)]` (part of `#[warn(unused)]`) on by default
[INFO] [stdout] 
[INFO] [stdout] 
[INFO] [stderr]     Finished `release` profile [optimized] target(s) in 1m 42s
[INFO] running `Command { std: "docker" "inspect" "951e0d0e75207c31bdde710698a15ee8551241f8dfbcdc4b4966288a69aaac5d", kill_on_drop: false }`
[INFO] running `Command { std: "docker" "exec" "-e" "SOURCE_DIR=/opt/rustwide/workdir" "-e" "CARGO_HOME=/opt/rustwide/cargo-home" "-e" "RUSTUP_HOME=/opt/rustwide/rustup-home" "-e" "CARGO_TARGET_DIR=/opt/rustwide/target" "-e" "CARGO_INCREMENTAL=0" "-e" "RUST_BACKTRACE=full" "-e" "RUSTFLAGS=--cap-lints=warn" "-e" "RUSTDOCFLAGS=--cap-lints=warn" "-w" "/opt/rustwide/workdir" "--user" "0:0" "951e0d0e75207c31bdde710698a15ee8551241f8dfbcdc4b4966288a69aaac5d" "/opt/rustwide/cargo-home/bin/cargo" "+1.99.0-beta.8" "test" "--frozen" "--release", kill_on_drop: false }`
[INFO] [stderr] warning: struct `Identity` is never constructed
[INFO] [stderr]   --> src/keystore.rs:35:12
[INFO] [stderr]    |
[INFO] [stderr] 35 | pub struct Identity {
[INFO] [stderr]    |            ^^^^^^^^
[INFO] [stderr]    |
[INFO] [stderr]    = note: `#[warn(dead_code)]` (part of `#[warn(unused)]`) on by default
[INFO] [stderr] 
[INFO] [stderr] warning: `stellar_cli_wallet_lumen` (bin "stellar_cli_wallet_lumen" test) generated 1 warning
[INFO] [stderr]     Finished `release` profile [optimized] target(s) in 0.24s
[INFO] [stderr]      Running unittests src/main.rs (/opt/rustwide/target/release/deps/stellar_cli_wallet_lumen-30b85562498a3918)
[INFO] [stdout] 
[INFO] [stdout] running 21 tests
[INFO] [stdout] test keystore::tests::test_checksum_verification ... ok
[INFO] [stdout] test keystore::tests::test_decode_stellar_key_valid_key ... ok
[INFO] [stdout] test keystore::tests::test_decode_stellar_key_decoded_data_too_short ... ok
[INFO] [stdout] test keystore::tests::test_encode_decode_stellar_key ... ok
[INFO] [stdout] test keystore::tests::test_encrypt_decrypt_keystore ... ok
[INFO] [stdout] test keystore::tests::test_generate_keypair ... ok
[INFO] [stdout] test keystore::tests::test_decode_stellar_key_checksum_failure ... ok
[INFO] [stdout] test utils::tests::test_api_key_handling ... ok
[INFO] [stdout] test wallet::tests::test_new_wallet ... ok
[INFO] [stdout] test wallet::tests::test_invalid_password_load_keystore ... FAILED
[INFO] [stdout] test wallet::tests::test_generate_keypair ... ok
[INFO] [stdout] test wallet::tests::test_save_and_load_keystore ... FAILED
[INFO] [stdout] test stellar_rpc::tests::test_send_transaction_success ... ok
[INFO] [stdout] test utils::tests::test_successful_funding ... FAILED
[INFO] [stdout] test utils::tests::test_rpc_failure ... FAILED
[INFO] [stdout] test wallet::tests::test_fetch_balance ... ok
[INFO] [stdout] test utils::tests::test_friendbot_failure ... ok
[INFO] [stdout] test wallet::tests::test_send_xlm ... ok
[INFO] [stdout] test stellar_rpc::tests::test_fetch_account_balance_success ... ok
[INFO] [stdout] test stellar_rpc::tests::test_fetch_account_balance_failure ... ok
[INFO] [stdout] test stellar_rpc::tests::test_send_transaction_failure ... ok
[INFO] [stdout] 
[INFO] [stdout] failures:
[INFO] [stdout] 
[INFO] [stdout] ---- wallet::tests::test_invalid_password_load_keystore stdout ----
[INFO] [stdout] New Keypair Generated:
[INFO] [stdout] Public Key: GDWBKOPMQVB4GF3ENPI32RSV6F5SYMB7R2YVETZSJR36NMEFLAOKDOD3
[INFO] [stdout] Secret Key: SBQDWIL54FFDGKY63LI5WUHZRGFXSW7KEAZYRVOMC6IJQG7P6Q76KGMB
[INFO] [stdout] 
[INFO] [stdout] thread 'wallet::tests::test_invalid_password_load_keystore' (3719) panicked at src/wallet.rs:54:46:
[INFO] [stdout] called `Result::unwrap()` on an `Err` value: Os { code: 30, kind: ReadOnlyFilesystem, message: "Read-only file system" }
[INFO] [stdout] stack backtrace:
[INFO] [stdout]    0:     0x64a06ea996d1 - <<std[70759c8f55707aa4]::sys::backtrace::BacktraceLock>::print::DisplayBacktrace as core[df12db4294e9bfd3]::fmt::Display>::fmt
[INFO] [stdout]    1:     0x64a06eab028a - core[df12db4294e9bfd3]::fmt::write
[INFO] [stdout]    2:     0x64a06ea9e55c - <alloc[2182bb758b4b3781]::vec::Vec<u8> as core[df12db4294e9bfd3]::io::write::Write>::write_fmt
[INFO] [stdout]    3:     0x64a06ea73666 - std[70759c8f55707aa4]::panicking::default_hook::{closure#0}
[INFO] [stdout]    4:     0x64a06ea90cd9 - std[70759c8f55707aa4]::panicking::default_hook
[INFO] [stdout]    5:     0x64a06e7fb7c0 - test[9d35eded1c95d3be]::test_main_inner::<test[9d35eded1c95d3be]::test_main_static::{closure#0}>::{closure#0}
[INFO] [stdout]    6:     0x64a06ea91002 - std[70759c8f55707aa4]::panicking::panic_with_hook
[INFO] [stdout]    7:     0x64a06ea73712 - std[70759c8f55707aa4]::panicking::panic_handler::{closure#0}
[INFO] [stdout]    8:     0x64a06ea6bfe9 - std[70759c8f55707aa4]::sys::backtrace::__rust_end_short_backtrace::<std[70759c8f55707aa4]::panicking::panic_handler::{closure#0}, !>
[INFO] [stdout]    9:     0x64a06ea7471d - __rustc[8fa7c3cbc660c2b3]::rust_begin_unwind
[INFO] [stdout]   10:     0x64a06eab09ec - core[df12db4294e9bfd3]::panicking::panic_fmt
[INFO] [stdout]   11:     0x64a06eab07c2 - core[df12db4294e9bfd3]::result::unwrap_failed
[INFO] [stdout]   12:     0x64a06e7ed47d - <stellar_cli_wallet_lumen[7a0cfef2212ce7ab]::wallet::Wallet>::save_keystore
[INFO] [stdout]   13:     0x64a06e7e1d73 - stellar_cli_wallet_lumen[7a0cfef2212ce7ab]::wallet::tests::test_invalid_password_load_keystore
[INFO] [stdout]   14:     0x64a06e7e81a9 - <stellar_cli_wallet_lumen[7a0cfef2212ce7ab]::wallet::tests::test_invalid_password_load_keystore::{closure#0} as core[df12db4294e9bfd3]::ops::function::FnOnce<()>>::call_once
[INFO] [stdout]   15:     0x64a06e7eeaab - test[9d35eded1c95d3be]::__rust_begin_short_backtrace::<core[df12db4294e9bfd3]::result::Result<(), alloc[2182bb758b4b3781]::string::String>, fn() -> core[df12db4294e9bfd3]::result::Result<(), alloc[2182bb758b4b3781]::string::String>>
[INFO] [stdout]   16:     0x64a06e7fc115 - test[9d35eded1c95d3be]::run_test::{closure#0}
[INFO] [stdout]   17:     0x64a06e7f59d4 - std[70759c8f55707aa4]::sys::backtrace::__rust_begin_short_backtrace::<test[9d35eded1c95d3be]::run_test::{closure#1}, ()>
[INFO] [stdout]   18:     0x64a06e7ff272 - <std[70759c8f55707aa4]::thread::lifecycle::spawn_unchecked<test[9d35eded1c95d3be]::run_test::{closure#1}, ()>::{closure#1} as core[df12db4294e9bfd3]::ops::function::FnOnce<()>>::call_once::{shim:vtable#0}
[INFO] [stdout]   19:     0x64a06ea98449 - <std[70759c8f55707aa4]::sys::thread::unix::Thread>::new::thread_start
[INFO] [stdout]   20:     0x774e6e5badfa - <unknown>
[INFO] [stdout]   21:     0x774e6e64e3d4 - clone
[INFO] [stdout]   22:                0x0 - <unknown>
[INFO] [stdout] 
[INFO] [stdout] ---- wallet::tests::test_save_and_load_keystore stdout ----
[INFO] [stdout] New Keypair Generated:
[INFO] [stdout] Public Key: GDGNIJVAU2U3E44X5AK7ZCGM5BV4JAS2DCUGK5DGXAVRVI56XTHR74BV
[INFO] [stdout] Secret Key: SDG6Q3XOBJEOS4PNSBIKGW2LWSIYCD2E2WH25JWJ5ATEUXTUF2KQOVWG
[INFO] [stdout] 
[INFO] [stdout] thread 'wallet::tests::test_save_and_load_keystore' (3721) panicked at src/wallet.rs:54:46:
[INFO] [stdout] called `Result::unwrap()` on an `Err` value: Os { code: 30, kind: ReadOnlyFilesystem, message: "Read-only file system" }
[INFO] [stdout] stack backtrace:
[INFO] [stdout]    0:     0x64a06ea996d1 - <<std[70759c8f55707aa4]::sys::backtrace::BacktraceLock>::print::DisplayBacktrace as core[df12db4294e9bfd3]::fmt::Display>::fmt
[INFO] [stdout]    1:     0x64a06eab028a - core[df12db4294e9bfd3]::fmt::write
[INFO] [stdout]    2:     0x64a06ea9e55c - <alloc[2182bb758b4b3781]::vec::Vec<u8> as core[df12db4294e9bfd3]::io::write::Write>::write_fmt
[INFO] [stdout]    3:     0x64a06ea73666 - std[70759c8f55707aa4]::panicking::default_hook::{closure#0}
[INFO] [stdout]    4:     0x64a06ea90cd9 - std[70759c8f55707aa4]::panicking::default_hook
[INFO] [stdout]    5:     0x64a06e7fb7c0 - test[9d35eded1c95d3be]::test_main_inner::<test[9d35eded1c95d3be]::test_main_static::{closure#0}>::{closure#0}
[INFO] [stdout]    6:     0x64a06ea91002 - std[70759c8f55707aa4]::panicking::panic_with_hook
[INFO] [stdout]    7:     0x64a06ea73712 - std[70759c8f55707aa4]::panicking::panic_handler::{closure#0}
[INFO] [stdout]    8:     0x64a06ea6bfe9 - std[70759c8f55707aa4]::sys::backtrace::__rust_end_short_backtrace::<std[70759c8f55707aa4]::panicking::panic_handler::{closure#0}, !>
[INFO] [stdout]    9:     0x64a06ea7471d - __rustc[8fa7c3cbc660c2b3]::rust_begin_unwind
[INFO] [stdout]   10:     0x64a06eab09ec - core[df12db4294e9bfd3]::panicking::panic_fmt
[INFO] [stdout]   11:     0x64a06eab07c2 - core[df12db4294e9bfd3]::result::unwrap_failed
[INFO] [stdout]   12:     0x64a06e7ed47d - <stellar_cli_wallet_lumen[7a0cfef2212ce7ab]::wallet::Wallet>::save_keystore
[INFO] [stdout]   13:     0x64a06e7e1b71 - stellar_cli_wallet_lumen[7a0cfef2212ce7ab]::wallet::tests::test_save_and_load_keystore
[INFO] [stdout]   14:     0x64a06e7e8189 - <stellar_cli_wallet_lumen[7a0cfef2212ce7ab]::wallet::tests::test_save_and_load_keystore::{closure#0} as core[df12db4294e9bfd3]::ops::function::FnOnce<()>>::call_once
[INFO] [stdout]   15:     0x64a06e7eeaab - test[9d35eded1c95d3be]::__rust_begin_short_backtrace::<core[df12db4294e9bfd3]::result::Result<(), alloc[2182bb758b4b3781]::string::String>, fn() -> core[df12db4294e9bfd3]::result::Result<(), alloc[2182bb758b4b3781]::string::String>>
[INFO] [stdout]   16:     0x64a06e7fc115 - test[9d35eded1c95d3be]::run_test::{closure#0}
[INFO] [stdout]   17:     0x64a06e7f59d4 - std[70759c8f55707aa4]::sys::backtrace::__rust_begin_short_backtrace::<test[9d35eded1c95d3be]::run_test::{closure#1}, ()>
[INFO] [stdout]   18:     0x64a06e7ff272 - <std[70759c8f55707aa4]::thread::lifecycle::spawn_unchecked<test[9d35eded1c95d3be]::run_test::{closure#1}, ()>::{closure#1} as core[df12db4294e9bfd3]::ops::function::FnOnce<()>>::call_once::{shim:vtable#0}
[INFO] [stdout]   19:     0x64a06ea98449 - <std[70759c8f55707aa4]::sys::thread::unix::Thread>::new::thread_start
[INFO] [stdout]   20:     0x774e6e5badfa - <unknown>
[INFO] [stdout]   21:     0x774e6e64e3d4 - clone
[INFO] [stdout]   22:                0x0 - <unknown>
[INFO] [stdout] 
[INFO] [stdout] ---- utils::tests::test_successful_funding stdout ----
[INFO] [stdout] 
[INFO] [stdout] thread 'utils::tests::test_successful_funding' (3716) panicked at src/utils.rs:117:9:
[INFO] [stdout] assertion failed: result.is_ok()
[INFO] [stdout] stack backtrace:
[INFO] [stdout]    0:     0x64a06ea996d1 - <<std[70759c8f55707aa4]::sys::backtrace::BacktraceLock>::print::DisplayBacktrace as core[df12db4294e9bfd3]::fmt::Display>::fmt
[INFO] [stdout]    1:     0x64a06eab028a - core[df12db4294e9bfd3]::fmt::write
[INFO] [stdout]    2:     0x64a06ea9e55c - <alloc[2182bb758b4b3781]::vec::Vec<u8> as core[df12db4294e9bfd3]::io::write::Write>::write_fmt
[INFO] [stdout]    3:     0x64a06ea73666 - std[70759c8f55707aa4]::panicking::default_hook::{closure#0}
[INFO] [stdout]    4:     0x64a06ea90cd9 - std[70759c8f55707aa4]::panicking::default_hook
[INFO] [stdout]    5:     0x64a06e7fb7c0 - test[9d35eded1c95d3be]::test_main_inner::<test[9d35eded1c95d3be]::test_main_static::{closure#0}>::{closure#0}
[INFO] [stdout]    6:     0x64a06ea91002 - std[70759c8f55707aa4]::panicking::panic_with_hook
[INFO] [stdout]    7:     0x64a06ea73744 - std[70759c8f55707aa4]::panicking::panic_handler::{closure#0}
[INFO] [stdout]    8:     0x64a06ea6bfe9 - std[70759c8f55707aa4]::sys::backtrace::__rust_end_short_backtrace::<std[70759c8f55707aa4]::panicking::panic_handler::{closure#0}, !>
[INFO] [stdout]    9:     0x64a06ea7471d - __rustc[8fa7c3cbc660c2b3]::rust_begin_unwind
[INFO] [stdout]   10:     0x64a06eab09ec - core[df12db4294e9bfd3]::panicking::panic_fmt
[INFO] [stdout]   11:     0x64a06eab09b2 - core[df12db4294e9bfd3]::panicking::panic
[INFO] [stdout]   12:     0x64a06e7bb8da - stellar_cli_wallet_lumen[7a0cfef2212ce7ab]::utils::tests::test_successful_funding::{closure#0}
[INFO] [stdout]   13:     0x64a06e7ccfd3 - <tokio[44fa253b86ed2c60]::runtime::scheduler::current_thread::Context>::enter::<core[df12db4294e9bfd3]::task::poll::Poll<()>, <tokio[44fa253b86ed2c60]::runtime::scheduler::current_thread::CoreGuard>::block_on<core[df12db4294e9bfd3]::pin::Pin<&mut core[df12db4294e9bfd3]::pin::Pin<&mut dyn core[df12db4294e9bfd3]::future::future::Future<Output = ()>>>>::{closure#0}::{closure#0}>
[INFO] [stdout]   14:     0x64a06e7ea89f - <std[70759c8f55707aa4]::thread::local::LocalKey<tokio[44fa253b86ed2c60]::runtime::context::Context>>::with::<tokio[44fa253b86ed2c60]::runtime::context::set_scheduler<(alloc[2182bb758b4b3781]::boxed::Box<tokio[44fa253b86ed2c60]::runtime::scheduler::current_thread::Core>, core[df12db4294e9bfd3]::option::Option<()>), <tokio[44fa253b86ed2c60]::runtime::scheduler::current_thread::CoreGuard>::enter<<tokio[44fa253b86ed2c60]::runtime::scheduler::current_thread::CoreGuard>::block_on<core[df12db4294e9bfd3]::pin::Pin<&mut core[df12db4294e9bfd3]::pin::Pin<&mut dyn core[df12db4294e9bfd3]::future::future::Future<Output = ()>>>>::{closure#0}, core[df12db4294e9bfd3]::option::Option<()>>::{closure#0}>::{closure#0}, (alloc[2182bb758b4b3781]::boxed::Box<tokio[44fa253b86ed2c60]::runtime::scheduler::current_thread::Core>, core[df12db4294e9bfd3]::option::Option<()>)>
[INFO] [stdout]   15:     0x64a06e7cd627 - <tokio[44fa253b86ed2c60]::runtime::scheduler::current_thread::CoreGuard>::block_on::<core[df12db4294e9bfd3]::pin::Pin<&mut core[df12db4294e9bfd3]::pin::Pin<&mut dyn core[df12db4294e9bfd3]::future::future::Future<Output = ()>>>>
[INFO] [stdout]   16:     0x64a06e7e08e0 - tokio[44fa253b86ed2c60]::runtime::context::runtime::enter_runtime::<<tokio[44fa253b86ed2c60]::runtime::scheduler::current_thread::CurrentThread>::block_on<core[df12db4294e9bfd3]::pin::Pin<&mut dyn core[df12db4294e9bfd3]::future::future::Future<Output = ()>>>::{closure#0}, ()>
[INFO] [stdout]   17:     0x64a06e7d6f05 - <tokio[44fa253b86ed2c60]::runtime::runtime::Runtime>::block_on::<core[df12db4294e9bfd3]::pin::Pin<&mut dyn core[df12db4294e9bfd3]::future::future::Future<Output = ()>>>
[INFO] [stdout]   18:     0x64a06e7bc28b - stellar_cli_wallet_lumen[7a0cfef2212ce7ab]::utils::tests::test_successful_funding
[INFO] [stdout]   19:     0x64a06e7e80e9 - <stellar_cli_wallet_lumen[7a0cfef2212ce7ab]::utils::tests::test_successful_funding::{closure#0} as core[df12db4294e9bfd3]::ops::function::FnOnce<()>>::call_once
[INFO] [stdout]   20:     0x64a06e7eeaab - test[9d35eded1c95d3be]::__rust_begin_short_backtrace::<core[df12db4294e9bfd3]::result::Result<(), alloc[2182bb758b4b3781]::string::String>, fn() -> core[df12db4294e9bfd3]::result::Result<(), alloc[2182bb758b4b3781]::string::String>>
[INFO] [stdout]   21:     0x64a06e7fc115 - test[9d35eded1c95d3be]::run_test::{closure#0}
[INFO] [stdout]   22:     0x64a06e7f59d4 - std[70759c8f55707aa4]::sys::backtrace::__rust_begin_short_backtrace::<test[9d35eded1c95d3be]::run_test::{closure#1}, ()>
[INFO] [stdout]   23:     0x64a06e7ff272 - <std[70759c8f55707aa4]::thread::lifecycle::spawn_unchecked<test[9d35eded1c95d3be]::run_test::{closure#1}, ()>::{closure#1} as core[df12db4294e9bfd3]::ops::function::FnOnce<()>>::call_once::{shim:vtable#0}
[INFO] [stdout]   24:     0x64a06ea98449 - <std[70759c8f55707aa4]::sys::thread::unix::Thread>::new::thread_start
[INFO] [stdout]   25:     0x774e6e5badfa - <unknown>
[INFO] [stdout]   26:     0x774e6e64e3d4 - clone
[INFO] [stdout]   27:                0x0 - <unknown>
[INFO] [stdout] 
[INFO] [stdout] ---- utils::tests::test_rpc_failure stdout ----
[INFO] [stdout] 
[INFO] [stdout] thread 'utils::tests::test_rpc_failure' (3715) panicked at src/utils.rs:170:9:
[INFO] [stdout] assertion failed: result.unwrap_err().to_string().contains("403")
[INFO] [stdout] stack backtrace:
[INFO] [stdout]    0:     0x64a06ea996d1 - <<std[70759c8f55707aa4]::sys::backtrace::BacktraceLock>::print::DisplayBacktrace as core[df12db4294e9bfd3]::fmt::Display>::fmt
[INFO] [stdout]    1:     0x64a06eab028a - core[df12db4294e9bfd3]::fmt::write
[INFO] [stdout]    2:     0x64a06ea9e55c - <alloc[2182bb758b4b3781]::vec::Vec<u8> as core[df12db4294e9bfd3]::io::write::Write>::write_fmt
[INFO] [stdout]    3:     0x64a06ea73666 - std[70759c8f55707aa4]::panicking::default_hook::{closure#0}
[INFO] [stdout]    4:     0x64a06ea90cd9 - std[70759c8f55707aa4]::panicking::default_hook
[INFO] [stdout]    5:     0x64a06e7fb7c0 - test[9d35eded1c95d3be]::test_main_inner::<test[9d35eded1c95d3be]::test_main_static::{closure#0}>::{closure#0}
[INFO] [stdout]    6:     0x64a06ea91002 - std[70759c8f55707aa4]::panicking::panic_with_hook
[INFO] [stdout]    7:     0x64a06ea73744 - std[70759c8f55707aa4]::panicking::panic_handler::{closure#0}
[INFO] [stdout]    8:     0x64a06ea6bfe9 - std[70759c8f55707aa4]::sys::backtrace::__rust_end_short_backtrace::<std[70759c8f55707aa4]::panicking::panic_handler::{closure#0}, !>
[INFO] [stdout]    9:     0x64a06ea7471d - __rustc[8fa7c3cbc660c2b3]::rust_begin_unwind
[INFO] [stdout]   10:     0x64a06eab09ec - core[df12db4294e9bfd3]::panicking::panic_fmt
[INFO] [stdout]   11:     0x64a06eab09b2 - core[df12db4294e9bfd3]::panicking::panic
[INFO] [stdout]   12:     0x64a06e7ba7d9 - stellar_cli_wallet_lumen[7a0cfef2212ce7ab]::utils::tests::test_rpc_failure::{closure#0}
[INFO] [stdout]   13:     0x64a06e7ccfd3 - <tokio[44fa253b86ed2c60]::runtime::scheduler::current_thread::Context>::enter::<core[df12db4294e9bfd3]::task::poll::Poll<()>, <tokio[44fa253b86ed2c60]::runtime::scheduler::current_thread::CoreGuard>::block_on<core[df12db4294e9bfd3]::pin::Pin<&mut core[df12db4294e9bfd3]::pin::Pin<&mut dyn core[df12db4294e9bfd3]::future::future::Future<Output = ()>>>>::{closure#0}::{closure#0}>
[INFO] [stdout]   14:     0x64a06e7ea89f - <std[70759c8f55707aa4]::thread::local::LocalKey<tokio[44fa253b86ed2c60]::runtime::context::Context>>::with::<tokio[44fa253b86ed2c60]::runtime::context::set_scheduler<(alloc[2182bb758b4b3781]::boxed::Box<tokio[44fa253b86ed2c60]::runtime::scheduler::current_thread::Core>, core[df12db4294e9bfd3]::option::Option<()>), <tokio[44fa253b86ed2c60]::runtime::scheduler::current_thread::CoreGuard>::enter<<tokio[44fa253b86ed2c60]::runtime::scheduler::current_thread::CoreGuard>::block_on<core[df12db4294e9bfd3]::pin::Pin<&mut core[df12db4294e9bfd3]::pin::Pin<&mut dyn core[df12db4294e9bfd3]::future::future::Future<Output = ()>>>>::{closure#0}, core[df12db4294e9bfd3]::option::Option<()>>::{closure#0}>::{closure#0}, (alloc[2182bb758b4b3781]::boxed::Box<tokio[44fa253b86ed2c60]::runtime::scheduler::current_thread::Core>, core[df12db4294e9bfd3]::option::Option<()>)>
[INFO] [stdout]   15:     0x64a06e7cd627 - <tokio[44fa253b86ed2c60]::runtime::scheduler::current_thread::CoreGuard>::block_on::<core[df12db4294e9bfd3]::pin::Pin<&mut core[df12db4294e9bfd3]::pin::Pin<&mut dyn core[df12db4294e9bfd3]::future::future::Future<Output = ()>>>>
[INFO] [stdout]   16:     0x64a06e7e08e0 - tokio[44fa253b86ed2c60]::runtime::context::runtime::enter_runtime::<<tokio[44fa253b86ed2c60]::runtime::scheduler::current_thread::CurrentThread>::block_on<core[df12db4294e9bfd3]::pin::Pin<&mut dyn core[df12db4294e9bfd3]::future::future::Future<Output = ()>>>::{closure#0}, ()>
[INFO] [stdout]   17:     0x64a06e7d6f05 - <tokio[44fa253b86ed2c60]::runtime::runtime::Runtime>::block_on::<core[df12db4294e9bfd3]::pin::Pin<&mut dyn core[df12db4294e9bfd3]::future::future::Future<Output = ()>>>
[INFO] [stdout]   18:     0x64a06e7bbceb - stellar_cli_wallet_lumen[7a0cfef2212ce7ab]::utils::tests::test_rpc_failure
[INFO] [stdout]   19:     0x64a06e7e8089 - <stellar_cli_wallet_lumen[7a0cfef2212ce7ab]::utils::tests::test_rpc_failure::{closure#0} as core[df12db4294e9bfd3]::ops::function::FnOnce<()>>::call_once
[INFO] [stdout]   20:     0x64a06e7eeaab - test[9d35eded1c95d3be]::__rust_begin_short_backtrace::<core[df12db4294e9bfd3]::result::Result<(), alloc[2182bb758b4b3781]::string::String>, fn() -> core[df12db4294e9bfd3]::result::Result<(), alloc[2182bb758b4b3781]::string::String>>
[INFO] [stdout]   21:     0x64a06e7fc115 - test[9d35eded1c95d3be]::run_test::{closure#0}
[INFO] [stdout]   22:     0x64a06e7f59d4 - std[70759c8f55707aa4]::sys::backtrace::__rust_begin_short_backtrace::<test[9d35eded1c95d3be]::run_test::{closure#1}, ()>
[INFO] [stdout]   23:     0x64a06e7ff272 - <std[70759c8f55707aa4]::thread::lifecycle::spawn_unchecked<test[9d35eded1c95d3be]::run_test::{closure#1}, ()>::{closure#1} as core[df12db4294e9bfd3]::ops::function::FnOnce<()>>::call_once::{shim:vtable#0}
[INFO] [stdout]   24:     0x64a06ea98449 - <std[70759c8f55707aa4]::sys::thread::unix::Thread>::new::thread_start
[INFO] [stdout]   25:     0x774e6e5badfa - <unknown>
[INFO] [stdout]   26:     0x774e6e64e3d4 - clone
[INFO] [stdout]   27:                0x0 - <unknown>
[INFO] [stdout] 
[INFO] [stdout] 
[INFO] [stdout] failures:
[INFO] [stdout]     utils::tests::test_rpc_failure
[INFO] [stdout]     utils::tests::test_successful_funding
[INFO] [stdout]     wallet::tests::test_invalid_password_load_keystore
[INFO] [stdout]     wallet::tests::test_save_and_load_keystore
[INFO] [stdout] 
[INFO] [stdout] test result: FAILED. 17 passed; 4 failed; 0 ignored; 0 measured; 0 filtered out; finished in 0.33s
[INFO] [stdout] 
[INFO] [stderr] error: test failed, to rerun pass `--bin stellar_cli_wallet_lumen`
[INFO] running `Command { std: "docker" "inspect" "951e0d0e75207c31bdde710698a15ee8551241f8dfbcdc4b4966288a69aaac5d", kill_on_drop: false }`
[INFO] running `Command { std: "docker" "rm" "-f" "951e0d0e75207c31bdde710698a15ee8551241f8dfbcdc4b4966288a69aaac5d", kill_on_drop: false }`
[INFO] [stdout] 951e0d0e75207c31bdde710698a15ee8551241f8dfbcdc4b4966288a69aaac5d
