[INFO] fetching crate stellar-rpc-client 28.0.0...
[INFO] testing stellar-rpc-client-28.0.0 against 1.99.0-beta.8+cargoflags=--release for beta-release-1.100-2
[INFO] extracting crate stellar-rpc-client 28.0.0 into /workspace/builds/worker-7-tc1/source
[INFO] removed /workspace/builds/worker-7-tc1/source/.cargo/config.toml
[INFO] removed /workspace/builds/worker-7-tc1/source/rust-toolchain.toml
[INFO] started tweaking crates.io crate stellar-rpc-client 28.0.0
[INFO] finished tweaking crates.io crate stellar-rpc-client 28.0.0
[INFO] tweaked toml for crates.io crate stellar-rpc-client 28.0.0 written to /workspace/builds/worker-7-tc1/source/Cargo.toml
[INFO] validating manifest of crates.io crate stellar-rpc-client 28.0.0 on toolchain 1.99.0-beta.8
[INFO] running `Command { std: CARGO_HOME="/workspace/cargo-home" RUSTUP_HOME="/workspace/rustup-home" "/workspace/cargo-home/bin/cargo" "+1.99.0-beta.8" "metadata" "--manifest-path" "Cargo.toml" "--no-deps", kill_on_drop: false }`
[INFO] crate crates.io crate stellar-rpc-client 28.0.0 already has a lockfile, it will not be regenerated
[INFO] running `Command { std: CARGO_HOME="/workspace/cargo-home" RUSTUP_HOME="/workspace/rustup-home" "/workspace/cargo-home/bin/cargo" "+1.99.0-beta.8" "fetch" "--manifest-path" "Cargo.toml", kill_on_drop: false }`
[INFO] [stderr]     Updating crates.io index
[INFO] [stderr]  Downloading crates ...
[INFO] [stderr]   Downloaded termcolor_output_impl v1.0.0
[INFO] [stderr]   Downloaded thiserror v1.0.55
[INFO] [stderr]   Downloaded termcolor_output v1.0.1
[INFO] [stderr]   Downloaded thiserror-impl v1.0.55
[INFO] [stderr]   Downloaded async-trait v0.1.76
[INFO] [stderr]   Downloaded dyn-clone v1.0.19
[INFO] [stderr]   Downloaded jsonrpsee-types v0.26.0
[INFO] [stderr]   Downloaded webpki-root-certs v0.26.11
[INFO] [stderr]   Downloaded jsonrpsee-http-client v0.26.0
[INFO] [stderr]   Downloaded pin-project-internal v1.1.4
[INFO] [stderr]   Downloaded getrandom v0.2.11
[INFO] [stderr]   Downloaded security-framework-sys v2.16.0
[INFO] [stderr]   Downloaded jsonrpsee-core v0.26.0
[INFO] [stderr]   Downloaded indexmap v2.2.3
[INFO] [stderr]   Downloaded pin-project v1.1.4
[INFO] [stderr]   Downloaded rustls-platform-verifier v0.5.3
[INFO] [stderr]   Downloaded security-framework v3.6.0
[INFO] [stderr]   Downloaded chrono v0.4.34
[INFO] [stderr]   Downloaded stellar-xdr v28.0.0
[INFO] running `Command { std: "docker" "create" "-v" "/var/lib/crater-agent-workspace/builds/worker-7-tc1/source:/opt/rustwide/workdir:ro,Z" "-v" "/var/lib/crater-agent-workspace/builds/worker-7-tc1/target:/opt/rustwide/target:rw,Z" "-v" "/var/lib/crater-agent-workspace/cargo-home:/opt/rustwide/cargo-home:ro,Z" "-v" "/var/lib/crater-agent-workspace/rustup-home:/opt/rustwide/rustup-home:ro,Z" "-m" "1610612736" "--network" "none" "ghcr.io/rust-lang/crates-build-env/linux@sha256:77db811e55d90add9212f6832c23229e3de5f1c1f9905e8cb07319ea15df73ac" "sleep" "infinity", kill_on_drop: false }`
[INFO] [stdout] 37b441c3d0f2e247a0261de03d29342cdeca9122ee93f1e8c0a6593be87612e3
[INFO] running `Command { std: "docker" "start" "37b441c3d0f2e247a0261de03d29342cdeca9122ee93f1e8c0a6593be87612e3", kill_on_drop: false }`
[INFO] running `Command { std: "docker" "inspect" "37b441c3d0f2e247a0261de03d29342cdeca9122ee93f1e8c0a6593be87612e3", kill_on_drop: false }`
[INFO] running `Command { std: "docker" "exec" "-e" "SOURCE_DIR=/opt/rustwide/workdir" "-e" "CARGO_HOME=/opt/rustwide/cargo-home" "-e" "RUSTUP_HOME=/opt/rustwide/rustup-home" "-e" "CARGO_TARGET_DIR=/opt/rustwide/target" "-w" "/opt/rustwide/workdir" "--user" "0:0" "37b441c3d0f2e247a0261de03d29342cdeca9122ee93f1e8c0a6593be87612e3" "/opt/rustwide/cargo-home/bin/cargo" "+1.99.0-beta.8" "metadata" "--no-deps" "--format-version=1", kill_on_drop: false }`
[INFO] running `Command { std: "docker" "inspect" "37b441c3d0f2e247a0261de03d29342cdeca9122ee93f1e8c0a6593be87612e3", kill_on_drop: false }`
[INFO] running `Command { std: "docker" "exec" "-e" "SOURCE_DIR=/opt/rustwide/workdir" "-e" "CARGO_HOME=/opt/rustwide/cargo-home" "-e" "RUSTUP_HOME=/opt/rustwide/rustup-home" "-e" "CARGO_TARGET_DIR=/opt/rustwide/target" "-e" "CARGO_INCREMENTAL=0" "-e" "RUST_BACKTRACE=full" "-e" "RUSTFLAGS=--cap-lints=warn" "-e" "RUSTDOCFLAGS=--cap-lints=warn" "-w" "/opt/rustwide/workdir" "--user" "0:0" "37b441c3d0f2e247a0261de03d29342cdeca9122ee93f1e8c0a6593be87612e3" "/opt/rustwide/cargo-home/bin/cargo" "+1.99.0-beta.8" "build" "--frozen" "--message-format=json" "--release", kill_on_drop: false }`
[INFO] [stderr]    Compiling unicode-ident v1.0.12
[INFO] [stderr]    Compiling itoa v1.0.10
[INFO] [stderr]    Compiling pin-project-lite v0.2.13
[INFO] [stderr]    Compiling once_cell v1.19.0
[INFO] [stderr]    Compiling memchr v2.7.1
[INFO] [stderr]    Compiling zmij v1.0.21
[INFO] [stderr]    Compiling serde_json v1.0.150
[INFO] [stderr]    Compiling cc v1.2.57
[INFO] [stderr]    Compiling mio v1.2.0
[INFO] [stderr]    Compiling typenum v1.17.0
[INFO] [stderr]    Compiling getrandom v0.2.11
[INFO] [stderr]    Compiling generic-array v0.14.7
[INFO] [stderr]    Compiling num-traits v0.2.17
[INFO] [stderr]    Compiling hashbrown v0.14.3
[INFO] [stderr]    Compiling rustls v0.23.38
[INFO] [stderr]    Compiling futures-util v0.3.32
[INFO] [stderr]    Compiling http v1.4.1
[INFO] [stderr]    Compiling log v0.4.20
[INFO] [stderr]    Compiling proc-macro2 v1.0.106
[INFO] [stderr]    Compiling futures-channel v0.3.30
[INFO] [stderr]    Compiling async-trait v0.1.76
[INFO] [stderr]    Compiling tracing-core v0.1.32
[INFO] [stderr]    Compiling dyn-clone v1.0.19
[INFO] [stderr]    Compiling colorchoice v1.0.0
[INFO] [stderr]    Compiling heapless v0.9.3
[INFO] [stderr]    Compiling anstyle-query v1.0.2
[INFO] [stderr]    Compiling data-encoding v2.6.0
[INFO] [stderr]    Compiling cpufeatures v0.2.12
[INFO] [stderr]    Compiling anstream v1.0.0
[INFO] [stderr]    Compiling thiserror v1.0.55
[INFO] [stderr]    Compiling iana-time-zone v0.1.60
[INFO] [stderr]    Compiling either v1.10.0
[INFO] [stderr]    Compiling tokio v1.52.3
[INFO] [stderr]    Compiling quote v1.0.45
[INFO] [stderr]    Compiling syn v2.0.117
[INFO] [stderr]    Compiling clap_builder v4.6.0
[INFO] [stderr]    Compiling indexmap v2.2.3
[INFO] [stderr]    Compiling termcolor_output_impl v1.0.0
[INFO] [stderr]    Compiling itertools v0.10.5
[INFO] [stderr]    Compiling ring v0.17.14
[INFO] [stderr]    Compiling ordered-float v2.10.1
[INFO] [stderr]    Compiling chrono v0.4.34
[INFO] [stderr]    Compiling termcolor_output v1.0.1
[INFO] [stderr]    Compiling http-body v1.0.1
[INFO] [stderr]    Compiling http-body-util v0.1.3
[INFO] [stderr]    Compiling block-buffer v0.10.4
[INFO] [stderr]    Compiling crypto-common v0.1.6
[INFO] [stderr]    Compiling digest v0.10.7
[INFO] [stderr]    Compiling sha2 v0.10.9
[INFO] [stderr]    Compiling tower v0.5.3
[INFO] [stderr]    Compiling synstructure v0.13.2
[INFO] [stderr]    Compiling darling_core v0.23.0
[INFO] [stderr]    Compiling serde_derive v1.0.228
[INFO] [stderr]    Compiling zerofrom-derive v0.1.7
[INFO] [stderr]    Compiling yoke-derive v0.8.2
[INFO] [stderr]    Compiling zerovec-derive v0.11.3
[INFO] [stderr]    Compiling zeroize_derive v1.5.0
[INFO] [stderr]    Compiling displaydoc v0.2.5
[INFO] [stderr]    Compiling tracing-attributes v0.1.27
[INFO] [stderr]    Compiling thiserror-impl v2.0.18
[INFO] [stderr]    Compiling pin-project-internal v1.1.4
[INFO] [stderr]    Compiling clap_derive v4.6.1
[INFO] [stderr]    Compiling thiserror-impl v1.0.55
[INFO] [stderr]    Compiling cfg_eval v0.1.2
[INFO] [stderr]    Compiling zeroize v1.8.2
[INFO] [stderr]    Compiling rustls-pki-types v1.14.0
[INFO] [stderr]    Compiling rustls-native-certs v0.8.3
[INFO] [stderr]    Compiling tracing v0.1.40
[INFO] [stderr]    Compiling zerofrom v0.1.7
[INFO] [stderr]    Compiling yoke v0.8.2
[INFO] [stderr]    Compiling tokio-util v0.7.10
[INFO] [stderr]    Compiling pin-project v1.1.4
[INFO] [stderr]    Compiling clap v4.6.1
[INFO] [stderr]    Compiling thiserror v2.0.18
[INFO] [stderr]    Compiling darling_macro v0.23.0
[INFO] [stderr]    Compiling zerovec v0.11.6
[INFO] [stderr]    Compiling zerotrie v0.2.4
[INFO] [stderr]    Compiling darling v0.23.0
[INFO] [stderr]    Compiling serde_with_macros v3.20.0
[INFO] [stderr]    Compiling tinystr v0.8.3
[INFO] [stderr]    Compiling potential_utf v0.1.5
[INFO] [stderr]    Compiling icu_collections v2.2.0
[INFO] [stderr]    Compiling h2 v0.4.13
[INFO] [stderr]    Compiling icu_locale_core v2.2.0
[INFO] [stderr]    Compiling serde v1.0.228
[INFO] [stderr]    Compiling crate-git-revision v0.0.9
[INFO] [stderr]    Compiling crate-git-revision v0.0.6
[INFO] [stderr]    Compiling stellar-strkey v0.0.13
[INFO] [stderr]    Compiling stellar-strkey v0.0.18
[INFO] [stderr]    Compiling stellar-xdr v28.0.0
[INFO] [stderr]    Compiling jsonrpsee-types v0.26.0
[INFO] [stderr]    Compiling schemars v0.8.22
[INFO] [stderr]    Compiling hex v0.4.3
[INFO] [stderr]    Compiling serde-value v0.7.0
[INFO] [stderr]    Compiling icu_provider v2.2.0
[INFO] [stderr]    Compiling serde-aux v4.7.0
[INFO] [stderr]    Compiling jsonrpsee-core v0.26.0
[INFO] [stderr]    Compiling icu_normalizer v2.2.0
[INFO] [stderr]    Compiling icu_properties v2.2.0
[INFO] [stderr]    Compiling serde_with v3.20.0
[INFO] [stderr]    Compiling idna_adapter v1.2.1
[INFO] [stderr]    Compiling idna v1.1.0
[INFO] [stderr]    Compiling url v2.5.8
[INFO] [stderr]    Compiling hyper v1.9.0
[INFO] [stderr]    Compiling hyper-util v0.1.20
[INFO] [stderr]    Compiling rustls-webpki v0.103.13
[INFO] [stderr]    Compiling tokio-rustls v0.26.4
[INFO] [stderr]    Compiling hyper-rustls v0.27.9
[INFO] [stderr]    Compiling rustls-platform-verifier v0.5.3
[INFO] [stderr]    Compiling jsonrpsee-http-client v0.26.0
[INFO] [stderr]    Compiling stellar-rpc-client v28.0.0 (/opt/rustwide/workdir)
[INFO] [stderr]     Finished `release` profile [optimized] target(s) in 1m 42s
[INFO] running `Command { std: "docker" "inspect" "37b441c3d0f2e247a0261de03d29342cdeca9122ee93f1e8c0a6593be87612e3", kill_on_drop: false }`
[INFO] running `Command { std: "docker" "exec" "-e" "SOURCE_DIR=/opt/rustwide/workdir" "-e" "CARGO_HOME=/opt/rustwide/cargo-home" "-e" "RUSTUP_HOME=/opt/rustwide/rustup-home" "-e" "CARGO_TARGET_DIR=/opt/rustwide/target" "-e" "CARGO_INCREMENTAL=0" "-e" "RUST_BACKTRACE=full" "-e" "RUSTFLAGS=--cap-lints=warn" "-e" "RUSTDOCFLAGS=--cap-lints=warn" "-w" "/opt/rustwide/workdir" "--user" "0:0" "37b441c3d0f2e247a0261de03d29342cdeca9122ee93f1e8c0a6593be87612e3" "/opt/rustwide/cargo-home/bin/cargo" "+1.99.0-beta.8" "test" "--frozen" "--no-run" "--message-format=json" "--release", kill_on_drop: false }`
[INFO] [stderr]    Compiling stellar-rpc-client v28.0.0 (/opt/rustwide/workdir)
[INFO] [stderr]     Finished `release` profile [optimized] target(s) in 10.95s
[INFO] running `Command { std: "docker" "inspect" "37b441c3d0f2e247a0261de03d29342cdeca9122ee93f1e8c0a6593be87612e3", kill_on_drop: false }`
[INFO] running `Command { std: "docker" "exec" "-e" "SOURCE_DIR=/opt/rustwide/workdir" "-e" "CARGO_HOME=/opt/rustwide/cargo-home" "-e" "RUSTUP_HOME=/opt/rustwide/rustup-home" "-e" "CARGO_TARGET_DIR=/opt/rustwide/target" "-e" "CARGO_INCREMENTAL=0" "-e" "RUST_BACKTRACE=full" "-e" "RUSTFLAGS=--cap-lints=warn" "-e" "RUSTDOCFLAGS=--cap-lints=warn" "-w" "/opt/rustwide/workdir" "--user" "0:0" "37b441c3d0f2e247a0261de03d29342cdeca9122ee93f1e8c0a6593be87612e3" "/opt/rustwide/cargo-home/bin/cargo" "+1.99.0-beta.8" "test" "--frozen" "--release", kill_on_drop: false }`
[INFO] [stderr]     Finished `release` profile [optimized] target(s) in 0.22s
[INFO] [stderr]      Running unittests src/lib.rs (/opt/rustwide/target/release/deps/stellar_rpc_client-0ed39dee1f591bdb)
[INFO] [stdout] 
[INFO] [stdout] running 12 tests
[INFO] [stdout] test tests::simulation_transaction_response_parsing_mostly_empty ... ok
[INFO] [stdout] test tests::test_does_topic_match ... ok
[INFO] [stdout] test tests::simulation_transaction_response_parsing ... ok
[INFO] [stdout] test tests::test_rpc_url_default_ports ... ok
[INFO] [stdout] test tests::test_ledger_range_invalid ... ok
[INFO] [stdout] test tests::test_ledger_range_valid ... ok
[INFO] [stdout] test tests::test_parse_events_response ... FAILED
[INFO] [stdout] test tests::test_parse_failed_transaction_recovers_top_level_diagnostic_events ... FAILED
[INFO] [stdout] test tests::test_parse_transaction_response_p22 ... FAILED
[INFO] [stdout] test tests::test_parse_get_transactions_response ... FAILED
[INFO] [stdout] test tests::test_parse_events_response_p22 ... FAILED
[INFO] [stdout] test tests::test_parse_transaction_response_p23 ... FAILED
[INFO] [stdout] 
[INFO] [stdout] failures:
[INFO] [stdout] 
[INFO] [stdout] ---- tests::test_parse_events_response stdout ----
[INFO] [stdout] 
[INFO] [stdout] thread 'tests::test_parse_events_response' (2477) panicked at src/lib.rs:1678:9:
[INFO] [stdout] Could not find repository root
[INFO] [stdout] stack backtrace:
[INFO] [stdout]    0:     0x64bc3fd790c1 - <<std[70759c8f55707aa4]::sys::backtrace::BacktraceLock>::print::DisplayBacktrace as core[df12db4294e9bfd3]::fmt::Display>::fmt
[INFO] [stdout]    1:     0x64bc3fd8ebaa - core[df12db4294e9bfd3]::fmt::write
[INFO] [stdout]    2:     0x64bc3fd7da2c - <alloc[2182bb758b4b3781]::vec::Vec<u8> as core[df12db4294e9bfd3]::io::write::Write>::write_fmt
[INFO] [stdout]    3:     0x64bc3fd54c56 - std[70759c8f55707aa4]::panicking::default_hook::{closure#0}
[INFO] [stdout]    4:     0x64bc3fd71129 - std[70759c8f55707aa4]::panicking::default_hook
[INFO] [stdout]    5:     0x64bc3fc38260 - test[9d35eded1c95d3be]::test_main_inner::<test[9d35eded1c95d3be]::test_main_static::{closure#0}>::{closure#0}
[INFO] [stdout]    6:     0x64bc3fd712e2 - std[70759c8f55707aa4]::panicking::panic_with_hook
[INFO] [stdout]    7:     0x64bc3fd54d34 - std[70759c8f55707aa4]::panicking::panic_handler::{closure#0}
[INFO] [stdout]    8:     0x64bc3fd4d859 - std[70759c8f55707aa4]::sys::backtrace::__rust_end_short_backtrace::<std[70759c8f55707aa4]::panicking::panic_handler::{closure#0}, !>
[INFO] [stdout]    9:     0x64bc3fd558fd - __rustc[8fa7c3cbc660c2b3]::rust_begin_unwind
[INFO] [stdout]   10:     0x64bc3fd8f30c - core[df12db4294e9bfd3]::panicking::panic_fmt
[INFO] [stdout]   11:     0x64bc3fbd91f3 - stellar_rpc_client[e7bf67805ca35b84]::tests::read_json_file
[INFO] [stdout]   12:     0x64bc3fbdd4b8 - stellar_rpc_client[e7bf67805ca35b84]::tests::test_parse_events_response
[INFO] [stdout]   13:     0x64bc3fbf0429 - <stellar_rpc_client[e7bf67805ca35b84]::tests::test_parse_events_response::{closure#0} as core[df12db4294e9bfd3]::ops::function::FnOnce<()>>::call_once
[INFO] [stdout]   14:     0x64bc3fc2b54b - test[9d35eded1c95d3be]::__rust_begin_short_backtrace::<core[df12db4294e9bfd3]::result::Result<(), alloc[2182bb758b4b3781]::string::String>, fn() -> core[df12db4294e9bfd3]::result::Result<(), alloc[2182bb758b4b3781]::string::String>>
[INFO] [stdout]   15:     0x64bc3fc38bb5 - test[9d35eded1c95d3be]::run_test::{closure#0}
[INFO] [stdout]   16:     0x64bc3fc32474 - std[70759c8f55707aa4]::sys::backtrace::__rust_begin_short_backtrace::<test[9d35eded1c95d3be]::run_test::{closure#1}, ()>
[INFO] [stdout]   17:     0x64bc3fc3bd12 - <std[70759c8f55707aa4]::thread::lifecycle::spawn_unchecked<test[9d35eded1c95d3be]::run_test::{closure#1}, ()>::{closure#1} as core[df12db4294e9bfd3]::ops::function::FnOnce<()>>::call_once::{shim:vtable#0}
[INFO] [stdout]   18:     0x64bc3fd785f9 - <std[70759c8f55707aa4]::sys::thread::unix::Thread>::new::thread_start
[INFO] [stdout]   19:     0x77679fb29dfa - <unknown>
[INFO] [stdout]   20:     0x77679fbbd3d4 - clone
[INFO] [stdout]   21:                0x0 - <unknown>
[INFO] [stdout] 
[INFO] [stdout] ---- tests::test_parse_failed_transaction_recovers_top_level_diagnostic_events stdout ----
[INFO] [stdout] 
[INFO] [stdout] thread 'tests::test_parse_failed_transaction_recovers_top_level_diagnostic_events' (2479) panicked at src/lib.rs:1678:9:
[INFO] [stdout] Could not find repository root
[INFO] [stdout] stack backtrace:
[INFO] [stdout]    0:     0x64bc3fd790c1 - <<std[70759c8f55707aa4]::sys::backtrace::BacktraceLock>::print::DisplayBacktrace as core[df12db4294e9bfd3]::fmt::Display>::fmt
[INFO] [stdout]    1:     0x64bc3fd8ebaa - core[df12db4294e9bfd3]::fmt::write
[INFO] [stdout]    2:     0x64bc3fd7da2c - <alloc[2182bb758b4b3781]::vec::Vec<u8> as core[df12db4294e9bfd3]::io::write::Write>::write_fmt
[INFO] [stdout]    3:     0x64bc3fd54c56 - std[70759c8f55707aa4]::panicking::default_hook::{closure#0}
[INFO] [stdout]    4:     0x64bc3fd71129 - std[70759c8f55707aa4]::panicking::default_hook
[INFO] [stdout]    5:     0x64bc3fc38260 - test[9d35eded1c95d3be]::test_main_inner::<test[9d35eded1c95d3be]::test_main_static::{closure#0}>::{closure#0}
[INFO] [stdout]    6:     0x64bc3fd712e2 - std[70759c8f55707aa4]::panicking::panic_with_hook
[INFO] [stdout]    7:     0x64bc3fd54d34 - std[70759c8f55707aa4]::panicking::panic_handler::{closure#0}
[INFO] [stdout]    8:     0x64bc3fd4d859 - std[70759c8f55707aa4]::sys::backtrace::__rust_end_short_backtrace::<std[70759c8f55707aa4]::panicking::panic_handler::{closure#0}, !>
[INFO] [stdout]    9:     0x64bc3fd558fd - __rustc[8fa7c3cbc660c2b3]::rust_begin_unwind
[INFO] [stdout]   10:     0x64bc3fd8f30c - core[df12db4294e9bfd3]::panicking::panic_fmt
[INFO] [stdout]   11:     0x64bc3fbd91f3 - stellar_rpc_client[e7bf67805ca35b84]::tests::read_json_file
[INFO] [stdout]   12:     0x64bc3fbe0481 - stellar_rpc_client[e7bf67805ca35b84]::tests::test_parse_failed_transaction_recovers_top_level_diagnostic_events
[INFO] [stdout]   13:     0x64bc3fbf0529 - <stellar_rpc_client[e7bf67805ca35b84]::tests::test_parse_failed_transaction_recovers_top_level_diagnostic_events::{closure#0} as core[df12db4294e9bfd3]::ops::function::FnOnce<()>>::call_once
[INFO] [stdout]   14:     0x64bc3fc2b54b - test[9d35eded1c95d3be]::__rust_begin_short_backtrace::<core[df12db4294e9bfd3]::result::Result<(), alloc[2182bb758b4b3781]::string::String>, fn() -> core[df12db4294e9bfd3]::result::Result<(), alloc[2182bb758b4b3781]::string::String>>
[INFO] [stdout]   15:     0x64bc3fc38bb5 - test[9d35eded1c95d3be]::run_test::{closure#0}
[INFO] [stdout]   16:     0x64bc3fc32474 - std[70759c8f55707aa4]::sys::backtrace::__rust_begin_short_backtrace::<test[9d35eded1c95d3be]::run_test::{closure#1}, ()>
[INFO] [stdout]   17:     0x64bc3fc3bd12 - <std[70759c8f55707aa4]::thread::lifecycle::spawn_unchecked<test[9d35eded1c95d3be]::run_test::{closure#1}, ()>::{closure#1} as core[df12db4294e9bfd3]::ops::function::FnOnce<()>>::call_once::{shim:vtable#0}
[INFO] [stdout]   18:     0x64bc3fd785f9 - <std[70759c8f55707aa4]::sys::thread::unix::Thread>::new::thread_start
[INFO] [stdout]   19:     0x77679fb29dfa - <unknown>
[INFO] [stdout]   20:     0x77679fbbd3d4 - clone
[INFO] [stdout]   21:                0x0 - <unknown>
[INFO] [stdout] 
[INFO] [stdout] ---- tests::test_parse_transaction_response_p22 stdout ----
[INFO] [stdout] 
[INFO] [stdout] thread 'tests::test_parse_transaction_response_p22' (2481) panicked at src/lib.rs:1678:9:
[INFO] [stdout] Could not find repository root
[INFO] [stdout] stack backtrace:
[INFO] [stdout]    0:     0x64bc3fd790c1 - <<std[70759c8f55707aa4]::sys::backtrace::BacktraceLock>::print::DisplayBacktrace as core[df12db4294e9bfd3]::fmt::Display>::fmt
[INFO] [stdout]    1:     0x64bc3fd8ebaa - core[df12db4294e9bfd3]::fmt::write
[INFO] [stdout]    2:     0x64bc3fd7da2c - <alloc[2182bb758b4b3781]::vec::Vec<u8> as core[df12db4294e9bfd3]::io::write::Write>::write_fmt
[INFO] [stdout]    3:     0x64bc3fd54c56 - std[70759c8f55707aa4]::panicking::default_hook::{closure#0}
[INFO] [stdout]    4:     0x64bc3fd71129 - std[70759c8f55707aa4]::panicking::default_hook
[INFO] [stdout]    5:     0x64bc3fc38260 - test[9d35eded1c95d3be]::test_main_inner::<test[9d35eded1c95d3be]::test_main_static::{closure#0}>::{closure#0}
[INFO] [stdout]    6:     0x64bc3fd712e2 - std[70759c8f55707aa4]::panicking::panic_with_hook
[INFO] [stdout]    7:     0x64bc3fd54d34 - std[70759c8f55707aa4]::panicking::panic_handler::{closure#0}
[INFO] [stdout]    8:     0x64bc3fd4d859 - std[70759c8f55707aa4]::sys::backtrace::__rust_end_short_backtrace::<std[70759c8f55707aa4]::panicking::panic_handler::{closure#0}, !>
[INFO] [stdout]    9:     0x64bc3fd558fd - __rustc[8fa7c3cbc660c2b3]::rust_begin_unwind
[INFO] [stdout]   10:     0x64bc3fd8f30c - core[df12db4294e9bfd3]::panicking::panic_fmt
[INFO] [stdout]   11:     0x64bc3fbd91f3 - stellar_rpc_client[e7bf67805ca35b84]::tests::read_json_file
[INFO] [stdout]   12:     0x64bc3fbdeec1 - stellar_rpc_client[e7bf67805ca35b84]::tests::test_parse_transaction_response_p22
[INFO] [stdout]   13:     0x64bc3fbf0489 - <stellar_rpc_client[e7bf67805ca35b84]::tests::test_parse_transaction_response_p22::{closure#0} as core[df12db4294e9bfd3]::ops::function::FnOnce<()>>::call_once
[INFO] [stdout]   14:     0x64bc3fc2b54b - test[9d35eded1c95d3be]::__rust_begin_short_backtrace::<core[df12db4294e9bfd3]::result::Result<(), alloc[2182bb758b4b3781]::string::String>, fn() -> core[df12db4294e9bfd3]::result::Result<(), alloc[2182bb758b4b3781]::string::String>>
[INFO] [stdout]   15:     0x64bc3fc38bb5 - test[9d35eded1c95d3be]::run_test::{closure#0}
[INFO] [stdout]   16:     0x64bc3fc32474 - std[70759c8f55707aa4]::sys::backtrace::__rust_begin_short_backtrace::<test[9d35eded1c95d3be]::run_test::{closure#1}, ()>
[INFO] [stdout]   17:     0x64bc3fc3bd12 - <std[70759c8f55707aa4]::thread::lifecycle::spawn_unchecked<test[9d35eded1c95d3be]::run_test::{closure#1}, ()>::{closure#1} as core[df12db4294e9bfd3]::ops::function::FnOnce<()>>::call_once::{shim:vtable#0}
[INFO] [stdout]   18:     0x64bc3fd785f9 - <std[70759c8f55707aa4]::sys::thread::unix::Thread>::new::thread_start
[INFO] [stdout]   19:     0x77679fb29dfa - <unknown>
[INFO] [stdout]   20:     0x77679fbbd3d4 - clone
[INFO] [stdout]   21:                0x0 - <unknown>
[INFO] [stdout] 
[INFO] [stdout] ---- tests::test_parse_get_transactions_response stdout ----
[INFO] [stdout] 
[INFO] [stdout] thread 'tests::test_parse_get_transactions_response' (2480) panicked at src/lib.rs:1678:9:
[INFO] [stdout] Could not find repository root
[INFO] [stdout] stack backtrace:
[INFO] [stdout]    0:     0x64bc3fd790c1 - <<std[70759c8f55707aa4]::sys::backtrace::BacktraceLock>::print::DisplayBacktrace as core[df12db4294e9bfd3]::fmt::Display>::fmt
[INFO] [stdout]    1:     0x64bc3fd8ebaa - core[df12db4294e9bfd3]::fmt::write
[INFO] [stdout]    2:     0x64bc3fd7da2c - <alloc[2182bb758b4b3781]::vec::Vec<u8> as core[df12db4294e9bfd3]::io::write::Write>::write_fmt
[INFO] [stdout]    3:     0x64bc3fd54c56 - std[70759c8f55707aa4]::panicking::default_hook::{closure#0}
[INFO] [stdout]    4:     0x64bc3fd71129 - std[70759c8f55707aa4]::panicking::default_hook
[INFO] [stdout]    5:     0x64bc3fc38260 - test[9d35eded1c95d3be]::test_main_inner::<test[9d35eded1c95d3be]::test_main_static::{closure#0}>::{closure#0}
[INFO] [stdout]    6:     0x64bc3fd712e2 - std[70759c8f55707aa4]::panicking::panic_with_hook
[INFO] [stdout]    7:     0x64bc3fd54d34 - std[70759c8f55707aa4]::panicking::panic_handler::{closure#0}
[INFO] [stdout]    8:     0x64bc3fd4d859 - std[70759c8f55707aa4]::sys::backtrace::__rust_end_short_backtrace::<std[70759c8f55707aa4]::panicking::panic_handler::{closure#0}, !>
[INFO] [stdout]    9:     0x64bc3fd558fd - __rustc[8fa7c3cbc660c2b3]::rust_begin_unwind
[INFO] [stdout]   10:     0x64bc3fd8f30c - core[df12db4294e9bfd3]::panicking::panic_fmt
[INFO] [stdout]   11:     0x64bc3fbd91f3 - stellar_rpc_client[e7bf67805ca35b84]::tests::read_json_file
[INFO] [stdout]   12:     0x64bc3fbdf877 - stellar_rpc_client[e7bf67805ca35b84]::tests::test_parse_get_transactions_response
[INFO] [stdout]   13:     0x64bc3fbf04c9 - <stellar_rpc_client[e7bf67805ca35b84]::tests::test_parse_get_transactions_response::{closure#0} as core[df12db4294e9bfd3]::ops::function::FnOnce<()>>::call_once
[INFO] [stdout]   14:     0x64bc3fc2b54b - test[9d35eded1c95d3be]::__rust_begin_short_backtrace::<core[df12db4294e9bfd3]::result::Result<(), alloc[2182bb758b4b3781]::string::String>, fn() -> core[df12db4294e9bfd3]::result::Result<(), alloc[2182bb758b4b3781]::string::String>>
[INFO] [stdout]   15:     0x64bc3fc38bb5 - test[9d35eded1c95d3be]::run_test::{closure#0}
[INFO] [stdout]   16:     0x64bc3fc32474 - std[70759c8f55707aa4]::sys::backtrace::__rust_begin_short_backtrace::<test[9d35eded1c95d3be]::run_test::{closure#1}, ()>
[INFO] [stdout]   17:     0x64bc3fc3bd12 - <std[70759c8f55707aa4]::thread::lifecycle::spawn_unchecked<test[9d35eded1c95d3be]::run_test::{closure#1}, ()>::{closure#1} as core[df12db4294e9bfd3]::ops::function::FnOnce<()>>::call_once::{shim:vtable#0}
[INFO] [stdout]   18:     0x64bc3fd785f9 - <std[70759c8f55707aa4]::sys::thread::unix::Thread>::new::thread_start
[INFO] [stdout]   19:     0x77679fb29dfa - <unknown>
[INFO] [stdout]   20:     0x77679fbbd3d4 - clone
[INFO] [stdout]   21:                0x0 - <unknown>
[INFO] [stdout] 
[INFO] [stdout] ---- tests::test_parse_events_response_p22 stdout ----
[INFO] [stdout] 
[INFO] [stdout] thread 'tests::test_parse_events_response_p22' (2478) panicked at src/lib.rs:1678:9:
[INFO] [stdout] Could not find repository root
[INFO] [stdout] stack backtrace:
[INFO] [stdout]    0:     0x64bc3fd790c1 - <<std[70759c8f55707aa4]::sys::backtrace::BacktraceLock>::print::DisplayBacktrace as core[df12db4294e9bfd3]::fmt::Display>::fmt
[INFO] [stdout]    1:     0x64bc3fd8ebaa - core[df12db4294e9bfd3]::fmt::write
[INFO] [stdout]    2:     0x64bc3fd7da2c - <alloc[2182bb758b4b3781]::vec::Vec<u8> as core[df12db4294e9bfd3]::io::write::Write>::write_fmt
[INFO] [stdout]    3:     0x64bc3fd54c56 - std[70759c8f55707aa4]::panicking::default_hook::{closure#0}
[INFO] [stdout]    4:     0x64bc3fd71129 - std[70759c8f55707aa4]::panicking::default_hook
[INFO] [stdout]    5:     0x64bc3fc38260 - test[9d35eded1c95d3be]::test_main_inner::<test[9d35eded1c95d3be]::test_main_static::{closure#0}>::{closure#0}
[INFO] [stdout]    6:     0x64bc3fd712e2 - std[70759c8f55707aa4]::panicking::panic_with_hook
[INFO] [stdout]    7:     0x64bc3fd54d34 - std[70759c8f55707aa4]::panicking::panic_handler::{closure#0}
[INFO] [stdout]    8:     0x64bc3fd4d859 - std[70759c8f55707aa4]::sys::backtrace::__rust_end_short_backtrace::<std[70759c8f55707aa4]::panicking::panic_handler::{closure#0}, !>
[INFO] [stdout]    9:     0x64bc3fd558fd - __rustc[8fa7c3cbc660c2b3]::rust_begin_unwind
[INFO] [stdout]   10:     0x64bc3fd8f30c - core[df12db4294e9bfd3]::panicking::panic_fmt
[INFO] [stdout]   11:     0x64bc3fbd91f3 - stellar_rpc_client[e7bf67805ca35b84]::tests::read_json_file
[INFO] [stdout]   12:     0x64bc3fbdeb81 - stellar_rpc_client[e7bf67805ca35b84]::tests::test_parse_events_response_p22
[INFO] [stdout]   13:     0x64bc3fbf0469 - <stellar_rpc_client[e7bf67805ca35b84]::tests::test_parse_events_response_p22::{closure#0} as core[df12db4294e9bfd3]::ops::function::FnOnce<()>>::call_once
[INFO] [stdout]   14:     0x64bc3fc2b54b - test[9d35eded1c95d3be]::__rust_begin_short_backtrace::<core[df12db4294e9bfd3]::result::Result<(), alloc[2182bb758b4b3781]::string::String>, fn() -> core[df12db4294e9bfd3]::result::Result<(), alloc[2182bb758b4b3781]::string::String>>
[INFO] [stdout]   15:     0x64bc3fc38bb5 - test[9d35eded1c95d3be]::run_test::{closure#0}
[INFO] [stdout]   16:     0x64bc3fc32474 - std[70759c8f55707aa4]::sys::backtrace::__rust_begin_short_backtrace::<test[9d35eded1c95d3be]::run_test::{closure#1}, ()>
[INFO] [stdout]   17:     0x64bc3fc3bd12 - <std[70759c8f55707aa4]::thread::lifecycle::spawn_unchecked<test[9d35eded1c95d3be]::run_test::{closure#1}, ()>::{closure#1} as core[df12db4294e9bfd3]::ops::function::FnOnce<()>>::call_once::{shim:vtable#0}
[INFO] [stdout]   18:     0x64bc3fd785f9 - <std[70759c8f55707aa4]::sys::thread::unix::Thread>::new::thread_start
[INFO] [stdout]   19:     0x77679fb29dfa - <unknown>
[INFO] [stdout]   20:     0x77679fbbd3d4 - clone
[INFO] [stdout]   21:                0x0 - <unknown>
[INFO] [stdout] 
[INFO] [stdout] ---- tests::test_parse_transaction_response_p23 stdout ----
[INFO] [stdout] 
[INFO] [stdout] thread 'tests::test_parse_transaction_response_p23' (2482) panicked at src/lib.rs:1678:9:
[INFO] [stdout] Could not find repository root
[INFO] [stdout] stack backtrace:
[INFO] [stdout]    0:     0x64bc3fd790c1 - <<std[70759c8f55707aa4]::sys::backtrace::BacktraceLock>::print::DisplayBacktrace as core[df12db4294e9bfd3]::fmt::Display>::fmt
[INFO] [stdout]    1:     0x64bc3fd8ebaa - core[df12db4294e9bfd3]::fmt::write
[INFO] [stdout]    2:     0x64bc3fd7da2c - <alloc[2182bb758b4b3781]::vec::Vec<u8> as core[df12db4294e9bfd3]::io::write::Write>::write_fmt
[INFO] [stdout]    3:     0x64bc3fd54c56 - std[70759c8f55707aa4]::panicking::default_hook::{closure#0}
[INFO] [stdout]    4:     0x64bc3fd71129 - std[70759c8f55707aa4]::panicking::default_hook
[INFO] [stdout]    5:     0x64bc3fc38260 - test[9d35eded1c95d3be]::test_main_inner::<test[9d35eded1c95d3be]::test_main_static::{closure#0}>::{closure#0}
[INFO] [stdout]    6:     0x64bc3fd712e2 - std[70759c8f55707aa4]::panicking::panic_with_hook
[INFO] [stdout]    7:     0x64bc3fd54d34 - std[70759c8f55707aa4]::panicking::panic_handler::{closure#0}
[INFO] [stdout]    8:     0x64bc3fd4d859 - std[70759c8f55707aa4]::sys::backtrace::__rust_end_short_backtrace::<std[70759c8f55707aa4]::panicking::panic_handler::{closure#0}, !>
[INFO] [stdout]    9:     0x64bc3fd558fd - __rustc[8fa7c3cbc660c2b3]::rust_begin_unwind
[INFO] [stdout]   10:     0x64bc3fd8f30c - core[df12db4294e9bfd3]::panicking::panic_fmt
[INFO] [stdout]   11:     0x64bc3fbd91f3 - stellar_rpc_client[e7bf67805ca35b84]::tests::read_json_file
[INFO] [stdout]   12:     0x64bc3fbdf371 - stellar_rpc_client[e7bf67805ca35b84]::tests::test_parse_transaction_response_p23
[INFO] [stdout]   13:     0x64bc3fbf04a9 - <stellar_rpc_client[e7bf67805ca35b84]::tests::test_parse_transaction_response_p23::{closure#0} as core[df12db4294e9bfd3]::ops::function::FnOnce<()>>::call_once
[INFO] [stdout]   14:     0x64bc3fc2b54b - test[9d35eded1c95d3be]::__rust_begin_short_backtrace::<core[df12db4294e9bfd3]::result::Result<(), alloc[2182bb758b4b3781]::string::String>, fn() -> core[df12db4294e9bfd3]::result::Result<(), alloc[2182bb758b4b3781]::string::String>>
[INFO] [stdout]   15:     0x64bc3fc38bb5 - test[9d35eded1c95d3be]::run_test::{closure#0}
[INFO] [stdout]   16:     0x64bc3fc32474 - std[70759c8f55707aa4]::sys::backtrace::__rust_begin_short_backtrace::<test[9d35eded1c95d3be]::run_test::{closure#1}, ()>
[INFO] [stdout]   17:     0x64bc3fc3bd12 - <std[70759c8f55707aa4]::thread::lifecycle::spawn_unchecked<test[9d35eded1c95d3be]::run_test::{closure#1}, ()>::{closure#1} as core[df12db4294e9bfd3]::ops::function::FnOnce<()>>::call_once::{shim:vtable#0}
[INFO] [stdout]   18:     0x64bc3fd785f9 - <std[70759c8f55707aa4]::sys::thread::unix::Thread>::new::thread_start
[INFO] [stdout]   19:     0x77679fb29dfa - <unknown>
[INFO] [stdout]   20:     0x77679fbbd3d4 - clone
[INFO] [stdout]   21:                0x0 - <unknown>
[INFO] [stdout] 
[INFO] [stdout] 
[INFO] [stdout] failures:
[INFO] [stdout]     tests::test_parse_events_response
[INFO] [stdout]     tests::test_parse_events_response_p22
[INFO] [stdout]     tests::test_parse_failed_transaction_recovers_top_level_diagnostic_events
[INFO] [stdout]     tests::test_parse_get_transactions_response
[INFO] [stdout]     tests::test_parse_transaction_response_p22
[INFO] [stdout]     tests::test_parse_transaction_response_p23
[INFO] [stdout] 
[INFO] [stdout] test result: FAILED. 6 passed; 6 failed; 0 ignored; 0 measured; 0 filtered out; finished in 0.01s
[INFO] [stdout] 
[INFO] [stderr] error: test failed, to rerun pass `--lib`
[INFO] running `Command { std: "docker" "inspect" "37b441c3d0f2e247a0261de03d29342cdeca9122ee93f1e8c0a6593be87612e3", kill_on_drop: false }`
[INFO] running `Command { std: "docker" "rm" "-f" "37b441c3d0f2e247a0261de03d29342cdeca9122ee93f1e8c0a6593be87612e3", kill_on_drop: false }`
[INFO] [stdout] 37b441c3d0f2e247a0261de03d29342cdeca9122ee93f1e8c0a6593be87612e3
