[INFO] fetching crate stegobench-core 1.0.0...
[INFO] testing stegobench-core-1.0.0 against 1.100.0-beta.1+cargoflags=--release for beta-release-1.100-2
[INFO] extracting crate stegobench-core 1.0.0 into /workspace/builds/worker-3-tc2/source
[INFO] started tweaking crates.io crate stegobench-core 1.0.0
[INFO] finished tweaking crates.io crate stegobench-core 1.0.0
[INFO] tweaked toml for crates.io crate stegobench-core 1.0.0 written to /workspace/builds/worker-3-tc2/source/Cargo.toml
[INFO] validating manifest of crates.io crate stegobench-core 1.0.0 on toolchain 1.100.0-beta.1
[INFO] running `Command { std: CARGO_HOME="/workspace/cargo-home" RUSTUP_HOME="/workspace/rustup-home" "/workspace/cargo-home/bin/cargo" "+1.100.0-beta.1" "metadata" "--manifest-path" "Cargo.toml" "--no-deps", kill_on_drop: false }`
[INFO] crate crates.io crate stegobench-core 1.0.0 already has a lockfile, it will not be regenerated
[INFO] running `Command { std: CARGO_HOME="/workspace/cargo-home" RUSTUP_HOME="/workspace/rustup-home" "/workspace/cargo-home/bin/cargo" "+1.100.0-beta.1" "fetch" "--manifest-path" "Cargo.toml", kill_on_drop: false }`
[INFO] [stderr] warning: `package.homepage` is redundant with `package.repository`
[INFO] [stderr]   --> Cargo.toml:40:12
[INFO] [stderr]    |
[INFO] [stderr] 40 | homepage = "https://github.com/elementmerc/stegobench"
[INFO] [stderr]    |            ^^^^^^^^^^^^^^^^^^^^^^^^^^^^^^^^^^^^^^^^^^^
[INFO] [stderr] ...
[INFO] [stderr] 45 | repository = "https://github.com/elementmerc/stegobench"
[INFO] [stderr]    |              -------------------------------------------
[INFO] [stderr]    |
[INFO] [stderr]    = note: `cargo::redundant_homepage` is set to `warn` by default
[INFO] [stderr] help: consider removing `package.homepage`
[INFO] [stderr] warning: `stegobench-core` (manifest) generated 1 warning
[INFO] running `Command { std: "docker" "create" "-v" "/var/lib/crater-agent-workspace/builds/worker-3-tc2/source:/opt/rustwide/workdir:ro,Z" "-v" "/var/lib/crater-agent-workspace/builds/worker-3-tc2/target:/opt/rustwide/target:rw,Z" "-v" "/var/lib/crater-agent-workspace/cargo-home:/opt/rustwide/cargo-home:ro,Z" "-v" "/var/lib/crater-agent-workspace/rustup-home:/opt/rustwide/rustup-home:ro,Z" "-m" "1610612736" "--network" "none" "ghcr.io/rust-lang/crates-build-env/linux@sha256:77db811e55d90add9212f6832c23229e3de5f1c1f9905e8cb07319ea15df73ac" "sleep" "infinity", kill_on_drop: false }`
[INFO] [stdout] b8ef9323e29392453b4b7b7d8a480e1a1c97115eac5f46519522e8415c2a3d44
[INFO] running `Command { std: "docker" "start" "b8ef9323e29392453b4b7b7d8a480e1a1c97115eac5f46519522e8415c2a3d44", kill_on_drop: false }`
[INFO] running `Command { std: "docker" "inspect" "b8ef9323e29392453b4b7b7d8a480e1a1c97115eac5f46519522e8415c2a3d44", kill_on_drop: false }`
[INFO] running `Command { std: "docker" "exec" "-e" "SOURCE_DIR=/opt/rustwide/workdir" "-e" "CARGO_HOME=/opt/rustwide/cargo-home" "-e" "RUSTUP_HOME=/opt/rustwide/rustup-home" "-e" "CARGO_TARGET_DIR=/opt/rustwide/target" "-w" "/opt/rustwide/workdir" "--user" "0:0" "b8ef9323e29392453b4b7b7d8a480e1a1c97115eac5f46519522e8415c2a3d44" "/opt/rustwide/cargo-home/bin/cargo" "+1.100.0-beta.1" "metadata" "--no-deps" "--format-version=1", kill_on_drop: false }`
[INFO] running `Command { std: "docker" "inspect" "b8ef9323e29392453b4b7b7d8a480e1a1c97115eac5f46519522e8415c2a3d44", kill_on_drop: false }`
[INFO] running `Command { std: "docker" "exec" "-e" "SOURCE_DIR=/opt/rustwide/workdir" "-e" "CARGO_HOME=/opt/rustwide/cargo-home" "-e" "RUSTUP_HOME=/opt/rustwide/rustup-home" "-e" "CARGO_TARGET_DIR=/opt/rustwide/target" "-e" "CARGO_INCREMENTAL=0" "-e" "RUST_BACKTRACE=full" "-e" "RUSTFLAGS=--cap-lints=warn" "-e" "RUSTDOCFLAGS=--cap-lints=warn" "-w" "/opt/rustwide/workdir" "--user" "0:0" "b8ef9323e29392453b4b7b7d8a480e1a1c97115eac5f46519522e8415c2a3d44" "/opt/rustwide/cargo-home/bin/cargo" "+1.100.0-beta.1" "build" "--frozen" "--message-format=json" "--release", kill_on_drop: false }`
[INFO] [stderr] warning: `package.homepage` is redundant with `package.repository`
[INFO] [stderr]   --> Cargo.toml:40:12
[INFO] [stderr]    |
[INFO] [stderr] 40 | homepage = "https://github.com/elementmerc/stegobench"
[INFO] [stderr]    |            ^^^^^^^^^^^^^^^^^^^^^^^^^^^^^^^^^^^^^^^^^^^
[INFO] [stderr] ...
[INFO] [stderr] 45 | repository = "https://github.com/elementmerc/stegobench"
[INFO] [stderr]    |              -------------------------------------------
[INFO] [stderr]    |
[INFO] [stderr]    = note: `cargo::redundant_homepage` is set to `warn` by default
[INFO] [stderr] help: consider removing `package.homepage`
[INFO] [stderr] warning: `stegobench-core` (manifest) generated 1 warning
[INFO] [stderr]    Compiling syn v3.0.6
[INFO] [stderr]    Compiling syn v2.0.119
[INFO] [stderr]    Compiling serde_json v1.0.151
[INFO] [stderr]    Compiling indexmap v2.14.2
[INFO] [stderr]    Compiling schemars v0.8.22
[INFO] [stderr]    Compiling sha2 v0.10.9
[INFO] [stderr]    Compiling serde_derive_internals v0.29.1
[INFO] [stderr]    Compiling serde_derive v1.0.229
[INFO] [stderr]    Compiling thiserror-impl v2.0.20
[INFO] [stderr]    Compiling schemars_derive v0.8.22
[INFO] [stderr]    Compiling thiserror v2.0.20
[INFO] [stderr]    Compiling serde v1.0.229
[INFO] [stderr]    Compiling serde_spanned v0.6.9
[INFO] [stderr]    Compiling toml_datetime v0.6.11
[INFO] [stderr]    Compiling toml_edit v0.22.27
[INFO] [stderr]    Compiling toml v0.8.23
[INFO] [stderr]    Compiling stegobench-core v1.0.0 (/opt/rustwide/workdir)
[INFO] [stderr]     Finished `release` profile [optimized] target(s) in 1m 03s
[INFO] running `Command { std: "docker" "inspect" "b8ef9323e29392453b4b7b7d8a480e1a1c97115eac5f46519522e8415c2a3d44", kill_on_drop: false }`
[INFO] running `Command { std: "docker" "exec" "-e" "SOURCE_DIR=/opt/rustwide/workdir" "-e" "CARGO_HOME=/opt/rustwide/cargo-home" "-e" "RUSTUP_HOME=/opt/rustwide/rustup-home" "-e" "CARGO_TARGET_DIR=/opt/rustwide/target" "-e" "CARGO_INCREMENTAL=0" "-e" "RUST_BACKTRACE=full" "-e" "RUSTFLAGS=--cap-lints=warn" "-e" "RUSTDOCFLAGS=--cap-lints=warn" "-w" "/opt/rustwide/workdir" "--user" "0:0" "b8ef9323e29392453b4b7b7d8a480e1a1c97115eac5f46519522e8415c2a3d44" "/opt/rustwide/cargo-home/bin/cargo" "+1.100.0-beta.1" "test" "--frozen" "--no-run" "--message-format=json" "--release", kill_on_drop: false }`
[INFO] [stderr] warning: `package.homepage` is redundant with `package.repository`
[INFO] [stderr]   --> Cargo.toml:40:12
[INFO] [stderr]    |
[INFO] [stderr] 40 | homepage = "https://github.com/elementmerc/stegobench"
[INFO] [stderr]    |            ^^^^^^^^^^^^^^^^^^^^^^^^^^^^^^^^^^^^^^^^^^^
[INFO] [stderr] ...
[INFO] [stderr] 45 | repository = "https://github.com/elementmerc/stegobench"
[INFO] [stderr]    |              -------------------------------------------
[INFO] [stderr]    |
[INFO] [stderr]    = note: `cargo::redundant_homepage` is set to `warn` by default
[INFO] [stderr] help: consider removing `package.homepage`
[INFO] [stderr] warning: `stegobench-core` (manifest) generated 1 warning
[INFO] [stderr]    Compiling getrandom v0.4.3
[INFO] [stderr]    Compiling tempfile v3.27.0
[INFO] [stderr]    Compiling stegobench-core v1.0.0 (/opt/rustwide/workdir)
[INFO] [stderr]     Finished `release` profile [optimized] target(s) in 38.86s
[INFO] running `Command { std: "docker" "inspect" "b8ef9323e29392453b4b7b7d8a480e1a1c97115eac5f46519522e8415c2a3d44", kill_on_drop: false }`
[INFO] running `Command { std: "docker" "exec" "-e" "SOURCE_DIR=/opt/rustwide/workdir" "-e" "CARGO_HOME=/opt/rustwide/cargo-home" "-e" "RUSTUP_HOME=/opt/rustwide/rustup-home" "-e" "CARGO_TARGET_DIR=/opt/rustwide/target" "-e" "CARGO_INCREMENTAL=0" "-e" "RUST_BACKTRACE=full" "-e" "RUSTFLAGS=--cap-lints=warn" "-e" "RUSTDOCFLAGS=--cap-lints=warn" "-w" "/opt/rustwide/workdir" "--user" "0:0" "b8ef9323e29392453b4b7b7d8a480e1a1c97115eac5f46519522e8415c2a3d44" "/opt/rustwide/cargo-home/bin/cargo" "+1.100.0-beta.1" "test" "--frozen" "--release", kill_on_drop: false }`
[INFO] [stderr] warning: `package.homepage` is redundant with `package.repository`
[INFO] [stderr]   --> Cargo.toml:40:12
[INFO] [stderr]    |
[INFO] [stderr] 40 | homepage = "https://github.com/elementmerc/stegobench"
[INFO] [stderr]    |            ^^^^^^^^^^^^^^^^^^^^^^^^^^^^^^^^^^^^^^^^^^^
[INFO] [stderr] ...
[INFO] [stderr] 45 | repository = "https://github.com/elementmerc/stegobench"
[INFO] [stderr]    |              -------------------------------------------
[INFO] [stderr]    |
[INFO] [stderr]    = note: `cargo::redundant_homepage` is set to `warn` by default
[INFO] [stderr] help: consider removing `package.homepage`
[INFO] [stderr] warning: `stegobench-core` (manifest) generated 1 warning
[INFO] [stderr]     Finished `release` profile [optimized] target(s) in 0.10s
[INFO] [stderr]      Running unittests src/lib.rs (/opt/rustwide/target/release/build/stegobench-core/061c2c4eff916c8e/out/stegobench_core-061c2c4eff916c8e)
[INFO] [stdout] 
[INFO] [stdout] running 283 tests
[INFO] [stdout] test corpus::tests::a_corpus_with_no_description_is_refused ... ok
[INFO] [stdout] test corpus::tests::a_corpus_with_no_digest_at_all_is_still_valid_because_most_have_none ... ok
[INFO] [stdout] test corpus::tests::a_demonstration_corpus_may_not_declare_a_download_route ... ok
[INFO] [stdout] test corpus::tests::a_digest_must_say_what_it_covers ... ok
[INFO] [stdout] test corpus::tests::a_corpus_of_unstated_size_cannot_be_planned_against ... ok
[INFO] [stdout] test corpus::tests::a_file_merely_called_latest_is_not_a_moving_pointer ... ok
[INFO] [stdout] test corpus::tests::a_digest_that_is_not_a_digest_is_refused ... ok
[INFO] [stdout] test corpus::tests::a_corpus_nobody_can_get_is_refused ... ok
[INFO] [stdout] test corpus::tests::a_demonstration_corpus_may_not_declare_the_digest_that_earns_a_named_run ... ok
[INFO] [stdout] test corpus::tests::a_missing_corpora_directory_is_not_an_error ... ok
[INFO] [stdout] test corpus::tests::a_fully_stated_corpus_is_valid ... ok
[INFO] [stdout] test corpus::tests::a_demonstration_corpus_with_neither_is_accepted ... ok
[INFO] [stdout] test corpus::tests::a_directory_link_pointing_at_its_own_parent_is_refused_rather_than_walked ... ok
[INFO] [stdout] test corpus::tests::a_count_of_zero_is_refused_rather_than_read_as_a_small_corpus ... ok
[INFO] [stdout] test corpus::tests::a_date_that_is_not_a_date_is_refused ... ok
[INFO] [stdout] test corpus::tests::a_resolver_link_in_the_doi_field_is_refused ... ok
[INFO] [stdout] test corpus::tests::a_route_beside_an_acceptance_step_is_refused ... ok
[INFO] [stdout] test corpus::tests::a_name_the_walk_cannot_resolve_is_reported_rather_than_skipped ... ok
[INFO] [stdout] test corpus::tests::a_route_of_no_bytes_is_refused ... ok
[INFO] [stdout] test corpus::tests::a_release_page_pointing_at_whatever_is_newest_is_refused_too ... ok
[INFO] [stdout] test corpus::tests::a_route_declaring_no_covers_is_refused_only_when_it_declares_zero ... ok
[INFO] [stdout] test corpus::tests::a_route_over_the_ceiling_is_refused ... ok
[INFO] [stdout] test corpus::tests::a_route_with_no_digest_of_the_right_shape_is_refused ... ok
[INFO] [stdout] test corpus::tests::a_route_on_a_corpus_nobody_may_redistribute_is_refused ... ok
[INFO] [stdout] test corpus::tests::a_route_survives_a_round_trip_through_toml_unchanged ... ok
[INFO] [stdout] test corpus::tests::a_nested_directory_is_walked ... ok
[INFO] [stdout] test corpus::tests::a_redistribution_answer_without_a_reason_is_refused ... ok
[INFO] [stdout] test corpus::tests::a_stated_version_is_not_marked ... ok
[INFO] [stdout] test corpus::tests::a_tier_that_cannot_be_typed_on_a_command_line_is_refused ... ok
[INFO] [stdout] test corpus::tests::a_well_formed_download_route_is_accepted_and_readable_by_tier ... ok
[INFO] [stdout] test corpus::tests::a_total_smaller_than_the_cover_count_is_refused ... ok
[INFO] [stdout] test corpus::tests::a_url_that_is_not_a_url_is_refused ... ok
[INFO] [stdout] test corpus::tests::a_url_that_names_a_branch_is_refused_the_way_a_container_tag_is ... ok
[INFO] [stdout] test corpus::tests::an_empty_integrity_block_is_refused_rather_than_implying_a_check ... ok
[INFO] [stdout] test corpus::tests::a_verified_licence_must_name_what_was_read_and_when ... ok
[INFO] [stdout] test corpus::tests::an_archive_format_nobody_defined_is_a_parse_error_rather_than_a_shrug ... ok
[INFO] [stdout] test corpus::tests::an_inferred_version_with_no_note_is_refused ... ok
[INFO] [stdout] test corpus::tests::an_invalid_entry_names_the_file_and_every_problem ... ok
[INFO] [stdout] test corpus::tests::an_unverified_licence_may_not_carry_a_licence_name ... ok
[INFO] [stdout] test corpus::tests::an_unverified_or_ungranted_licence_must_say_why ... ok
[INFO] [stdout] test corpus::tests::an_inferred_version_is_accepted_when_it_is_declared_and_explained ... ok
[INFO] [stdout] test corpus::tests::an_upper_case_digest_is_refused_because_it_is_compared_as_text ... ok
[INFO] [stdout] test corpus::tests::an_unmeasured_size_is_allowed_only_when_it_says_so_in_words ... ok
[INFO] [stdout] test corpus::tests::an_id_that_would_not_survive_a_shell_is_refused ... ok
[INFO] [stdout] test corpus::tests::an_upper_case_digest_is_refused_here_as_it_is_everywhere_else ... ok
[INFO] [stdout] test corpus::tests::one_malformed_file_fails_the_whole_load_rather_than_being_skipped ... ok
[INFO] [stdout] test corpus::tests::plain_http_is_refused_for_a_route ... ok
[INFO] [stdout] test corpus::tests::republication_cannot_rest_on_terms_nobody_read ... ok
[INFO] [stdout] test corpus::tests::share_alike_on_a_corpus_that_may_not_be_republished_is_refused ... ok
[INFO] [stdout] test corpus::tests::the_flag_on_an_unverified_entry_is_refused ... ok
[INFO] [stdout] test corpus::tests::the_summary_names_the_licence_and_whether_it_can_be_republished ... ok
[INFO] [stdout] test fetch::tests::a_budget_that_has_already_passed_stops_the_transfer ... ok
[INFO] [stdout] test corpus::tests::two_files_claiming_one_id_are_refused_rather_than_racing ... ok
[INFO] [stdout] test corpus::tests::the_flag_cannot_outlive_the_field_it_qualifies ... ok
[INFO] [stdout] test corpus::tests::the_listing_marks_an_inferred_version_where_people_look ... ok
[INFO] [stdout] test corpus::tests::used_but_not_republished_is_expressible_for_both_of_its_reasons ... ok
[INFO] [stdout] test fetch::tests::a_chunk_that_takes_longer_than_the_stall_ceiling_abandons_the_transfer ... ok
[INFO] [stdout] test fetch::tests::a_corpus_that_may_not_be_redistributed_is_never_fetched ... ok
[INFO] [stdout] test corpus::tests::the_same_rule_refuses_a_fetch_at_runtime_and_says_why ... ok
[INFO] [stdout] test corpus::tests::two_routes_for_one_tier_are_refused ... ok
[INFO] [stdout] test fetch::tests::a_corpus_with_no_route_is_refused_rather_than_guessed_at ... ok
[INFO] [stdout] test fetch::tests::a_corpus_obtained_by_accepting_terms_is_refused ... ok
[INFO] [stdout] test fetch::tests::a_full_disk_is_reported_as_a_store_failure_rather_than_a_bad_download ... ok
[INFO] [stdout] test fetch::tests::a_tier_the_entry_does_not_offer_lists_the_ones_it_does ... ok
[INFO] [stdout] test fetch::tests::a_transport_error_names_the_url_it_could_not_reach ... ok
[INFO] [stdout] test fetch::tests::a_clean_fetch_lands_the_declared_bytes_at_a_content_addressed_path ... ok
[INFO] [stdout] test fetch::tests::a_long_download_emits_a_heartbeat_the_caller_can_render ... ok
[INFO] [stdout] test fetch::tests::a_route_larger_than_the_cap_is_refused_before_anything_opens ... ok
[INFO] [stdout] test fetch::tests::a_second_run_over_a_verified_blob_does_no_work_at_all ... ok
[INFO] [stdout] test fetch::tests::an_unknown_redistribution_is_refused_as_well_because_an_unknown_is_not_a_yes ... ok
[INFO] [stdout] test fetch::tests::a_truncated_download_is_refused_and_its_bytes_are_kept_for_the_resume ... ok
[INFO] [stdout] test fetch::tests::bytes_that_are_not_the_declared_ones_are_thrown_away_not_kept ... ok
[INFO] [stdout] test fetch::tests::a_held_blob_that_has_been_truncated_since_is_fetched_again_not_handed_back ... ok
[INFO] [stdout] test fetch::tests::a_server_still_sending_past_the_declared_size_is_cut_off ... ok
[INFO] [stdout] test fetch::tests::every_byte_came_from_the_injected_transport ... ok
[INFO] [stdout] test fetch::tests::a_transport_resuming_somewhere_it_was_not_asked_to_is_refused ... ok
[INFO] [stdout] test header::tests::a_file_of_endless_empty_segments_is_bounded_rather_than_walked ... ok
[INFO] [stdout] test fetch::tests::no_transport_is_bundled_with_this_crate ... ok
[INFO] [stdout] test header::tests::a_huffman_table_is_not_mistaken_for_a_frame_header ... ok
[INFO] [stdout] test header::tests::a_jpeg_frame_header_is_found_behind_its_metadata ... ok
[INFO] [stdout] test header::tests::a_missing_file_reports_the_path ... ok
[INFO] [stdout] test header::tests::a_jpeg_that_starts_its_scan_without_a_frame_is_refused ... ok
[INFO] [stdout] test header::tests::a_png_header_reads_as_what_it_says ... ok
[INFO] [stdout] test fetch::tests::a_partial_longer_than_the_whole_file_is_discarded_rather_than_resumed_from ... ok
[INFO] [stdout] test fetch::tests::the_store_survives_a_digest_it_holds_nothing_for ... ok
[INFO] [stdout] test fetch::tests::an_interrupted_download_resumes_from_where_it_stopped ... ok
[INFO] [stdout] test fetch::tests::a_transport_that_cannot_resume_starts_again_rather_than_corrupting_the_file ... ok
[INFO] [stdout] test header::tests::an_empty_file_is_refused_rather_than_panicking ... ok
[INFO] [stdout] test header::tests::every_png_colour_type_maps_to_its_channel_count ... ok
[INFO] [stdout] test header::tests::reading_from_disk_agrees_with_reading_from_memory ... ok
[INFO] [stdout] test header::tests::a_progressive_jpeg_is_read_like_any_other ... ok
[INFO] [stdout] test header::tests::a_segment_shorter_than_its_own_length_field_cannot_walk_backwards ... ok
[INFO] [stdout] test header::tests::a_png_too_short_to_hold_a_header_is_refused_rather_than_measured ... ok
[INFO] [stdout] test header::tests::a_jpeg_whose_frame_sits_past_the_first_read_is_still_measured ... ok
[INFO] [stdout] test header::tests::a_truncated_prefix_says_nothing_rather_than_guessing ... ok
[INFO] [stdout] test header::tests::the_other_formats_are_named_without_being_measured ... ok
[INFO] [stdout] test manifest::tests::a_missing_licence_is_refused ... ok
[INFO] [stdout] test manifest::tests::a_short_digest_is_refused ... ok
[INFO] [stdout] test manifest::tests::a_missing_licence_url_is_refused ... ok
[INFO] [stdout] test manifest::tests::a_zero_dimension_is_refused ... ok
[INFO] [stdout] test manifest::tests::pristine_false_is_a_real_value_not_an_absence ... ok
[INFO] [stdout] test manifest::tests::an_inverted_crop_box_is_refused ... ok
[INFO] [stdout] test header::tests::something_that_is_not_an_image_is_refused ... ok
[INFO] [stdout] test manifest::tests::an_upper_case_digest_is_refused ... ok
[INFO] [stdout] test header::tests::the_height_and_width_are_not_swapped ... ok
[INFO] [stdout] test registry::address_tests::a_bare_number_in_an_argument_is_a_number ... ok
[INFO] [stdout] test manifest::tests::a_well_formed_row_validates ... ok
[INFO] [stdout] test manifest::tests::pristine_is_required_on_parse ... ok
[INFO] [stdout] test manifest::tests::round_trips_through_json_unchanged ... ok
[INFO] [stdout] test registry::address_tests::a_field_too_long_to_read_is_refused_rather_than_skipped ... ok
[INFO] [stdout] test registry::address_tests::a_host_hiding_behind_userinfo_or_a_long_path_is_still_found ... ok
[INFO] [stdout] test registry::address_tests::every_unroutable_range_is_refused ... ok
[INFO] [stdout] test registry::address_tests::ipv6_loopback_is_refused_however_it_is_written ... ok
[INFO] [stdout] test registry::address_tests::nothing_in_the_registry_this_repository_ships_carries_one ... FAILED
[INFO] [stdout] test registry::address_tests::the_refusal_names_the_entry_the_field_and_the_address ... ok
[INFO] [stdout] test registry::address_tests::a_private_upstream_url_is_refused_although_nothing_runs_it ... ok
[INFO] [stdout] test registry::address_tests::a_public_address_or_a_hostname_passes ... ok
[INFO] [stdout] test registry::bundling_tests::a_large_tool_must_not_be ... ok
[INFO] [stdout] test registry::address_tests::argv_and_the_binary_command_are_checked_too ... ok
[INFO] [stdout] test registry::address_tests::a_note_explaining_the_rule_does_not_trip_the_rule ... ok
[INFO] [stdout] test registry::address_tests::a_numerically_encoded_host_in_a_url_is_decoded_rather_than_waved_through ... ok
[INFO] [stdout] test registry::bundling_tests::a_small_tool_must_be_bundled ... ok
[INFO] [stdout] test registry::bundling_tests::the_boundary_is_inclusive_and_stated ... ok
[INFO] [stdout] test registry::address_tests::the_twelve_bit_private_range_is_bounded_at_both_ends ... ok
[INFO] [stdout] test registry::footprint_tests::a_subset_is_summed_over_the_subset ... ok
[INFO] [stdout] test registry::footprint_tests::two_tools_in_one_image_are_counted_once ... ok
[INFO] [stdout] test registry::bundling_tests::the_refusal_names_both_numbers_so_it_can_be_acted_on ... ok
[INFO] [stdout] test registry::footprint_tests::distinct_images_still_add_up ... ok
[INFO] [stdout] test registry::footprint_tests::a_binary_counts_toward_the_bundle_because_it_is_compiled_in ... ok
[INFO] [stdout] test registry::footprint_tests::the_http_guide_example_entry_is_one_the_registry_accepts ... FAILED
[INFO] [stdout] test registry::load_tests::a_corpus_id_colliding_with_a_tool_name_is_refused ... ok
[INFO] [stdout] test registry::load_tests::two_tool_files_claiming_one_name_are_refused_rather_than_racing ... ok
[INFO] [stdout] test registry::preflight_tests::the_disk_check_keeps_a_margin_for_extraction ... ok
[INFO] [stdout] test registry::load_tests::a_registry_with_no_corpora_directory_still_loads_its_tools ... ok
[INFO] [stdout] test registry::preflight_tests::a_missing_image_offline_is_refused_with_advice ... ok
[INFO] [stdout] test registry::preflight_tests::an_image_with_no_declared_size_is_refused_rather_than_pulled_blind ... ok
[INFO] [stdout] test registry::footprint_tests::the_readme_example_entry_is_one_the_registry_accepts ... FAILED
[INFO] [stdout] test registry::preflight_tests::the_refusal_says_how_much_to_free_rather_than_just_no ... ok
[INFO] [stdout] test registry::load_tests::corpora_are_loaded_as_corpora_and_not_parsed_as_tools ... ok
[INFO] [stdout] test registry::footprint_tests::bundled_and_on_demand_are_kept_apart ... ok
[INFO] [stdout] test registry::preflight_tests::an_installed_image_needs_nothing_checked ... ok
[INFO] [stdout] test registry::tests::a_binary_that_cannot_report_its_version_is_refused ... ok
[INFO] [stdout] test registry::tests::a_batch_a_host_adapter_cannot_honour_is_refused_too ... ok
[INFO] [stdout] test registry::tests::a_container_may_declare_a_batch ... ok
[INFO] [stdout] test registry::tests::a_container_entry_pinned_by_digest_is_valid ... ok
[INFO] [stdout] test registry::tests::a_host_invoke_with_an_adapter_and_an_endpoint_variable_is_valid ... ok
[INFO] [stdout] test registry::tests::a_binary_entry_is_valid_when_it_can_report_its_version ... ok
[INFO] [stdout] test registry::tests::a_digest_that_is_not_a_digest_is_refused ... ok
[INFO] [stdout] test registry::tests::a_detector_without_a_selftest_is_refused ... ok
[INFO] [stdout] test registry::tests::a_parser_no_build_carries_is_refused_at_load ... ok
[INFO] [stdout] test registry::tests::a_batch_an_installed_binary_cannot_honour_is_refused_at_load ... ok
[INFO] [stdout] test registry::tests::a_determinism_value_that_is_not_one_of_the_four_is_refused ... ok
[INFO] [stdout] test registry::tests::a_host_invoke_without_an_adapter_is_refused ... ok
[INFO] [stdout] test registry::tests::a_detector_the_host_can_drive_is_refused_without_an_emits_block ... ok
[INFO] [stdout] test registry::tests::a_mutable_tag_is_refused ... ok
[INFO] [stdout] test registry::tests::an_endpoint_variable_without_a_host_invoke_is_refused_rather_than_ignored ... ok
[INFO] [stdout] test registry::tests::an_entry_may_declare_that_two_runs_agree ... ok
[INFO] [stdout] test registry::tests::an_entry_that_says_nothing_about_determinism_says_nothing ... ok
[INFO] [stdout] test registry::tests::an_entry_that_says_nothing_about_republishing_is_still_valid ... ok
[INFO] [stdout] test registry::tests::a_redistribution_verdict_without_a_reason_is_refused ... ok
[INFO] [stdout] test registry::tests::an_entry_that_says_nothing_carries_no_derived_answer_at_all ... ok
[INFO] [stdout] test registry::tests::a_verdict_with_its_reason_is_accepted ... ok
[INFO] [stdout] test registry::tests::an_entry_with_no_invoke_block_may_stay_silent_about_what_it_emits ... ok
[INFO] [stdout] test registry::tests::an_over_long_endpoint_variable_name_is_refused_too ... ok
[INFO] [stdout] test registry::tests::an_address_written_into_the_endpoint_variable_name_is_refused ... ok
[INFO] [stdout] test registry::tests::an_unbatched_binary_is_not_caught_by_the_batch_rule ... ok
[INFO] [stdout] test registry::tests::an_over_long_secret_name_is_refused_too ... ok
[INFO] [stdout] test registry::tests::declaring_both_an_image_and_a_binary_is_refused ... ok
[INFO] [stdout] test registry::tests::secrets_are_names_only_and_are_reported_as_such ... ok
[INFO] [stdout] test registry::tests::ordinary_variable_names_are_accepted ... ok
[INFO] [stdout] test registry::tests::a_reason_with_no_verdict_beside_it_is_refused ... ok
[INFO] [stdout] test registry::tests::a_secret_that_looks_like_a_value_is_refused ... ok
[INFO] [stdout] test registry::tests::an_embedder_is_not_asked_for_a_selftest_it_would_never_read ... ok
[INFO] [stdout] test result::tests::a_binary_plugin_is_pinned_by_the_hash_of_what_ran ... ok
[INFO] [stdout] test result::tests::a_capacity_fraction_above_one_is_refused ... ok
[INFO] [stdout] test result::tests::a_custom_run_needs_no_digest_to_be_valid ... ok
[INFO] [stdout] test registry::tests::the_derived_republish_answer_travels_beside_the_verdict ... ok
[INFO] [stdout] test result::tests::a_document_carrying_no_digest_round_trips_without_growing_one ... ok
[INFO] [stdout] test registry::tests::an_undeclared_emits_block_is_not_written_out_as_though_it_were_declared ... ok
[INFO] [stdout] test result::tests::a_different_number_seals_to_a_different_digest ... ok
[INFO] [stdout] test registry::tests::an_upper_case_image_digest_is_refused_as_it_is_everywhere_else ... ok
[INFO] [stdout] test result::tests::a_document_carrying_no_seal_is_not_accused_of_breaking_one ... ok
[INFO] [stdout] test result::tests::a_bare_version_string_is_still_refused ... ok
[INFO] [stdout] test result::tests::a_document_with_no_plugins_is_not_accused_of_contradicting_itself ... ok
[INFO] [stdout] test result::tests::a_different_corpus_seals_to_a_different_digest ... ok
[INFO] [stdout] test result::tests::a_float_the_parser_rounds_would_break_every_seal_that_carries_it ... ok
[INFO] [stdout] test result::tests::a_headline_interval_that_does_not_contain_its_own_auc_is_refused ... ok
[INFO] [stdout] test result::tests::a_headline_interval_outside_the_unit_interval_is_refused ... ok
[INFO] [stdout] test result::tests::a_host_run_may_reach_the_network_without_objection ... ok
[INFO] [stdout] test result::tests::a_sealed_document_nobody_touched_validates ... ok
[INFO] [stdout] test result::tests::a_sealed_document_survives_being_written_and_read_back ... ok
[INFO] [stdout] test result::tests::a_supplied_corpus_is_fine_when_it_can_be_identified ... ok
[INFO] [stdout] test result::tests::a_tampered_document_no_longer_matches_its_own_seal ... ok
[INFO] [stdout] test result::tests::a_well_formed_breakdown_validates ... ok
[INFO] [stdout] test result::tests::a_well_formed_result_validates ... ok
[INFO] [stdout] test result::tests::a_document_written_under_the_old_achieved_rate_name_keeps_its_figures ... ok
[INFO] [stdout] test result::tests::a_mutable_image_tag_is_refused_because_it_cannot_be_reproduced ... ok
[INFO] [stdout] test result::tests::an_achieved_rate_for_a_figure_the_document_does_not_carry_is_refused ... ok
[INFO] [stdout] test result::tests::a_document_written_before_the_achieved_rates_existed_still_parses_and_validates ... ok
[INFO] [stdout] test result::tests::a_named_configuration_over_an_unidentifiable_corpus_is_refused ... ok
[INFO] [stdout] test result::tests::a_headline_interval_that_contains_its_own_auc_validates ... ok
[INFO] [stdout] test result::tests::a_sandbox_beside_a_reachable_network_is_refused ... ok
[INFO] [stdout] test result::tests::an_achieved_rate_outside_zero_to_one_is_refused ... ok
[INFO] [stdout] test result::tests::an_arm_interval_that_does_not_contain_its_own_estimate_is_refused ... ok
[INFO] [stdout] test result::tests::an_arm_auc_outside_the_unit_interval_is_refused_like_the_headline_one ... ok
[INFO] [stdout] test result::tests::an_empty_side_is_not_a_measurement ... ok
[INFO] [stdout] test result::tests::an_arm_with_no_name_is_refused ... ok
[INFO] [stdout] test result::tests::an_auc_outside_the_unit_interval_is_refused ... ok
[INFO] [stdout] test result::tests::n_error_is_required_rather_than_optional ... ok
[INFO] [stdout] test result::tests::an_unpinned_plugin_still_has_to_name_a_digest_or_be_refused ... ok
[INFO] [stdout] test result::tests::neither_new_field_may_be_omitted ... ok
[INFO] [stdout] test result::tests::empty_achieved_rates_are_left_out_of_the_serialised_document ... ok
[INFO] [stdout] test result::tests::every_isolation_value_survives_a_round_trip_under_the_name_it_publishes ... ok
[INFO] [stdout] test result::tests::an_achieved_rate_above_the_budget_it_is_filed_under_is_refused ... ok
[INFO] [stdout] test result::tests::the_achieved_rates_are_not_written_under_a_name_that_says_detection_rate ... ok
[INFO] [stdout] test result::tests::one_arm_named_twice_is_refused_because_a_reader_would_pick_one ... ok
[INFO] [stdout] test result::tests::neither_half_of_the_old_route_field_may_be_omitted ... ok
[INFO] [stdout] test result::tests::an_achieved_rate_below_its_budget_is_recorded_rather_than_refused ... ok
[INFO] [stdout] test result::tests::sealing_twice_does_not_change_the_answer ... ok
[INFO] [stdout] test result::tests::round_trips_through_json_unchanged ... ok
[INFO] [stdout] test result::tests::two_detectors_sharing_one_image_are_told_apart_by_what_was_asked ... ok
[INFO] [stdout] test result::tests::the_configuration_and_the_corpus_source_survive_a_round_trip ... ok
[INFO] [stdout] test result::tests::a_service_measured_with_no_network_is_refused ... ok
[INFO] [stdout] test result::tests::the_two_timing_fields_may_change_after_a_seal_without_breaking_it ... ok
[INFO] [stdout] test result::tests::the_refusal_does_not_hand_over_the_digest_that_would_make_it_pass ... ok
[INFO] [stdout] test result::tests::the_same_number_can_be_valid_in_one_unit_and_not_the_other ... ok
[INFO] [stdout] test result::tests::unknown_fields_are_ignored_so_a_v1_reader_survives_a_later_writer ... ok
[INFO] [stdout] test result::tests::the_old_route_value_is_not_quietly_accepted_as_either_new_field ... ok
[INFO] [stdout] test run::tests::a_done_arm_without_a_result_is_refused ... ok
[INFO] [stdout] test result::tests::the_recorded_argv_is_the_declared_one_and_carries_no_host_path ... ok
[INFO] [stdout] test result::tests::two_runs_that_differ_only_in_when_they_ran_seal_to_the_same_digest ... ok
[INFO] [stdout] test run::tests::an_empty_command_is_refused ... ok
[INFO] [stdout] test run::tests::round_trips_through_json_unchanged ... ok
[INFO] [stdout] test run::tests::the_wrong_schema_id_is_refused ... ok
[INFO] [stdout] test samples::starter_corpus_tests::a_stego_image_differs_from_its_cover_in_nothing_a_header_can_see ... FAILED
[INFO] [stdout] test samples::starter_corpus_tests::every_stego_image_names_a_cover_that_is_actually_here ... FAILED
[INFO] [stdout] test samples::starter_corpus_tests::it_walks_cleanly_and_has_both_sides_of_a_measurement ... FAILED
[INFO] [stdout] test samples::starter_corpus_tests::the_split_is_a_property_of_the_cover_and_has_both_sides ... FAILED
[INFO] [stdout] test samples::starter_corpus_tests::the_cover_join_goes_through_the_declared_name_not_the_name_on_disk ... FAILED
[INFO] [stdout] test run::tests::a_failed_arm_with_a_reason_validates ... ok
[INFO] [stdout] test run::tests::a_well_formed_run_validates ... ok
[INFO] [stdout] test samples::starter_corpus_tests::its_registry_entry_can_never_earn_a_named_run ... FAILED
[INFO] [stdout] test run::tests::a_failed_arm_without_a_reason_is_refused ... ok
[INFO] [stdout] test samples::tests::a_bad_file_field_is_refused_in_its_own_name ... ok
[INFO] [stdout] test samples::tests::a_name_that_sorts_between_a_pair_does_not_split_it ... ok
[INFO] [stdout] test samples::tests::a_clean_arm_row_reports_itself_as_clean ... ok
[INFO] [stdout] test samples::tests::a_cover_tier_row_is_clean_and_carries_its_split ... ok
[INFO] [stdout] test samples::tests::a_file_field_that_is_not_a_name_at_all_is_refused ... ok
[INFO] [stdout] test samples::tests::a_path_that_is_not_a_directory_is_refused_at_open ... ok
[INFO] [stdout] test samples::tests::a_path_in_source_png_is_refused_rather_than_joined ... ok
[INFO] [stdout] test samples::tests::a_record_reports_the_name_it_gives_its_own_image ... ok
[INFO] [stdout] test samples::tests::a_missing_directory_is_refused_at_open_with_the_underlying_reason ... ok
[INFO] [stdout] test samples::tests::a_record_that_is_not_an_object_is_refused ... ok
[INFO] [stdout] test samples::tests::a_record_that_is_not_json_is_refused_naming_the_file ... ok
[INFO] [stdout] test samples::tests::a_name_carrying_a_newline_is_refused ... ok
[INFO] [stdout] test samples::tests::a_record_with_no_image_is_refused_and_names_the_basename ... ok
[INFO] [stdout] test samples::tests::a_role_that_is_neither_side_is_refused ... ok
[INFO] [stdout] test samples::tests::a_symlinked_directory_is_refused_rather_than_followed ... ok
[INFO] [stdout] test samples::tests::a_file_that_is_neither_an_image_nor_a_record_is_not_a_sample ... ok
[INFO] [stdout] test samples::tests::a_stem_is_everything_before_the_final_dot ... ok
[INFO] [stdout] test samples::tests::a_stopped_walk_stays_stopped ... ok
[INFO] [stdout] test samples::tests::a_stego_record_reports_the_cover_it_was_made_from ... ok
[INFO] [stdout] test samples::tests::an_id_does_not_change_when_the_corpus_moves ... ok
[INFO] [stdout] test samples::tests::a_walk_stops_at_the_first_corpus_defect_rather_than_carrying_on ... ok
[INFO] [stdout] test samples::tests::an_image_with_no_record_is_refused_and_names_the_basename ... ok
[INFO] [stdout] test samples::tests::a_well_formed_directory_yields_every_sample_exactly_once ... ok
[INFO] [stdout] test samples::tests::an_upper_case_extension_is_the_same_extension ... ok
[INFO] [stdout] test samples::tests::a_directory_deeper_than_the_cap_is_refused_naming_the_path ... ok
[INFO] [stdout] test samples::tests::an_empty_directory_yields_nothing_and_does_not_error ... ok
[INFO] [stdout] test samples::tests::an_arm_row_with_no_role_field_still_reads_as_stego ... ok
[INFO] [stdout] test samples::tests::nested_directories_are_walked_and_the_id_carries_the_path ... ok
[INFO] [stdout] test samples::tests::an_operating_system_sidecar_is_skipped_the_way_the_shipped_loader_skips_it ... ok
[INFO] [stdout] test samples::tests::the_digest_a_record_states_is_carried_through_exactly_as_written ... ok
[INFO] [stdout] test samples::tests::one_record_beside_two_images_is_refused_rather_than_guessed ... ok
[INFO] [stdout] test table::tests::nothing_to_align_is_nothing_rather_than_a_blank_line ... ok
[INFO] [stdout] test table::tests::the_last_cell_is_never_padded ... ok
[INFO] [stdout] test samples::tests::an_oversized_record_is_refused_before_it_is_parsed ... ok
[INFO] [stdout] test samples::tests::the_order_is_sorted_rather_than_whatever_the_filesystem_returns ... ok
[INFO] [stdout] test table::tests::a_long_cell_widens_the_column_for_every_row ... ok
[INFO] [stdout] test table::tests::a_ragged_row_ends_early_rather_than_padding_to_nothing ... ok
[INFO] [stdout] test table::tests::width_is_counted_in_characters_rather_than_bytes ... ok
[INFO] [stdout] test samples::tests::two_runs_over_the_same_directory_agree ... ok
[INFO] [stdout] test samples::tests::a_named_pipe_where_a_record_belongs_is_refused_rather_than_opened ... ok
[INFO] [stdout] 
[INFO] [stdout] failures:
[INFO] [stdout] 
[INFO] [stdout] ---- registry::address_tests::nothing_in_the_registry_this_repository_ships_carries_one stdout ----
[INFO] [stdout] 
[INFO] [stdout] thread 'registry::address_tests::nothing_in_the_registry_this_repository_ships_carries_one' (698) panicked at src/registry.rs:2480:13:
[INFO] [stdout] the shipped registry no longer loads: cannot read /opt/rustwide/workdir/../../plugins/registry: No such file or directory (os error 2)
[INFO] [stdout] stack backtrace:
[INFO] [stdout]    0:     0x58281e020861 - <<std[617be2ca0a6fd877]::sys::backtrace::BacktraceLock>::print::DisplayBacktrace as core[a373ad73a504971]::fmt::Display>::fmt
[INFO] [stdout]    1:     0x58281e03772a - core[a373ad73a504971]::fmt::write
[INFO] [stdout]    2:     0x58281e024e6c - <alloc[2e1b2a31b91974c5]::vec::Vec<u8> as core[a373ad73a504971]::io::write::Write>::write_fmt
[INFO] [stdout]    3:     0x58281dff9b46 - std[617be2ca0a6fd877]::panicking::default_hook::{closure#0}
[INFO] [stdout]    4:     0x58281e017859 - std[617be2ca0a6fd877]::panicking::default_hook
[INFO] [stdout]    5:     0x58281df9df90 - test[aada8e7e76ba119b]::test_main_inner::{closure#0}
[INFO] [stdout]    6:     0x58281e017a12 - std[617be2ca0a6fd877]::panicking::panic_with_hook
[INFO] [stdout]    7:     0x58281dff9bf2 - std[617be2ca0a6fd877]::panicking::panic_handler::{closure#0}
[INFO] [stdout]    8:     0x58281dff24f9 - std[617be2ca0a6fd877]::sys::backtrace::__rust_end_short_backtrace::<std[617be2ca0a6fd877]::panicking::panic_handler::{closure#0}, !>
[INFO] [stdout]    9:     0x58281dffa9dd - __rustc[ea4f61d10b84890b]::rust_begin_unwind
[INFO] [stdout]   10:     0x58281e037e8c - core[a373ad73a504971]::panicking::panic_fmt
[INFO] [stdout]   11:     0x58281dedc527 - stegobench_core[7bc08d46fa4990c]::registry::address_tests::nothing_in_the_registry_this_repository_ships_carries_one::{closure#0}
[INFO] [stdout]   12:     0x58281dee67da - <stegobench_core[7bc08d46fa4990c]::registry::address_tests::nothing_in_the_registry_this_repository_ships_carries_one::{closure#0} as core[a373ad73a504971]::ops::function::FnOnce<()>>::call_once
[INFO] [stdout]   13:     0x58281df913db - test[aada8e7e76ba119b]::__rust_begin_short_backtrace::<core[a373ad73a504971]::result::Result<(), alloc[2e1b2a31b91974c5]::string::String>, fn() -> core[a373ad73a504971]::result::Result<(), alloc[2e1b2a31b91974c5]::string::String>>
[INFO] [stdout]   14:     0x58281df9e5b5 - test[aada8e7e76ba119b]::run_test::{closure#0}
[INFO] [stdout]   15:     0x58281df97ea4 - std[617be2ca0a6fd877]::sys::backtrace::__rust_begin_short_backtrace::<test[aada8e7e76ba119b]::run_test::{closure#1}, ()>
[INFO] [stdout]   16:     0x58281dfa1642 - <std[617be2ca0a6fd877]::thread::lifecycle::spawn_unchecked<test[aada8e7e76ba119b]::run_test::{closure#1}, ()>::{closure#1} as core[a373ad73a504971]::ops::function::FnOnce<()>>::call_once::{shim:vtable#0}
[INFO] [stdout]   17:     0x58281e01f86f - <std[617be2ca0a6fd877]::sys::thread::unix::Thread>::new::thread_start
[INFO] [stdout]   18:     0x7f9cd93ebdfa - <unknown>
[INFO] [stdout]   19:     0x7f9cd947f3d4 - clone
[INFO] [stdout]   20:                0x0 - <unknown>
[INFO] [stdout] 
[INFO] [stdout] ---- registry::footprint_tests::the_http_guide_example_entry_is_one_the_registry_accepts stdout ----
[INFO] [stdout] 
[INFO] [stdout] thread 'registry::footprint_tests::the_http_guide_example_entry_is_one_the_registry_accepts' (709) panicked at src/registry.rs:2852:10:
[INFO] [stdout] the guide page is two levels up from this crate: Os { code: 2, kind: NotFound, message: "No such file or directory" }
[INFO] [stdout] stack backtrace:
[INFO] [stdout]    0:     0x58281e020861 - <<std[617be2ca0a6fd877]::sys::backtrace::BacktraceLock>::print::DisplayBacktrace as core[a373ad73a504971]::fmt::Display>::fmt
[INFO] [stdout]    1:     0x58281e03772a - core[a373ad73a504971]::fmt::write
[INFO] [stdout]    2:     0x58281e024e6c - <alloc[2e1b2a31b91974c5]::vec::Vec<u8> as core[a373ad73a504971]::io::write::Write>::write_fmt
[INFO] [stdout]    3:     0x58281dff9b46 - std[617be2ca0a6fd877]::panicking::default_hook::{closure#0}
[INFO] [stdout]    4:     0x58281e017859 - std[617be2ca0a6fd877]::panicking::default_hook
[INFO] [stdout]    5:     0x58281df9df90 - test[aada8e7e76ba119b]::test_main_inner::{closure#0}
[INFO] [stdout]    6:     0x58281e017a12 - std[617be2ca0a6fd877]::panicking::panic_with_hook
[INFO] [stdout]    7:     0x58281dff9bf2 - std[617be2ca0a6fd877]::panicking::panic_handler::{closure#0}
[INFO] [stdout]    8:     0x58281dff24f9 - std[617be2ca0a6fd877]::sys::backtrace::__rust_end_short_backtrace::<std[617be2ca0a6fd877]::panicking::panic_handler::{closure#0}, !>
[INFO] [stdout]    9:     0x58281dffa9dd - __rustc[ea4f61d10b84890b]::rust_begin_unwind
[INFO] [stdout]   10:     0x58281e037e8c - core[a373ad73a504971]::panicking::panic_fmt
[INFO] [stdout]   11:     0x58281e037c62 - core[a373ad73a504971]::result::unwrap_failed
[INFO] [stdout]   12:     0x58281dee8348 - <stegobench_core[7bc08d46fa4990c]::registry::footprint_tests::the_http_guide_example_entry_is_one_the_registry_accepts::{closure#0} as core[a373ad73a504971]::ops::function::FnOnce<()>>::call_once
[INFO] [stdout]   13:     0x58281df913db - test[aada8e7e76ba119b]::__rust_begin_short_backtrace::<core[a373ad73a504971]::result::Result<(), alloc[2e1b2a31b91974c5]::string::String>, fn() -> core[a373ad73a504971]::result::Result<(), alloc[2e1b2a31b91974c5]::string::String>>
[INFO] [stdout]   14:     0x58281df9e5b5 - test[aada8e7e76ba119b]::run_test::{closure#0}
[INFO] [stdout]   15:     0x58281df97ea4 - std[617be2ca0a6fd877]::sys::backtrace::__rust_begin_short_backtrace::<test[aada8e7e76ba119b]::run_test::{closure#1}, ()>
[INFO] [stdout]   16:     0x58281dfa1642 - <std[617be2ca0a6fd877]::thread::lifecycle::spawn_unchecked<test[aada8e7e76ba119b]::run_test::{closure#1}, ()>::{closure#1} as core[a373ad73a504971]::ops::function::FnOnce<()>>::call_once::{shim:vtable#0}
[INFO] [stdout]   17:     0x58281e01f86f - <std[617be2ca0a6fd877]::sys::thread::unix::Thread>::new::thread_start
[INFO] [stdout]   18:     0x7f9cd93ebdfa - <unknown>
[INFO] [stdout]   19:     0x7f9cd947f3d4 - clone
[INFO] [stdout]   20:                0x0 - <unknown>
[INFO] [stdout] 
[INFO] [stdout] ---- registry::footprint_tests::the_readme_example_entry_is_one_the_registry_accepts stdout ----
[INFO] [stdout] 
[INFO] [stdout] thread 'registry::footprint_tests::the_readme_example_entry_is_one_the_registry_accepts' (710) panicked at src/registry.rs:2826:10:
[INFO] [stdout] the README is two levels up from this crate: Os { code: 2, kind: NotFound, message: "No such file or directory" }
[INFO] [stdout] stack backtrace:
[INFO] [stdout]    0:     0x58281e020861 - <<std[617be2ca0a6fd877]::sys::backtrace::BacktraceLock>::print::DisplayBacktrace as core[a373ad73a504971]::fmt::Display>::fmt
[INFO] [stdout]    1:     0x58281e03772a - core[a373ad73a504971]::fmt::write
[INFO] [stdout]    2:     0x58281e024e6c - <alloc[2e1b2a31b91974c5]::vec::Vec<u8> as core[a373ad73a504971]::io::write::Write>::write_fmt
[INFO] [stdout]    3:     0x58281dff9b46 - std[617be2ca0a6fd877]::panicking::default_hook::{closure#0}
[INFO] [stdout]    4:     0x58281e017859 - std[617be2ca0a6fd877]::panicking::default_hook
[INFO] [stdout]    5:     0x58281df9df90 - test[aada8e7e76ba119b]::test_main_inner::{closure#0}
[INFO] [stdout]    6:     0x58281e017a12 - std[617be2ca0a6fd877]::panicking::panic_with_hook
[INFO] [stdout]    7:     0x58281dff9bf2 - std[617be2ca0a6fd877]::panicking::panic_handler::{closure#0}
[INFO] [stdout]    8:     0x58281dff24f9 - std[617be2ca0a6fd877]::sys::backtrace::__rust_end_short_backtrace::<std[617be2ca0a6fd877]::panicking::panic_handler::{closure#0}, !>
[INFO] [stdout]    9:     0x58281dffa9dd - __rustc[ea4f61d10b84890b]::rust_begin_unwind
[INFO] [stdout]   10:     0x58281e037e8c - core[a373ad73a504971]::panicking::panic_fmt
[INFO] [stdout]   11:     0x58281e037c62 - core[a373ad73a504971]::result::unwrap_failed
[INFO] [stdout]   12:     0x58281dee79a8 - <stegobench_core[7bc08d46fa4990c]::registry::footprint_tests::the_readme_example_entry_is_one_the_registry_accepts::{closure#0} as core[a373ad73a504971]::ops::function::FnOnce<()>>::call_once
[INFO] [stdout]   13:     0x58281df913db - test[aada8e7e76ba119b]::__rust_begin_short_backtrace::<core[a373ad73a504971]::result::Result<(), alloc[2e1b2a31b91974c5]::string::String>, fn() -> core[a373ad73a504971]::result::Result<(), alloc[2e1b2a31b91974c5]::string::String>>
[INFO] [stdout]   14:     0x58281df9e5b5 - test[aada8e7e76ba119b]::run_test::{closure#0}
[INFO] [stdout]   15:     0x58281df97ea4 - std[617be2ca0a6fd877]::sys::backtrace::__rust_begin_short_backtrace::<test[aada8e7e76ba119b]::run_test::{closure#1}, ()>
[INFO] [stdout]   16:     0x58281dfa1642 - <std[617be2ca0a6fd877]::thread::lifecycle::spawn_unchecked<test[aada8e7e76ba119b]::run_test::{closure#1}, ()>::{closure#1} as core[a373ad73a504971]::ops::function::FnOnce<()>>::call_once::{shim:vtable#0}
[INFO] [stdout]   17:     0x58281e01f86f - <std[617be2ca0a6fd877]::sys::thread::unix::Thread>::new::thread_start
[INFO] [stdout]   18:     0x7f9cd93ebdfa - <unknown>
[INFO] [stdout]   19:     0x7f9cd947f3d4 - clone
[INFO] [stdout]   20:                0x0 - <unknown>
[INFO] [stdout] 
[INFO] [stdout] ---- samples::starter_corpus_tests::a_stego_image_differs_from_its_cover_in_nothing_a_header_can_see stdout ----
[INFO] [stdout] 
[INFO] [stdout] thread 'samples::starter_corpus_tests::a_stego_image_differs_from_its_cover_in_nothing_a_header_can_see' (817) panicked at src/samples.rs:1321:33:
[INFO] [stdout] the shipped starter corpus does not open: cannot read /opt/rustwide/workdir/../../corpora/starter: No such file or directory (os error 2)
[INFO] [stdout] stack backtrace:
[INFO] [stdout]    0:     0x58281e020861 - <<std[617be2ca0a6fd877]::sys::backtrace::BacktraceLock>::print::DisplayBacktrace as core[a373ad73a504971]::fmt::Display>::fmt
[INFO] [stdout]    1:     0x58281e03772a - core[a373ad73a504971]::fmt::write
[INFO] [stdout]    2:     0x58281e024e6c - <alloc[2e1b2a31b91974c5]::vec::Vec<u8> as core[a373ad73a504971]::io::write::Write>::write_fmt
[INFO] [stdout]    3:     0x58281dff9b46 - std[617be2ca0a6fd877]::panicking::default_hook::{closure#0}
[INFO] [stdout]    4:     0x58281e017859 - std[617be2ca0a6fd877]::panicking::default_hook
[INFO] [stdout]    5:     0x58281df9df90 - test[aada8e7e76ba119b]::test_main_inner::{closure#0}
[INFO] [stdout]    6:     0x58281e017a12 - std[617be2ca0a6fd877]::panicking::panic_with_hook
[INFO] [stdout]    7:     0x58281dff9bf2 - std[617be2ca0a6fd877]::panicking::panic_handler::{closure#0}
[INFO] [stdout]    8:     0x58281dff24f9 - std[617be2ca0a6fd877]::sys::backtrace::__rust_end_short_backtrace::<std[617be2ca0a6fd877]::panicking::panic_handler::{closure#0}, !>
[INFO] [stdout]    9:     0x58281dffa9dd - __rustc[ea4f61d10b84890b]::rust_begin_unwind
[INFO] [stdout]   10:     0x58281e037e8c - core[a373ad73a504971]::panicking::panic_fmt
[INFO] [stdout]   11:     0x58281def1ba4 - stegobench_core[7bc08d46fa4990c]::samples::starter_corpus_tests::walk::{closure#0}
[INFO] [stdout]   12:     0x58281def2b9e - stegobench_core[7bc08d46fa4990c]::samples::starter_corpus_tests::walk
[INFO] [stdout]   13:     0x58281defb391 - <stegobench_core[7bc08d46fa4990c]::samples::starter_corpus_tests::a_stego_image_differs_from_its_cover_in_nothing_a_header_can_see::{closure#0} as core[a373ad73a504971]::ops::function::FnOnce<()>>::call_once
[INFO] [stdout]   14:     0x58281df913db - test[aada8e7e76ba119b]::__rust_begin_short_backtrace::<core[a373ad73a504971]::result::Result<(), alloc[2e1b2a31b91974c5]::string::String>, fn() -> core[a373ad73a504971]::result::Result<(), alloc[2e1b2a31b91974c5]::string::String>>
[INFO] [stdout]   15:     0x58281df9e5b5 - test[aada8e7e76ba119b]::run_test::{closure#0}
[INFO] [stdout]   16:     0x58281df97ea4 - std[617be2ca0a6fd877]::sys::backtrace::__rust_begin_short_backtrace::<test[aada8e7e76ba119b]::run_test::{closure#1}, ()>
[INFO] [stdout]   17:     0x58281dfa1642 - <std[617be2ca0a6fd877]::thread::lifecycle::spawn_unchecked<test[aada8e7e76ba119b]::run_test::{closure#1}, ()>::{closure#1} as core[a373ad73a504971]::ops::function::FnOnce<()>>::call_once::{shim:vtable#0}
[INFO] [stdout]   18:     0x58281e01f86f - <std[617be2ca0a6fd877]::sys::thread::unix::Thread>::new::thread_start
[INFO] [stdout]   19:     0x7f9cd93ebdfa - <unknown>
[INFO] [stdout]   20:     0x7f9cd947f3d4 - clone
[INFO] [stdout]   21:                0x0 - <unknown>
[INFO] [stdout] 
[INFO] [stdout] ---- samples::starter_corpus_tests::every_stego_image_names_a_cover_that_is_actually_here stdout ----
[INFO] [stdout] 
[INFO] [stdout] thread 'samples::starter_corpus_tests::every_stego_image_names_a_cover_that_is_actually_here' (818) panicked at src/samples.rs:1321:33:
[INFO] [stdout] the shipped starter corpus does not open: cannot read /opt/rustwide/workdir/../../corpora/starter: No such file or directory (os error 2)
[INFO] [stdout] stack backtrace:
[INFO] [stdout]    0:     0x58281e020861 - <<std[617be2ca0a6fd877]::sys::backtrace::BacktraceLock>::print::DisplayBacktrace as core[a373ad73a504971]::fmt::Display>::fmt
[INFO] [stdout]    1:     0x58281e03772a - core[a373ad73a504971]::fmt::write
[INFO] [stdout]    2:     0x58281e024e6c - <alloc[2e1b2a31b91974c5]::vec::Vec<u8> as core[a373ad73a504971]::io::write::Write>::write_fmt
[INFO] [stdout]    3:     0x58281dff9b46 - std[617be2ca0a6fd877]::panicking::default_hook::{closure#0}
[INFO] [stdout]    4:     0x58281e017859 - std[617be2ca0a6fd877]::panicking::default_hook
[INFO] [stdout]    5:     0x58281df9df90 - test[aada8e7e76ba119b]::test_main_inner::{closure#0}
[INFO] [stdout]    6:     0x58281e017a12 - std[617be2ca0a6fd877]::panicking::panic_with_hook
[INFO] [stdout]    7:     0x58281dff9bf2 - std[617be2ca0a6fd877]::panicking::panic_handler::{closure#0}
[INFO] [stdout]    8:     0x58281dff24f9 - std[617be2ca0a6fd877]::sys::backtrace::__rust_end_short_backtrace::<std[617be2ca0a6fd877]::panicking::panic_handler::{closure#0}, !>
[INFO] [stdout]    9:     0x58281dffa9dd - __rustc[ea4f61d10b84890b]::rust_begin_unwind
[INFO] [stdout]   10:     0x58281e037e8c - core[a373ad73a504971]::panicking::panic_fmt
[INFO] [stdout]   11:     0x58281def1ba4 - stegobench_core[7bc08d46fa4990c]::samples::starter_corpus_tests::walk::{closure#0}
[INFO] [stdout]   12:     0x58281def2b9e - stegobench_core[7bc08d46fa4990c]::samples::starter_corpus_tests::walk
[INFO] [stdout]   13:     0x58281defab20 - <stegobench_core[7bc08d46fa4990c]::samples::starter_corpus_tests::every_stego_image_names_a_cover_that_is_actually_here::{closure#0} as core[a373ad73a504971]::ops::function::FnOnce<()>>::call_once
[INFO] [stdout]   14:     0x58281df913db - test[aada8e7e76ba119b]::__rust_begin_short_backtrace::<core[a373ad73a504971]::result::Result<(), alloc[2e1b2a31b91974c5]::string::String>, fn() -> core[a373ad73a504971]::result::Result<(), alloc[2e1b2a31b91974c5]::string::String>>
[INFO] [stdout]   15:     0x58281df9e5b5 - test[aada8e7e76ba119b]::run_test::{closure#0}
[INFO] [stdout]   16:     0x58281df97ea4 - std[617be2ca0a6fd877]::sys::backtrace::__rust_begin_short_backtrace::<test[aada8e7e76ba119b]::run_test::{closure#1}, ()>
[INFO] [stdout]   17:     0x58281dfa1642 - <std[617be2ca0a6fd877]::thread::lifecycle::spawn_unchecked<test[aada8e7e76ba119b]::run_test::{closure#1}, ()>::{closure#1} as core[a373ad73a504971]::ops::function::FnOnce<()>>::call_once::{shim:vtable#0}
[INFO] [stdout]   18:     0x58281e01f86f - <std[617be2ca0a6fd877]::sys::thread::unix::Thread>::new::thread_start
[INFO] [stdout]   19:     0x7f9cd93ebdfa - <unknown>
[INFO] [stdout]   20:     0x7f9cd947f3d4 - clone
[INFO] [stdout]   21:                0x0 - <unknown>
[INFO] [stdout] 
[INFO] [stdout] ---- samples::starter_corpus_tests::it_walks_cleanly_and_has_both_sides_of_a_measurement stdout ----
[INFO] [stdout] 
[INFO] [stdout] thread 'samples::starter_corpus_tests::it_walks_cleanly_and_has_both_sides_of_a_measurement' (819) panicked at src/samples.rs:1321:33:
[INFO] [stdout] the shipped starter corpus does not open: cannot read /opt/rustwide/workdir/../../corpora/starter: No such file or directory (os error 2)
[INFO] [stdout] stack backtrace:
[INFO] [stdout]    0:     0x58281e020861 - <<std[617be2ca0a6fd877]::sys::backtrace::BacktraceLock>::print::DisplayBacktrace as core[a373ad73a504971]::fmt::Display>::fmt
[INFO] [stdout]    1:     0x58281e03772a - core[a373ad73a504971]::fmt::write
[INFO] [stdout]    2:     0x58281e024e6c - <alloc[2e1b2a31b91974c5]::vec::Vec<u8> as core[a373ad73a504971]::io::write::Write>::write_fmt
[INFO] [stdout]    3:     0x58281dff9b46 - std[617be2ca0a6fd877]::panicking::default_hook::{closure#0}
[INFO] [stdout]    4:     0x58281e017859 - std[617be2ca0a6fd877]::panicking::default_hook
[INFO] [stdout]    5:     0x58281df9df90 - test[aada8e7e76ba119b]::test_main_inner::{closure#0}
[INFO] [stdout]    6:     0x58281e017a12 - std[617be2ca0a6fd877]::panicking::panic_with_hook
[INFO] [stdout]    7:     0x58281dff9bf2 - std[617be2ca0a6fd877]::panicking::panic_handler::{closure#0}
[INFO] [stdout]    8:     0x58281dff24f9 - std[617be2ca0a6fd877]::sys::backtrace::__rust_end_short_backtrace::<std[617be2ca0a6fd877]::panicking::panic_handler::{closure#0}, !>
[INFO] [stdout]    9:     0x58281dffa9dd - __rustc[ea4f61d10b84890b]::rust_begin_unwind
[INFO] [stdout]   10:     0x58281e037e8c - core[a373ad73a504971]::panicking::panic_fmt
[INFO] [stdout]   11:     0x58281def1ba4 - stegobench_core[7bc08d46fa4990c]::samples::starter_corpus_tests::walk::{closure#0}
[INFO] [stdout]   12:     0x58281def2b9e - stegobench_core[7bc08d46fa4990c]::samples::starter_corpus_tests::walk
[INFO] [stdout]   13:     0x58281defa936 - <stegobench_core[7bc08d46fa4990c]::samples::starter_corpus_tests::it_walks_cleanly_and_has_both_sides_of_a_measurement::{closure#0} as core[a373ad73a504971]::ops::function::FnOnce<()>>::call_once
[INFO] [stdout]   14:     0x58281df913db - test[aada8e7e76ba119b]::__rust_begin_short_backtrace::<core[a373ad73a504971]::result::Result<(), alloc[2e1b2a31b91974c5]::string::String>, fn() -> core[a373ad73a504971]::result::Result<(), alloc[2e1b2a31b91974c5]::string::String>>
[INFO] [stdout]   15:     0x58281df9e5b5 - test[aada8e7e76ba119b]::run_test::{closure#0}
[INFO] [stdout]   16:     0x58281df97ea4 - std[617be2ca0a6fd877]::sys::backtrace::__rust_begin_short_backtrace::<test[aada8e7e76ba119b]::run_test::{closure#1}, ()>
[INFO] [stdout]   17:     0x58281dfa1642 - <std[617be2ca0a6fd877]::thread::lifecycle::spawn_unchecked<test[aada8e7e76ba119b]::run_test::{closure#1}, ()>::{closure#1} as core[a373ad73a504971]::ops::function::FnOnce<()>>::call_once::{shim:vtable#0}
[INFO] [stdout]   18:     0x58281e01f86f - <std[617be2ca0a6fd877]::sys::thread::unix::Thread>::new::thread_start
[INFO] [stdout]   19:     0x7f9cd93ebdfa - <unknown>
[INFO] [stdout]   20:     0x7f9cd947f3d4 - clone
[INFO] [stdout]   21:                0x0 - <unknown>
[INFO] [stdout] 
[INFO] [stdout] ---- samples::starter_corpus_tests::the_split_is_a_property_of_the_cover_and_has_both_sides stdout ----
[INFO] [stdout] 
[INFO] [stdout] thread 'samples::starter_corpus_tests::the_split_is_a_property_of_the_cover_and_has_both_sides' (822) panicked at src/samples.rs:1321:33:
[INFO] [stdout] the shipped starter corpus does not open: cannot read /opt/rustwide/workdir/../../corpora/starter: No such file or directory (os error 2)
[INFO] [stdout] stack backtrace:
[INFO] [stdout]    0:     0x58281e020861 - <<std[617be2ca0a6fd877]::sys::backtrace::BacktraceLock>::print::DisplayBacktrace as core[a373ad73a504971]::fmt::Display>::fmt
[INFO] [stdout]    1:     0x58281e03772a - core[a373ad73a504971]::fmt::write
[INFO] [stdout]    2:     0x58281e024e6c - <alloc[2e1b2a31b91974c5]::vec::Vec<u8> as core[a373ad73a504971]::io::write::Write>::write_fmt
[INFO] [stdout]    3:     0x58281dff9b46 - std[617be2ca0a6fd877]::panicking::default_hook::{closure#0}
[INFO] [stdout]    4:     0x58281e017859 - std[617be2ca0a6fd877]::panicking::default_hook
[INFO] [stdout]    5:     0x58281df9df90 - test[aada8e7e76ba119b]::test_main_inner::{closure#0}
[INFO] [stdout]    6:     0x58281e017a12 - std[617be2ca0a6fd877]::panicking::panic_with_hook
[INFO] [stdout]    7:     0x58281dff9bf2 - std[617be2ca0a6fd877]::panicking::panic_handler::{closure#0}
[INFO] [stdout]    8:     0x58281dff24f9 - std[617be2ca0a6fd877]::sys::backtrace::__rust_end_short_backtrace::<std[617be2ca0a6fd877]::panicking::panic_handler::{closure#0}, !>
[INFO] [stdout]    9:     0x58281dffa9dd - __rustc[ea4f61d10b84890b]::rust_begin_unwind
[INFO] [stdout]   10:     0x58281e037e8c - core[a373ad73a504971]::panicking::panic_fmt
[INFO] [stdout]   11:     0x58281def1ba4 - stegobench_core[7bc08d46fa4990c]::samples::starter_corpus_tests::walk::{closure#0}
[INFO] [stdout]   12:     0x58281def2b9e - stegobench_core[7bc08d46fa4990c]::samples::starter_corpus_tests::walk
[INFO] [stdout]   13:     0x58281defafcd - <stegobench_core[7bc08d46fa4990c]::samples::starter_corpus_tests::the_split_is_a_property_of_the_cover_and_has_both_sides::{closure#0} as core[a373ad73a504971]::ops::function::FnOnce<()>>::call_once
[INFO] [stdout]   14:     0x58281df913db - test[aada8e7e76ba119b]::__rust_begin_short_backtrace::<core[a373ad73a504971]::result::Result<(), alloc[2e1b2a31b91974c5]::string::String>, fn() -> core[a373ad73a504971]::result::Result<(), alloc[2e1b2a31b91974c5]::string::String>>
[INFO] [stdout]   15:     0x58281df9e5b5 - test[aada8e7e76ba119b]::run_test::{closure#0}
[INFO] [stdout]   16:     0x58281df97ea4 - std[617be2ca0a6fd877]::sys::backtrace::__rust_begin_short_backtrace::<test[aada8e7e76ba119b]::run_test::{closure#1}, ()>
[INFO] [stdout]   17:     0x58281dfa1642 - <std[617be2ca0a6fd877]::thread::lifecycle::spawn_unchecked<test[aada8e7e76ba119b]::run_test::{closure#1}, ()>::{closure#1} as core[a373ad73a504971]::ops::function::FnOnce<()>>::call_once::{shim:vtable#0}
[INFO] [stdout]   18:     0x58281e01f86f - <std[617be2ca0a6fd877]::sys::thread::unix::Thread>::new::thread_start
[INFO] [stdout]   19:     0x7f9cd93ebdfa - <unknown>
[INFO] [stdout]   20:     0x7f9cd947f3d4 - clone
[INFO] [stdout]   21:                0x0 - <unknown>
[INFO] [stdout] 
[INFO] [stdout] ---- samples::starter_corpus_tests::the_cover_join_goes_through_the_declared_name_not_the_name_on_disk stdout ----
[INFO] [stdout] 
[INFO] [stdout] thread 'samples::starter_corpus_tests::the_cover_join_goes_through_the_declared_name_not_the_name_on_disk' (821) panicked at src/samples.rs:1321:33:
[INFO] [stdout] the shipped starter corpus does not open: cannot read /opt/rustwide/workdir/../../corpora/starter: No such file or directory (os error 2)
[INFO] [stdout] stack backtrace:
[INFO] [stdout]    0:     0x58281e020861 - <<std[617be2ca0a6fd877]::sys::backtrace::BacktraceLock>::print::DisplayBacktrace as core[a373ad73a504971]::fmt::Display>::fmt
[INFO] [stdout]    1:     0x58281e03772a - core[a373ad73a504971]::fmt::write
[INFO] [stdout]    2:     0x58281e024e6c - <alloc[2e1b2a31b91974c5]::vec::Vec<u8> as core[a373ad73a504971]::io::write::Write>::write_fmt
[INFO] [stdout]    3:     0x58281dff9b46 - std[617be2ca0a6fd877]::panicking::default_hook::{closure#0}
[INFO] [stdout]    4:     0x58281e017859 - std[617be2ca0a6fd877]::panicking::default_hook
[INFO] [stdout]    5:     0x58281df9df90 - test[aada8e7e76ba119b]::test_main_inner::{closure#0}
[INFO] [stdout]    6:     0x58281e017a12 - std[617be2ca0a6fd877]::panicking::panic_with_hook
[INFO] [stdout]    7:     0x58281dff9bf2 - std[617be2ca0a6fd877]::panicking::panic_handler::{closure#0}
[INFO] [stdout]    8:     0x58281dff24f9 - std[617be2ca0a6fd877]::sys::backtrace::__rust_end_short_backtrace::<std[617be2ca0a6fd877]::panicking::panic_handler::{closure#0}, !>
[INFO] [stdout]    9:     0x58281dffa9dd - __rustc[ea4f61d10b84890b]::rust_begin_unwind
[INFO] [stdout]   10:     0x58281e037e8c - core[a373ad73a504971]::panicking::panic_fmt
[INFO] [stdout]   11:     0x58281def1ba4 - stegobench_core[7bc08d46fa4990c]::samples::starter_corpus_tests::walk::{closure#0}
[INFO] [stdout]   12:     0x58281def2b9e - stegobench_core[7bc08d46fa4990c]::samples::starter_corpus_tests::walk
[INFO] [stdout]   13:     0x58281defba3d - <stegobench_core[7bc08d46fa4990c]::samples::starter_corpus_tests::the_cover_join_goes_through_the_declared_name_not_the_name_on_disk::{closure#0} as core[a373ad73a504971]::ops::function::FnOnce<()>>::call_once
[INFO] [stdout]   14:     0x58281df913db - test[aada8e7e76ba119b]::__rust_begin_short_backtrace::<core[a373ad73a504971]::result::Result<(), alloc[2e1b2a31b91974c5]::string::String>, fn() -> core[a373ad73a504971]::result::Result<(), alloc[2e1b2a31b91974c5]::string::String>>
[INFO] [stdout]   15:     0x58281df9e5b5 - test[aada8e7e76ba119b]::run_test::{closure#0}
[INFO] [stdout]   16:     0x58281df97ea4 - std[617be2ca0a6fd877]::sys::backtrace::__rust_begin_short_backtrace::<test[aada8e7e76ba119b]::run_test::{closure#1}, ()>
[INFO] [stdout]   17:     0x58281dfa1642 - <std[617be2ca0a6fd877]::thread::lifecycle::spawn_unchecked<test[aada8e7e76ba119b]::run_test::{closure#1}, ()>::{closure#1} as core[a373ad73a504971]::ops::function::FnOnce<()>>::call_once::{shim:vtable#0}
[INFO] [stdout]   18:     0x58281e01f86f - <std[617be2ca0a6fd877]::sys::thread::unix::Thread>::new::thread_start
[INFO] [stdout]   19:     0x7f9cd93ebdfa - <unknown>
[INFO] [stdout]   20:     0x7f9cd947f3d4 - clone
[INFO] [stdout]   21:                0x0 - <unknown>
[INFO] [stdout] 
[INFO] [stdout] ---- samples::starter_corpus_tests::its_registry_entry_can_never_earn_a_named_run stdout ----
[INFO] [stdout] 
[INFO] [stdout] thread 'samples::starter_corpus_tests::its_registry_entry_can_never_earn_a_named_run' (820) panicked at src/samples.rs:1421:57:
[INFO] [stdout] the shipped registry loads: Read { path: "/opt/rustwide/workdir/../../plugins/registry", source: Os { code: 2, kind: NotFound, message: "No such file or directory" } }
[INFO] [stdout] stack backtrace:
[INFO] [stdout]    0:     0x58281e020861 - <<std[617be2ca0a6fd877]::sys::backtrace::BacktraceLock>::print::DisplayBacktrace as core[a373ad73a504971]::fmt::Display>::fmt
[INFO] [stdout]    1:     0x58281e03772a - core[a373ad73a504971]::fmt::write
[INFO] [stdout]    2:     0x58281e024e6c - <alloc[2e1b2a31b91974c5]::vec::Vec<u8> as core[a373ad73a504971]::io::write::Write>::write_fmt
[INFO] [stdout]    3:     0x58281dff9b46 - std[617be2ca0a6fd877]::panicking::default_hook::{closure#0}
[INFO] [stdout]    4:     0x58281e017859 - std[617be2ca0a6fd877]::panicking::default_hook
[INFO] [stdout]    5:     0x58281df9df90 - test[aada8e7e76ba119b]::test_main_inner::{closure#0}
[INFO] [stdout]    6:     0x58281e017a12 - std[617be2ca0a6fd877]::panicking::panic_with_hook
[INFO] [stdout]    7:     0x58281dff9bf2 - std[617be2ca0a6fd877]::panicking::panic_handler::{closure#0}
[INFO] [stdout]    8:     0x58281dff24f9 - std[617be2ca0a6fd877]::sys::backtrace::__rust_end_short_backtrace::<std[617be2ca0a6fd877]::panicking::panic_handler::{closure#0}, !>
[INFO] [stdout]    9:     0x58281dffa9dd - __rustc[ea4f61d10b84890b]::rust_begin_unwind
[INFO] [stdout]   10:     0x58281e037e8c - core[a373ad73a504971]::panicking::panic_fmt
[INFO] [stdout]   11:     0x58281e037c62 - core[a373ad73a504971]::result::unwrap_failed
[INFO] [stdout]   12:     0x58281defa819 - <stegobench_core[7bc08d46fa4990c]::samples::starter_corpus_tests::its_registry_entry_can_never_earn_a_named_run::{closure#0} as core[a373ad73a504971]::ops::function::FnOnce<()>>::call_once
[INFO] [stdout]   13:     0x58281df913db - test[aada8e7e76ba119b]::__rust_begin_short_backtrace::<core[a373ad73a504971]::result::Result<(), alloc[2e1b2a31b91974c5]::string::String>, fn() -> core[a373ad73a504971]::result::Result<(), alloc[2e1b2a31b91974c5]::string::String>>
[INFO] [stdout]   14:     0x58281df9e5b5 - test[aada8e7e76ba119b]::run_test::{closure#0}
[INFO] [stdout]   15:     0x58281df97ea4 - std[617be2ca0a6fd877]::sys::backtrace::__rust_begin_short_backtrace::<test[aada8e7e76ba119b]::run_test::{closure#1}, ()>
[INFO] [stdout]   16:     0x58281dfa1642 - <std[617be2ca0a6fd877]::thread::lifecycle::spawn_unchecked<test[aada8e7e76ba119b]::run_test::{closure#1}, ()>::{closure#1} as core[a373ad73a504971]::ops::function::FnOnce<()>>::call_once::{shim:vtable#0}
[INFO] [stdout]   17:     0x58281e01f86f - <std[617be2ca0a6fd877]::sys::thread::unix::Thread>::new::thread_start
[INFO] [stdout]   18:     0x7f9cd93ebdfa - <unknown>
[INFO] [stdout]   19:     0x7f9cd947f3d4 - clone
[INFO] [stdout]   20:                0x0 - <unknown>
[INFO] [stdout] 
[INFO] [stdout] 
[INFO] [stdout] failures:
[INFO] [stdout]     registry::address_tests::nothing_in_the_registry_this_repository_ships_carries_one
[INFO] [stdout]     registry::footprint_tests::the_http_guide_example_entry_is_one_the_registry_accepts
[INFO] [stdout]     registry::footprint_tests::the_readme_example_entry_is_one_the_registry_accepts
[INFO] [stdout]     samples::starter_corpus_tests::a_stego_image_differs_from_its_cover_in_nothing_a_header_can_see
[INFO] [stdout]     samples::starter_corpus_tests::every_stego_image_names_a_cover_that_is_actually_here
[INFO] [stdout]     samples::starter_corpus_tests::it_walks_cleanly_and_has_both_sides_of_a_measurement
[INFO] [stdout]     samples::starter_corpus_tests::its_registry_entry_can_never_earn_a_named_run
[INFO] [stdout]     samples::starter_corpus_tests::the_cover_join_goes_through_the_declared_name_not_the_name_on_disk
[INFO] [stdout]     samples::starter_corpus_tests::the_split_is_a_property_of_the_cover_and_has_both_sides
[INFO] [stdout] 
[INFO] [stdout] test result: FAILED. 274 passed; 9 failed; 0 ignored; 0 measured; 0 filtered out; finished in 0.15s
[INFO] [stdout] 
[INFO] [stderr] error: test failed, to rerun pass `--lib`
[INFO] running `Command { std: "docker" "inspect" "b8ef9323e29392453b4b7b7d8a480e1a1c97115eac5f46519522e8415c2a3d44", kill_on_drop: false }`
[INFO] running `Command { std: "docker" "rm" "-f" "b8ef9323e29392453b4b7b7d8a480e1a1c97115eac5f46519522e8415c2a3d44", kill_on_drop: false }`
[INFO] [stdout] b8ef9323e29392453b4b7b7d8a480e1a1c97115eac5f46519522e8415c2a3d44
