[INFO] fetching crate steeldb 0.1.4...
[INFO] testing steeldb-0.1.4 against 1.99.0-beta.8+cargoflags=--release for beta-release-1.100-2
[INFO] extracting crate steeldb 0.1.4 into /workspace/builds/worker-3-tc1/source
[INFO] removed /workspace/builds/worker-3-tc1/source/.cargo/config
[INFO] started tweaking crates.io crate steeldb 0.1.4
[INFO] finished tweaking crates.io crate steeldb 0.1.4
[INFO] tweaked toml for crates.io crate steeldb 0.1.4 written to /workspace/builds/worker-3-tc1/source/Cargo.toml
[INFO] validating manifest of crates.io crate steeldb 0.1.4 on toolchain 1.99.0-beta.8
[INFO] running `Command { std: CARGO_HOME="/workspace/cargo-home" RUSTUP_HOME="/workspace/rustup-home" "/workspace/cargo-home/bin/cargo" "+1.99.0-beta.8" "metadata" "--manifest-path" "Cargo.toml" "--no-deps", kill_on_drop: false }`
[INFO] crate crates.io crate steeldb 0.1.4 already has a lockfile, it will not be regenerated
[INFO] running `Command { std: CARGO_HOME="/workspace/cargo-home" RUSTUP_HOME="/workspace/rustup-home" "/workspace/cargo-home/bin/cargo" "+1.99.0-beta.8" "fetch" "--manifest-path" "Cargo.toml", kill_on_drop: false }`
[INFO] [stderr]     Updating crates.io index
[INFO] [stderr]  Downloading crates ...
[INFO] [stderr]   Downloaded steeldb-parser v0.1.2
[INFO] [stderr]   Downloaded lalrpop-util v0.20.0
[INFO] [stderr]   Downloaded pico-args v0.5.0
[INFO] [stderr]   Downloaded windows-targets v0.52.0
[INFO] [stderr]   Downloaded ascii-canvas v3.0.0
[INFO] [stderr]   Downloaded crunchy v0.2.2
[INFO] [stderr]   Downloaded new_debug_unreachable v1.0.4
[INFO] [stderr]   Downloaded hermit-abi v0.3.3
[INFO] [stderr]   Downloaded errno v0.3.8
[INFO] [stderr]   Downloaded bit-set v0.5.3
[INFO] [stderr]   Downloaded unicode-xid v0.2.4
[INFO] [stderr]   Downloaded redox_users v0.4.4
[INFO] [stderr]   Downloaded thiserror-impl v1.0.52
[INFO] [stderr]   Downloaded thiserror v1.0.52
[INFO] [stderr]   Downloaded either v1.9.0
[INFO] [stderr]   Downloaded tiny-keccak v2.0.2
[INFO] [stderr]   Downloaded term v0.7.0
[INFO] [stderr]   Downloaded libredox v0.0.1
[INFO] [stderr]   Downloaded getrandom v0.2.11
[INFO] [stderr]   Downloaded string_cache v0.8.7
[INFO] [stderr]   Downloaded lock_api v0.4.11
[INFO] [stderr]   Downloaded ena v0.14.2
[INFO] [stderr]   Downloaded diff v0.1.13
[INFO] [stderr]   Downloaded unicode-ident v1.0.12
[INFO] [stderr]   Downloaded proc-macro2 v1.0.71
[INFO] [stderr]   Downloaded redox_syscall v0.4.1
[INFO] [stderr]   Downloaded bitflags v2.4.1
[INFO] [stderr]   Downloaded smallvec v1.11.2
[INFO] [stderr]   Downloaded parking_lot_core v0.9.9
[INFO] [stderr]   Downloaded log v0.4.20
[INFO] [stderr]   Downloaded indexmap v2.1.0
[INFO] [stderr]   Downloaded memchr v2.6.4
[INFO] [stderr]   Downloaded regex v1.10.2
[INFO] [stderr]   Downloaded aho-corasick v1.1.2
[INFO] [stderr]   Downloaded petgraph v0.6.4
[INFO] [stderr]   Downloaded lalrpop v0.20.0
[INFO] [stderr]   Downloaded syn v2.0.43
[INFO] [stderr]   Downloaded regex-syntax v0.8.2
[INFO] [stderr]   Downloaded regex-syntax v0.7.5
[INFO] [stderr]   Downloaded rustix v0.38.28
[INFO] [stderr]   Downloaded windows_x86_64_gnullvm v0.52.0
[INFO] [stderr]   Downloaded windows_aarch64_gnullvm v0.52.0
[INFO] [stderr]   Downloaded regex-automata v0.4.3
[INFO] [stderr]   Downloaded libc v0.2.151
[INFO] [stderr]   Downloaded windows_aarch64_msvc v0.52.0
[INFO] [stderr]   Downloaded windows_x86_64_gnu v0.52.0
[INFO] [stderr]   Downloaded windows_x86_64_msvc v0.52.0
[INFO] [stderr]   Downloaded windows_i686_gnu v0.52.0
[INFO] [stderr]   Downloaded windows_i686_msvc v0.52.0
[INFO] [stderr]   Downloaded linux-raw-sys v0.4.12
[INFO] running `Command { std: "docker" "create" "-v" "/var/lib/crater-agent-workspace/builds/worker-3-tc1/source:/opt/rustwide/workdir:ro,Z" "-v" "/var/lib/crater-agent-workspace/builds/worker-3-tc1/target:/opt/rustwide/target:rw,Z" "-v" "/var/lib/crater-agent-workspace/cargo-home:/opt/rustwide/cargo-home:ro,Z" "-v" "/var/lib/crater-agent-workspace/rustup-home:/opt/rustwide/rustup-home:ro,Z" "-m" "1610612736" "--network" "none" "ghcr.io/rust-lang/crates-build-env/linux@sha256:77db811e55d90add9212f6832c23229e3de5f1c1f9905e8cb07319ea15df73ac" "sleep" "infinity", kill_on_drop: false }`
[INFO] [stdout] 805cbc67c3042e9561b083cc1bc74dd2b287058935cf93c766df6723996bd985
[INFO] running `Command { std: "docker" "start" "805cbc67c3042e9561b083cc1bc74dd2b287058935cf93c766df6723996bd985", kill_on_drop: false }`
[INFO] running `Command { std: "docker" "inspect" "805cbc67c3042e9561b083cc1bc74dd2b287058935cf93c766df6723996bd985", kill_on_drop: false }`
[INFO] running `Command { std: "docker" "exec" "-e" "SOURCE_DIR=/opt/rustwide/workdir" "-e" "CARGO_HOME=/opt/rustwide/cargo-home" "-e" "RUSTUP_HOME=/opt/rustwide/rustup-home" "-e" "CARGO_TARGET_DIR=/opt/rustwide/target" "-w" "/opt/rustwide/workdir" "--user" "0:0" "805cbc67c3042e9561b083cc1bc74dd2b287058935cf93c766df6723996bd985" "/opt/rustwide/cargo-home/bin/cargo" "+1.99.0-beta.8" "metadata" "--no-deps" "--format-version=1", kill_on_drop: false }`
[INFO] running `Command { std: "docker" "inspect" "805cbc67c3042e9561b083cc1bc74dd2b287058935cf93c766df6723996bd985", kill_on_drop: false }`
[INFO] running `Command { std: "docker" "exec" "-e" "SOURCE_DIR=/opt/rustwide/workdir" "-e" "CARGO_HOME=/opt/rustwide/cargo-home" "-e" "RUSTUP_HOME=/opt/rustwide/rustup-home" "-e" "CARGO_TARGET_DIR=/opt/rustwide/target" "-e" "CARGO_INCREMENTAL=0" "-e" "RUST_BACKTRACE=full" "-e" "RUSTFLAGS=--cap-lints=warn" "-e" "RUSTDOCFLAGS=--cap-lints=warn" "-w" "/opt/rustwide/workdir" "--user" "0:0" "805cbc67c3042e9561b083cc1bc74dd2b287058935cf93c766df6723996bd985" "/opt/rustwide/cargo-home/bin/cargo" "+1.99.0-beta.8" "build" "--frozen" "--message-format=json" "--release", kill_on_drop: false }`
[INFO] [stderr]    Compiling libc v0.2.151
[INFO] [stderr]    Compiling cfg-if v1.0.0
[INFO] [stderr]    Compiling autocfg v1.1.0
[INFO] [stderr]    Compiling parking_lot_core v0.9.9
[INFO] [stderr]    Compiling regex-syntax v0.8.2
[INFO] [stderr]    Compiling scopeguard v1.2.0
[INFO] [stderr]    Compiling crunchy v0.2.2
[INFO] [stderr]    Compiling rustix v0.38.28
[INFO] [stderr]    Compiling smallvec v1.11.2
[INFO] [stderr]    Compiling linux-raw-sys v0.4.12
[INFO] [stderr]    Compiling bitflags v2.4.1
[INFO] [stderr]    Compiling tiny-keccak v2.0.2
[INFO] [stderr]    Compiling siphasher v0.3.11
[INFO] [stderr]    Compiling hashbrown v0.14.3
[INFO] [stderr]    Compiling equivalent v1.0.1
[INFO] [stderr]    Compiling fixedbitset v0.4.2
[INFO] [stderr]    Compiling lock_api v0.4.11
[INFO] [stderr]    Compiling phf_shared v0.10.0
[INFO] [stderr]    Compiling new_debug_unreachable v1.0.4
[INFO] [stderr]    Compiling precomputed-hash v0.1.1
[INFO] [stderr]    Compiling bit-vec v0.6.3
[INFO] [stderr]    Compiling log v0.4.20
[INFO] [stderr]    Compiling either v1.9.0
[INFO] [stderr]    Compiling once_cell v1.19.0
[INFO] [stderr]    Compiling bit-set v0.5.3
[INFO] [stderr]    Compiling itertools v0.10.5
[INFO] [stderr]    Compiling ena v0.14.2
[INFO] [stderr]    Compiling regex-syntax v0.7.5
[INFO] [stderr]    Compiling diff v0.1.13
[INFO] [stderr]    Compiling unicode-xid v0.2.4
[INFO] [stderr]    Compiling dirs-sys-next v0.1.2
[INFO] [stderr]    Compiling indexmap v2.1.0
[INFO] [stderr]    Compiling pico-args v0.5.0
[INFO] [stderr]    Compiling dirs-next v2.0.0
[INFO] [stderr]    Compiling parking_lot v0.12.1
[INFO] [stderr]    Compiling is-terminal v0.4.9
[INFO] [stderr]    Compiling term v0.7.0
[INFO] [stderr]    Compiling string_cache v0.8.7
[INFO] [stderr]    Compiling petgraph v0.6.4
[INFO] [stderr]    Compiling ascii-canvas v3.0.0
[INFO] [stderr]    Compiling regex-automata v0.4.3
[INFO] [stderr]    Compiling regex v1.10.2
[INFO] [stderr]    Compiling lalrpop-util v0.20.0
[INFO] [stderr]    Compiling lalrpop v0.20.0
[INFO] [stderr]    Compiling steeldb-parser v0.1.2
[INFO] [stderr]    Compiling steeldb v0.1.4 (/opt/rustwide/workdir)
[INFO] [stdout] warning: unused variable: `fields`
[INFO] [stdout]    --> src/database/file_io.rs:138:9
[INFO] [stdout]     |
[INFO] [stdout] 138 |         fields: &HashMap<String, DataType>,
[INFO] [stdout]     |         ^^^^^^ help: if this is intentional, prefix it with an underscore: `_fields`
[INFO] [stdout]     |
[INFO] [stdout]     = note: `#[warn(unused_variables)]` (part of `#[warn(unused)]`) on by default
[INFO] [stdout] 
[INFO] [stdout] 
[INFO] [stdout] warning: unused variable: `columns`
[INFO] [stdout]    --> src/database/file_io.rs:139:9
[INFO] [stdout]     |
[INFO] [stdout] 139 |         columns: &HashMap<String, Vec<DataType>>,
[INFO] [stdout]     |         ^^^^^^^ help: if this is intentional, prefix it with an underscore: `_columns`
[INFO] [stdout] 
[INFO] [stdout] 
[INFO] [stdout] warning: unused variable: `file_`
[INFO] [stdout]    --> src/database/file_io.rs:140:9
[INFO] [stdout]     |
[INFO] [stdout] 140 |         file_: File,
[INFO] [stdout]     |         ^^^^^ help: if this is intentional, prefix it with an underscore: `_file_`
[INFO] [stdout] 
[INFO] [stdout] 
[INFO] [stdout] warning: variant `Stub` is never constructed
[INFO] [stdout]  --> src/database/command.rs:9:5
[INFO] [stdout]   |
[INFO] [stdout] 5 | pub enum Command {
[INFO] [stdout]   |          ------- variant in this enum
[INFO] [stdout] ...
[INFO] [stdout] 9 |     Stub,
[INFO] [stdout]   |     ^^^^
[INFO] [stdout]   |
[INFO] [stdout]   = note: `#[warn(dead_code)]` (part of `#[warn(unused)]`) on by default
[INFO] [stdout] 
[INFO] [stdout] 
[INFO] [stdout] warning: field `0` is never read
[INFO] [stdout]   --> src/database/file_io.rs:62:22
[INFO] [stdout]    |
[INFO] [stdout] 62 |     InvalidFieldMeta(String),
[INFO] [stdout]    |     ---------------- ^^^^^^
[INFO] [stdout]    |     |
[INFO] [stdout]    |     field in this variant
[INFO] [stdout]    |
[INFO] [stdout]    = note: `ReadError` has a derived impl for the trait `Debug`, but this is intentionally ignored during dead code analysis
[INFO] [stdout] help: consider changing the field to be of unit type to suppress this warning while preserving the field numbering, or remove the field
[INFO] [stdout]    |
[INFO] [stdout] 62 -     InvalidFieldMeta(String),
[INFO] [stdout] 62 +     InvalidFieldMeta(()),
[INFO] [stdout]    |
[INFO] [stdout] 
[INFO] [stdout] 
[INFO] [stdout] warning: field `0` is never read
[INFO] [stdout]   --> src/database/file_io.rs:64:21
[INFO] [stdout]    |
[INFO] [stdout] 64 |     FieldParseError(String),
[INFO] [stdout]    |     --------------- ^^^^^^
[INFO] [stdout]    |     |
[INFO] [stdout]    |     field in this variant
[INFO] [stdout]    |
[INFO] [stdout]    = note: `ReadError` has a derived impl for the trait `Debug`, but this is intentionally ignored during dead code analysis
[INFO] [stdout] help: consider changing the field to be of unit type to suppress this warning while preserving the field numbering, or remove the field
[INFO] [stdout]    |
[INFO] [stdout] 64 -     FieldParseError(String),
[INFO] [stdout] 64 +     FieldParseError(()),
[INFO] [stdout]    |
[INFO] [stdout] 
[INFO] [stdout] 
[INFO] [stdout] warning: field `0` is never read
[INFO] [stdout]   --> src/database/file_io.rs:66:16
[INFO] [stdout]    |
[INFO] [stdout] 66 |     StdIoError(std::io::Error),
[INFO] [stdout]    |     ---------- ^^^^^^^^^^^^^^
[INFO] [stdout]    |     |
[INFO] [stdout]    |     field in this variant
[INFO] [stdout]    |
[INFO] [stdout]    = note: `ReadError` has a derived impl for the trait `Debug`, but this is intentionally ignored during dead code analysis
[INFO] [stdout] help: consider changing the field to be of unit type to suppress this warning while preserving the field numbering, or remove the field
[INFO] [stdout]    |
[INFO] [stdout] 66 -     StdIoError(std::io::Error),
[INFO] [stdout] 66 +     StdIoError(()),
[INFO] [stdout]    |
[INFO] [stdout] 
[INFO] [stdout] 
[INFO] [stderr]     Finished `release` profile [optimized] target(s) in 49.32s
[INFO] running `Command { std: "docker" "inspect" "805cbc67c3042e9561b083cc1bc74dd2b287058935cf93c766df6723996bd985", kill_on_drop: false }`
[INFO] running `Command { std: "docker" "exec" "-e" "SOURCE_DIR=/opt/rustwide/workdir" "-e" "CARGO_HOME=/opt/rustwide/cargo-home" "-e" "RUSTUP_HOME=/opt/rustwide/rustup-home" "-e" "CARGO_TARGET_DIR=/opt/rustwide/target" "-e" "CARGO_INCREMENTAL=0" "-e" "RUST_BACKTRACE=full" "-e" "RUSTFLAGS=--cap-lints=warn" "-e" "RUSTDOCFLAGS=--cap-lints=warn" "-w" "/opt/rustwide/workdir" "--user" "0:0" "805cbc67c3042e9561b083cc1bc74dd2b287058935cf93c766df6723996bd985" "/opt/rustwide/cargo-home/bin/cargo" "+1.99.0-beta.8" "test" "--frozen" "--no-run" "--message-format=json" "--release", kill_on_drop: false }`
[INFO] [stderr]    Compiling steeldb v0.1.4 (/opt/rustwide/workdir)
[INFO] [stdout] warning: unused variable: `fields`
[INFO] [stdout]    --> src/database/file_io.rs:138:9
[INFO] [stdout]     |
[INFO] [stdout] 138 |         fields: &HashMap<String, DataType>,
[INFO] [stdout]     |         ^^^^^^ help: if this is intentional, prefix it with an underscore: `_fields`
[INFO] [stdout]     |
[INFO] [stdout]     = note: `#[warn(unused_variables)]` (part of `#[warn(unused)]`) on by default
[INFO] [stdout] 
[INFO] [stdout] 
[INFO] [stdout] warning: unused variable: `columns`
[INFO] [stdout]    --> src/database/file_io.rs:139:9
[INFO] [stdout]     |
[INFO] [stdout] 139 |         columns: &HashMap<String, Vec<DataType>>,
[INFO] [stdout]     |         ^^^^^^^ help: if this is intentional, prefix it with an underscore: `_columns`
[INFO] [stdout] 
[INFO] [stdout] 
[INFO] [stdout] warning: unused variable: `file_`
[INFO] [stdout]    --> src/database/file_io.rs:140:9
[INFO] [stdout]     |
[INFO] [stdout] 140 |         file_: File,
[INFO] [stdout]     |         ^^^^^ help: if this is intentional, prefix it with an underscore: `_file_`
[INFO] [stdout] 
[INFO] [stdout] 
[INFO] [stdout] warning: variant `Stub` is never constructed
[INFO] [stdout]  --> src/database/command.rs:9:5
[INFO] [stdout]   |
[INFO] [stdout] 5 | pub enum Command {
[INFO] [stdout]   |          ------- variant in this enum
[INFO] [stdout] ...
[INFO] [stdout] 9 |     Stub,
[INFO] [stdout]   |     ^^^^
[INFO] [stdout]   |
[INFO] [stdout]   = note: `#[warn(dead_code)]` (part of `#[warn(unused)]`) on by default
[INFO] [stdout] 
[INFO] [stdout] 
[INFO] [stdout] warning: field `0` is never read
[INFO] [stdout]   --> src/database/file_io.rs:62:22
[INFO] [stdout]    |
[INFO] [stdout] 62 |     InvalidFieldMeta(String),
[INFO] [stdout]    |     ---------------- ^^^^^^
[INFO] [stdout]    |     |
[INFO] [stdout]    |     field in this variant
[INFO] [stdout]    |
[INFO] [stdout]    = note: `ReadError` has a derived impl for the trait `Debug`, but this is intentionally ignored during dead code analysis
[INFO] [stdout] help: consider changing the field to be of unit type to suppress this warning while preserving the field numbering, or remove the field
[INFO] [stdout]    |
[INFO] [stdout] 62 -     InvalidFieldMeta(String),
[INFO] [stdout] 62 +     InvalidFieldMeta(()),
[INFO] [stdout]    |
[INFO] [stdout] 
[INFO] [stdout] 
[INFO] [stdout] warning: field `0` is never read
[INFO] [stdout]   --> src/database/file_io.rs:64:21
[INFO] [stdout]    |
[INFO] [stdout] 64 |     FieldParseError(String),
[INFO] [stdout]    |     --------------- ^^^^^^
[INFO] [stdout]    |     |
[INFO] [stdout]    |     field in this variant
[INFO] [stdout]    |
[INFO] [stdout]    = note: `ReadError` has a derived impl for the trait `Debug`, but this is intentionally ignored during dead code analysis
[INFO] [stdout] help: consider changing the field to be of unit type to suppress this warning while preserving the field numbering, or remove the field
[INFO] [stdout]    |
[INFO] [stdout] 64 -     FieldParseError(String),
[INFO] [stdout] 64 +     FieldParseError(()),
[INFO] [stdout]    |
[INFO] [stdout] 
[INFO] [stdout] 
[INFO] [stdout] warning: field `0` is never read
[INFO] [stdout]   --> src/database/file_io.rs:66:16
[INFO] [stdout]    |
[INFO] [stdout] 66 |     StdIoError(std::io::Error),
[INFO] [stdout]    |     ---------- ^^^^^^^^^^^^^^
[INFO] [stdout]    |     |
[INFO] [stdout]    |     field in this variant
[INFO] [stdout]    |
[INFO] [stdout]    = note: `ReadError` has a derived impl for the trait `Debug`, but this is intentionally ignored during dead code analysis
[INFO] [stdout] help: consider changing the field to be of unit type to suppress this warning while preserving the field numbering, or remove the field
[INFO] [stdout]    |
[INFO] [stdout] 66 -     StdIoError(std::io::Error),
[INFO] [stdout] 66 +     StdIoError(()),
[INFO] [stdout]    |
[INFO] [stdout] 
[INFO] [stdout] 
[INFO] [stdout] warning: unused variable: `fields`
[INFO] [stdout]    --> src/database/file_io.rs:138:9
[INFO] [stdout]     |
[INFO] [stdout] 138 |         fields: &HashMap<String, DataType>,
[INFO] [stdout]     |         ^^^^^^ help: if this is intentional, prefix it with an underscore: `_fields`
[INFO] [stdout]     |
[INFO] [stdout]     = note: `#[warn(unused_variables)]` (part of `#[warn(unused)]`) on by default
[INFO] [stdout] 
[INFO] [stdout] 
[INFO] [stdout] warning: unused variable: `columns`
[INFO] [stdout]    --> src/database/file_io.rs:139:9
[INFO] [stdout]     |
[INFO] [stdout] 139 |         columns: &HashMap<String, Vec<DataType>>,
[INFO] [stdout]     |         ^^^^^^^ help: if this is intentional, prefix it with an underscore: `_columns`
[INFO] [stdout] 
[INFO] [stdout] 
[INFO] [stdout] warning: unused variable: `file_`
[INFO] [stdout]    --> src/database/file_io.rs:140:9
[INFO] [stdout]     |
[INFO] [stdout] 140 |         file_: File,
[INFO] [stdout]     |         ^^^^^ help: if this is intentional, prefix it with an underscore: `_file_`
[INFO] [stdout] 
[INFO] [stdout] 
[INFO] [stdout] warning: variant `Stub` is never constructed
[INFO] [stdout]  --> src/database/command.rs:9:5
[INFO] [stdout]   |
[INFO] [stdout] 5 | pub enum Command {
[INFO] [stdout]   |          ------- variant in this enum
[INFO] [stdout] ...
[INFO] [stdout] 9 |     Stub,
[INFO] [stdout]   |     ^^^^
[INFO] [stdout]   |
[INFO] [stdout]   = note: `#[warn(dead_code)]` (part of `#[warn(unused)]`) on by default
[INFO] [stdout] 
[INFO] [stdout] 
[INFO] [stdout] warning: field `0` is never read
[INFO] [stdout]   --> src/database/file_io.rs:62:22
[INFO] [stdout]    |
[INFO] [stdout] 62 |     InvalidFieldMeta(String),
[INFO] [stdout]    |     ---------------- ^^^^^^
[INFO] [stdout]    |     |
[INFO] [stdout]    |     field in this variant
[INFO] [stdout]    |
[INFO] [stdout]    = note: `ReadError` has a derived impl for the trait `Debug`, but this is intentionally ignored during dead code analysis
[INFO] [stdout] help: consider changing the field to be of unit type to suppress this warning while preserving the field numbering, or remove the field
[INFO] [stdout]    |
[INFO] [stdout] 62 -     InvalidFieldMeta(String),
[INFO] [stdout] 62 +     InvalidFieldMeta(()),
[INFO] [stdout]    |
[INFO] [stdout] 
[INFO] [stdout] 
[INFO] [stdout] warning: field `0` is never read
[INFO] [stdout]   --> src/database/file_io.rs:64:21
[INFO] [stdout]    |
[INFO] [stdout] 64 |     FieldParseError(String),
[INFO] [stdout]    |     --------------- ^^^^^^
[INFO] [stdout]    |     |
[INFO] [stdout]    |     field in this variant
[INFO] [stdout]    |
[INFO] [stdout]    = note: `ReadError` has a derived impl for the trait `Debug`, but this is intentionally ignored during dead code analysis
[INFO] [stdout] help: consider changing the field to be of unit type to suppress this warning while preserving the field numbering, or remove the field
[INFO] [stdout]    |
[INFO] [stdout] 64 -     FieldParseError(String),
[INFO] [stdout] 64 +     FieldParseError(()),
[INFO] [stdout]    |
[INFO] [stdout] 
[INFO] [stdout] 
[INFO] [stdout] warning: field `0` is never read
[INFO] [stdout]   --> src/database/file_io.rs:66:16
[INFO] [stdout]    |
[INFO] [stdout] 66 |     StdIoError(std::io::Error),
[INFO] [stdout]    |     ---------- ^^^^^^^^^^^^^^
[INFO] [stdout]    |     |
[INFO] [stdout]    |     field in this variant
[INFO] [stdout]    |
[INFO] [stdout]    = note: `ReadError` has a derived impl for the trait `Debug`, but this is intentionally ignored during dead code analysis
[INFO] [stdout] help: consider changing the field to be of unit type to suppress this warning while preserving the field numbering, or remove the field
[INFO] [stdout]    |
[INFO] [stdout] 66 -     StdIoError(std::io::Error),
[INFO] [stdout] 66 +     StdIoError(()),
[INFO] [stdout]    |
[INFO] [stdout] 
[INFO] [stdout] 
[INFO] [stderr]     Finished `release` profile [optimized] target(s) in 1.88s
[INFO] running `Command { std: "docker" "inspect" "805cbc67c3042e9561b083cc1bc74dd2b287058935cf93c766df6723996bd985", kill_on_drop: false }`
[INFO] running `Command { std: "docker" "exec" "-e" "SOURCE_DIR=/opt/rustwide/workdir" "-e" "CARGO_HOME=/opt/rustwide/cargo-home" "-e" "RUSTUP_HOME=/opt/rustwide/rustup-home" "-e" "CARGO_TARGET_DIR=/opt/rustwide/target" "-e" "CARGO_INCREMENTAL=0" "-e" "RUST_BACKTRACE=full" "-e" "RUSTFLAGS=--cap-lints=warn" "-e" "RUSTDOCFLAGS=--cap-lints=warn" "-w" "/opt/rustwide/workdir" "--user" "0:0" "805cbc67c3042e9561b083cc1bc74dd2b287058935cf93c766df6723996bd985" "/opt/rustwide/cargo-home/bin/cargo" "+1.99.0-beta.8" "test" "--frozen" "--release", kill_on_drop: false }`
[INFO] [stderr] warning: unused variable: `fields`
[INFO] [stderr]    --> src/database/file_io.rs:138:9
[INFO] [stderr]     |
[INFO] [stderr] 138 |         fields: &HashMap<String, DataType>,
[INFO] [stderr]     |         ^^^^^^ help: if this is intentional, prefix it with an underscore: `_fields`
[INFO] [stderr]     |
[INFO] [stderr]     = note: `#[warn(unused_variables)]` (part of `#[warn(unused)]`) on by default
[INFO] [stderr] 
[INFO] [stderr] warning: unused variable: `columns`
[INFO] [stderr]    --> src/database/file_io.rs:139:9
[INFO] [stderr]     |
[INFO] [stderr] 139 |         columns: &HashMap<String, Vec<DataType>>,
[INFO] [stderr]     |         ^^^^^^^ help: if this is intentional, prefix it with an underscore: `_columns`
[INFO] [stderr] 
[INFO] [stderr] warning: unused variable: `file_`
[INFO] [stderr]    --> src/database/file_io.rs:140:9
[INFO] [stderr]     |
[INFO] [stderr] 140 |         file_: File,
[INFO] [stderr]     |         ^^^^^ help: if this is intentional, prefix it with an underscore: `_file_`
[INFO] [stderr] 
[INFO] [stderr] warning: variant `Stub` is never constructed
[INFO] [stderr]  --> src/database/command.rs:9:5
[INFO] [stderr]   |
[INFO] [stderr] 5 | pub enum Command {
[INFO] [stderr]   |          ------- variant in this enum
[INFO] [stderr] ...
[INFO] [stderr] 9 |     Stub,
[INFO] [stderr]   |     ^^^^
[INFO] [stderr]   |
[INFO] [stderr]   = note: `#[warn(dead_code)]` (part of `#[warn(unused)]`) on by default
[INFO] [stderr] 
[INFO] [stderr] warning: field `0` is never read
[INFO] [stderr]   --> src/database/file_io.rs:62:22
[INFO] [stderr]    |
[INFO] [stderr] 62 |     InvalidFieldMeta(String),
[INFO] [stderr]    |     ---------------- ^^^^^^
[INFO] [stderr]    |     |
[INFO] [stderr]    |     field in this variant
[INFO] [stderr]    |
[INFO] [stderr]    = note: `ReadError` has a derived impl for the trait `Debug`, but this is intentionally ignored during dead code analysis
[INFO] [stderr] help: consider changing the field to be of unit type to suppress this warning while preserving the field numbering, or remove the field
[INFO] [stderr]    |
[INFO] [stderr] 62 -     InvalidFieldMeta(String),
[INFO] [stderr] 62 +     InvalidFieldMeta(()),
[INFO] [stderr]    |
[INFO] [stderr] 
[INFO] [stderr] warning: field `0` is never read
[INFO] [stderr]   --> src/database/file_io.rs:64:21
[INFO] [stderr]    |
[INFO] [stderr] 64 |     FieldParseError(String),
[INFO] [stderr]    |     --------------- ^^^^^^
[INFO] [stderr]    |     |
[INFO] [stderr]    |     field in this variant
[INFO] [stderr]    |
[INFO] [stderr]    = note: `ReadError` has a derived impl for the trait `Debug`, but this is intentionally ignored during dead code analysis
[INFO] [stderr] help: consider changing the field to be of unit type to suppress this warning while preserving the field numbering, or remove the field
[INFO] [stderr]    |
[INFO] [stderr] 64 -     FieldParseError(String),
[INFO] [stderr] 64 +     FieldParseError(()),
[INFO] [stderr]    |
[INFO] [stderr] 
[INFO] [stderr] warning: field `0` is never read
[INFO] [stderr]   --> src/database/file_io.rs:66:16
[INFO] [stderr]    |
[INFO] [stderr] 66 |     StdIoError(std::io::Error),
[INFO] [stderr]    |     ---------- ^^^^^^^^^^^^^^
[INFO] [stderr]    |     |
[INFO] [stderr]    |     field in this variant
[INFO] [stderr]    |
[INFO] [stderr]    = note: `ReadError` has a derived impl for the trait `Debug`, but this is intentionally ignored during dead code analysis
[INFO] [stderr] help: consider changing the field to be of unit type to suppress this warning while preserving the field numbering, or remove the field
[INFO] [stderr]    |
[INFO] [stderr] 66 -     StdIoError(std::io::Error),
[INFO] [stderr] 66 +     StdIoError(()),
[INFO] [stderr]    |
[INFO] [stderr] 
[INFO] [stderr] warning: `steeldb` (lib) generated 7 warnings (run `cargo fix --lib -p steeldb` to apply 3 suggestions)
[INFO] [stderr] warning: `steeldb` (lib test) generated 7 warnings (7 duplicates)
[INFO] [stderr]     Finished `release` profile [optimized] target(s) in 0.11s
[INFO] [stderr]      Running unittests src/lib.rs (/opt/rustwide/target/release/deps/steeldb-d7ab95073cfa809c)
[INFO] [stdout] 
[INFO] [stdout] running 3 tests
[INFO] [stdout] test database::tests::tests::test_read_columnar_table ... FAILED
[INFO] [stdout] test database::tests::tests::test_column_not_found ... FAILED
[INFO] [stdout] test database::tests::tests::test_write_columnar_table ... FAILED
[INFO] [stdout] 
[INFO] [stdout] failures:
[INFO] [stdout] 
[INFO] [stdout] ---- database::tests::tests::test_read_columnar_table stdout ----
[INFO] [stdout] 
[INFO] [stdout] thread 'database::tests::tests::test_read_columnar_table' (843) panicked at src/database/table.rs:58:20:
[INFO] [stdout] called `Result::unwrap()` on an `Err` value: Os { code: 30, kind: ReadOnlyFilesystem, message: "Read-only file system" }
[INFO] [stdout] stack backtrace:
[INFO] [stdout]    0:     0x63d14b0e2431 - <<std[70759c8f55707aa4]::sys::backtrace::BacktraceLock>::print::DisplayBacktrace as core[df12db4294e9bfd3]::fmt::Display>::fmt
[INFO] [stdout]    1:     0x63d14b0f769a - core[df12db4294e9bfd3]::fmt::write
[INFO] [stdout]    2:     0x63d14b0e68ec - <alloc[2182bb758b4b3781]::vec::Vec<u8> as core[df12db4294e9bfd3]::io::write::Write>::write_fmt
[INFO] [stdout]    3:     0x63d14b0bdf06 - std[70759c8f55707aa4]::panicking::default_hook::{closure#0}
[INFO] [stdout]    4:     0x63d14b0daab9 - std[70759c8f55707aa4]::panicking::default_hook
[INFO] [stdout]    5:     0x63d14b0763e0 - test[9d35eded1c95d3be]::test_main_inner::<test[9d35eded1c95d3be]::test_main_static::{closure#0}>::{closure#0}
[INFO] [stdout]    6:     0x63d14b0dac72 - std[70759c8f55707aa4]::panicking::panic_with_hook
[INFO] [stdout]    7:     0x63d14b0bdfb2 - std[70759c8f55707aa4]::panicking::panic_handler::{closure#0}
[INFO] [stdout]    8:     0x63d14b0b6c19 - std[70759c8f55707aa4]::sys::backtrace::__rust_end_short_backtrace::<std[70759c8f55707aa4]::panicking::panic_handler::{closure#0}, !>
[INFO] [stdout]    9:     0x63d14b0bebad - __rustc[8fa7c3cbc660c2b3]::rust_begin_unwind
[INFO] [stdout]   10:     0x63d14b0f7dcc - core[df12db4294e9bfd3]::panicking::panic_fmt
[INFO] [stdout]   11:     0x63d14b0f7ba2 - core[df12db4294e9bfd3]::result::unwrap_failed
[INFO] [stdout]   12:     0x63d14b068ad7 - <steeldb[1503c0d8baa1dbf0]::database::table::Table>::init_data_dir
[INFO] [stdout]   13:     0x63d14b06613c - steeldb[1503c0d8baa1dbf0]::database::tests::tests::write_test_table
[INFO] [stdout]   14:     0x63d14b067c92 - steeldb[1503c0d8baa1dbf0]::database::tests::tests::test_read_columnar_table
[INFO] [stdout]   15:     0x63d14b065e29 - <steeldb[1503c0d8baa1dbf0]::database::tests::tests::test_read_columnar_table::{closure#0} as core[df12db4294e9bfd3]::ops::function::FnOnce<()>>::call_once
[INFO] [stdout]   16:     0x63d14b0696cb - test[9d35eded1c95d3be]::__rust_begin_short_backtrace::<core[df12db4294e9bfd3]::result::Result<(), alloc[2182bb758b4b3781]::string::String>, fn() -> core[df12db4294e9bfd3]::result::Result<(), alloc[2182bb758b4b3781]::string::String>>
[INFO] [stdout]   17:     0x63d14b076d35 - test[9d35eded1c95d3be]::run_test::{closure#0}
[INFO] [stdout]   18:     0x63d14b0705f4 - std[70759c8f55707aa4]::sys::backtrace::__rust_begin_short_backtrace::<test[9d35eded1c95d3be]::run_test::{closure#1}, ()>
[INFO] [stdout]   19:     0x63d14b079e92 - <std[70759c8f55707aa4]::thread::lifecycle::spawn_unchecked<test[9d35eded1c95d3be]::run_test::{closure#1}, ()>::{closure#1} as core[df12db4294e9bfd3]::ops::function::FnOnce<()>>::call_once::{shim:vtable#0}
[INFO] [stdout]   20:     0x63d14b0e1d09 - <std[70759c8f55707aa4]::sys::thread::unix::Thread>::new::thread_start
[INFO] [stdout]   21:     0x7c49ddf72dfa - <unknown>
[INFO] [stdout]   22:     0x7c49de0063d4 - clone
[INFO] [stdout]   23:                0x0 - <unknown>
[INFO] [stdout] 
[INFO] [stdout] ---- database::tests::tests::test_column_not_found stdout ----
[INFO] [stdout] 
[INFO] [stdout] thread 'database::tests::tests::test_column_not_found' (842) panicked at src/database/table.rs:58:20:
[INFO] [stdout] called `Result::unwrap()` on an `Err` value: Os { code: 30, kind: ReadOnlyFilesystem, message: "Read-only file system" }
[INFO] [stdout] stack backtrace:
[INFO] [stdout]    0:     0x63d14b0e2431 - <<std[70759c8f55707aa4]::sys::backtrace::BacktraceLock>::print::DisplayBacktrace as core[df12db4294e9bfd3]::fmt::Display>::fmt
[INFO] [stdout]    1:     0x63d14b0f769a - core[df12db4294e9bfd3]::fmt::write
[INFO] [stdout]    2:     0x63d14b0e68ec - <alloc[2182bb758b4b3781]::vec::Vec<u8> as core[df12db4294e9bfd3]::io::write::Write>::write_fmt
[INFO] [stdout]    3:     0x63d14b0bdf06 - std[70759c8f55707aa4]::panicking::default_hook::{closure#0}
[INFO] [stdout]    4:     0x63d14b0daab9 - std[70759c8f55707aa4]::panicking::default_hook
[INFO] [stdout]    5:     0x63d14b0763e0 - test[9d35eded1c95d3be]::test_main_inner::<test[9d35eded1c95d3be]::test_main_static::{closure#0}>::{closure#0}
[INFO] [stdout]    6:     0x63d14b0dac72 - std[70759c8f55707aa4]::panicking::panic_with_hook
[INFO] [stdout]    7:     0x63d14b0bdfb2 - std[70759c8f55707aa4]::panicking::panic_handler::{closure#0}
[INFO] [stdout]    8:     0x63d14b0b6c19 - std[70759c8f55707aa4]::sys::backtrace::__rust_end_short_backtrace::<std[70759c8f55707aa4]::panicking::panic_handler::{closure#0}, !>
[INFO] [stdout]    9:     0x63d14b0bebad - __rustc[8fa7c3cbc660c2b3]::rust_begin_unwind
[INFO] [stdout]   10:     0x63d14b0f7dcc - core[df12db4294e9bfd3]::panicking::panic_fmt
[INFO] [stdout]   11:     0x63d14b0f7ba2 - core[df12db4294e9bfd3]::result::unwrap_failed
[INFO] [stdout]   12:     0x63d14b068ad7 - <steeldb[1503c0d8baa1dbf0]::database::table::Table>::init_data_dir
[INFO] [stdout]   13:     0x63d14b06613c - steeldb[1503c0d8baa1dbf0]::database::tests::tests::write_test_table
[INFO] [stdout]   14:     0x63d14b067abb - steeldb[1503c0d8baa1dbf0]::database::tests::tests::test_column_not_found
[INFO] [stdout]   15:     0x63d14b065e09 - <steeldb[1503c0d8baa1dbf0]::database::tests::tests::test_column_not_found::{closure#0} as core[df12db4294e9bfd3]::ops::function::FnOnce<()>>::call_once
[INFO] [stdout]   16:     0x63d14b0696cb - test[9d35eded1c95d3be]::__rust_begin_short_backtrace::<core[df12db4294e9bfd3]::result::Result<(), alloc[2182bb758b4b3781]::string::String>, fn() -> core[df12db4294e9bfd3]::result::Result<(), alloc[2182bb758b4b3781]::string::String>>
[INFO] [stdout]   17:     0x63d14b076d35 - test[9d35eded1c95d3be]::run_test::{closure#0}
[INFO] [stdout]   18:     0x63d14b0705f4 - std[70759c8f55707aa4]::sys::backtrace::__rust_begin_short_backtrace::<test[9d35eded1c95d3be]::run_test::{closure#1}, ()>
[INFO] [stdout]   19:     0x63d14b079e92 - <std[70759c8f55707aa4]::thread::lifecycle::spawn_unchecked<test[9d35eded1c95d3be]::run_test::{closure#1}, ()>::{closure#1} as core[df12db4294e9bfd3]::ops::function::FnOnce<()>>::call_once::{shim:vtable#0}
[INFO] [stdout]   20:     0x63d14b0e1d09 - <std[70759c8f55707aa4]::sys::thread::unix::Thread>::new::thread_start
[INFO] [stdout]   21:     0x7c49ddf72dfa - <unknown>
[INFO] [stdout]   22:     0x7c49de0063d4 - clone
[INFO] [stdout]   23:                0x0 - <unknown>
[INFO] [stdout] 
[INFO] [stdout] ---- database::tests::tests::test_write_columnar_table stdout ----
[INFO] [stdout] 
[INFO] [stdout] thread 'database::tests::tests::test_write_columnar_table' (844) panicked at src/database/table.rs:58:20:
[INFO] [stdout] called `Result::unwrap()` on an `Err` value: Os { code: 30, kind: ReadOnlyFilesystem, message: "Read-only file system" }
[INFO] [stdout] stack backtrace:
[INFO] [stdout]    0:     0x63d14b0e2431 - <<std[70759c8f55707aa4]::sys::backtrace::BacktraceLock>::print::DisplayBacktrace as core[df12db4294e9bfd3]::fmt::Display>::fmt
[INFO] [stdout]    1:     0x63d14b0f769a - core[df12db4294e9bfd3]::fmt::write
[INFO] [stdout]    2:     0x63d14b0e68ec - <alloc[2182bb758b4b3781]::vec::Vec<u8> as core[df12db4294e9bfd3]::io::write::Write>::write_fmt
[INFO] [stdout]    3:     0x63d14b0bdf06 - std[70759c8f55707aa4]::panicking::default_hook::{closure#0}
[INFO] [stdout]    4:     0x63d14b0daab9 - std[70759c8f55707aa4]::panicking::default_hook
[INFO] [stdout]    5:     0x63d14b0763e0 - test[9d35eded1c95d3be]::test_main_inner::<test[9d35eded1c95d3be]::test_main_static::{closure#0}>::{closure#0}
[INFO] [stdout]    6:     0x63d14b0dac72 - std[70759c8f55707aa4]::panicking::panic_with_hook
[INFO] [stdout]    7:     0x63d14b0bdfb2 - std[70759c8f55707aa4]::panicking::panic_handler::{closure#0}
[INFO] [stdout]    8:     0x63d14b0b6c19 - std[70759c8f55707aa4]::sys::backtrace::__rust_end_short_backtrace::<std[70759c8f55707aa4]::panicking::panic_handler::{closure#0}, !>
[INFO] [stdout]    9:     0x63d14b0bebad - __rustc[8fa7c3cbc660c2b3]::rust_begin_unwind
[INFO] [stdout]   10:     0x63d14b0f7dcc - core[df12db4294e9bfd3]::panicking::panic_fmt
[INFO] [stdout]   11:     0x63d14b0f7ba2 - core[df12db4294e9bfd3]::result::unwrap_failed
[INFO] [stdout]   12:     0x63d14b068ad7 - <steeldb[1503c0d8baa1dbf0]::database::table::Table>::init_data_dir
[INFO] [stdout]   13:     0x63d14b06613c - steeldb[1503c0d8baa1dbf0]::database::tests::tests::write_test_table
[INFO] [stdout]   14:     0x63d14b065e55 - <steeldb[1503c0d8baa1dbf0]::database::tests::tests::test_write_columnar_table::{closure#0} as core[df12db4294e9bfd3]::ops::function::FnOnce<()>>::call_once
[INFO] [stdout]   15:     0x63d14b0696cb - test[9d35eded1c95d3be]::__rust_begin_short_backtrace::<core[df12db4294e9bfd3]::result::Result<(), alloc[2182bb758b4b3781]::string::String>, fn() -> core[df12db4294e9bfd3]::result::Result<(), alloc[2182bb758b4b3781]::string::String>>
[INFO] [stdout]   16:     0x63d14b076d35 - test[9d35eded1c95d3be]::run_test::{closure#0}
[INFO] [stdout]   17:     0x63d14b0705f4 - std[70759c8f55707aa4]::sys::backtrace::__rust_begin_short_backtrace::<test[9d35eded1c95d3be]::run_test::{closure#1}, ()>
[INFO] [stdout]   18:     0x63d14b079e92 - <std[70759c8f55707aa4]::thread::lifecycle::spawn_unchecked<test[9d35eded1c95d3be]::run_test::{closure#1}, ()>::{closure#1} as core[df12db4294e9bfd3]::ops::function::FnOnce<()>>::call_once::{shim:vtable#0}
[INFO] [stdout]   19:     0x63d14b0e1d09 - <std[70759c8f55707aa4]::sys::thread::unix::Thread>::new::thread_start
[INFO] [stdout]   20:     0x7c49ddf72dfa - <unknown>
[INFO] [stdout]   21:     0x7c49de0063d4 - clone
[INFO] [stdout]   22:                0x0 - <unknown>
[INFO] [stdout] 
[INFO] [stdout] 
[INFO] [stdout] failures:
[INFO] [stdout]     database::tests::tests::test_column_not_found
[INFO] [stdout]     database::tests::tests::test_read_columnar_table
[INFO] [stdout]     database::tests::tests::test_write_columnar_table
[INFO] [stdout] 
[INFO] [stdout] test result: FAILED. 0 passed; 3 failed; 0 ignored; 0 measured; 0 filtered out; finished in 0.00s
[INFO] [stdout] 
[INFO] [stderr] error: test failed, to rerun pass `--lib`
[INFO] running `Command { std: "docker" "inspect" "805cbc67c3042e9561b083cc1bc74dd2b287058935cf93c766df6723996bd985", kill_on_drop: false }`
[INFO] running `Command { std: "docker" "rm" "-f" "805cbc67c3042e9561b083cc1bc74dd2b287058935cf93c766df6723996bd985", kill_on_drop: false }`
[INFO] [stdout] 805cbc67c3042e9561b083cc1bc74dd2b287058935cf93c766df6723996bd985
