[INFO] fetching crate steamworks-encrypted-app-ticket 0.1.4...
[INFO] testing steamworks-encrypted-app-ticket-0.1.4 against 1.99.0-beta.8+cargoflags=--release for beta-release-1.100-2
[INFO] extracting crate steamworks-encrypted-app-ticket 0.1.4 into /workspace/builds/worker-5-tc1/source
[INFO] started tweaking crates.io crate steamworks-encrypted-app-ticket 0.1.4
[INFO] removed 0 missing tests
[INFO] finished tweaking crates.io crate steamworks-encrypted-app-ticket 0.1.4
[INFO] tweaked toml for crates.io crate steamworks-encrypted-app-ticket 0.1.4 written to /workspace/builds/worker-5-tc1/source/Cargo.toml
[INFO] validating manifest of crates.io crate steamworks-encrypted-app-ticket 0.1.4 on toolchain 1.99.0-beta.8
[INFO] running `Command { std: CARGO_HOME="/workspace/cargo-home" RUSTUP_HOME="/workspace/rustup-home" "/workspace/cargo-home/bin/cargo" "+1.99.0-beta.8" "metadata" "--manifest-path" "Cargo.toml" "--no-deps", kill_on_drop: false }`
[INFO] crate crates.io crate steamworks-encrypted-app-ticket 0.1.4 already has a lockfile, it will not be regenerated
[INFO] running `Command { std: CARGO_HOME="/workspace/cargo-home" RUSTUP_HOME="/workspace/rustup-home" "/workspace/cargo-home/bin/cargo" "+1.99.0-beta.8" "fetch" "--manifest-path" "Cargo.toml", kill_on_drop: false }`
[INFO] [stderr]     Updating crates.io index
[INFO] [stderr]  Downloading crates ...
[INFO] [stderr]   Downloaded steamworks-encrypted-app-ticket-sys v0.1.3
[INFO] running `Command { std: "docker" "create" "-v" "/var/lib/crater-agent-workspace/builds/worker-5-tc1/source:/opt/rustwide/workdir:ro,Z" "-v" "/var/lib/crater-agent-workspace/builds/worker-5-tc1/target:/opt/rustwide/target:rw,Z" "-v" "/var/lib/crater-agent-workspace/cargo-home:/opt/rustwide/cargo-home:ro,Z" "-v" "/var/lib/crater-agent-workspace/rustup-home:/opt/rustwide/rustup-home:ro,Z" "-m" "1610612736" "--network" "none" "ghcr.io/rust-lang/crates-build-env/linux@sha256:77db811e55d90add9212f6832c23229e3de5f1c1f9905e8cb07319ea15df73ac" "sleep" "infinity", kill_on_drop: false }`
[INFO] [stdout] 4f26c860d14c7473fe9b3a351ebb92fa6f0a8a3f42f686738ef9fc42eb1cae51
[INFO] running `Command { std: "docker" "start" "4f26c860d14c7473fe9b3a351ebb92fa6f0a8a3f42f686738ef9fc42eb1cae51", kill_on_drop: false }`
[INFO] running `Command { std: "docker" "inspect" "4f26c860d14c7473fe9b3a351ebb92fa6f0a8a3f42f686738ef9fc42eb1cae51", kill_on_drop: false }`
[INFO] running `Command { std: "docker" "exec" "-e" "SOURCE_DIR=/opt/rustwide/workdir" "-e" "CARGO_HOME=/opt/rustwide/cargo-home" "-e" "RUSTUP_HOME=/opt/rustwide/rustup-home" "-e" "CARGO_TARGET_DIR=/opt/rustwide/target" "-w" "/opt/rustwide/workdir" "--user" "0:0" "4f26c860d14c7473fe9b3a351ebb92fa6f0a8a3f42f686738ef9fc42eb1cae51" "/opt/rustwide/cargo-home/bin/cargo" "+1.99.0-beta.8" "metadata" "--no-deps" "--format-version=1", kill_on_drop: false }`
[INFO] running `Command { std: "docker" "inspect" "4f26c860d14c7473fe9b3a351ebb92fa6f0a8a3f42f686738ef9fc42eb1cae51", kill_on_drop: false }`
[INFO] running `Command { std: "docker" "exec" "-e" "SOURCE_DIR=/opt/rustwide/workdir" "-e" "CARGO_HOME=/opt/rustwide/cargo-home" "-e" "RUSTUP_HOME=/opt/rustwide/rustup-home" "-e" "CARGO_TARGET_DIR=/opt/rustwide/target" "-e" "CARGO_INCREMENTAL=0" "-e" "RUST_BACKTRACE=full" "-e" "RUSTFLAGS=--cap-lints=warn" "-e" "RUSTDOCFLAGS=--cap-lints=warn" "-w" "/opt/rustwide/workdir" "--user" "0:0" "4f26c860d14c7473fe9b3a351ebb92fa6f0a8a3f42f686738ef9fc42eb1cae51" "/opt/rustwide/cargo-home/bin/cargo" "+1.99.0-beta.8" "build" "--frozen" "--message-format=json" "--release", kill_on_drop: false }`
[INFO] [stderr]    Compiling quote v1.0.45
[INFO] [stderr]    Compiling libc v0.2.186
[INFO] [stderr]    Compiling prettyplease v0.2.37
[INFO] [stderr]    Compiling cfg-if v1.0.4
[INFO] [stderr]    Compiling regex-syntax v0.8.10
[INFO] [stderr]    Compiling either v1.16.0
[INFO] [stderr]    Compiling bindgen v0.72.1
[INFO] [stderr]    Compiling log v0.4.30
[INFO] [stderr]    Compiling rustc-hash v2.1.2
[INFO] [stderr]    Compiling bitflags v2.11.1
[INFO] [stderr]    Compiling clang-sys v1.8.1
[INFO] [stderr]    Compiling nom v7.1.3
[INFO] [stderr]    Compiling libloading v0.8.9
[INFO] [stderr]    Compiling itertools v0.13.0
[INFO] [stderr]    Compiling syn v2.0.117
[INFO] [stderr]    Compiling cexpr v0.6.0
[INFO] [stderr]    Compiling regex-automata v0.4.14
[INFO] [stderr]    Compiling regex v1.12.3
[INFO] [stderr]    Compiling steamworks-encrypted-app-ticket-sys v0.1.3
[INFO] [stderr]    Compiling steamworks-encrypted-app-ticket v0.1.4 (/opt/rustwide/workdir)
[INFO] [stderr]     Finished `release` profile [optimized] target(s) in 18.49s
[INFO] running `Command { std: "docker" "inspect" "4f26c860d14c7473fe9b3a351ebb92fa6f0a8a3f42f686738ef9fc42eb1cae51", kill_on_drop: false }`
[INFO] running `Command { std: "docker" "exec" "-e" "SOURCE_DIR=/opt/rustwide/workdir" "-e" "CARGO_HOME=/opt/rustwide/cargo-home" "-e" "RUSTUP_HOME=/opt/rustwide/rustup-home" "-e" "CARGO_TARGET_DIR=/opt/rustwide/target" "-e" "CARGO_INCREMENTAL=0" "-e" "RUST_BACKTRACE=full" "-e" "RUSTFLAGS=--cap-lints=warn" "-e" "RUSTDOCFLAGS=--cap-lints=warn" "-w" "/opt/rustwide/workdir" "--user" "0:0" "4f26c860d14c7473fe9b3a351ebb92fa6f0a8a3f42f686738ef9fc42eb1cae51" "/opt/rustwide/cargo-home/bin/cargo" "+1.99.0-beta.8" "test" "--frozen" "--no-run" "--message-format=json" "--release", kill_on_drop: false }`
[INFO] [stderr]    Compiling hex-literal v1.1.0
[INFO] [stderr]    Compiling steamworks-encrypted-app-ticket v0.1.4 (/opt/rustwide/workdir)
[INFO] [stderr]     Finished `release` profile [optimized] target(s) in 0.58s
[INFO] running `Command { std: "docker" "inspect" "4f26c860d14c7473fe9b3a351ebb92fa6f0a8a3f42f686738ef9fc42eb1cae51", kill_on_drop: false }`
[INFO] running `Command { std: "docker" "exec" "-e" "SOURCE_DIR=/opt/rustwide/workdir" "-e" "CARGO_HOME=/opt/rustwide/cargo-home" "-e" "RUSTUP_HOME=/opt/rustwide/rustup-home" "-e" "CARGO_TARGET_DIR=/opt/rustwide/target" "-e" "CARGO_INCREMENTAL=0" "-e" "RUST_BACKTRACE=full" "-e" "RUSTFLAGS=--cap-lints=warn" "-e" "RUSTDOCFLAGS=--cap-lints=warn" "-w" "/opt/rustwide/workdir" "--user" "0:0" "4f26c860d14c7473fe9b3a351ebb92fa6f0a8a3f42f686738ef9fc42eb1cae51" "/opt/rustwide/cargo-home/bin/cargo" "+1.99.0-beta.8" "test" "--frozen" "--release", kill_on_drop: false }`
[INFO] [stderr]     Finished `release` profile [optimized] target(s) in 0.06s
[INFO] [stderr]      Running unittests src/lib.rs (/opt/rustwide/target/release/deps/steamworks_encrypted_app_ticket-6019f0255acf3386)
[INFO] [stdout] 
[INFO] [stdout] running 0 tests
[INFO] [stdout] 
[INFO] [stdout] test result: ok. 0 passed; 0 failed; 0 ignored; 0 measured; 0 filtered out; finished in 0.00s
[INFO] [stdout] 
[INFO] [stderr]      Running tests/real_ticket.rs (/opt/rustwide/target/release/deps/real_ticket-b8c93dea14c3fa9d)
[INFO] [stdout] 
[INFO] [stdout] running 1 test
[INFO] [stdout] test test_full_decryption_and_validation ... FAILED
[INFO] [stdout] 
[INFO] [stdout] failures:
[INFO] [stdout] 
[INFO] [stdout] ---- test_full_decryption_and_validation stdout ----
[INFO] [stdout] 
[INFO] [stdout] thread 'test_full_decryption_and_validation' (778) panicked at tests/real_ticket.rs:53:5:
[INFO] [stdout] Issue time seems wrong
[INFO] [stdout] stack backtrace:
[INFO] [stderr] error: test failed, to rerun pass `--test real_ticket`
[INFO] [stdout]    0:     0x60cad714fd71 - <<std[70759c8f55707aa4]::sys::backtrace::BacktraceLock>::print::DisplayBacktrace as core[df12db4294e9bfd3]::fmt::Display>::fmt
[INFO] [stdout]    1:     0x60cad7163f5a - core[df12db4294e9bfd3]::fmt::write
[INFO] [stdout]    2:     0x60cad715420c - <alloc[2182bb758b4b3781]::vec::Vec<u8> as core[df12db4294e9bfd3]::io::write::Write>::write_fmt
[INFO] [stdout]    3:     0x60cad712c366 - std[70759c8f55707aa4]::panicking::default_hook::{closure#0}
[INFO] [stdout]    4:     0x60cad71484d9 - std[70759c8f55707aa4]::panicking::default_hook
[INFO] [stdout]    5:     0x60cad70e4790 - test[9d35eded1c95d3be]::test_main_inner::<test[9d35eded1c95d3be]::test_main_static::{closure#0}>::{closure#0}
[INFO] [stdout]    6:     0x60cad7148692 - std[70759c8f55707aa4]::panicking::panic_with_hook
[INFO] [stdout]    7:     0x60cad712c444 - std[70759c8f55707aa4]::panicking::panic_handler::{closure#0}
[INFO] [stdout]    8:     0x60cad7125199 - std[70759c8f55707aa4]::sys::backtrace::__rust_end_short_backtrace::<std[70759c8f55707aa4]::panicking::panic_handler::{closure#0}, !>
[INFO] [stdout]    9:     0x60cad712d00d - __rustc[8fa7c3cbc660c2b3]::rust_begin_unwind
[INFO] [stdout]   10:     0x60cad716468c - core[df12db4294e9bfd3]::panicking::panic_fmt
[INFO] [stdout]   11:     0x60cad70d78d0 - <real_ticket[7cb3f2159e608f3d]::test_full_decryption_and_validation::{closure#0} as core[df12db4294e9bfd3]::ops::function::FnOnce<()>>::call_once
[INFO] [stdout]   12:     0x60cad70d7a7b - test[9d35eded1c95d3be]::__rust_begin_short_backtrace::<core[df12db4294e9bfd3]::result::Result<(), alloc[2182bb758b4b3781]::string::String>, fn() -> core[df12db4294e9bfd3]::result::Result<(), alloc[2182bb758b4b3781]::string::String>>
[INFO] [stdout]   13:     0x60cad70e50e5 - test[9d35eded1c95d3be]::run_test::{closure#0}
[INFO] [stdout]   14:     0x60cad70de9a4 - std[70759c8f55707aa4]::sys::backtrace::__rust_begin_short_backtrace::<test[9d35eded1c95d3be]::run_test::{closure#1}, ()>
[INFO] [stdout]   15:     0x60cad70e8242 - <std[70759c8f55707aa4]::thread::lifecycle::spawn_unchecked<test[9d35eded1c95d3be]::run_test::{closure#1}, ()>::{closure#1} as core[df12db4294e9bfd3]::ops::function::FnOnce<()>>::call_once::{shim:vtable#0}
[INFO] [stdout]   16:     0x60cad714f649 - <std[70759c8f55707aa4]::sys::thread::unix::Thread>::new::thread_start
[INFO] [stdout]   17:     0x71385cd25dfa - <unknown>
[INFO] [stdout]   18:     0x71385cdb93d4 - clone
[INFO] [stdout]   19:                0x0 - <unknown>
[INFO] [stdout] 
[INFO] [stdout] 
[INFO] [stdout] failures:
[INFO] [stdout]     test_full_decryption_and_validation
[INFO] [stdout] 
[INFO] [stdout] test result: FAILED. 0 passed; 1 failed; 0 ignored; 0 measured; 0 filtered out; finished in 0.00s
[INFO] [stdout] 
[INFO] running `Command { std: "docker" "inspect" "4f26c860d14c7473fe9b3a351ebb92fa6f0a8a3f42f686738ef9fc42eb1cae51", kill_on_drop: false }`
[INFO] running `Command { std: "docker" "rm" "-f" "4f26c860d14c7473fe9b3a351ebb92fa6f0a8a3f42f686738ef9fc42eb1cae51", kill_on_drop: false }`
[INFO] [stdout] 4f26c860d14c7473fe9b3a351ebb92fa6f0a8a3f42f686738ef9fc42eb1cae51
