[INFO] fetching crate steam-tui-temp 0.2.2...
[INFO] testing steam-tui-temp-0.2.2 against 1.100.0-beta.1+cargoflags=--release for beta-release-1.100-2
[INFO] extracting crate steam-tui-temp 0.2.2 into /workspace/builds/worker-2-tc2/source
[INFO] started tweaking crates.io crate steam-tui-temp 0.2.2
[INFO] finished tweaking crates.io crate steam-tui-temp 0.2.2
[INFO] tweaked toml for crates.io crate steam-tui-temp 0.2.2 written to /workspace/builds/worker-2-tc2/source/Cargo.toml
[INFO] validating manifest of crates.io crate steam-tui-temp 0.2.2 on toolchain 1.100.0-beta.1
[INFO] running `Command { std: CARGO_HOME="/workspace/cargo-home" RUSTUP_HOME="/workspace/rustup-home" "/workspace/cargo-home/bin/cargo" "+1.100.0-beta.1" "metadata" "--manifest-path" "Cargo.toml" "--no-deps", kill_on_drop: false }`
[INFO] crate crates.io crate steam-tui-temp 0.2.2 already has a lockfile, it will not be regenerated
[INFO] running `Command { std: CARGO_HOME="/workspace/cargo-home" RUSTUP_HOME="/workspace/rustup-home" "/workspace/cargo-home/bin/cargo" "+1.100.0-beta.1" "fetch" "--manifest-path" "Cargo.toml", kill_on_drop: false }`
[INFO] running `Command { std: "docker" "create" "-v" "/var/lib/crater-agent-workspace/builds/worker-2-tc2/source:/opt/rustwide/workdir:ro,Z" "-v" "/var/lib/crater-agent-workspace/builds/worker-2-tc2/target:/opt/rustwide/target:rw,Z" "-v" "/var/lib/crater-agent-workspace/cargo-home:/opt/rustwide/cargo-home:ro,Z" "-v" "/var/lib/crater-agent-workspace/rustup-home:/opt/rustwide/rustup-home:ro,Z" "-m" "1610612736" "--network" "none" "ghcr.io/rust-lang/crates-build-env/linux@sha256:77db811e55d90add9212f6832c23229e3de5f1c1f9905e8cb07319ea15df73ac" "sleep" "infinity", kill_on_drop: false }`
[INFO] [stdout] adefca97b1c41ded11ade517b4efa119ecb51f77144eebb0870327b49f40cc61
[INFO] running `Command { std: "docker" "start" "adefca97b1c41ded11ade517b4efa119ecb51f77144eebb0870327b49f40cc61", kill_on_drop: false }`
[INFO] running `Command { std: "docker" "inspect" "adefca97b1c41ded11ade517b4efa119ecb51f77144eebb0870327b49f40cc61", kill_on_drop: false }`
[INFO] running `Command { std: "docker" "exec" "-e" "SOURCE_DIR=/opt/rustwide/workdir" "-e" "CARGO_HOME=/opt/rustwide/cargo-home" "-e" "RUSTUP_HOME=/opt/rustwide/rustup-home" "-e" "CARGO_TARGET_DIR=/opt/rustwide/target" "-w" "/opt/rustwide/workdir" "--user" "0:0" "adefca97b1c41ded11ade517b4efa119ecb51f77144eebb0870327b49f40cc61" "/opt/rustwide/cargo-home/bin/cargo" "+1.100.0-beta.1" "metadata" "--no-deps" "--format-version=1", kill_on_drop: false }`
[INFO] running `Command { std: "docker" "inspect" "adefca97b1c41ded11ade517b4efa119ecb51f77144eebb0870327b49f40cc61", kill_on_drop: false }`
[INFO] running `Command { std: "docker" "exec" "-e" "SOURCE_DIR=/opt/rustwide/workdir" "-e" "CARGO_HOME=/opt/rustwide/cargo-home" "-e" "RUSTUP_HOME=/opt/rustwide/rustup-home" "-e" "CARGO_TARGET_DIR=/opt/rustwide/target" "-e" "CARGO_INCREMENTAL=0" "-e" "RUST_BACKTRACE=full" "-e" "RUSTFLAGS=--cap-lints=warn" "-e" "RUSTDOCFLAGS=--cap-lints=warn" "-w" "/opt/rustwide/workdir" "--user" "0:0" "adefca97b1c41ded11ade517b4efa119ecb51f77144eebb0870327b49f40cc61" "/opt/rustwide/cargo-home/bin/cargo" "+1.100.0-beta.1" "build" "--frozen" "--message-format=json" "--release", kill_on_drop: false }`
[INFO] [stderr]    Compiling libc v0.2.126
[INFO] [stderr]    Compiling proc-macro2 v1.0.40
[INFO] [stderr]    Compiling unicode-ident v1.0.1
[INFO] [stderr]    Compiling quote v1.0.20
[INFO] [stderr]    Compiling syn v1.0.98
[INFO] [stderr]    Compiling once_cell v1.12.0
[INFO] [stderr]    Compiling log v0.4.17
[INFO] [stderr]    Compiling scopeguard v1.1.0
[INFO] [stderr]    Compiling memchr v2.5.0
[INFO] [stderr]    Compiling cc v1.0.73
[INFO] [stderr]    Compiling memoffset v0.6.5
[INFO] [stderr]    Compiling futures-core v0.3.21
[INFO] [stderr]    Compiling lock_api v0.4.7
[INFO] [stderr]    Compiling crossbeam-utils v0.8.10
[INFO] [stderr]    Compiling pin-project-lite v0.2.9
[INFO] [stderr]    Compiling pkg-config v0.3.25
[INFO] [stderr]    Compiling crossbeam-epoch v0.9.9
[INFO] [stderr]    Compiling bytes v1.1.0
[INFO] [stderr]    Compiling smallvec v1.9.0
[INFO] [stderr]    Compiling futures-sink v0.3.21
[INFO] [stderr]    Compiling parking_lot_core v0.9.3
[INFO] [stderr]    Compiling itoa v1.0.2
[INFO] [stderr]    Compiling signal-hook v0.3.14
[INFO] [stderr]    Compiling rayon-core v1.9.3
[INFO] [stderr]    Compiling serde_derive v1.0.138
[INFO] [stderr]    Compiling miniz_oxide v0.5.3
[INFO] [stderr]    Compiling num-traits v0.2.15
[INFO] [stderr]    Compiling serde v1.0.138
[INFO] [stderr]    Compiling crc32fast v1.3.2
[INFO] [stderr]    Compiling futures-task v0.3.21
[INFO] [stderr]    Compiling tracing-core v0.1.28
[INFO] [stderr]    Compiling indexmap v1.9.1
[INFO] [stderr]    Compiling num-integer v0.1.45
[INFO] [stderr]    Compiling rayon v1.5.3
[INFO] [stderr]    Compiling adler32 v1.2.0
[INFO] [stderr]    Compiling openssl v0.10.40
[INFO] [stderr]    Compiling futures-util v0.3.21
[INFO] [stderr]    Compiling slab v0.4.6
[INFO] [stderr]    Compiling either v1.7.0
[INFO] [stderr]    Compiling native-tls v0.2.10
[INFO] [stderr]    Compiling httparse v1.7.1
[INFO] [stderr]    Compiling futures-io v0.3.21
[INFO] [stderr]    Compiling matches v0.1.9
[INFO] [stderr]    Compiling hashbrown v0.12.1
[INFO] [stderr]    Compiling tinyvec_macros v0.1.0
[INFO] [stderr]    Compiling futures-channel v0.3.21
[INFO] [stderr]    Compiling deflate v1.0.0
[INFO] [stderr]    Compiling tinyvec v1.6.0
[INFO] [stderr]    Compiling spin v0.9.3
[INFO] [stderr]    Compiling num-rational v0.4.1
[INFO] [stderr]    Compiling crossbeam-channel v0.5.5
[INFO] [stderr]    Compiling http v0.2.8
[INFO] [stderr]    Compiling num-iter v0.1.43
[INFO] [stderr]    Compiling gimli v0.26.1
[INFO] [stderr]    Compiling openssl-sys v0.9.74
[INFO] [stderr]    Compiling tracing v0.1.35
[INFO] [stderr]    Compiling backtrace v0.3.65
[INFO] [stderr]    Compiling weezl v0.1.6
[INFO] [stderr]    Compiling crossbeam-deque v0.8.1
[INFO] [stderr]    Compiling unicode-width v0.1.9
[INFO] [stderr]    Compiling failure_derive v0.1.8
[INFO] [stderr]    Compiling try-lock v0.2.3
[INFO] [stderr]    Compiling unicode-xid v0.2.3
[INFO] [stderr]    Compiling want v0.3.0
[INFO] [stderr]    Compiling http-body v0.4.5
[INFO] [stderr]    Compiling form_urlencoded v1.0.1
[INFO] [stderr]    Compiling flate2 v1.0.24
[INFO] [stderr]    Compiling object v0.28.4
[INFO] [stderr]    Compiling inflate v0.4.5
[INFO] [stderr]    Compiling serde_json v1.0.82
[INFO] [stderr]    Compiling ryu v1.0.10
[INFO] [stderr]    Compiling bit_field v0.10.1
[INFO] [stderr]    Compiling rustc-demangle v0.1.21
[INFO] [stderr]    Compiling httpdate v1.0.2
[INFO] [stderr]    Compiling num_cpus v1.13.1
[INFO] [stderr]    Compiling mio v0.8.4
[INFO] [stderr]    Compiling socket2 v0.4.4
[INFO] [stderr]    Compiling signal-hook-registry v1.4.0
[INFO] [stderr]    Compiling getrandom v0.2.7
[INFO] [stderr]    Compiling parking_lot v0.12.1
[INFO] [stderr]    Compiling tokio v1.19.2
[INFO] [stderr]    Compiling threadpool v1.8.1
[INFO] [stderr]    Compiling unicode-normalization v0.1.21
[INFO] [stderr]    Compiling signal-hook-mio v0.2.3
[INFO] [stderr]    Compiling nanorand v0.7.0
[INFO] [stderr]    Compiling crossterm v0.23.2
[INFO] [stderr]    Compiling addr2line v0.17.0
[INFO] [stderr]    Compiling half v1.8.2
[INFO] [stderr]    Compiling unicode-bidi v0.3.8
[INFO] [stderr]    Compiling lebe v0.5.1
[INFO] [stderr]    Compiling encoding_rs v0.8.31
[INFO] [stderr]    Compiling gif v0.11.4
[INFO] [stderr]    Compiling dirs-sys-next v0.1.2
[INFO] [stderr]    Compiling nix v0.22.3
[INFO] [stderr]    Compiling idna v0.2.3
[INFO] [stderr]    Compiling png v0.17.5
[INFO] [stderr]    Compiling unicode-segmentation v1.9.0
[INFO] [stderr]    Compiling scoped_threadpool v0.1.9
[INFO] [stderr]    Compiling byteorder v1.4.3
[INFO] [stderr]    Compiling bytemuck v1.10.0
[INFO] [stderr]    Compiling cassowary v0.3.0
[INFO] [stderr]    Compiling url v2.2.2
[INFO] [stderr]    Compiling dirs-next v2.0.0
[INFO] [stderr]    Compiling atty v0.2.14
[INFO] [stderr]    Compiling getopts v0.2.21
[INFO] [stderr]    Compiling aho-corasick v0.7.18
[INFO] [stderr]    Compiling thread_local v1.1.4
[INFO] [stderr]    Compiling jpeg-decoder v0.2.6
[INFO] [stderr]    Compiling base64 v0.13.0
[INFO] [stderr]    Compiling mime v0.3.16
[INFO] [stderr]    Compiling regex-syntax v0.6.26
[INFO] [stderr]    Compiling synstructure v0.12.6
[INFO] [stderr]    Compiling coolor v0.5.0
[INFO] [stderr]    Compiling tiff v0.7.2
[INFO] [stderr]    Compiling ipnet v2.5.0
[INFO] [stderr]    Compiling fuzzy-matcher v0.3.7
[INFO] [stderr]    Compiling pretty-bytes v0.2.2
[INFO] [stderr]    Compiling shellexpand v2.1.0
[INFO] [stderr]    Compiling crossterm v0.25.0
[INFO] [stderr]    Compiling port_scanner v0.1.5
[INFO] [stderr]    Compiling tokio-util v0.7.3
[INFO] [stderr]    Compiling regex v1.5.6
[INFO] [stderr]    Compiling pin-project-internal v1.0.11
[INFO] [stderr]    Compiling openssl-macros v0.1.0
[INFO] [stderr]    Compiling thiserror-impl v1.0.31
[INFO] [stderr]    Compiling h2 v0.3.13
[INFO] [stderr]    Compiling failure v0.1.8
[INFO] [stderr]    Compiling thiserror v1.0.31
[INFO] [stderr]    Compiling xterm-query v0.2.0
[INFO] [stderr]    Compiling terminal-light v1.0.0
[INFO] [stderr]    Compiling pin-project v1.0.11
[INFO] [stderr]    Compiling flume v0.10.13
[INFO] [stderr]    Compiling exr v1.4.2
[INFO] [stderr]    Compiling hyper v0.14.19
[INFO] [stderr]    Compiling tokio-native-tls v0.3.0
[INFO] [stderr]    Compiling image v0.24.2
[INFO] [stderr]    Compiling tui v0.18.0
[INFO] [stderr]    Compiling serde_urlencoded v0.7.1
[INFO] [stderr]    Compiling hyper-tls v0.5.0
[INFO] [stderr]    Compiling reqwest v0.11.11
[INFO] [stderr]    Compiling tui-image-rgba-updated v0.2.2
[INFO] [stderr]    Compiling steam-tui-temp v0.2.2 (/opt/rustwide/workdir)
[INFO] [stderr]     Finished `release` profile [optimized] target(s) in 1m 37s
[INFO] [stderr] warning: the following packages contain code that will be rejected by a future version of Rust: openssl v0.10.40
[INFO] [stderr] note: to see what the problems were, use the option `--future-incompat-report`, or run `cargo report future-incompatibilities --id 3`
[INFO] running `Command { std: "docker" "inspect" "adefca97b1c41ded11ade517b4efa119ecb51f77144eebb0870327b49f40cc61", kill_on_drop: false }`
[INFO] running `Command { std: "docker" "exec" "-e" "SOURCE_DIR=/opt/rustwide/workdir" "-e" "CARGO_HOME=/opt/rustwide/cargo-home" "-e" "RUSTUP_HOME=/opt/rustwide/rustup-home" "-e" "CARGO_TARGET_DIR=/opt/rustwide/target" "-e" "CARGO_INCREMENTAL=0" "-e" "RUST_BACKTRACE=full" "-e" "RUSTFLAGS=--cap-lints=warn" "-e" "RUSTDOCFLAGS=--cap-lints=warn" "-w" "/opt/rustwide/workdir" "--user" "0:0" "adefca97b1c41ded11ade517b4efa119ecb51f77144eebb0870327b49f40cc61" "/opt/rustwide/cargo-home/bin/cargo" "+1.100.0-beta.1" "test" "--frozen" "--no-run" "--message-format=json" "--release", kill_on_drop: false }`
[INFO] [stderr]    Compiling steam-tui-temp v0.2.2 (/opt/rustwide/workdir)
[INFO] [stdout] warning: unused import: `keys_from_licenses`
[INFO] [stdout]    --> src/client.rs:605:49
[INFO] [stdout]     |
[INFO] [stdout] 605 |     use crate::client::{Client, Command, State, keys_from_licenses};
[INFO] [stdout]     |                                                 ^^^^^^^^^^^^^^^^^^
[INFO] [stdout]     |
[INFO] [stdout]     = note: `#[warn(unused_imports)]` (part of `#[warn(unused)]`) on by default
[INFO] [stdout] 
[INFO] [stdout] 
[INFO] [stderr]     Finished `release` profile [optimized] target(s) in 4.66s
[INFO] [stderr] warning: the following packages contain code that will be rejected by a future version of Rust: openssl v0.10.40
[INFO] [stderr] note: to see what the problems were, use the option `--future-incompat-report`, or run `cargo report future-incompatibilities --id 3`
[INFO] running `Command { std: "docker" "inspect" "adefca97b1c41ded11ade517b4efa119ecb51f77144eebb0870327b49f40cc61", kill_on_drop: false }`
[INFO] running `Command { std: "docker" "exec" "-e" "SOURCE_DIR=/opt/rustwide/workdir" "-e" "CARGO_HOME=/opt/rustwide/cargo-home" "-e" "RUSTUP_HOME=/opt/rustwide/rustup-home" "-e" "CARGO_TARGET_DIR=/opt/rustwide/target" "-e" "CARGO_INCREMENTAL=0" "-e" "RUST_BACKTRACE=full" "-e" "RUSTFLAGS=--cap-lints=warn" "-e" "RUSTDOCFLAGS=--cap-lints=warn" "-w" "/opt/rustwide/workdir" "--user" "0:0" "adefca97b1c41ded11ade517b4efa119ecb51f77144eebb0870327b49f40cc61" "/opt/rustwide/cargo-home/bin/cargo" "+1.100.0-beta.1" "test" "--frozen" "--release", kill_on_drop: false }`
[INFO] [stderr] warning: unused import: `keys_from_licenses`
[INFO] [stderr]    --> src/client.rs:605:49
[INFO] [stderr]     |
[INFO] [stderr] 605 |     use crate::client::{Client, Command, State, keys_from_licenses};
[INFO] [stderr]     |                                                 ^^^^^^^^^^^^^^^^^^
[INFO] [stderr]     |
[INFO] [stderr]     = note: `#[warn(unused_imports)]` (part of `#[warn(unused)]`) on by default
[INFO] [stderr] 
[INFO] [stderr] warning: `steam-tui-temp` (lib test) generated 1 warning (run `cargo fix --lib -p steam-tui-temp --tests` to apply 1 suggestion)
[INFO] [stderr]     Finished `release` profile [optimized] target(s) in 0.19s
[INFO] [stderr] warning: the following packages contain code that will be rejected by a future version of Rust: openssl v0.10.40
[INFO] [stderr] note: to see what the problems were, use the option `--future-incompat-report`, or run `cargo report future-incompatibilities --id 3`
[INFO] [stderr]      Running unittests src/lib.rs (/opt/rustwide/target/release/build/steam-tui-temp/03aa964553e4f2aa/out/steam_tui_temp-03aa964553e4f2aa)
[INFO] [stdout] 
[INFO] [stdout] running 9 tests
[INFO] [stdout] test util::parser::tests::test_parse_update_fail ... ok
[INFO] [stdout] test util::parser::tests::test_parse_update_sucess ... ok
[INFO] [stdout] test util::parser::tests::test_parse_data ... ok
[INFO] [stdout] test util::parser::tests::test_parse_update_continue ... ok
[INFO] [stdout] test util::parser::tests::test_parse_update ... ok
[INFO] [stdout] test util::parser::tests::test_parse_update_basic ... ok
[INFO] [stdout] test client::tests::test_polluted_data_impure ... FAILED
[INFO] [stdout] test client::tests::test_blank_login ... ok
[INFO] [stdout] test client::tests::test_implicit_line_ending_impure ... FAILED
[INFO] [stdout] 
[INFO] [stdout] failures:
[INFO] [stdout] 
[INFO] [stdout] ---- client::tests::test_polluted_data_impure stdout ----
[INFO] [stdout] 
[INFO] [stdout] thread 'client::tests::test_polluted_data_impure' (3362) panicked at src/client.rs:623:14:
[INFO] [stdout] Channel dies: RecvError
[INFO] [stdout] stack backtrace:
[INFO] [stdout]    0:     0x5eaae62157e1 - <<std[617be2ca0a6fd877]::sys::backtrace::BacktraceLock>::print::DisplayBacktrace as core[a373ad73a504971]::fmt::Display>::fmt
[INFO] [stdout]    1:     0x5eaae622c67a - core[a373ad73a504971]::fmt::write
[INFO] [stdout]    2:     0x5eaae6219d7c - <alloc[2e1b2a31b91974c5]::vec::Vec<u8> as core[a373ad73a504971]::io::write::Write>::write_fmt
[INFO] [stdout]    3:     0x5eaae61f0676 - std[617be2ca0a6fd877]::panicking::default_hook::{closure#0}
[INFO] [stdout]    4:     0x5eaae620d779 - std[617be2ca0a6fd877]::panicking::default_hook
[INFO] [stdout]    5:     0x5eaae612e180 - test[aada8e7e76ba119b]::test_main_inner::{closure#0}
[INFO] [stdout]    6:     0x5eaae620d932 - std[617be2ca0a6fd877]::panicking::panic_with_hook
[INFO] [stdout]    7:     0x5eaae61f0722 - std[617be2ca0a6fd877]::panicking::panic_handler::{closure#0}
[INFO] [stdout]    8:     0x5eaae61e9239 - std[617be2ca0a6fd877]::sys::backtrace::__rust_end_short_backtrace::<std[617be2ca0a6fd877]::panicking::panic_handler::{closure#0}, !>
[INFO] [stdout]    9:     0x5eaae61f151d - __rustc[ea4f61d10b84890b]::rust_begin_unwind
[INFO] [stdout]   10:     0x5eaae622cddc - core[a373ad73a504971]::panicking::panic_fmt
[INFO] [stdout]   11:     0x5eaae622cbb2 - core[a373ad73a504971]::result::unwrap_failed
[INFO] [stdout]   12:     0x5eaae610e204 - <steam_tui_temp[ea7cf8b558a30f54]::client::tests::test_polluted_data_impure::{closure#0} as core[a373ad73a504971]::ops::function::FnOnce<()>>::call_once
[INFO] [stdout]   13:     0x5eaae61215cb - test[aada8e7e76ba119b]::__rust_begin_short_backtrace::<core[a373ad73a504971]::result::Result<(), alloc[2e1b2a31b91974c5]::string::String>, fn() -> core[a373ad73a504971]::result::Result<(), alloc[2e1b2a31b91974c5]::string::String>>
[INFO] [stdout]   14:     0x5eaae612e7a5 - test[aada8e7e76ba119b]::run_test::{closure#0}
[INFO] [stdout]   15:     0x5eaae6128094 - std[617be2ca0a6fd877]::sys::backtrace::__rust_begin_short_backtrace::<test[aada8e7e76ba119b]::run_test::{closure#1}, ()>
[INFO] [stdout]   16:     0x5eaae6131832 - <std[617be2ca0a6fd877]::thread::lifecycle::spawn_unchecked<test[aada8e7e76ba119b]::run_test::{closure#1}, ()>::{closure#1} as core[a373ad73a504971]::ops::function::FnOnce<()>>::call_once::{shim:vtable#0}
[INFO] [stdout]   17:     0x5eaae621493f - <std[617be2ca0a6fd877]::sys::thread::unix::Thread>::new::thread_start
[INFO] [stdout]   18:     0x7e1eb6858dfa - <unknown>
[INFO] [stdout]   19:     0x7e1eb68ec3d4 - clone
[INFO] [stdout]   20:                0x0 - <unknown>
[INFO] [stdout] 
[INFO] [stdout] ---- client::tests::test_implicit_line_ending_impure stdout ----
[INFO] [stdout] 
[INFO] [stdout] thread 'client::tests::test_implicit_line_ending_impure' (3361) panicked at src/client.rs:638:14:
[INFO] [stdout] Channel dies: RecvError
[INFO] [stdout] stack backtrace:
[INFO] [stdout]    0:     0x5eaae62157e1 - <<std[617be2ca0a6fd877]::sys::backtrace::BacktraceLock>::print::DisplayBacktrace as core[a373ad73a504971]::fmt::Display>::fmt
[INFO] [stdout]    1:     0x5eaae622c67a - core[a373ad73a504971]::fmt::write
[INFO] [stdout]    2:     0x5eaae6219d7c - <alloc[2e1b2a31b91974c5]::vec::Vec<u8> as core[a373ad73a504971]::io::write::Write>::write_fmt
[INFO] [stdout]    3:     0x5eaae61f0676 - std[617be2ca0a6fd877]::panicking::default_hook::{closure#0}
[INFO] [stdout]    4:     0x5eaae620d779 - std[617be2ca0a6fd877]::panicking::default_hook
[INFO] [stdout]    5:     0x5eaae612e180 - test[aada8e7e76ba119b]::test_main_inner::{closure#0}
[INFO] [stdout]    6:     0x5eaae620d932 - std[617be2ca0a6fd877]::panicking::panic_with_hook
[INFO] [stdout]    7:     0x5eaae61f0722 - std[617be2ca0a6fd877]::panicking::panic_handler::{closure#0}
[INFO] [stdout]    8:     0x5eaae61e9239 - std[617be2ca0a6fd877]::sys::backtrace::__rust_end_short_backtrace::<std[617be2ca0a6fd877]::panicking::panic_handler::{closure#0}, !>
[INFO] [stdout]    9:     0x5eaae61f151d - __rustc[ea4f61d10b84890b]::rust_begin_unwind
[INFO] [stdout]   10:     0x5eaae622cddc - core[a373ad73a504971]::panicking::panic_fmt
[INFO] [stdout]   11:     0x5eaae622cbb2 - core[a373ad73a504971]::result::unwrap_failed
[INFO] [stdout]   12:     0x5eaae610e841 - <steam_tui_temp[ea7cf8b558a30f54]::client::tests::test_implicit_line_ending_impure::{closure#0} as core[a373ad73a504971]::ops::function::FnOnce<()>>::call_once
[INFO] [stdout]   13:     0x5eaae61215cb - test[aada8e7e76ba119b]::__rust_begin_short_backtrace::<core[a373ad73a504971]::result::Result<(), alloc[2e1b2a31b91974c5]::string::String>, fn() -> core[a373ad73a504971]::result::Result<(), alloc[2e1b2a31b91974c5]::string::String>>
[INFO] [stdout]   14:     0x5eaae612e7a5 - test[aada8e7e76ba119b]::run_test::{closure#0}
[INFO] [stdout]   15:     0x5eaae6128094 - std[617be2ca0a6fd877]::sys::backtrace::__rust_begin_short_backtrace::<test[aada8e7e76ba119b]::run_test::{closure#1}, ()>
[INFO] [stdout]   16:     0x5eaae6131832 - <std[617be2ca0a6fd877]::thread::lifecycle::spawn_unchecked<test[aada8e7e76ba119b]::run_test::{closure#1}, ()>::{closure#1} as core[a373ad73a504971]::ops::function::FnOnce<()>>::call_once::{shim:vtable#0}
[INFO] [stdout]   17:     0x5eaae621493f - <std[617be2ca0a6fd877]::sys::thread::unix::Thread>::new::thread_start
[INFO] [stdout]   18:     0x7e1eb6858dfa - <unknown>
[INFO] [stdout]   19:     0x7e1eb68ec3d4 - clone
[INFO] [stdout]   20:                0x0 - <unknown>
[INFO] [stdout] 
[INFO] [stdout] 
[INFO] [stdout] failures:
[INFO] [stdout]     client::tests::test_implicit_line_ending_impure
[INFO] [stdout]     client::tests::test_polluted_data_impure
[INFO] [stdout] 
[INFO] [stdout] test result: FAILED. 7 passed; 2 failed; 0 ignored; 0 measured; 0 filtered out; finished in 0.01s
[INFO] [stdout] 
[INFO] [stderr] error: test failed, to rerun pass `--lib`
[INFO] running `Command { std: "docker" "inspect" "adefca97b1c41ded11ade517b4efa119ecb51f77144eebb0870327b49f40cc61", kill_on_drop: false }`
[INFO] running `Command { std: "docker" "rm" "-f" "adefca97b1c41ded11ade517b4efa119ecb51f77144eebb0870327b49f40cc61", kill_on_drop: false }`
[INFO] [stdout] adefca97b1c41ded11ade517b4efa119ecb51f77144eebb0870327b49f40cc61
