[INFO] fetching crate stay 0.0.99...
[INFO] testing stay-0.0.99 against 1.100.0-beta.1+cargoflags=--release for beta-release-1.100-2
[INFO] extracting crate stay 0.0.99 into /workspace/builds/worker-2-tc2/source
[INFO] removed /workspace/builds/worker-2-tc2/source/rust-toolchain.toml
[INFO] started tweaking crates.io crate stay 0.0.99
[INFO] removed 0 missing tests
[INFO] finished tweaking crates.io crate stay 0.0.99
[INFO] tweaked toml for crates.io crate stay 0.0.99 written to /workspace/builds/worker-2-tc2/source/Cargo.toml
[INFO] validating manifest of crates.io crate stay 0.0.99 on toolchain 1.100.0-beta.1
[INFO] running `Command { std: CARGO_HOME="/workspace/cargo-home" RUSTUP_HOME="/workspace/rustup-home" "/workspace/cargo-home/bin/cargo" "+1.100.0-beta.1" "metadata" "--manifest-path" "Cargo.toml" "--no-deps", kill_on_drop: false }`
[INFO] crate crates.io crate stay 0.0.99 already has a lockfile, it will not be regenerated
[INFO] running `Command { std: CARGO_HOME="/workspace/cargo-home" RUSTUP_HOME="/workspace/rustup-home" "/workspace/cargo-home/bin/cargo" "+1.100.0-beta.1" "fetch" "--manifest-path" "Cargo.toml", kill_on_drop: false }`
[INFO] running `Command { std: "docker" "create" "-v" "/var/lib/crater-agent-workspace/builds/worker-2-tc2/source:/opt/rustwide/workdir:ro,Z" "-v" "/var/lib/crater-agent-workspace/builds/worker-2-tc2/target:/opt/rustwide/target:rw,Z" "-v" "/var/lib/crater-agent-workspace/cargo-home:/opt/rustwide/cargo-home:ro,Z" "-v" "/var/lib/crater-agent-workspace/rustup-home:/opt/rustwide/rustup-home:ro,Z" "-m" "1610612736" "--network" "none" "ghcr.io/rust-lang/crates-build-env/linux@sha256:77db811e55d90add9212f6832c23229e3de5f1c1f9905e8cb07319ea15df73ac" "sleep" "infinity", kill_on_drop: false }`
[INFO] [stdout] 1f7b5ef6528a76e28ad471c20d8e985bb5fca4859682f14baea0969975944dba
[INFO] running `Command { std: "docker" "start" "1f7b5ef6528a76e28ad471c20d8e985bb5fca4859682f14baea0969975944dba", kill_on_drop: false }`
[INFO] running `Command { std: "docker" "inspect" "1f7b5ef6528a76e28ad471c20d8e985bb5fca4859682f14baea0969975944dba", kill_on_drop: false }`
[INFO] running `Command { std: "docker" "exec" "-e" "SOURCE_DIR=/opt/rustwide/workdir" "-e" "CARGO_HOME=/opt/rustwide/cargo-home" "-e" "RUSTUP_HOME=/opt/rustwide/rustup-home" "-e" "CARGO_TARGET_DIR=/opt/rustwide/target" "-w" "/opt/rustwide/workdir" "--user" "0:0" "1f7b5ef6528a76e28ad471c20d8e985bb5fca4859682f14baea0969975944dba" "/opt/rustwide/cargo-home/bin/cargo" "+1.100.0-beta.1" "metadata" "--no-deps" "--format-version=1", kill_on_drop: false }`
[INFO] running `Command { std: "docker" "inspect" "1f7b5ef6528a76e28ad471c20d8e985bb5fca4859682f14baea0969975944dba", kill_on_drop: false }`
[INFO] running `Command { std: "docker" "exec" "-e" "SOURCE_DIR=/opt/rustwide/workdir" "-e" "CARGO_HOME=/opt/rustwide/cargo-home" "-e" "RUSTUP_HOME=/opt/rustwide/rustup-home" "-e" "CARGO_TARGET_DIR=/opt/rustwide/target" "-e" "CARGO_INCREMENTAL=0" "-e" "RUST_BACKTRACE=full" "-e" "RUSTFLAGS=--cap-lints=warn" "-e" "RUSTDOCFLAGS=--cap-lints=warn" "-w" "/opt/rustwide/workdir" "--user" "0:0" "1f7b5ef6528a76e28ad471c20d8e985bb5fca4859682f14baea0969975944dba" "/opt/rustwide/cargo-home/bin/cargo" "+1.100.0-beta.1" "build" "--frozen" "--message-format=json" "--release", kill_on_drop: false }`
[INFO] [stderr]    Compiling itertools v0.14.0
[INFO] [stderr]    Compiling critical-section v1.2.0
[INFO] [stderr]    Compiling syn v3.0.6
[INFO] [stderr]    Compiling syn v2.0.119
[INFO] [stderr]    Compiling lru v0.18.5
[INFO] [stderr]    Compiling rustix v1.1.5
[INFO] [stderr]    Compiling smallvec v1.16.1
[INFO] [stderr]    Compiling indoc v2.0.7
[INFO] [stderr]    Compiling mio v1.2.3
[INFO] [stderr]    Compiling compact_str v0.9.1
[INFO] [stderr]    Compiling time v0.3.55
[INFO] [stderr]    Compiling line-clipping v0.3.8
[INFO] [stderr]    Compiling nix v0.31.3
[INFO] [stderr]    Compiling dirs-sys v0.5.0
[INFO] [stderr]    Compiling frizbee v0.13.0
[INFO] [stderr]    Compiling dirs v7.0.0
[INFO] [stderr]    Compiling parking_lot_core v0.9.12
[INFO] [stderr]    Compiling signal-hook-mio v0.2.5
[INFO] [stderr]    Compiling parking_lot v0.12.5
[INFO] [stderr]    Compiling unicode-truncate v2.0.1
[INFO] [stderr]    Compiling strum_macros v0.28.0
[INFO] [stderr]    Compiling derive_more-impl v2.1.1
[INFO] [stderr]    Compiling derive_more v2.1.1
[INFO] [stderr]    Compiling crossterm v0.29.0
[INFO] [stderr]    Compiling strum v0.28.0
[INFO] [stderr]    Compiling darling_core v0.24.1
[INFO] [stderr]    Compiling thiserror-impl v2.0.21
[INFO] [stderr]    Compiling serde_derive v1.0.229
[INFO] [stderr]    Compiling clap_derive v4.6.7
[INFO] [stderr]    Compiling thiserror v2.0.21
[INFO] [stderr]    Compiling kasuari v0.4.12
[INFO] [stderr]    Compiling ratatui-core v0.1.2
[INFO] [stderr]    Compiling clap v4.6.7
[INFO] [stderr]    Compiling serde v1.0.229
[INFO] [stderr]    Compiling darling_macro v0.24.1
[INFO] [stderr]    Compiling darling v0.24.1
[INFO] [stderr]    Compiling instability v0.3.14
[INFO] [stderr]    Compiling ratatui-widgets v0.3.2
[INFO] [stderr]    Compiling ratatui-crossterm v0.1.2
[INFO] [stderr]    Compiling ratatui-macros v0.7.2
[INFO] [stderr]    Compiling ratatui v0.30.2
[INFO] [stderr]    Compiling stay v0.0.99 (/opt/rustwide/workdir)
[INFO] [stderr]     Finished `release` profile [optimized] target(s) in 2m 23s
[INFO] running `Command { std: "docker" "inspect" "1f7b5ef6528a76e28ad471c20d8e985bb5fca4859682f14baea0969975944dba", kill_on_drop: false }`
[INFO] running `Command { std: "docker" "exec" "-e" "SOURCE_DIR=/opt/rustwide/workdir" "-e" "CARGO_HOME=/opt/rustwide/cargo-home" "-e" "RUSTUP_HOME=/opt/rustwide/rustup-home" "-e" "CARGO_TARGET_DIR=/opt/rustwide/target" "-e" "CARGO_INCREMENTAL=0" "-e" "RUST_BACKTRACE=full" "-e" "RUSTFLAGS=--cap-lints=warn" "-e" "RUSTDOCFLAGS=--cap-lints=warn" "-w" "/opt/rustwide/workdir" "--user" "0:0" "1f7b5ef6528a76e28ad471c20d8e985bb5fca4859682f14baea0969975944dba" "/opt/rustwide/cargo-home/bin/cargo" "+1.100.0-beta.1" "test" "--frozen" "--no-run" "--message-format=json" "--release", kill_on_drop: false }`
[INFO] [stderr]    Compiling stay v0.0.99 (/opt/rustwide/workdir)
[INFO] [stderr]     Finished `release` profile [optimized] target(s) in 2m 21s
[INFO] running `Command { std: "docker" "inspect" "1f7b5ef6528a76e28ad471c20d8e985bb5fca4859682f14baea0969975944dba", kill_on_drop: false }`
[INFO] running `Command { std: "docker" "exec" "-e" "SOURCE_DIR=/opt/rustwide/workdir" "-e" "CARGO_HOME=/opt/rustwide/cargo-home" "-e" "RUSTUP_HOME=/opt/rustwide/rustup-home" "-e" "CARGO_TARGET_DIR=/opt/rustwide/target" "-e" "CARGO_INCREMENTAL=0" "-e" "RUST_BACKTRACE=full" "-e" "RUSTFLAGS=--cap-lints=warn" "-e" "RUSTDOCFLAGS=--cap-lints=warn" "-w" "/opt/rustwide/workdir" "--user" "0:0" "1f7b5ef6528a76e28ad471c20d8e985bb5fca4859682f14baea0969975944dba" "/opt/rustwide/cargo-home/bin/cargo" "+1.100.0-beta.1" "test" "--frozen" "--release", kill_on_drop: false }`
[INFO] [stderr]     Finished `release` profile [optimized] target(s) in 0.24s
[INFO] [stderr]      Running unittests src/lib.rs (/opt/rustwide/target/release/build/stay/70152c43328a38d6/out/stay-70152c43328a38d6)
[INFO] [stdout] 
[INFO] [stdout] running 312 tests
[INFO] [stdout] test cli::tests::picker_only_and_prompt_flags_are_validated ... ok
[INFO] [stdout] test cli::tests::old_flat_forms_are_rejected ... ok
[INFO] [stdout] test cli::tests::attach_modifiers_parse_with_task_027_spellings ... ok
[INFO] [stdout] test config::tests::defaults_leave_the_command_unconfigured_and_use_key_defaults ... ok
[INFO] [stdout] test cli::tests::create_options_can_follow_the_trailing_command ... ok
[INFO] [stdout] test config::tests::defaults_leave_the_command_unconfigured_when_shell_is_unset ... ok
[INFO] [stdout] test cli::tests::help_lists_subcommands_and_modifier_shapes ... ok
[INFO] [stdout] test config::tests::file_values_are_overridden_by_environment ... ok
[INFO] [stdout] test cli::tests::create_attach_modifiers_parse_and_option_terminator_preserves_command_words ... ok
[INFO] [stdout] test config::tests::empty_environment_command_behaves_as_unset ... ok
[INFO] [stdout] test cli::tests::every_session_name_entry_point_enforces_the_shared_maximum ... ok
[INFO] [stdout] test config::tests::empty_file_command_behaves_as_unset ... ok
[INFO] [stdout] test cli::tests::attach_log_validation_names_the_new_flags ... ok
[INFO] [stdout] test cli::tests::every_subcommand_validates_session_names_during_parsing ... ok
[INFO] [stdout] test config::tests::parses_control_key_specs ... ok
[INFO] [stdout] test cli::tests::create_attach_modifiers_require_attach ... ok
[INFO] [stdout] test cli::tests::subcommands_parse ... ok
[INFO] [stdout] test logging::unix::tests::a_world_readable_file_is_rejected_and_owner_only_is_accepted ... ok
[INFO] [stdout] test logging::unix::tests::a_symlink_target_is_rejected ... ok
[INFO] [stdout] test config::tests::rejects_key_collision_and_malformed_toml ... ok
[INFO] [stdout] test logging::unix::tests::a_fresh_path_is_accepted ... ok
[INFO] [stdout] test cli::tests::pass_through_conflicts_with_every_other_attach_modifier ... ok
[INFO] [stdout] test logging::unix::tests::a_wrong_owner_log_target_is_rejected ... ok
[INFO] [stdout] test logging::unix::tests::aliased_paths_resolve_to_the_same_canonical_target ... ok
[INFO] [stdout] test logging::unix::tests::anchor_keeps_only_recent_complete_lines_with_both_caps ... ok
[INFO] [stdout] test logging::unix::tests::cursor_round_trips_through_the_sidecar_file ... ok
[INFO] [stdout] test config::tests::log_capture_interval_falls_back_to_the_file_value_and_rejects_zero ... ok
[INFO] [stdout] test logging::unix::tests::an_ambiguous_anchor_uses_the_marked_full_dump ... ok
[INFO] [stdout] test config::tests::accepts_string_history_and_rejects_invalid_values ... ok
[INFO] [stdout] test logging::unix::tests::a_primary_log_symlink_swap_is_rejected_without_following_the_link ... ok
[INFO] [stdout] test logging::unix::tests::cursor_sidecar_and_temporary_symlinks_are_rejected ... ok
[INFO] [stdout] test logging::unix::tests::shell_quote_escapes_embedded_single_quotes ... ok
[INFO] [stdout] test logging::unix::tests::raw_writer_rejects_a_symlink_without_following_it ... ok
[INFO] [stdout] test picker::tests::a_missing_selected_name_is_cleared_after_poll ... ok
[INFO] [stdout] test logging::unix::tests::partial_append_followed_by_lost_overlap_emits_the_eviction_marker ... ok
[INFO] [stdout] test logging::unix::tests::history_shift_preserves_new_lines_before_the_retained_overlap ... ok
[INFO] [stdout] test logging::unix::tests::an_active_raw_pipe_warns_and_skips_backfill ... ok
[INFO] [stdout] test picker::tests::attach_modifier_toggles_preserve_typed_ahead_input ... ok
[INFO] [stdout] test picker::tests::attach_modifier_toggles_produce_all_four_attach_outcomes ... ok
[INFO] [stdout] test logging::unix::tests::cursor_session_or_log_size_mismatch_forces_a_full_capture ... ok
[INFO] [stdout] test logging::unix::tests::partial_newline_boundary_append_retries_without_duplication ... ok
[INFO] [stdout] test picker::tests::attach_modifier_toggles_turn_off_and_selection_changes_clear_them ... ok
[INFO] [stdout] test picker::tests::c_focuses_create_row_and_opens_the_name_prompt ... ok
[INFO] [stdout] test picker::tests::create_cursor_moves_clamps_and_inserts_at_each_position ... ok
[INFO] [stdout] test picker::tests::create_escape_cancels_without_creating_a_session ... ok
[INFO] [stdout] test picker::tests::action_errors_take_precedence_over_poll_errors ... ok
[INFO] [stdout] test picker::tests::create_mode_renders_the_name_prompt_and_supports_editing ... ok
[INFO] [stdout] test picker::tests::create_row_is_selected_by_default ... ok
[INFO] [stdout] test picker::tests::create_home_and_end_move_to_the_prompt_boundaries ... ok
[INFO] [stdout] test picker::tests::cursor_report_preserves_surrounding_input ... ok
[INFO] [stdout] test picker::tests::cursor_report_round_trips ... ok
[INFO] [stdout] test picker::tests::create_backspace_deletes_one_unicode_scalar ... ok
[INFO] [stdout] test picker::tests::cursor_report_skips_unrelated_escape ... ok
[INFO] [stdout] test picker::tests::edit_name_backspace_deletes_one_unicode_scalar ... ok
[INFO] [stdout] test picker::tests::edit_name_ctrl_arrows_move_to_boundaries_and_vertical_is_noop ... ok
[INFO] [stdout] test logging::unix::tests::an_evicted_overlap_uses_a_marker_and_advances_the_cursor ... ok
[INFO] [stdout] test picker::tests::edit_name_cursor_moves_clamps_and_inserts_in_the_middle ... ok
[INFO] [stdout] test picker::tests::edit_name_escape_preserves_the_original_session ... ok
[INFO] [stdout] test picker::tests::edit_name_home_and_end_move_to_the_prompt_boundaries ... ok
[INFO] [stdout] test picker::tests::edit_name_mode_renders_the_name_prompt_and_supports_editing ... ok
[INFO] [stdout] test logging::unix::tests::failed_append_leaves_the_cursor_for_a_retry ... ok
[INFO] [stdout] test logging::unix::tests::partial_mid_line_append_retries_from_the_durable_byte ... ok
[INFO] [stdout] test logging::unix::tests::partial_shifted_append_rolls_back_before_retrying_the_composite_payload ... ok
[INFO] [stdout] test picker::tests::entering_other_picker_modes_clears_attach_modifiers ... ok
[INFO] [stdout] test picker::tests::empty_picker_uses_the_full_shortcut_panel_width_as_a_minimum ... ok
[INFO] [stdout] test picker::tests::empty_create_submission_is_rejected_without_a_default_name ... ok
[INFO] [stdout] test picker::tests::enter_on_create_row_opens_the_name_prompt ... ok
[INFO] [stdout] test logging::unix::tests::unique_overlap_after_history_shift_appends_only_the_new_suffix ... ok
[INFO] [stdout] test logging::unix::tests::overlapping_anchor_appends_each_new_line_once ... ok
[INFO] [stdout] test picker::tests::filter_editing_matches_name_prompt_cursor_and_deletion_semantics ... ok
[INFO] [stdout] test picker::tests::filter_enqueue_precedes_later_input_and_publication_is_explicit ... ok
[INFO] [stdout] test picker::tests::filter_escape_restores_create_selection_and_ignores_delayed_results ... ok
[INFO] [stdout] test picker::tests::filter_keeps_the_idle_frame_height_while_results_are_pending ... ok
[INFO] [stdout] test picker::tests::filter_keeps_the_idle_shortcut_width_as_a_minimum ... ok
[INFO] [stdout] test picker::tests::filter_navigation_never_selects_the_input_or_placeholder ... ok
[INFO] [stdout] test picker::tests::filter_poll_requeues_inventory_and_preserves_a_matching_selection ... ok
[INFO] [stdout] test logging::unix::tests::detach_capture_includes_the_visible_screen_once ... ok
[INFO] [stdout] test picker::tests::filter_query_generation_stays_monotonic_across_reentry ... ok
[INFO] [stdout] test picker::tests::filter_keeps_the_previous_filtered_height_while_a_query_is_pending ... ok
[INFO] [stdout] test picker::tests::filter_matching_handles_edits_unicode_and_inventory_order ... ok
[INFO] [stdout] test picker::tests::filter_matching_uses_ordered_fuzzy_queries_and_ranks_abbreviations ... ok
[INFO] [stdout] test picker::tests::filter_query_accepts_shortcut_characters_and_is_utf8_safe ... ok
[INFO] [stdout] test picker::tests::home_end_and_page_navigation_use_logical_rows_and_clamp ... ok
[INFO] [stdout] test picker::tests::input_reader_parses_common_readline_control_keys ... ok
[INFO] [stdout] test picker::tests::idle_dispatches_control_navigation_aliases ... ok
[INFO] [stdout] test picker::tests::input_reader_parses_ctrl_navigation_aliases ... ok
[INFO] [stdout] test picker::tests::forced_main_preference_skips_the_probe ... ok
[INFO] [stdout] test picker::tests::input_reader_parses_left_and_right_arrows ... ok
[INFO] [stdout] test picker::tests::input_reader_preserves_bytes_after_unknown_or_truncated_csi ... ok
[INFO] [stdout] test picker::tests::filter_render_replaces_the_create_row_with_matches ... ok
[INFO] [stdout] test picker::tests::frizbee_matches_typos_case_insensitively_and_keeps_order_stable ... ok
[INFO] [stdout] test picker::tests::input_reader_parses_home_and_end_sequences ... ok
[INFO] [stdout] test picker::tests::edit_name_validation_and_duplicate_failures_preserve_the_original ... ok
[INFO] [stdout] test picker::tests::kill_all_confirmation_accepts_direct_n_without_action ... ok
[INFO] [stdout] test picker::tests::kill_all_confirmation_snapshots_only_terminated_rows_and_defaults_to_no ... ok
[INFO] [stdout] test picker::tests::kill_confirmation_captures_the_selected_name ... ok
[INFO] [stdout] test picker::tests::input_reader_returns_other_for_an_overlong_escape_sequence ... ok
[INFO] [stdout] test picker::tests::invalid_create_name_is_rejected_without_session_creation ... ok
[INFO] [stdout] test picker::tests::live_recreate_requires_confirmation_and_n_cancels ... ok
[INFO] [stdout] test picker::tests::kill_all_with_no_terminated_sessions_reports_exact_feedback ... ok
[INFO] [stdout] test logging::unix::tests::legacy_and_corrupt_sidecars_use_the_marked_fallback ... ok
[INFO] [stdout] test picker::tests::malformed_cursor_reports_are_rejected ... ok
[INFO] [stdout] test picker::tests::name_prompts_render_one_reverse_video_cursor_cell ... ok
[INFO] [stdout] test picker::tests::narrow_recreate_details_keep_exit_code_and_recreate_words ... ok
[INFO] [stdout] test logging::unix::tests::an_oversized_newest_line_keeps_a_bounded_anchor ... ok
[INFO] [stdout] test picker::tests::narrow_recreate_details_keep_signal_and_recreate_words ... ok
[INFO] [stdout] test picker::tests::narrow_recreate_details_keep_unknown_cause_and_recreate_words ... ok
[INFO] [stdout] test picker::tests::pending_attach_detail_is_only_rendered_on_the_selected_row ... ok
[INFO] [stdout] test picker::tests::pending_attach_detail_respects_narrow_row_width ... ok
[INFO] [stdout] test picker::tests::pending_filter_cannot_attach_and_published_results_enable_enter ... ok
[INFO] [stdout] test picker::tests::pending_filter_render_hides_the_previous_result_until_publication ... ok
[INFO] [stdout] test picker::tests::picker_accepts_control_character_inventory_values ... ok
[INFO] [stdout] test picker::tests::kill_confirmation_accepts_direct_y_and_refreshes_inventory ... ok
[INFO] [stdout] test picker::tests::live_rename_rejects_missing_original_launch_command ... ok
[INFO] [stdout] test picker::tests::picker_area_shrink_wraps_and_centers_content ... ok
[INFO] [stdout] test picker::tests::picker_create_and_rename_reject_over_limit_names ... ok
[INFO] [stdout] test picker::tests::live_kill_reports_uncertain_removal_after_tmux_succeeds ... ok
[INFO] [stdout] test picker::tests::edit_name_enter_renames_and_selects_the_refreshed_row ... ok
[INFO] [stdout] test picker::tests::picker_height_wraps_status_exactly_and_clamps_to_the_frame ... ok
[INFO] [stdout] test picker::tests::live_kill_reports_pre_rename_failure_after_tmux_succeeds ... ok
[INFO] [stdout] test picker::tests::kill_all_yes_kills_the_snapshot_and_refreshes_the_picker ... ok
[INFO] [stdout] test picker::tests::picker_create_blocks_tmux_after_an_uncertain_store_commit ... ok
[INFO] [stdout] test picker::tests::kill_all_reports_uncertain_removal_after_killing_every_target ... ok
[INFO] [stdout] test picker::tests::picker_probe_helper ... ok
[INFO] [stdout] test picker::tests::picker_render_styles_the_box_and_clears_its_surroundings ... ok
[INFO] [stdout] test picker::tests::picker_run_auto_helper ... ok
[INFO] [stdout] test picker::tests::picker_prompts_keep_the_idle_shortcut_width_as_a_minimum ... ok
[INFO] [stdout] test picker::tests::picker_run_main_helper ... ok
[INFO] [stdout] test picker::tests::picker_title_truncates_without_overwriting_narrow_borders ... ok
[INFO] [stdout] test picker::tests::duplicate_create_name_preserves_the_actionable_error ... ok
[INFO] [stdout] test picker::tests::poll_failures_keep_the_last_list_and_show_the_error ... ok
[INFO] [stdout] test picker::tests::picker_width_accounts_for_maximum_and_unicode_names ... ok
[INFO] [stdout] test picker::tests::preserved_selection_follows_name_and_scrolls_into_view_after_poll ... ok
[INFO] [stdout] test picker::tests::picker_title_uses_the_package_version_and_contributes_to_width ... ok
[INFO] [stdout] test logging::unix::tests::shifted_overlap_does_not_match_inside_a_new_line ... ok
[INFO] [stdout] test picker::tests::picker_rename_blocks_tmux_after_an_uncertain_store_commit ... ok
[INFO] [stdout] test picker::tests::readline_delete_controls_edit_the_create_name ... ok
[INFO] [stdout] test picker::tests::recreated_attach_failure_explains_that_the_session_is_live_but_unattached ... ok
[INFO] [stdout] test picker::tests::create_submission_passes_the_corrected_name_to_session_creation ... ok
[INFO] [stdout] test picker::tests::confirming_live_recreate_with_y_runs_once_and_refreshes_inventory ... ok
[INFO] [stdout] test picker::tests::saved_only_enter_explains_recreate_attach_and_refusal_preserves_choices ... ok
[INFO] [stdout] test picker::tests::saved_only_filter_enter_confirms_after_published_results_and_restores_filter ... ok
[INFO] [stdout] test picker::tests::picker_rename_restores_the_old_snapshot_when_tmux_rename_fails ... ok
[INFO] [stdout] test picker::tests::live_rename_preserves_persisted_and_reconstructed_definition_fields ... ok
[INFO] [stdout] test picker::tests::confirming_terminated_recreate_runs_once_and_refreshes_inventory ... ok
[INFO] [stdout] test picker::tests::selected_create_row_leaves_trailing_padding_unreversed ... ok
[INFO] [stdout] test picker::tests::selected_rows_keep_the_marker_and_fill_the_row ... ok
[INFO] [stdout] test picker::tests::selection_scrolls_to_keep_every_logical_row_visible ... ok
[INFO] [stdout] test picker::tests::failed_picker_recreate_restores_the_saved_definition_and_keeps_missing_cwd_visible ... ok
[INFO] [stdout] test picker::tests::selection_wraps_with_an_empty_session_list ... ok
[INFO] [stdout] test picker::tests::selection_wraps_by_name_and_clears_attach_modifiers ... ok
[INFO] [stdout] test picker::tests::session_statuses_align_after_the_longest_name_and_are_grey ... ok
[INFO] [stdout] test picker::tests::short_terminated_suffixes_use_a_readable_status_fallback ... ok
[INFO] [stdout] test picker::tests::slash_enters_filter_without_touching_the_inventory ... ok
[INFO] [stdout] test picker::tests::status_text_matches_this_milestone ... ok
[INFO] [stdout] test picker::tests::terminated_recreate_cancellation_leaves_the_session_untouched ... ok
[INFO] [stdout] test picker::tests::terminated_recreate_enters_confirmation_with_no_focused ... ok
[INFO] [stdout] test picker::tests::terminated_rows_drop_time_then_exit_code_when_narrow ... ok
[INFO] [stdout] test picker::tests::terminated_rows_keep_details_and_only_unfocused_exit_is_red ... ok
[INFO] [stdout] test picker::tests::small_picker_viewport_shows_scroll_markers_and_selected_rows ... ok
[INFO] [stdout] test picker::tests::terminated_rows_keep_unknown_cause_details_with_and_without_recreate_notice ... ok
[INFO] [stdout] test picker::tests::view_only_and_low_priority_keys_are_ignored_without_a_selection ... ok
[INFO] [stdout] test picker::tests::wide_names_are_padded_by_terminal_display_width ... ok
[INFO] [stdout] test picker::tests::yes_no_selector_defaults_to_the_safe_option ... ok
[INFO] [stdout] test picker::tests::yes_no_selector_moves_focus_and_selects_directly ... ok
[INFO] [stdout] test picker::tests::terminated_rows_render_a_signal_number_emphasised_like_a_nonzero_exit_code ... ok
[INFO] [stdout] test picker::tests::zero_matches_have_a_non_actionable_placeholder ... ok
[INFO] [stdout] test picker::tests::yes_no_selector_renders_only_the_focused_option_reversed ... ok
[INFO] [stdout] test prompt_integration::tests::snippet_is_non_empty_and_defines_the_segment_function ... ok
[INFO] [stdout] test relay::unix::tests::a_death_by_signal_during_attach_reports_128_plus_the_signal ... ok
[INFO] [stdout] test relay::unix::tests::a_named_dead_signal_resolves_to_the_same_number ... ok
[INFO] [stdout] test relay::unix::tests::a_signalled_pane_has_no_exit_status_but_parses_its_signal ... ok
[INFO] [stdout] test relay::unix::tests::a_stale_master_readiness_event_with_no_data_keeps_the_relay_alive ... ok
[INFO] [stdout] test relay::unix::tests::abort_reports_reap_failure_after_relay_error ... ok
[INFO] [stdout] test relay::unix::tests::aborting_a_reaped_attach_does_not_stop_it_again ... ok
[INFO] [stdout] test picker::tests::saved_only_kill_removes_the_definition_without_contacting_tmux ... ok
[INFO] [stdout] test relay::unix::tests::closed_attach_pty_input_is_a_normal_shutdown ... ok
[INFO] [stdout] test relay::unix::tests::a_dead_pane_with_no_fields_stamped_yet_parses_instead_of_erroring ... ok
[INFO] [stdout] test relay::unix::tests::configured_control_bytes_are_distinct ... ok
[INFO] [stdout] test picker::tests::saved_only_rename_rejects_a_live_target_without_changing_the_store ... ok
[INFO] [stdout] test relay::unix::tests::detach_key_failure_stops_and_reaps_the_attach_child ... ok
[INFO] [stdout] test relay::unix::tests::closed_byte_writes_preserve_queued_controls_in_fifo_order ... ok
[INFO] [stdout] test picker::tests::saved_only_enter_recreate_failure_keeps_saved_row_selected ... ok
[INFO] [stdout] test relay::unix::tests::non_tty_terminal_guard_does_not_install_a_panic_hook ... ok
[INFO] [stdout] test relay::unix::tests::only_deaths_during_attach_propagate_their_status ... ok
[INFO] [stdout] test relay::unix::tests::parses_live_and_dead_pane_state ... ok
[INFO] [stdout] test relay::unix::tests::partial_line_output_is_flushed_past_the_line_buffer ... ok
[INFO] [stdout] test relay::unix::tests::relay_resize_event_updates_the_attach_pty_size ... ok
[INFO] [stdout] test picker::tests::saved_only_rename_updates_store_without_renaming_a_tmux_session ... ok
[INFO] [stdout] test relay::unix::tests::routine_client_identity_refresh_does_not_retry_a_miss ... ok
[INFO] [stdout] test picker::tests::picker_recreate_uses_the_saved_definition_and_updates_the_store_before_tmux ... ok
[INFO] [stdout] test relay::unix::tests::startup_identity_uses_the_attach_session_name_without_a_tmux_lookup ... ok
[INFO] [stdout] test relay::unix::tests::client_identity_retries_a_transient_global_lookup_miss ... ok
[INFO] [stdout] test relay::unix::tests::window_size_round_trips_through_the_attach_pty ... ok
[INFO] [stdout] test session::tests::attach_rejects_trailing_command_words_before_exec ... ok
[INFO] [stdout] test relay::unix::tests::renamed_client_identity_miss_uses_the_detached_session_name ... ok
[INFO] [stdout] test session::tests::built_in_tmux_settings_apply_without_a_user_config ... FAILED
[INFO] [stdout] test session::tests::default_command_uses_shell_and_configured_command_string ... ok
[INFO] [stdout] test session::tests::direct_paths_are_preflighted_without_searching_path ... ok
[INFO] [stdout] test session::tests::built_in_tmux_settings_do_not_apply_with_a_user_config ... FAILED
[INFO] [stdout] test session::tests::explicit_command_is_passed_through_after_preflight ... ok
[INFO] [stdout] test session::tests::kill_terminated_sessions_surfaces_real_tmux_failures ... ok
[INFO] [stdout] test session::tests::no_default_command_uses_the_shell_without_a_command_argument ... ok
[INFO] [stdout] test picker::tests::saved_only_enter_recreates_and_attaches_with_modifiers_and_typed_ahead ... ok
[INFO] [stdout] test session::tests::rejects_missing_or_non_executable_commands ... ok
[INFO] [stdout] test session::tests::pass_through_delivers_a_bounded_multiline_chunk_in_order_without_attaching ... FAILED
[INFO] [stdout] test session::tests::kill_terminated_sessions_ignores_a_missing_target_and_continues ... ok
[INFO] [stdout] test session::tests::session_creation_does_not_leave_a_bootstrap_session ... FAILED
[INFO] [stdout] test session::tests::session_creation_configures_reused_server_before_starting_the_command ... ok
[INFO] [stdout] test session::tests::session_creation_surfaces_history_limit_failure ... ok
[INFO] [stdout] test session::tests::session_creation_surfaces_remain_on_exit_failure ... ok
[INFO] [stdout] test session::tests::session_operations_reject_invalid_names_before_running_tmux ... ok
[INFO] [stdout] test session::tests::terminated_recreate_notice_is_none_for_a_live_or_missing_session ... ok
[INFO] [stdout] test session::tests::terminated_recreate_notice_keeps_an_unknown_signal_from_becoming_exit_zero ... ok
[INFO] [stdout] test session::tests::temporary_tmux_config_is_owner_only_and_removed_on_drop ... ok
[INFO] [stdout] test session::tests::terminated_recreate_notice_names_a_missing_termination_cause ... ok
[INFO] [stdout] test session::tests::terminated_recreate_notice_names_signal_kills_without_fabricating_exit_code ... ok
[INFO] [stdout] test session::tests::terminated_recreate_notice_names_the_session_and_exit_code ... ok
[INFO] [stdout] test session::tests::tmux_config_escapes_safe_paths_and_rejects_control_paths_before_tmux ... ok
[INFO] [stdout] test session::tests::user_tmux_config_predicate_only_accepts_existing_paths ... ok
[INFO] [stdout] test session_name::tests::control_and_escape_bytes_are_rejected ... ok
[INFO] [stdout] test session::tests::user_tmux_config_settings_survive_session_creation ... FAILED
[INFO] [stdout] test session_name::tests::disallowed_characters_at_boundaries_are_rejected ... ok
[INFO] [stdout] test session_name::tests::empty_names_are_rejected ... ok
[INFO] [stdout] test session_name::tests::errors_identify_character_and_position ... ok
[INFO] [stdout] test session_name::tests::disallowed_characters_keep_precedence_over_the_length_limit ... ok
[INFO] [stdout] test session_name::tests::names_are_bounded_by_unicode_scalar_count ... ok
[INFO] [stdout] test session_name::tests::tmux_disallowed_characters_are_rejected ... ok
[INFO] [stdout] test session_name::tests::unicode_disallowed_characters_keep_precedence_over_the_length_limit ... ok
[INFO] [stdout] test session_name::tests::ordinary_names_are_valid ... ok
[INFO] [stdout] test session_name::tests::unicode_line_and_bidi_format_characters_are_rejected ... ok
[INFO] [stdout] test session_store::tests::missing_store_is_empty ... ok
[INFO] [stdout] test session::tests::session_creation_surfaces_builtin_setting_failure ... ok
[INFO] [stdout] test session_store::tests::commit_round_trips_sorted_definitions ... ok
[INFO] [stdout] test session_store::tests::rejects_the_complete_invalid_name_matrix_and_empty_working_directory ... ok
[INFO] [stdout] test session_store::tests::rejects_missing_and_extra_schema_fields_without_partial_loading ... ok
[INFO] [stdout] test session_store::tests::preserves_the_previous_store_when_commit_fails_before_rename ... ok
[INFO] [stdout] test session_store::tests::rejects_unknown_version_and_duplicate_names ... ok
[INFO] [stdout] test session_store::tests::rejects_unwritable_store_parent_without_replacing_existing_data ... ok
[INFO] [stdout] test session_store::tests::reports_uncertain_commit_after_the_store_has_been_replaced ... ok
[INFO] [stdout] test shell_integration::tests::clean_sources_append_alias ... ok
[INFO] [stdout] test relay::unix::tests::final_identity_accepts_a_confirmed_detach_without_a_session_name ... ok
[INFO] [stdout] test shell_integration::tests::differently_cased_sources_do_not_conflict ... ok
[INFO] [stdout] test shell_integration::tests::directory_rc_candidate_omits_alias_and_warns ... ok
[INFO] [stdout] test session_store::tests::round_trips_the_complete_supported_name_and_value_matrix ... ok
[INFO] [stdout] test session_store::tests::round_trips_special_command_arguments_including_empty_arguments ... ok
[INFO] [stdout] test shell_integration::tests::path_conflict_omits_alias_and_warns ... ok
[INFO] [stdout] test shell_integration::tests::rc_conflict_omits_alias_and_warns ... ok
[INFO] [stdout] test tests::rejects_non_empty_tmux_values ... ok
[INFO] [stdout] test shell_integration::tests::unreadable_rc_candidate_omits_alias_and_warns ... ok
[INFO] [stdout] test shell_integration::tests::without_alias_never_checks_conflict_sources ... ok
[INFO] [stdout] test tests::allows_absent_or_empty_tmux_values ... ok
[INFO] [stdout] test tmux::tests::dead_signal_accepts_a_number_or_a_platform_signal_name ... ok
[INFO] [stdout] test tmux::tests::decodes_control_characters_in_dynamic_pane_fields ... ok
[INFO] [stdout] test tmux::tests::attach_command_uses_the_injected_namespace_and_separate_target ... ok
[INFO] [stdout] test tmux::tests::concurrent_test_namespaces_use_explicit_socket_roots ... FAILED
[INFO] [stdout] test tmux::tests::detach_client_does_not_fall_back_to_detaching_the_session ... ok
[INFO] [stdout] test tmux::tests::detach_client_resolves_the_attach_pid_to_one_client_target ... ok
[INFO] [stdout] test tmux::tests::drains_stderr_larger_than_the_os_pipe_capacity ... ok
[INFO] [stdout] test tmux::tests::formats_termination_times_as_utc_across_a_dst_boundary ... ok
[INFO] [stdout] test tmux::tests::drains_stdout_larger_than_the_os_pipe_capacity ... ok
[INFO] [stdout] test tmux::tests::has_session_treats_missing_server_and_session_as_absent ... FAILED
[INFO] [stdout] test tmux::tests::legacy_bootstrap_sessions_are_hidden_from_inventory ... FAILED
[INFO] [stdout] test tmux::tests::client_session_name_resolves_globally_by_attach_pid ... ok
[INFO] [stdout] test tmux::tests::merges_saved_only_rows_and_preserves_definitions_on_live_rows ... ok
[INFO] [stdout] test tmux::tests::malformed_dynamic_fields_degrade_without_hiding_the_session ... ok
[INFO] [stdout] test tmux::tests::list_sessions_uses_one_tmux_command ... ok
[INFO] [stdout] test tmux::tests::missing_server_is_an_empty_inventory ... FAILED
[INFO] [stdout] test tmux::tests::drains_stdout_and_stderr_concurrently_past_the_os_pipe_capacity ... ok
[INFO] [stdout] test tmux::tests::parses_and_derives_session_rows ... ok
[INFO] [stdout] test tmux::tests::pane_start_command_selects_the_first_pane_across_session_windows ... FAILED
[INFO] [stdout] test tmux::tests::production_namespace_is_fixed_and_test_namespace_is_injected ... ok
[INFO] [stdout] test tmux::tests::real_tmux_capture_pane_returns_history_larger_than_the_os_pipe_capacity ... FAILED
[INFO] [stdout] test tmux::tests::parses_colons_in_dynamic_pane_fields ... ok
[INFO] [stdout] test tmux::tests::real_tmux_inventory_is_sorted ... FAILED
[INFO] [stdout] test tmux::tests::output_drain_returns_after_the_direct_child_exits_with_a_retained_pipe ... ok
[INFO] [stdout] test tmux::tests::rejects_malformed_session_rows ... ok
[INFO] [stdout] test tmux::tests::relay_attach_argv_composes_both_client_flags_independently ... ok
[INFO] [stdout] test tmux::tests::output_drain_waits_for_a_short_lived_descendant_within_the_deadline ... ok
[INFO] [stdout] test tmux::tests::relay_attach_argv_includes_argv_zero_and_injected_namespace ... ok
[INFO] [stdout] test tmux::tests::relay_attach_argv_maps_low_priority_to_the_ignore_size_client_flag ... ok
[INFO] [stdout] test tmux::tests::relay_attach_argv_maps_read_only_to_the_read_only_client_flag ... ok
[INFO] [stdout] test tmux::tests::renders_json_with_stable_fields_statuses_and_order ... ok
[INFO] [stdout] test tmux::tests::relay_attach_argv_omits_flag_argument_when_no_modifier_is_set ... ok
[INFO] [stdout] test tmux::tests::renders_saved_json_with_the_stable_null_fields ... ok
[INFO] [stdout] test tmux::tests::rejects_invalid_utf8_from_tmux_stdout_and_stderr ... ok
[INFO] [stdout] test tmux::tests::rename_rejects_invalid_names_before_running_tmux ... ok
[INFO] [stdout] test tmux::tests::sorts_by_name_then_creation_time ... ok
[INFO] [stdout] test tmux::tests::reports_non_missing_tmux_failures ... ok
[INFO] [stdout] test tmux::tests::status_word_prioritizes_termination_then_attachment ... ok
[INFO] [stdout] test tmux::tests::run_with_stdin_reports_a_broken_input_pipe_after_reaping_the_child ... ok
[INFO] [stdout] test tmux_version::tests::enforces_the_supported_version_floor ... ok
[INFO] [stdout] test tmux::tests::timeout_terminates_a_wedged_command ... ok
[INFO] [stdout] test tmux_version::tests::parses_normal_and_suffix_versions ... ok
[INFO] [stdout] test tmux::tests::run_with_stdin_drains_output_before_the_child_consumes_input ... ok
[INFO] [stdout] test tmux_version::tests::parses_supported_development_versions ... ok
[INFO] [stdout] test tmux_version::tests::rejects_malformed_output ... ok
[INFO] [stdout] test tmux_version::tests::reports_missing_tmux ... ok
[INFO] [stdout] test picker::tests::panic_restores_the_picker_terminal_state ... ok
[INFO] [stdout] test relay::unix::tests::final_identity_only_uses_a_name_after_confirmed_detach ... ok
[INFO] [stdout] test picker::tests::picker_auto_preference_enters_the_alternate_buffer_when_probe_succeeds ... ok
[INFO] [stdout] test tmux_version::tests::kills_a_wedged_version_probe ... ok
[INFO] [stdout] test picker::tests::picker_main_screen_never_enters_the_alternate_buffer ... ok
[INFO] [stdout] test picker::tests::probe_detects_a_conformant_alternate_screen ... ok
[INFO] [stdout] test picker::tests::probe_preserves_input_that_arrives_during_the_query ... ok
[INFO] [stdout] test picker::tests::probe_rejects_a_terminal_that_ignores_alt_screen ... ok
[INFO] [stdout] test tmux::tests::wrapper_timeout_reaps_the_child ... ok
[INFO] [stdout] test picker::tests::probe_treats_a_silent_terminal_as_unsupported ... ok
[INFO] [stdout] test relay::unix::tests::panic_hook_restores_the_attach_terminal_state ... ok
[INFO] [stdout] test relay::unix::tests::signal_guard_ignores_and_restores_sigpipe ... ok
[INFO] [stdout] test relay::unix::tests::termination_fallback_stops_a_wedged_attach_child ... ok
[INFO] [stderr] error: test failed, to rerun pass `--lib`
[INFO] [stdout] test picker::tests::picker_acts_on_input_that_arrived_during_the_probe ... ok
[INFO] [stdout] 
[INFO] [stdout] failures:
[INFO] [stdout] 
[INFO] [stdout] ---- session::tests::built_in_tmux_settings_apply_without_a_user_config stdout ----
[INFO] [stdout] 
[INFO] [stdout] thread 'session::tests::built_in_tmux_settings_apply_without_a_user_config' (1899) panicked at src/session.rs:1243:10:
[INFO] [stdout] called `Result::unwrap()` on an `Err` value: "failed to start tmux: No such file or directory (os error 2)"
[INFO] [stdout] stack backtrace:
[INFO] [stdout]    0:     0x578909d13261 - <<std[617be2ca0a6fd877]::sys::backtrace::BacktraceLock>::print::DisplayBacktrace as core[a373ad73a504971]::fmt::Display>::fmt
[INFO] [stdout]    1:     0x578909d29c9a - core[a373ad73a504971]::fmt::write
[INFO] [stdout]    2:     0x578909d1807c - <alloc[2e1b2a31b91974c5]::vec::Vec<u8> as core[a373ad73a504971]::io::write::Write>::write_fmt
[INFO] [stdout]    3:     0x578909ceb316 - std[617be2ca0a6fd877]::panicking::default_hook::{closure#0}
[INFO] [stdout]    4:     0x578909d09849 - std[617be2ca0a6fd877]::panicking::default_hook
[INFO] [stdout]    5:     0x578909c15560 - test[aada8e7e76ba119b]::test_main_inner::{closure#0}
[INFO] [stdout]    6:     0x578909d09b72 - std[617be2ca0a6fd877]::panicking::panic_with_hook
[INFO] [stdout]    7:     0x578909ceb3c2 - std[617be2ca0a6fd877]::panicking::panic_handler::{closure#0}
[INFO] [stdout]    8:     0x578909ce3c49 - std[617be2ca0a6fd877]::sys::backtrace::__rust_end_short_backtrace::<std[617be2ca0a6fd877]::panicking::panic_handler::{closure#0}, !>
[INFO] [stdout]    9:     0x578909cec2ed - __rustc[ea4f61d10b84890b]::rust_begin_unwind
[INFO] [stdout]   10:     0x578909d2a40c - core[a373ad73a504971]::panicking::panic_fmt
[INFO] [stdout]   11:     0x578909d2a1e2 - core[a373ad73a504971]::result::unwrap_failed
[INFO] [stdout]   12:     0x578909bbe12d - <stay[53e9558c38be0805]::session::tests::built_in_tmux_settings_apply_without_a_user_config::{closure#0} as core[a373ad73a504971]::ops::function::FnOnce<()>>::call_once
[INFO] [stdout]   13:     0x578909c089ab - test[aada8e7e76ba119b]::__rust_begin_short_backtrace::<core[a373ad73a504971]::result::Result<(), alloc[2e1b2a31b91974c5]::string::String>, fn() -> core[a373ad73a504971]::result::Result<(), alloc[2e1b2a31b91974c5]::string::String>>
[INFO] [stdout]   14:     0x578909c15b85 - test[aada8e7e76ba119b]::run_test::{closure#0}
[INFO] [stdout]   15:     0x578909c0f474 - std[617be2ca0a6fd877]::sys::backtrace::__rust_begin_short_backtrace::<test[aada8e7e76ba119b]::run_test::{closure#1}, ()>
[INFO] [stdout]   16:     0x578909c18c12 - <std[617be2ca0a6fd877]::thread::lifecycle::spawn_unchecked<test[aada8e7e76ba119b]::run_test::{closure#1}, ()>::{closure#1} as core[a373ad73a504971]::ops::function::FnOnce<()>>::call_once::{shim:vtable#0}
[INFO] [stdout]   17:     0x578909d11e0f - <std[617be2ca0a6fd877]::sys::thread::unix::Thread>::new::thread_start
[INFO] [stdout]   18:     0x703df2bbedfa - <unknown>
[INFO] [stdout]   19:     0x703df2c523d4 - clone
[INFO] [stdout]   20:                0x0 - <unknown>
[INFO] [stdout] 
[INFO] [stdout] ---- session::tests::built_in_tmux_settings_do_not_apply_with_a_user_config stdout ----
[INFO] [stdout] 
[INFO] [stdout] thread 'session::tests::built_in_tmux_settings_do_not_apply_with_a_user_config' (1902) panicked at src/session.rs:1379:10:
[INFO] [stdout] called `Result::unwrap()` on an `Err` value: "failed to start tmux: No such file or directory (os error 2)"
[INFO] [stdout] stack backtrace:
[INFO] [stdout]    0:     0x578909d13261 - <<std[617be2ca0a6fd877]::sys::backtrace::BacktraceLock>::print::DisplayBacktrace as core[a373ad73a504971]::fmt::Display>::fmt
[INFO] [stdout]    1:     0x578909d29c9a - core[a373ad73a504971]::fmt::write
[INFO] [stdout]    2:     0x578909d1807c - <alloc[2e1b2a31b91974c5]::vec::Vec<u8> as core[a373ad73a504971]::io::write::Write>::write_fmt
[INFO] [stdout]    3:     0x578909ceb316 - std[617be2ca0a6fd877]::panicking::default_hook::{closure#0}
[INFO] [stdout]    4:     0x578909d09849 - std[617be2ca0a6fd877]::panicking::default_hook
[INFO] [stdout]    5:     0x578909c15560 - test[aada8e7e76ba119b]::test_main_inner::{closure#0}
[INFO] [stdout]    6:     0x578909d09b72 - std[617be2ca0a6fd877]::panicking::panic_with_hook
[INFO] [stdout]    7:     0x578909ceb3c2 - std[617be2ca0a6fd877]::panicking::panic_handler::{closure#0}
[INFO] [stdout]    8:     0x578909ce3c49 - std[617be2ca0a6fd877]::sys::backtrace::__rust_end_short_backtrace::<std[617be2ca0a6fd877]::panicking::panic_handler::{closure#0}, !>
[INFO] [stdout]    9:     0x578909cec2ed - __rustc[ea4f61d10b84890b]::rust_begin_unwind
[INFO] [stdout]   10:     0x578909d2a40c - core[a373ad73a504971]::panicking::panic_fmt
[INFO] [stdout]   11:     0x578909d2a1e2 - core[a373ad73a504971]::result::unwrap_failed
[INFO] [stdout]   12:     0x578909bbfaad - <stay[53e9558c38be0805]::session::tests::built_in_tmux_settings_do_not_apply_with_a_user_config::{closure#0} as core[a373ad73a504971]::ops::function::FnOnce<()>>::call_once
[INFO] [stdout]   13:     0x578909c089ab - test[aada8e7e76ba119b]::__rust_begin_short_backtrace::<core[a373ad73a504971]::result::Result<(), alloc[2e1b2a31b91974c5]::string::String>, fn() -> core[a373ad73a504971]::result::Result<(), alloc[2e1b2a31b91974c5]::string::String>>
[INFO] [stdout]   14:     0x578909c15b85 - test[aada8e7e76ba119b]::run_test::{closure#0}
[INFO] [stdout]   15:     0x578909c0f474 - std[617be2ca0a6fd877]::sys::backtrace::__rust_begin_short_backtrace::<test[aada8e7e76ba119b]::run_test::{closure#1}, ()>
[INFO] [stdout]   16:     0x578909c18c12 - <std[617be2ca0a6fd877]::thread::lifecycle::spawn_unchecked<test[aada8e7e76ba119b]::run_test::{closure#1}, ()>::{closure#1} as core[a373ad73a504971]::ops::function::FnOnce<()>>::call_once::{shim:vtable#0}
[INFO] [stdout]   17:     0x578909d11e0f - <std[617be2ca0a6fd877]::sys::thread::unix::Thread>::new::thread_start
[INFO] [stdout]   18:     0x703df2bbedfa - <unknown>
[INFO] [stdout]   19:     0x703df2c523d4 - clone
[INFO] [stdout]   20:                0x0 - <unknown>
[INFO] [stdout] 
[INFO] [stdout] ---- session::tests::pass_through_delivers_a_bounded_multiline_chunk_in_order_without_attaching stdout ----
[INFO] [stdout] 
[INFO] [stdout] thread 'session::tests::pass_through_delivers_a_bounded_multiline_chunk_in_order_without_attaching' (1936) panicked at src/session.rs:1100:14:
[INFO] [stdout] create pass-through target session: Os { code: 2, kind: NotFound, message: "No such file or directory" }
[INFO] [stdout] stack backtrace:
[INFO] [stdout]    0:     0x578909d13261 - <<std[617be2ca0a6fd877]::sys::backtrace::BacktraceLock>::print::DisplayBacktrace as core[a373ad73a504971]::fmt::Display>::fmt
[INFO] [stdout]    1:     0x578909d29c9a - core[a373ad73a504971]::fmt::write
[INFO] [stdout]    2:     0x578909d1807c - <alloc[2e1b2a31b91974c5]::vec::Vec<u8> as core[a373ad73a504971]::io::write::Write>::write_fmt
[INFO] [stdout]    3:     0x578909ceb316 - std[617be2ca0a6fd877]::panicking::default_hook::{closure#0}
[INFO] [stdout]    4:     0x578909d09849 - std[617be2ca0a6fd877]::panicking::default_hook
[INFO] [stdout]    5:     0x578909c15560 - test[aada8e7e76ba119b]::test_main_inner::{closure#0}
[INFO] [stdout]    6:     0x578909d09b72 - std[617be2ca0a6fd877]::panicking::panic_with_hook
[INFO] [stdout]    7:     0x578909ceb3c2 - std[617be2ca0a6fd877]::panicking::panic_handler::{closure#0}
[INFO] [stdout]    8:     0x578909ce3c49 - std[617be2ca0a6fd877]::sys::backtrace::__rust_end_short_backtrace::<std[617be2ca0a6fd877]::panicking::panic_handler::{closure#0}, !>
[INFO] [stdout]    9:     0x578909cec2ed - __rustc[ea4f61d10b84890b]::rust_begin_unwind
[INFO] [stdout]   10:     0x578909d2a40c - core[a373ad73a504971]::panicking::panic_fmt
[INFO] [stdout]   11:     0x578909d2a1e2 - core[a373ad73a504971]::result::unwrap_failed
[INFO] [stdout]   12:     0x578909bc31b9 - <stay[53e9558c38be0805]::session::tests::pass_through_delivers_a_bounded_multiline_chunk_in_order_without_attaching::{closure#0} as core[a373ad73a504971]::ops::function::FnOnce<()>>::call_once
[INFO] [stdout]   13:     0x578909c089ab - test[aada8e7e76ba119b]::__rust_begin_short_backtrace::<core[a373ad73a504971]::result::Result<(), alloc[2e1b2a31b91974c5]::string::String>, fn() -> core[a373ad73a504971]::result::Result<(), alloc[2e1b2a31b91974c5]::string::String>>
[INFO] [stdout]   14:     0x578909c15b85 - test[aada8e7e76ba119b]::run_test::{closure#0}
[INFO] [stdout]   15:     0x578909c0f474 - std[617be2ca0a6fd877]::sys::backtrace::__rust_begin_short_backtrace::<test[aada8e7e76ba119b]::run_test::{closure#1}, ()>
[INFO] [stdout]   16:     0x578909c18c12 - <std[617be2ca0a6fd877]::thread::lifecycle::spawn_unchecked<test[aada8e7e76ba119b]::run_test::{closure#1}, ()>::{closure#1} as core[a373ad73a504971]::ops::function::FnOnce<()>>::call_once::{shim:vtable#0}
[INFO] [stdout]   17:     0x578909d11e0f - <std[617be2ca0a6fd877]::sys::thread::unix::Thread>::new::thread_start
[INFO] [stdout]   18:     0x703df2bbedfa - <unknown>
[INFO] [stdout]   19:     0x703df2c523d4 - clone
[INFO] [stdout]   20:                0x0 - <unknown>
[INFO] [stdout] 
[INFO] [stdout] ---- session::tests::session_creation_does_not_leave_a_bootstrap_session stdout ----
[INFO] [stdout] 
[INFO] [stdout] thread 'session::tests::session_creation_does_not_leave_a_bootstrap_session' (1943) panicked at src/session.rs:1279:10:
[INFO] [stdout] called `Result::unwrap()` on an `Err` value: "failed to start tmux: No such file or directory (os error 2)"
[INFO] [stdout] stack backtrace:
[INFO] [stdout]    0:     0x578909d13261 - <<std[617be2ca0a6fd877]::sys::backtrace::BacktraceLock>::print::DisplayBacktrace as core[a373ad73a504971]::fmt::Display>::fmt
[INFO] [stdout]    1:     0x578909d29c9a - core[a373ad73a504971]::fmt::write
[INFO] [stdout]    2:     0x578909d1807c - <alloc[2e1b2a31b91974c5]::vec::Vec<u8> as core[a373ad73a504971]::io::write::Write>::write_fmt
[INFO] [stdout]    3:     0x578909ceb316 - std[617be2ca0a6fd877]::panicking::default_hook::{closure#0}
[INFO] [stdout]    4:     0x578909d09849 - std[617be2ca0a6fd877]::panicking::default_hook
[INFO] [stdout]    5:     0x578909c15560 - test[aada8e7e76ba119b]::test_main_inner::{closure#0}
[INFO] [stdout]    6:     0x578909d09b72 - std[617be2ca0a6fd877]::panicking::panic_with_hook
[INFO] [stdout]    7:     0x578909ceb3c2 - std[617be2ca0a6fd877]::panicking::panic_handler::{closure#0}
[INFO] [stdout]    8:     0x578909ce3c49 - std[617be2ca0a6fd877]::sys::backtrace::__rust_end_short_backtrace::<std[617be2ca0a6fd877]::panicking::panic_handler::{closure#0}, !>
[INFO] [stdout]    9:     0x578909cec2ed - __rustc[ea4f61d10b84890b]::rust_begin_unwind
[INFO] [stdout]   10:     0x578909d2a40c - core[a373ad73a504971]::panicking::panic_fmt
[INFO] [stdout]   11:     0x578909d2a1e2 - core[a373ad73a504971]::result::unwrap_failed
[INFO] [stdout]   12:     0x578909bbf0db - <stay[53e9558c38be0805]::session::tests::session_creation_does_not_leave_a_bootstrap_session::{closure#0} as core[a373ad73a504971]::ops::function::FnOnce<()>>::call_once
[INFO] [stdout]   13:     0x578909c089ab - test[aada8e7e76ba119b]::__rust_begin_short_backtrace::<core[a373ad73a504971]::result::Result<(), alloc[2e1b2a31b91974c5]::string::String>, fn() -> core[a373ad73a504971]::result::Result<(), alloc[2e1b2a31b91974c5]::string::String>>
[INFO] [stdout]   14:     0x578909c15b85 - test[aada8e7e76ba119b]::run_test::{closure#0}
[INFO] [stdout]   15:     0x578909c0f474 - std[617be2ca0a6fd877]::sys::backtrace::__rust_begin_short_backtrace::<test[aada8e7e76ba119b]::run_test::{closure#1}, ()>
[INFO] [stdout]   16:     0x578909c18c12 - <std[617be2ca0a6fd877]::thread::lifecycle::spawn_unchecked<test[aada8e7e76ba119b]::run_test::{closure#1}, ()>::{closure#1} as core[a373ad73a504971]::ops::function::FnOnce<()>>::call_once::{shim:vtable#0}
[INFO] [stdout]   17:     0x578909d11e0f - <std[617be2ca0a6fd877]::sys::thread::unix::Thread>::new::thread_start
[INFO] [stdout]   18:     0x703df2bbedfa - <unknown>
[INFO] [stdout]   19:     0x703df2c523d4 - clone
[INFO] [stdout]   20:                0x0 - <unknown>
[INFO] [stdout] 
[INFO] [stdout] ---- session::tests::user_tmux_config_settings_survive_session_creation stdout ----
[INFO] [stdout] 
[INFO] [stdout] thread 'session::tests::user_tmux_config_settings_survive_session_creation' (2039) panicked at src/session.rs:1311:10:
[INFO] [stdout] called `Result::unwrap()` on an `Err` value: "failed to start tmux: No such file or directory (os error 2)"
[INFO] [stdout] stack backtrace:
[INFO] [stdout]    0:     0x578909d13261 - <<std[617be2ca0a6fd877]::sys::backtrace::BacktraceLock>::print::DisplayBacktrace as core[a373ad73a504971]::fmt::Display>::fmt
[INFO] [stdout]    1:     0x578909d29c9a - core[a373ad73a504971]::fmt::write
[INFO] [stdout]    2:     0x578909d1807c - <alloc[2e1b2a31b91974c5]::vec::Vec<u8> as core[a373ad73a504971]::io::write::Write>::write_fmt
[INFO] [stdout]    3:     0x578909ceb316 - std[617be2ca0a6fd877]::panicking::default_hook::{closure#0}
[INFO] [stdout]    4:     0x578909d09849 - std[617be2ca0a6fd877]::panicking::default_hook
[INFO] [stdout]    5:     0x578909c15560 - test[aada8e7e76ba119b]::test_main_inner::{closure#0}
[INFO] [stdout]    6:     0x578909d09b72 - std[617be2ca0a6fd877]::panicking::panic_with_hook
[INFO] [stdout]    7:     0x578909ceb3c2 - std[617be2ca0a6fd877]::panicking::panic_handler::{closure#0}
[INFO] [stdout]    8:     0x578909ce3c49 - std[617be2ca0a6fd877]::sys::backtrace::__rust_end_short_backtrace::<std[617be2ca0a6fd877]::panicking::panic_handler::{closure#0}, !>
[INFO] [stdout]    9:     0x578909cec2ed - __rustc[ea4f61d10b84890b]::rust_begin_unwind
[INFO] [stdout]   10:     0x578909d2a40c - core[a373ad73a504971]::panicking::panic_fmt
[INFO] [stdout]   11:     0x578909d2a1e2 - core[a373ad73a504971]::result::unwrap_failed
[INFO] [stdout]   12:     0x578909bbead8 - <stay[53e9558c38be0805]::session::tests::user_tmux_config_settings_survive_session_creation::{closure#0} as core[a373ad73a504971]::ops::function::FnOnce<()>>::call_once
[INFO] [stdout]   13:     0x578909c089ab - test[aada8e7e76ba119b]::__rust_begin_short_backtrace::<core[a373ad73a504971]::result::Result<(), alloc[2e1b2a31b91974c5]::string::String>, fn() -> core[a373ad73a504971]::result::Result<(), alloc[2e1b2a31b91974c5]::string::String>>
[INFO] [stdout]   14:     0x578909c15b85 - test[aada8e7e76ba119b]::run_test::{closure#0}
[INFO] [stdout]   15:     0x578909c0f474 - std[617be2ca0a6fd877]::sys::backtrace::__rust_begin_short_backtrace::<test[aada8e7e76ba119b]::run_test::{closure#1}, ()>
[INFO] [stdout]   16:     0x578909c18c12 - <std[617be2ca0a6fd877]::thread::lifecycle::spawn_unchecked<test[aada8e7e76ba119b]::run_test::{closure#1}, ()>::{closure#1} as core[a373ad73a504971]::ops::function::FnOnce<()>>::call_once::{shim:vtable#0}
[INFO] [stdout]   17:     0x578909d11e0f - <std[617be2ca0a6fd877]::sys::thread::unix::Thread>::new::thread_start
[INFO] [stdout]   18:     0x703df2bbedfa - <unknown>
[INFO] [stdout]   19:     0x703df2c523d4 - clone
[INFO] [stdout]   20:                0x0 - <unknown>
[INFO] [stdout] 
[INFO] [stdout] ---- tmux::tests::concurrent_test_namespaces_use_explicit_socket_roots stdout ----
[INFO] [stdout] 
[INFO] [stdout] thread '<unnamed>' (2095) panicked at src/tmux.rs:1914:22:
[INFO] [stdout] start second concurrent session: Os { code: 2, kind: NotFound, message: "No such file or directory" }
[INFO] [stdout] stack backtrace:
[INFO] [stdout]    0:     0x578909d13261 - <<std[617be2ca0a6fd877]::sys::backtrace::BacktraceLock>::print::DisplayBacktrace as core[a373ad73a504971]::fmt::Display>::fmt
[INFO] [stdout]    1:     0x578909d29c9a - core[a373ad73a504971]::fmt::write
[INFO] [stdout]    2:     0x578909d1807c - <alloc[2e1b2a31b91974c5]::vec::Vec<u8> as core[a373ad73a504971]::io::write::Write>::write_fmt
[INFO] [stdout]    3:     0x578909ceb316 - std[617be2ca0a6fd877]::panicking::default_hook::{closure#0}
[INFO] [stdout]    4:     0x578909d09849 - std[617be2ca0a6fd877]::panicking::default_hook
[INFO] [stdout]    5:     0x578909c15560 - test[aada8e7e76ba119b]::test_main_inner::{closure#0}
[INFO] [stdout]    6:     0x578909d09b72 - std[617be2ca0a6fd877]::panicking::panic_with_hook
[INFO] [stdout]    7:     0x578909ceb3c2 - std[617be2ca0a6fd877]::panicking::panic_handler::{closure#0}
[INFO] [stdout]    8:     0x578909ce3c49 - std[617be2ca0a6fd877]::sys::backtrace::__rust_end_short_backtrace::<std[617be2ca0a6fd877]::panicking::panic_handler::{closure#0}, !>
[INFO] [stdout]    9:     0x578909cec2ed - __rustc[ea4f61d10b84890b]::rust_begin_unwind
[INFO] [stdout]   10:     0x578909d2a40c - core[a373ad73a504971]::panicking::panic_fmt
[INFO] [stdout]   11:     0x578909d2a1e2 - core[a373ad73a504971]::result::unwrap_failed
[INFO] [stdout]   12:     0x578909bb538a - std[617be2ca0a6fd877]::sys::backtrace::__rust_begin_short_backtrace::<stay[53e9558c38be0805]::tmux::tests::concurrent_test_namespaces_use_explicit_socket_roots::{closure#4}::{closure#1}, std[617be2ca0a6fd877]::process::ExitStatus>
[INFO] [stdout]   13:     0x578909b6cf38 - <std[617be2ca0a6fd877]::thread::lifecycle::spawn_unchecked<stay[53e9558c38be0805]::tmux::tests::concurrent_test_namespaces_use_explicit_socket_roots::{closure#4}::{closure#1}, std[617be2ca0a6fd877]::process::ExitStatus>::{closure#1} as core[a373ad73a504971]::ops::function::FnOnce<()>>::call_once::{shim:vtable#0}
[INFO] [stdout]   14:     0x578909d11e0f - <std[617be2ca0a6fd877]::sys::thread::unix::Thread>::new::thread_start
[INFO] [stdout]   15:     0x703df2bbedfa - <unknown>
[INFO] [stdout]   16:     0x703df2c523d4 - clone
[INFO] [stdout]   17:                0x0 - <unknown>
[INFO] [stdout] 
[INFO] [stdout] thread '<unnamed>' (2094) panicked at src/tmux.rs:1908:22:
[INFO] [stdout] start first concurrent session: Os { code: 2, kind: NotFound, message: "No such file or directory" }
[INFO] [stdout] stack backtrace:
[INFO] [stdout]    0:     0x578909d13261 - <<std[617be2ca0a6fd877]::sys::backtrace::BacktraceLock>::print::DisplayBacktrace as core[a373ad73a504971]::fmt::Display>::fmt
[INFO] [stdout]    1:     0x578909d29c9a - core[a373ad73a504971]::fmt::write
[INFO] [stdout]    2:     0x578909d1807c - <alloc[2e1b2a31b91974c5]::vec::Vec<u8> as core[a373ad73a504971]::io::write::Write>::write_fmt
[INFO] [stdout]    3:     0x578909ceb316 - std[617be2ca0a6fd877]::panicking::default_hook::{closure#0}
[INFO] [stdout]    4:     0x578909d09849 - std[617be2ca0a6fd877]::panicking::default_hook
[INFO] [stdout]    5:     0x578909c15560 - test[aada8e7e76ba119b]::test_main_inner::{closure#0}
[INFO] [stdout]    6:     0x578909d09b72 - std[617be2ca0a6fd877]::panicking::panic_with_hook
[INFO] [stdout]    7:     0x578909ceb3c2 - std[617be2ca0a6fd877]::panicking::panic_handler::{closure#0}
[INFO] [stdout]    8:     0x578909ce3c49 - std[617be2ca0a6fd877]::sys::backtrace::__rust_end_short_backtrace::<std[617be2ca0a6fd877]::panicking::panic_handler::{closure#0}, !>
[INFO] [stdout]    9:     0x578909cec2ed - __rustc[ea4f61d10b84890b]::rust_begin_unwind
[INFO] [stdout]   10:     0x578909d2a40c - core[a373ad73a504971]::panicking::panic_fmt
[INFO] [stdout]   11:     0x578909d2a1e2 - core[a373ad73a504971]::result::unwrap_failed
[INFO] [stdout]   12:     0x578909bb524a - std[617be2ca0a6fd877]::sys::backtrace::__rust_begin_short_backtrace::<stay[53e9558c38be0805]::tmux::tests::concurrent_test_namespaces_use_explicit_socket_roots::{closure#4}::{closure#0}, std[617be2ca0a6fd877]::process::ExitStatus>
[INFO] [stdout]   13:     0x578909b6ce08 - <std[617be2ca0a6fd877]::thread::lifecycle::spawn_unchecked<stay[53e9558c38be0805]::tmux::tests::concurrent_test_namespaces_use_explicit_socket_roots::{closure#4}::{closure#0}, std[617be2ca0a6fd877]::process::ExitStatus>::{closure#1} as core[a373ad73a504971]::ops::function::FnOnce<()>>::call_once::{shim:vtable#0}
[INFO] [stdout]   14:     0x578909d11e0f - <std[617be2ca0a6fd877]::sys::thread::unix::Thread>::new::thread_start
[INFO] [stdout]   15:     0x703df2bbedfa - <unknown>
[INFO] [stdout]   16:     0x703df2c523d4 - clone
[INFO] [stdout]   17:                0x0 - <unknown>
[INFO] [stdout] 
[INFO] [stdout] thread 'tmux::tests::concurrent_test_namespaces_use_explicit_socket_roots' (2091) panicked at src/tmux.rs:1919:22:
[INFO] [stdout] join first session creator: Any { .. }
[INFO] [stdout] stack backtrace:
[INFO] [stdout]    0:     0x578909d13261 - <<std[617be2ca0a6fd877]::sys::backtrace::BacktraceLock>::print::DisplayBacktrace as core[a373ad73a504971]::fmt::Display>::fmt
[INFO] [stdout]    1:     0x578909d29c9a - core[a373ad73a504971]::fmt::write
[INFO] [stdout]    2:     0x578909d1807c - <alloc[2e1b2a31b91974c5]::vec::Vec<u8> as core[a373ad73a504971]::io::write::Write>::write_fmt
[INFO] [stdout]    3:     0x578909ceb316 - std[617be2ca0a6fd877]::panicking::default_hook::{closure#0}
[INFO] [stdout]    4:     0x578909d09849 - std[617be2ca0a6fd877]::panicking::default_hook
[INFO] [stdout]    5:     0x578909c15560 - test[aada8e7e76ba119b]::test_main_inner::{closure#0}
[INFO] [stdout]    6:     0x578909d09b72 - std[617be2ca0a6fd877]::panicking::panic_with_hook
[INFO] [stdout]    7:     0x578909ceb3c2 - std[617be2ca0a6fd877]::panicking::panic_handler::{closure#0}
[INFO] [stdout]    8:     0x578909ce3c49 - std[617be2ca0a6fd877]::sys::backtrace::__rust_end_short_backtrace::<std[617be2ca0a6fd877]::panicking::panic_handler::{closure#0}, !>
[INFO] [stdout]    9:     0x578909cec2ed - __rustc[ea4f61d10b84890b]::rust_begin_unwind
[INFO] [stdout]   10:     0x578909d2a40c - core[a373ad73a504971]::panicking::panic_fmt
[INFO] [stdout]   11:     0x578909d2a1e2 - core[a373ad73a504971]::result::unwrap_failed
[INFO] [stdout]   12:     0x578909ba0df5 - std[617be2ca0a6fd877]::thread::scoped::scope::<stay[53e9558c38be0805]::tmux::tests::concurrent_test_namespaces_use_explicit_socket_roots::{closure#4}, ()>
[INFO] [stdout]   13:     0x578909b494b3 - <stay[53e9558c38be0805]::tmux::tests::concurrent_test_namespaces_use_explicit_socket_roots::{closure#0} as core[a373ad73a504971]::ops::function::FnOnce<()>>::call_once
[INFO] [stdout]   14:     0x578909c089ab - test[aada8e7e76ba119b]::__rust_begin_short_backtrace::<core[a373ad73a504971]::result::Result<(), alloc[2e1b2a31b91974c5]::string::String>, fn() -> core[a373ad73a504971]::result::Result<(), alloc[2e1b2a31b91974c5]::string::String>>
[INFO] [stdout]   15:     0x578909c15b85 - test[aada8e7e76ba119b]::run_test::{closure#0}
[INFO] [stdout]   16:     0x578909c0f474 - std[617be2ca0a6fd877]::sys::backtrace::__rust_begin_short_backtrace::<test[aada8e7e76ba119b]::run_test::{closure#1}, ()>
[INFO] [stdout]   17:     0x578909c18c12 - <std[617be2ca0a6fd877]::thread::lifecycle::spawn_unchecked<test[aada8e7e76ba119b]::run_test::{closure#1}, ()>::{closure#1} as core[a373ad73a504971]::ops::function::FnOnce<()>>::call_once::{shim:vtable#0}
[INFO] [stdout]   18:     0x578909d11e0f - <std[617be2ca0a6fd877]::sys::thread::unix::Thread>::new::thread_start
[INFO] [stdout]   19:     0x703df2bbedfa - <unknown>
[INFO] [stdout]   20:     0x703df2c523d4 - clone
[INFO] [stdout]   21:                0x0 - <unknown>
[INFO] [stdout] 
[INFO] [stdout] ---- tmux::tests::has_session_treats_missing_server_and_session_as_absent stdout ----
[INFO] [stdout] 
[INFO] [stdout] thread 'tmux::tests::has_session_treats_missing_server_and_session_as_absent' (2136) panicked at src/tmux.rs:2473:52:
[INFO] [stdout] called `Result::unwrap()` on an `Err` value: "failed to start tmux: No such file or directory (os error 2)"
[INFO] [stdout] stack backtrace:
[INFO] [stdout]    0:     0x578909d13261 - <<std[617be2ca0a6fd877]::sys::backtrace::BacktraceLock>::print::DisplayBacktrace as core[a373ad73a504971]::fmt::Display>::fmt
[INFO] [stdout]    1:     0x578909d29c9a - core[a373ad73a504971]::fmt::write
[INFO] [stdout]    2:     0x578909d1807c - <alloc[2e1b2a31b91974c5]::vec::Vec<u8> as core[a373ad73a504971]::io::write::Write>::write_fmt
[INFO] [stdout]    3:     0x578909ceb316 - std[617be2ca0a6fd877]::panicking::default_hook::{closure#0}
[INFO] [stdout]    4:     0x578909d09849 - std[617be2ca0a6fd877]::panicking::default_hook
[INFO] [stdout]    5:     0x578909c15560 - test[aada8e7e76ba119b]::test_main_inner::{closure#0}
[INFO] [stdout]    6:     0x578909d09b72 - std[617be2ca0a6fd877]::panicking::panic_with_hook
[INFO] [stdout]    7:     0x578909ceb3c2 - std[617be2ca0a6fd877]::panicking::panic_handler::{closure#0}
[INFO] [stdout]    8:     0x578909ce3c49 - std[617be2ca0a6fd877]::sys::backtrace::__rust_end_short_backtrace::<std[617be2ca0a6fd877]::panicking::panic_handler::{closure#0}, !>
[INFO] [stdout]    9:     0x578909cec2ed - __rustc[ea4f61d10b84890b]::rust_begin_unwind
[INFO] [stdout]   10:     0x578909d2a40c - core[a373ad73a504971]::panicking::panic_fmt
[INFO] [stdout]   11:     0x578909d2a1e2 - core[a373ad73a504971]::result::unwrap_failed
[INFO] [stdout]   12:     0x578909b49cec - <stay[53e9558c38be0805]::tmux::tests::has_session_treats_missing_server_and_session_as_absent::{closure#0} as core[a373ad73a504971]::ops::function::FnOnce<()>>::call_once
[INFO] [stdout]   13:     0x578909c089ab - test[aada8e7e76ba119b]::__rust_begin_short_backtrace::<core[a373ad73a504971]::result::Result<(), alloc[2e1b2a31b91974c5]::string::String>, fn() -> core[a373ad73a504971]::result::Result<(), alloc[2e1b2a31b91974c5]::string::String>>
[INFO] [stdout]   14:     0x578909c15b85 - test[aada8e7e76ba119b]::run_test::{closure#0}
[INFO] [stdout]   15:     0x578909c0f474 - std[617be2ca0a6fd877]::sys::backtrace::__rust_begin_short_backtrace::<test[aada8e7e76ba119b]::run_test::{closure#1}, ()>
[INFO] [stdout]   16:     0x578909c18c12 - <std[617be2ca0a6fd877]::thread::lifecycle::spawn_unchecked<test[aada8e7e76ba119b]::run_test::{closure#1}, ()>::{closure#1} as core[a373ad73a504971]::ops::function::FnOnce<()>>::call_once::{shim:vtable#0}
[INFO] [stdout]   17:     0x578909d11e0f - <std[617be2ca0a6fd877]::sys::thread::unix::Thread>::new::thread_start
[INFO] [stdout]   18:     0x703df2bbedfa - <unknown>
[INFO] [stdout]   19:     0x703df2c523d4 - clone
[INFO] [stdout]   20:                0x0 - <unknown>
[INFO] [stdout] 
[INFO] [stdout] ---- tmux::tests::legacy_bootstrap_sessions_are_hidden_from_inventory stdout ----
[INFO] [stdout] 
[INFO] [stdout] thread 'tmux::tests::legacy_bootstrap_sessions_are_hidden_from_inventory' (2139) panicked at src/tmux.rs:2442:14:
[INFO] [stdout] start legacy bootstrap session: Os { code: 2, kind: NotFound, message: "No such file or directory" }
[INFO] [stdout] stack backtrace:
[INFO] [stdout]    0:     0x578909d13261 - <<std[617be2ca0a6fd877]::sys::backtrace::BacktraceLock>::print::DisplayBacktrace as core[a373ad73a504971]::fmt::Display>::fmt
[INFO] [stdout]    1:     0x578909d29c9a - core[a373ad73a504971]::fmt::write
[INFO] [stdout]    2:     0x578909d1807c - <alloc[2e1b2a31b91974c5]::vec::Vec<u8> as core[a373ad73a504971]::io::write::Write>::write_fmt
[INFO] [stdout]    3:     0x578909ceb316 - std[617be2ca0a6fd877]::panicking::default_hook::{closure#0}
[INFO] [stdout]    4:     0x578909d09849 - std[617be2ca0a6fd877]::panicking::default_hook
[INFO] [stdout]    5:     0x578909c15560 - test[aada8e7e76ba119b]::test_main_inner::{closure#0}
[INFO] [stdout]    6:     0x578909d09b72 - std[617be2ca0a6fd877]::panicking::panic_with_hook
[INFO] [stdout]    7:     0x578909ceb3c2 - std[617be2ca0a6fd877]::panicking::panic_handler::{closure#0}
[INFO] [stdout]    8:     0x578909ce3c49 - std[617be2ca0a6fd877]::sys::backtrace::__rust_end_short_backtrace::<std[617be2ca0a6fd877]::panicking::panic_handler::{closure#0}, !>
[INFO] [stdout]    9:     0x578909cec2ed - __rustc[ea4f61d10b84890b]::rust_begin_unwind
[INFO] [stdout]   10:     0x578909d2a40c - core[a373ad73a504971]::panicking::panic_fmt
[INFO] [stdout]   11:     0x578909d2a1e2 - core[a373ad73a504971]::result::unwrap_failed
[INFO] [stdout]   12:     0x578909b4902f - <stay[53e9558c38be0805]::tmux::tests::legacy_bootstrap_sessions_are_hidden_from_inventory::{closure#0} as core[a373ad73a504971]::ops::function::FnOnce<()>>::call_once
[INFO] [stdout]   13:     0x578909c089ab - test[aada8e7e76ba119b]::__rust_begin_short_backtrace::<core[a373ad73a504971]::result::Result<(), alloc[2e1b2a31b91974c5]::string::String>, fn() -> core[a373ad73a504971]::result::Result<(), alloc[2e1b2a31b91974c5]::string::String>>
[INFO] [stdout]   14:     0x578909c15b85 - test[aada8e7e76ba119b]::run_test::{closure#0}
[INFO] [stdout]   15:     0x578909c0f474 - std[617be2ca0a6fd877]::sys::backtrace::__rust_begin_short_backtrace::<test[aada8e7e76ba119b]::run_test::{closure#1}, ()>
[INFO] [stdout]   16:     0x578909c18c12 - <std[617be2ca0a6fd877]::thread::lifecycle::spawn_unchecked<test[aada8e7e76ba119b]::run_test::{closure#1}, ()>::{closure#1} as core[a373ad73a504971]::ops::function::FnOnce<()>>::call_once::{shim:vtable#0}
[INFO] [stdout]   17:     0x578909d11e0f - <std[617be2ca0a6fd877]::sys::thread::unix::Thread>::new::thread_start
[INFO] [stdout]   18:     0x703df2bbedfa - <unknown>
[INFO] [stdout]   19:     0x703df2c523d4 - clone
[INFO] [stdout]   20:                0x0 - <unknown>
[INFO] [stdout] 
[INFO] [stdout] ---- tmux::tests::missing_server_is_an_empty_inventory stdout ----
[INFO] [stdout] 
[INFO] [stdout] thread 'tmux::tests::missing_server_is_an_empty_inventory' (2151) panicked at src/tmux.rs:2424:44:
[INFO] [stdout] called `Result::unwrap()` on an `Err` value: "failed to start tmux: No such file or directory (os error 2)"
[INFO] [stdout] stack backtrace:
[INFO] [stdout]    0:     0x578909d13261 - <<std[617be2ca0a6fd877]::sys::backtrace::BacktraceLock>::print::DisplayBacktrace as core[a373ad73a504971]::fmt::Display>::fmt
[INFO] [stdout]    1:     0x578909d29c9a - core[a373ad73a504971]::fmt::write
[INFO] [stdout]    2:     0x578909d1807c - <alloc[2e1b2a31b91974c5]::vec::Vec<u8> as core[a373ad73a504971]::io::write::Write>::write_fmt
[INFO] [stdout]    3:     0x578909ceb316 - std[617be2ca0a6fd877]::panicking::default_hook::{closure#0}
[INFO] [stdout]    4:     0x578909d09849 - std[617be2ca0a6fd877]::panicking::default_hook
[INFO] [stdout]    5:     0x578909c15560 - test[aada8e7e76ba119b]::test_main_inner::{closure#0}
[INFO] [stdout]    6:     0x578909d09b72 - std[617be2ca0a6fd877]::panicking::panic_with_hook
[INFO] [stdout]    7:     0x578909ceb3c2 - std[617be2ca0a6fd877]::panicking::panic_handler::{closure#0}
[INFO] [stdout]    8:     0x578909ce3c49 - std[617be2ca0a6fd877]::sys::backtrace::__rust_end_short_backtrace::<std[617be2ca0a6fd877]::panicking::panic_handler::{closure#0}, !>
[INFO] [stdout]    9:     0x578909cec2ed - __rustc[ea4f61d10b84890b]::rust_begin_unwind
[INFO] [stdout]   10:     0x578909d2a40c - core[a373ad73a504971]::panicking::panic_fmt
[INFO] [stdout]   11:     0x578909d2a1e2 - core[a373ad73a504971]::result::unwrap_failed
[INFO] [stdout]   12:     0x578909b4707a - <stay[53e9558c38be0805]::tmux::tests::missing_server_is_an_empty_inventory::{closure#0} as core[a373ad73a504971]::ops::function::FnOnce<()>>::call_once
[INFO] [stdout]   13:     0x578909c089ab - test[aada8e7e76ba119b]::__rust_begin_short_backtrace::<core[a373ad73a504971]::result::Result<(), alloc[2e1b2a31b91974c5]::string::String>, fn() -> core[a373ad73a504971]::result::Result<(), alloc[2e1b2a31b91974c5]::string::String>>
[INFO] [stdout]   14:     0x578909c15b85 - test[aada8e7e76ba119b]::run_test::{closure#0}
[INFO] [stdout]   15:     0x578909c0f474 - std[617be2ca0a6fd877]::sys::backtrace::__rust_begin_short_backtrace::<test[aada8e7e76ba119b]::run_test::{closure#1}, ()>
[INFO] [stdout]   16:     0x578909c18c12 - <std[617be2ca0a6fd877]::thread::lifecycle::spawn_unchecked<test[aada8e7e76ba119b]::run_test::{closure#1}, ()>::{closure#1} as core[a373ad73a504971]::ops::function::FnOnce<()>>::call_once::{shim:vtable#0}
[INFO] [stdout]   17:     0x578909d11e0f - <std[617be2ca0a6fd877]::sys::thread::unix::Thread>::new::thread_start
[INFO] [stdout]   18:     0x703df2bbedfa - <unknown>
[INFO] [stdout]   19:     0x703df2c523d4 - clone
[INFO] [stdout]   20:                0x0 - <unknown>
[INFO] [stdout] 
[INFO] [stdout] ---- tmux::tests::pane_start_command_selects_the_first_pane_across_session_windows stdout ----
[INFO] [stdout] 
[INFO] [stdout] thread 'tmux::tests::pane_start_command_selects_the_first_pane_across_session_windows' (2165) panicked at src/tmux.rs:2524:18:
[INFO] [stdout] run multi-window launch-definition command: Os { code: 2, kind: NotFound, message: "No such file or directory" }
[INFO] [stdout] stack backtrace:
[INFO] [stdout]    0:     0x578909d13261 - <<std[617be2ca0a6fd877]::sys::backtrace::BacktraceLock>::print::DisplayBacktrace as core[a373ad73a504971]::fmt::Display>::fmt
[INFO] [stdout]    1:     0x578909d29c9a - core[a373ad73a504971]::fmt::write
[INFO] [stdout]    2:     0x578909d1807c - <alloc[2e1b2a31b91974c5]::vec::Vec<u8> as core[a373ad73a504971]::io::write::Write>::write_fmt
[INFO] [stdout]    3:     0x578909ceb316 - std[617be2ca0a6fd877]::panicking::default_hook::{closure#0}
[INFO] [stdout]    4:     0x578909d09849 - std[617be2ca0a6fd877]::panicking::default_hook
[INFO] [stdout]    5:     0x578909c15560 - test[aada8e7e76ba119b]::test_main_inner::{closure#0}
[INFO] [stdout]    6:     0x578909d09b72 - std[617be2ca0a6fd877]::panicking::panic_with_hook
[INFO] [stdout]    7:     0x578909ceb3c2 - std[617be2ca0a6fd877]::panicking::panic_handler::{closure#0}
[INFO] [stdout]    8:     0x578909ce3c49 - std[617be2ca0a6fd877]::sys::backtrace::__rust_end_short_backtrace::<std[617be2ca0a6fd877]::panicking::panic_handler::{closure#0}, !>
[INFO] [stdout]    9:     0x578909cec2ed - __rustc[ea4f61d10b84890b]::rust_begin_unwind
[INFO] [stdout]   10:     0x578909d2a40c - core[a373ad73a504971]::panicking::panic_fmt
[INFO] [stdout]   11:     0x578909d2a1e2 - core[a373ad73a504971]::result::unwrap_failed
[INFO] [stdout]   12:     0x578909b4d4e7 - <stay[53e9558c38be0805]::tmux::tests::pane_start_command_selects_the_first_pane_across_session_windows::{closure#0} as core[a373ad73a504971]::ops::function::FnOnce<()>>::call_once
[INFO] [stdout]   13:     0x578909c089ab - test[aada8e7e76ba119b]::__rust_begin_short_backtrace::<core[a373ad73a504971]::result::Result<(), alloc[2e1b2a31b91974c5]::string::String>, fn() -> core[a373ad73a504971]::result::Result<(), alloc[2e1b2a31b91974c5]::string::String>>
[INFO] [stdout]   14:     0x578909c15b85 - test[aada8e7e76ba119b]::run_test::{closure#0}
[INFO] [stdout]   15:     0x578909c0f474 - std[617be2ca0a6fd877]::sys::backtrace::__rust_begin_short_backtrace::<test[aada8e7e76ba119b]::run_test::{closure#1}, ()>
[INFO] [stdout]   16:     0x578909c18c12 - <std[617be2ca0a6fd877]::thread::lifecycle::spawn_unchecked<test[aada8e7e76ba119b]::run_test::{closure#1}, ()>::{closure#1} as core[a373ad73a504971]::ops::function::FnOnce<()>>::call_once::{shim:vtable#0}
[INFO] [stdout]   17:     0x578909d11e0f - <std[617be2ca0a6fd877]::sys::thread::unix::Thread>::new::thread_start
[INFO] [stdout]   18:     0x703df2bbedfa - <unknown>
[INFO] [stdout]   19:     0x703df2c523d4 - clone
[INFO] [stdout]   20:                0x0 - <unknown>
[INFO] [stdout] 
[INFO] [stdout] ---- tmux::tests::real_tmux_capture_pane_returns_history_larger_than_the_os_pipe_capacity stdout ----
[INFO] [stdout] 
[INFO] [stdout] thread 'tmux::tests::real_tmux_capture_pane_returns_history_larger_than_the_os_pipe_capacity' (2172) panicked at src/tmux.rs:2691:14:
[INFO] [stdout] start wide-scrollback session: Os { code: 2, kind: NotFound, message: "No such file or directory" }
[INFO] [stdout] stack backtrace:
[INFO] [stdout]    0:     0x578909d13261 - <<std[617be2ca0a6fd877]::sys::backtrace::BacktraceLock>::print::DisplayBacktrace as core[a373ad73a504971]::fmt::Display>::fmt
[INFO] [stdout]    1:     0x578909d29c9a - core[a373ad73a504971]::fmt::write
[INFO] [stdout]    2:     0x578909d1807c - <alloc[2e1b2a31b91974c5]::vec::Vec<u8> as core[a373ad73a504971]::io::write::Write>::write_fmt
[INFO] [stdout]    3:     0x578909ceb316 - std[617be2ca0a6fd877]::panicking::default_hook::{closure#0}
[INFO] [stdout]    4:     0x578909d09849 - std[617be2ca0a6fd877]::panicking::default_hook
[INFO] [stdout]    5:     0x578909c15560 - test[aada8e7e76ba119b]::test_main_inner::{closure#0}
[INFO] [stdout]    6:     0x578909d09b72 - std[617be2ca0a6fd877]::panicking::panic_with_hook
[INFO] [stdout]    7:     0x578909ceb3c2 - std[617be2ca0a6fd877]::panicking::panic_handler::{closure#0}
[INFO] [stdout]    8:     0x578909ce3c49 - std[617be2ca0a6fd877]::sys::backtrace::__rust_end_short_backtrace::<std[617be2ca0a6fd877]::panicking::panic_handler::{closure#0}, !>
[INFO] [stdout]    9:     0x578909cec2ed - __rustc[ea4f61d10b84890b]::rust_begin_unwind
[INFO] [stdout]   10:     0x578909d2a40c - core[a373ad73a504971]::panicking::panic_fmt
[INFO] [stdout]   11:     0x578909d2a1e2 - core[a373ad73a504971]::result::unwrap_failed
[INFO] [stdout]   12:     0x578909b4e465 - <stay[53e9558c38be0805]::tmux::tests::real_tmux_capture_pane_returns_history_larger_than_the_os_pipe_capacity::{closure#0} as core[a373ad73a504971]::ops::function::FnOnce<()>>::call_once
[INFO] [stdout]   13:     0x578909c089ab - test[aada8e7e76ba119b]::__rust_begin_short_backtrace::<core[a373ad73a504971]::result::Result<(), alloc[2e1b2a31b91974c5]::string::String>, fn() -> core[a373ad73a504971]::result::Result<(), alloc[2e1b2a31b91974c5]::string::String>>
[INFO] [stdout]   14:     0x578909c15b85 - test[aada8e7e76ba119b]::run_test::{closure#0}
[INFO] [stdout]   15:     0x578909c0f474 - std[617be2ca0a6fd877]::sys::backtrace::__rust_begin_short_backtrace::<test[aada8e7e76ba119b]::run_test::{closure#1}, ()>
[INFO] [stdout]   16:     0x578909c18c12 - <std[617be2ca0a6fd877]::thread::lifecycle::spawn_unchecked<test[aada8e7e76ba119b]::run_test::{closure#1}, ()>::{closure#1} as core[a373ad73a504971]::ops::function::FnOnce<()>>::call_once::{shim:vtable#0}
[INFO] [stdout]   17:     0x578909d11e0f - <std[617be2ca0a6fd877]::sys::thread::unix::Thread>::new::thread_start
[INFO] [stdout]   18:     0x703df2bbedfa - <unknown>
[INFO] [stdout]   19:     0x703df2c523d4 - clone
[INFO] [stdout]   20:                0x0 - <unknown>
[INFO] [stdout] 
[INFO] [stdout] ---- tmux::tests::real_tmux_inventory_is_sorted stdout ----
[INFO] [stdout] 
[INFO] [stdout] thread 'tmux::tests::real_tmux_inventory_is_sorted' (2175) panicked at src/tmux.rs:2491:14:
[INFO] [stdout] start first test session: Os { code: 2, kind: NotFound, message: "No such file or directory" }
[INFO] [stdout] stack backtrace:
[INFO] [stdout]    0:     0x578909d13261 - <<std[617be2ca0a6fd877]::sys::backtrace::BacktraceLock>::print::DisplayBacktrace as core[a373ad73a504971]::fmt::Display>::fmt
[INFO] [stdout]    1:     0x578909d29c9a - core[a373ad73a504971]::fmt::write
[INFO] [stdout]    2:     0x578909d1807c - <alloc[2e1b2a31b91974c5]::vec::Vec<u8> as core[a373ad73a504971]::io::write::Write>::write_fmt
[INFO] [stdout]    3:     0x578909ceb316 - std[617be2ca0a6fd877]::panicking::default_hook::{closure#0}
[INFO] [stdout]    4:     0x578909d09849 - std[617be2ca0a6fd877]::panicking::default_hook
[INFO] [stdout]    5:     0x578909c15560 - test[aada8e7e76ba119b]::test_main_inner::{closure#0}
[INFO] [stdout]    6:     0x578909d09b72 - std[617be2ca0a6fd877]::panicking::panic_with_hook
[INFO] [stdout]    7:     0x578909ceb3c2 - std[617be2ca0a6fd877]::panicking::panic_handler::{closure#0}
[INFO] [stdout]    8:     0x578909ce3c49 - std[617be2ca0a6fd877]::sys::backtrace::__rust_end_short_backtrace::<std[617be2ca0a6fd877]::panicking::panic_handler::{closure#0}, !>
[INFO] [stdout]    9:     0x578909cec2ed - __rustc[ea4f61d10b84890b]::rust_begin_unwind
[INFO] [stdout]   10:     0x578909d2a40c - core[a373ad73a504971]::panicking::panic_fmt
[INFO] [stdout]   11:     0x578909d2a1e2 - core[a373ad73a504971]::result::unwrap_failed
[INFO] [stdout]   12:     0x578909b44ffd - <stay[53e9558c38be0805]::tmux::tests::real_tmux_inventory_is_sorted::{closure#0} as core[a373ad73a504971]::ops::function::FnOnce<()>>::call_once
[INFO] [stdout]   13:     0x578909c089ab - test[aada8e7e76ba119b]::__rust_begin_short_backtrace::<core[a373ad73a504971]::result::Result<(), alloc[2e1b2a31b91974c5]::string::String>, fn() -> core[a373ad73a504971]::result::Result<(), alloc[2e1b2a31b91974c5]::string::String>>
[INFO] [stdout]   14:     0x578909c15b85 - test[aada8e7e76ba119b]::run_test::{closure#0}
[INFO] [stdout]   15:     0x578909c0f474 - std[617be2ca0a6fd877]::sys::backtrace::__rust_begin_short_backtrace::<test[aada8e7e76ba119b]::run_test::{closure#1}, ()>
[INFO] [stdout]   16:     0x578909c18c12 - <std[617be2ca0a6fd877]::thread::lifecycle::spawn_unchecked<test[aada8e7e76ba119b]::run_test::{closure#1}, ()>::{closure#1} as core[a373ad73a504971]::ops::function::FnOnce<()>>::call_once::{shim:vtable#0}
[INFO] [stdout]   17:     0x578909d11e0f - <std[617be2ca0a6fd877]::sys::thread::unix::Thread>::new::thread_start
[INFO] [stdout]   18:     0x703df2bbedfa - <unknown>
[INFO] [stdout]   19:     0x703df2c523d4 - clone
[INFO] [stdout]   20:                0x0 - <unknown>
[INFO] [stdout] 
[INFO] [stdout] 
[INFO] [stdout] failures:
[INFO] [stdout]     session::tests::built_in_tmux_settings_apply_without_a_user_config
[INFO] [stdout]     session::tests::built_in_tmux_settings_do_not_apply_with_a_user_config
[INFO] [stdout]     session::tests::pass_through_delivers_a_bounded_multiline_chunk_in_order_without_attaching
[INFO] [stdout]     session::tests::session_creation_does_not_leave_a_bootstrap_session
[INFO] [stdout]     session::tests::user_tmux_config_settings_survive_session_creation
[INFO] [stdout]     tmux::tests::concurrent_test_namespaces_use_explicit_socket_roots
[INFO] [stdout]     tmux::tests::has_session_treats_missing_server_and_session_as_absent
[INFO] [stdout]     tmux::tests::legacy_bootstrap_sessions_are_hidden_from_inventory
[INFO] [stdout]     tmux::tests::missing_server_is_an_empty_inventory
[INFO] [stdout]     tmux::tests::pane_start_command_selects_the_first_pane_across_session_windows
[INFO] [stdout]     tmux::tests::real_tmux_capture_pane_returns_history_larger_than_the_os_pipe_capacity
[INFO] [stdout]     tmux::tests::real_tmux_inventory_is_sorted
[INFO] [stdout] 
[INFO] [stdout] test result: FAILED. 300 passed; 12 failed; 0 ignored; 0 measured; 0 filtered out; finished in 3.09s
[INFO] [stdout] 
[INFO] running `Command { std: "docker" "inspect" "1f7b5ef6528a76e28ad471c20d8e985bb5fca4859682f14baea0969975944dba", kill_on_drop: false }`
[INFO] running `Command { std: "docker" "rm" "-f" "1f7b5ef6528a76e28ad471c20d8e985bb5fca4859682f14baea0969975944dba", kill_on_drop: false }`
[INFO] [stdout] 1f7b5ef6528a76e28ad471c20d8e985bb5fca4859682f14baea0969975944dba
