[INFO] fetching crate stateset-crypto 1.38.0...
[INFO] testing stateset-crypto-1.38.0 against 1.100.0-beta.1+cargoflags=--release for beta-release-1.100-2
[INFO] extracting crate stateset-crypto 1.38.0 into /workspace/builds/worker-6-tc2/source
[INFO] started tweaking crates.io crate stateset-crypto 1.38.0
[INFO] removed 0 missing tests
[INFO] finished tweaking crates.io crate stateset-crypto 1.38.0
[INFO] tweaked toml for crates.io crate stateset-crypto 1.38.0 written to /workspace/builds/worker-6-tc2/source/Cargo.toml
[INFO] validating manifest of crates.io crate stateset-crypto 1.38.0 on toolchain 1.100.0-beta.1
[INFO] running `Command { std: CARGO_HOME="/workspace/cargo-home" RUSTUP_HOME="/workspace/rustup-home" "/workspace/cargo-home/bin/cargo" "+1.100.0-beta.1" "metadata" "--manifest-path" "Cargo.toml" "--no-deps", kill_on_drop: false }`
[INFO] crate crates.io crate stateset-crypto 1.38.0 already has a lockfile, it will not be regenerated
[INFO] running `Command { std: CARGO_HOME="/workspace/cargo-home" RUSTUP_HOME="/workspace/rustup-home" "/workspace/cargo-home/bin/cargo" "+1.100.0-beta.1" "fetch" "--manifest-path" "Cargo.toml", kill_on_drop: false }`
[INFO] [stderr] warning: `package.homepage` is redundant with `package.repository`
[INFO] [stderr]    --> Cargo.toml:130:12
[INFO] [stderr]     |
[INFO] [stderr] 130 | homepage = "https://github.com/stateset/stateset-icommerce"
[INFO] [stderr]     |            ^^^^^^^^^^^^^^^^^^^^^^^^^^^^^^^^^^^^^^^^^^^^^^^^
[INFO] [stderr] ...
[INFO] [stderr] 135 | repository = "https://github.com/stateset/stateset-icommerce"
[INFO] [stderr]     |              ------------------------------------------------
[INFO] [stderr]     |
[INFO] [stderr]     = note: `cargo::redundant_homepage` is set to `warn` by default
[INFO] [stderr] help: consider removing `package.homepage`
[INFO] [stderr] warning: `stateset-crypto` (manifest) generated 1 warning
[INFO] running `Command { std: "docker" "create" "-v" "/var/lib/crater-agent-workspace/builds/worker-6-tc2/source:/opt/rustwide/workdir:ro,Z" "-v" "/var/lib/crater-agent-workspace/builds/worker-6-tc2/target:/opt/rustwide/target:rw,Z" "-v" "/var/lib/crater-agent-workspace/cargo-home:/opt/rustwide/cargo-home:ro,Z" "-v" "/var/lib/crater-agent-workspace/rustup-home:/opt/rustwide/rustup-home:ro,Z" "-m" "1610612736" "--network" "none" "ghcr.io/rust-lang/crates-build-env/linux@sha256:77db811e55d90add9212f6832c23229e3de5f1c1f9905e8cb07319ea15df73ac" "sleep" "infinity", kill_on_drop: false }`
[INFO] [stdout] 62292d29fcba1802a37b191d7240907f7a2f63c887224c6d4448096fb0246d17
[INFO] running `Command { std: "docker" "start" "62292d29fcba1802a37b191d7240907f7a2f63c887224c6d4448096fb0246d17", kill_on_drop: false }`
[INFO] running `Command { std: "docker" "inspect" "62292d29fcba1802a37b191d7240907f7a2f63c887224c6d4448096fb0246d17", kill_on_drop: false }`
[INFO] running `Command { std: "docker" "exec" "-e" "SOURCE_DIR=/opt/rustwide/workdir" "-e" "CARGO_HOME=/opt/rustwide/cargo-home" "-e" "RUSTUP_HOME=/opt/rustwide/rustup-home" "-e" "CARGO_TARGET_DIR=/opt/rustwide/target" "-w" "/opt/rustwide/workdir" "--user" "0:0" "62292d29fcba1802a37b191d7240907f7a2f63c887224c6d4448096fb0246d17" "/opt/rustwide/cargo-home/bin/cargo" "+1.100.0-beta.1" "metadata" "--no-deps" "--format-version=1", kill_on_drop: false }`
[INFO] running `Command { std: "docker" "inspect" "62292d29fcba1802a37b191d7240907f7a2f63c887224c6d4448096fb0246d17", kill_on_drop: false }`
[INFO] running `Command { std: "docker" "exec" "-e" "SOURCE_DIR=/opt/rustwide/workdir" "-e" "CARGO_HOME=/opt/rustwide/cargo-home" "-e" "RUSTUP_HOME=/opt/rustwide/rustup-home" "-e" "CARGO_TARGET_DIR=/opt/rustwide/target" "-e" "CARGO_INCREMENTAL=0" "-e" "RUST_BACKTRACE=full" "-e" "RUSTFLAGS=--cap-lints=warn" "-e" "RUSTDOCFLAGS=--cap-lints=warn" "-w" "/opt/rustwide/workdir" "--user" "0:0" "62292d29fcba1802a37b191d7240907f7a2f63c887224c6d4448096fb0246d17" "/opt/rustwide/cargo-home/bin/cargo" "+1.100.0-beta.1" "build" "--frozen" "--message-format=json" "--release", kill_on_drop: false }`
[INFO] [stderr] warning: `package.homepage` is redundant with `package.repository`
[INFO] [stderr]    --> Cargo.toml:130:12
[INFO] [stderr]     |
[INFO] [stderr] 130 | homepage = "https://github.com/stateset/stateset-icommerce"
[INFO] [stderr]     |            ^^^^^^^^^^^^^^^^^^^^^^^^^^^^^^^^^^^^^^^^^^^^^^^^
[INFO] [stderr] ...
[INFO] [stderr] 135 | repository = "https://github.com/stateset/stateset-icommerce"
[INFO] [stderr]     |              ------------------------------------------------
[INFO] [stderr]     |
[INFO] [stderr]     = note: `cargo::redundant_homepage` is set to `warn` by default
[INFO] [stderr] help: consider removing `package.homepage`
[INFO] [stderr] warning: `stateset-crypto` (manifest) generated 1 warning
[INFO] [stderr]    Compiling libc v0.2.183
[INFO] [stderr]    Compiling typenum v1.19.0
[INFO] [stderr]    Compiling cmov v0.5.4
[INFO] [stderr]    Compiling getrandom v0.4.2
[INFO] [stderr]    Compiling rand_core v0.10.0
[INFO] [stderr]    Compiling keccak v0.2.0
[INFO] [stderr]    Compiling const-oid v0.10.2
[INFO] [stderr]    Compiling curve25519-dalek v4.1.3
[INFO] [stderr]    Compiling sponge-cursor v0.1.0
[INFO] [stderr]    Compiling signature v2.2.0
[INFO] [stderr]    Compiling syn v2.0.117
[INFO] [stderr]    Compiling serde_json v1.0.149
[INFO] [stderr]    Compiling ryu-js v0.2.2
[INFO] [stderr]    Compiling ed25519 v2.2.3
[INFO] [stderr]    Compiling ctutils v0.4.0
[INFO] [stderr]    Compiling generic-array v0.14.7
[INFO] [stderr]    Compiling getrandom v0.2.17
[INFO] [stderr]    Compiling rand_core v0.6.4
[INFO] [stderr]    Compiling uuid v1.22.0
[INFO] [stderr]    Compiling rand_chacha v0.3.1
[INFO] [stderr]    Compiling crypto-common v0.1.7
[INFO] [stderr]    Compiling block-buffer v0.10.4
[INFO] [stderr]    Compiling inout v0.1.4
[INFO] [stderr]    Compiling universal-hash v0.5.1
[INFO] [stderr]    Compiling aead v0.5.2
[INFO] [stderr]    Compiling rand v0.8.8
[INFO] [stderr]    Compiling polyval v0.6.2
[INFO] [stderr]    Compiling digest v0.10.7
[INFO] [stderr]    Compiling cipher v0.4.4
[INFO] [stderr]    Compiling ghash v0.5.1
[INFO] [stderr]    Compiling ctr v0.9.2
[INFO] [stderr]    Compiling aes v0.8.4
[INFO] [stderr]    Compiling sha2 v0.10.9
[INFO] [stderr]    Compiling hmac v0.12.1
[INFO] [stderr]    Compiling hkdf v0.12.4
[INFO] [stderr]    Compiling aes-gcm v0.10.3
[INFO] [stderr]    Compiling zeroize_derive v1.4.3
[INFO] [stderr]    Compiling curve25519-dalek-derive v0.1.1
[INFO] [stderr]    Compiling serde_derive v1.0.228
[INFO] [stderr]    Compiling thiserror-impl v2.0.18
[INFO] [stderr]    Compiling zeroize v1.8.2
[INFO] [stderr]    Compiling hybrid-array v0.4.9
[INFO] [stderr]    Compiling der v0.8.0
[INFO] [stderr]    Compiling thiserror v2.0.18
[INFO] [stderr]    Compiling crypto-common v0.2.1
[INFO] [stderr]    Compiling block-buffer v0.12.0
[INFO] [stderr]    Compiling module-lattice v0.2.3
[INFO] [stderr]    Compiling spki v0.8.0
[INFO] [stderr]    Compiling x25519-dalek v2.0.1
[INFO] [stderr]    Compiling ed25519-dalek v2.2.0
[INFO] [stderr]    Compiling pkcs8 v0.11.0
[INFO] [stderr]    Compiling digest v0.11.2
[INFO] [stderr]    Compiling kem v0.3.0
[INFO] [stderr]    Compiling serde v1.0.228
[INFO] [stderr]    Compiling sha3 v0.11.0
[INFO] [stderr]    Compiling signature v3.0.0
[INFO] [stderr]    Compiling shake v0.1.0
[INFO] [stderr]    Compiling ml-dsa v0.1.1
[INFO] [stderr]    Compiling ml-kem v0.3.2
[INFO] [stderr]    Compiling hex v0.4.3
[INFO] [stderr]    Compiling stateset-crypto v1.38.0 (/opt/rustwide/workdir)
[INFO] [stderr] warning: unused dependency `once_cell`
[INFO] [stderr]   --> Cargo.toml:28:15
[INFO] [stderr]    |
[INFO] [stderr] 28 | [dependencies.once_cell]
[INFO] [stderr]    |               ^^^^^^^^^^
[INFO] [stderr]    |
[INFO] [stderr]    = note: `cargo::unused_dependencies` is set to `warn` by default
[INFO] [stderr] help: consider removing the dependency on `once_cell`
[INFO] [stderr] warning: unused dependency `uuid`
[INFO] [stderr]   --> Cargo.toml:53:15
[INFO] [stderr]    |
[INFO] [stderr] 53 | [dependencies.uuid]
[INFO] [stderr]    |               ^^^^^
[INFO] [stderr]    |
[INFO] [stderr] help: consider removing the dependency on `uuid`
[INFO] [stderr] warning: `stateset-crypto` (manifest) generated 2 warnings
[INFO] [stderr]     Finished `release` profile [optimized] target(s) in 22.42s
[INFO] running `Command { std: "docker" "inspect" "62292d29fcba1802a37b191d7240907f7a2f63c887224c6d4448096fb0246d17", kill_on_drop: false }`
[INFO] running `Command { std: "docker" "exec" "-e" "SOURCE_DIR=/opt/rustwide/workdir" "-e" "CARGO_HOME=/opt/rustwide/cargo-home" "-e" "RUSTUP_HOME=/opt/rustwide/rustup-home" "-e" "CARGO_TARGET_DIR=/opt/rustwide/target" "-e" "CARGO_INCREMENTAL=0" "-e" "RUST_BACKTRACE=full" "-e" "RUSTFLAGS=--cap-lints=warn" "-e" "RUSTDOCFLAGS=--cap-lints=warn" "-w" "/opt/rustwide/workdir" "--user" "0:0" "62292d29fcba1802a37b191d7240907f7a2f63c887224c6d4448096fb0246d17" "/opt/rustwide/cargo-home/bin/cargo" "+1.100.0-beta.1" "test" "--frozen" "--no-run" "--message-format=json" "--release", kill_on_drop: false }`
[INFO] [stderr] warning: `package.homepage` is redundant with `package.repository`
[INFO] [stderr]    --> Cargo.toml:130:12
[INFO] [stderr]     |
[INFO] [stderr] 130 | homepage = "https://github.com/stateset/stateset-icommerce"
[INFO] [stderr]     |            ^^^^^^^^^^^^^^^^^^^^^^^^^^^^^^^^^^^^^^^^^^^^^^^^
[INFO] [stderr] ...
[INFO] [stderr] 135 | repository = "https://github.com/stateset/stateset-icommerce"
[INFO] [stderr]     |              ------------------------------------------------
[INFO] [stderr]     |
[INFO] [stderr]     = note: `cargo::redundant_homepage` is set to `warn` by default
[INFO] [stderr] help: consider removing `package.homepage`
[INFO] [stderr] warning: `stateset-crypto` (manifest) generated 1 warning
[INFO] [stderr]    Compiling getrandom v0.2.17
[INFO] [stderr]    Compiling num-traits v0.2.19
[INFO] [stderr]    Compiling getrandom v0.4.2
[INFO] [stderr]    Compiling bitflags v2.11.0
[INFO] [stderr]    Compiling wait-timeout v0.2.1
[INFO] [stderr]    Compiling rand_chacha v0.9.0
[INFO] [stderr]    Compiling rand v0.9.5
[INFO] [stderr]    Compiling rand_xorshift v0.4.0
[INFO] [stderr]    Compiling console v0.16.4
[INFO] [stderr]    Compiling rustix v1.1.4
[INFO] [stderr]    Compiling rand_core v0.6.4
[INFO] [stderr]    Compiling crypto-common v0.2.1
[INFO] [stderr]    Compiling uuid v1.22.0
[INFO] [stderr]    Compiling crypto-common v0.1.7
[INFO] [stderr]    Compiling rand_chacha v0.3.1
[INFO] [stderr]    Compiling digest v0.10.7
[INFO] [stderr]    Compiling cipher v0.4.4
[INFO] [stderr]    Compiling universal-hash v0.5.1
[INFO] [stderr]    Compiling aead v0.5.2
[INFO] [stderr]    Compiling polyval v0.6.2
[INFO] [stderr]    Compiling curve25519-dalek v4.1.3
[INFO] [stderr]    Compiling hmac v0.12.1
[INFO] [stderr]    Compiling sha2 v0.10.9
[INFO] [stderr]    Compiling ghash v0.5.1
[INFO] [stderr]    Compiling rand v0.8.8
[INFO] [stderr]    Compiling hkdf v0.12.4
[INFO] [stderr]    Compiling ctr v0.9.2
[INFO] [stderr]    Compiling aes v0.8.4
[INFO] [stderr]    Compiling module-lattice v0.2.3
[INFO] [stderr]    Compiling digest v0.11.2
[INFO] [stderr]    Compiling kem v0.3.0
[INFO] [stderr]    Compiling aes-gcm v0.10.3
[INFO] [stderr]    Compiling signature v3.0.0
[INFO] [stderr]    Compiling sha3 v0.11.0
[INFO] [stderr]    Compiling shake v0.1.0
[INFO] [stderr]    Compiling ml-dsa v0.1.1
[INFO] [stderr]    Compiling x25519-dalek v2.0.1
[INFO] [stderr]    Compiling ed25519-dalek v2.2.0
[INFO] [stderr]    Compiling tempfile v3.27.0
[INFO] [stderr]    Compiling ml-kem v0.3.2
[INFO] [stderr]    Compiling rusty-fork v0.3.1
[INFO] [stderr]    Compiling insta v1.48.0
[INFO] [stderr]    Compiling proptest v1.10.0
[INFO] [stderr]    Compiling stateset-crypto v1.38.0 (/opt/rustwide/workdir)
[INFO] [stderr] warning: unused dependency `once_cell`
[INFO] [stderr]   --> Cargo.toml:28:15
[INFO] [stderr]    |
[INFO] [stderr] 28 | [dependencies.once_cell]
[INFO] [stderr]    |               ^^^^^^^^^^
[INFO] [stderr]    |
[INFO] [stderr]    = note: `cargo::unused_dependencies` is set to `warn` by default
[INFO] [stderr] help: consider removing the dependency on `once_cell`
[INFO] [stderr] warning: unused dependency `uuid`
[INFO] [stderr]   --> Cargo.toml:53:15
[INFO] [stderr]    |
[INFO] [stderr] 53 | [dependencies.uuid]
[INFO] [stderr]    |               ^^^^^
[INFO] [stderr]    |
[INFO] [stderr] help: consider removing the dependency on `uuid`
[INFO] [stderr] warning: `stateset-crypto` (manifest) generated 2 warnings
[INFO] [stderr]     Finished `release` profile [optimized] target(s) in 37.59s
[INFO] running `Command { std: "docker" "inspect" "62292d29fcba1802a37b191d7240907f7a2f63c887224c6d4448096fb0246d17", kill_on_drop: false }`
[INFO] running `Command { std: "docker" "exec" "-e" "SOURCE_DIR=/opt/rustwide/workdir" "-e" "CARGO_HOME=/opt/rustwide/cargo-home" "-e" "RUSTUP_HOME=/opt/rustwide/rustup-home" "-e" "CARGO_TARGET_DIR=/opt/rustwide/target" "-e" "CARGO_INCREMENTAL=0" "-e" "RUST_BACKTRACE=full" "-e" "RUSTFLAGS=--cap-lints=warn" "-e" "RUSTDOCFLAGS=--cap-lints=warn" "-w" "/opt/rustwide/workdir" "--user" "0:0" "62292d29fcba1802a37b191d7240907f7a2f63c887224c6d4448096fb0246d17" "/opt/rustwide/cargo-home/bin/cargo" "+1.100.0-beta.1" "test" "--frozen" "--release", kill_on_drop: false }`
[INFO] [stderr] warning: `package.homepage` is redundant with `package.repository`
[INFO] [stderr]    --> Cargo.toml:130:12
[INFO] [stderr]     |
[INFO] [stderr] 130 | homepage = "https://github.com/stateset/stateset-icommerce"
[INFO] [stderr]     |            ^^^^^^^^^^^^^^^^^^^^^^^^^^^^^^^^^^^^^^^^^^^^^^^^
[INFO] [stderr] ...
[INFO] [stderr] 135 | repository = "https://github.com/stateset/stateset-icommerce"
[INFO] [stderr]     |              ------------------------------------------------
[INFO] [stderr]     |
[INFO] [stderr]     = note: `cargo::redundant_homepage` is set to `warn` by default
[INFO] [stderr] help: consider removing `package.homepage`
[INFO] [stderr] warning: `stateset-crypto` (manifest) generated 1 warning
[INFO] [stderr] warning: unused dependency `once_cell`
[INFO] [stderr]   --> Cargo.toml:28:15
[INFO] [stderr]    |
[INFO] [stderr] 28 | [dependencies.once_cell]
[INFO] [stderr]    |               ^^^^^^^^^^
[INFO] [stderr]    |
[INFO] [stderr]    = note: `cargo::unused_dependencies` is set to `warn` by default
[INFO] [stderr] help: consider removing the dependency on `once_cell`
[INFO] [stderr] warning: unused dependency `uuid`
[INFO] [stderr]   --> Cargo.toml:53:15
[INFO] [stderr]    |
[INFO] [stderr] 53 | [dependencies.uuid]
[INFO] [stderr]    |               ^^^^^
[INFO] [stderr]    |
[INFO] [stderr] help: consider removing the dependency on `uuid`
[INFO] [stderr] warning: `stateset-crypto` (manifest) generated 2 warnings
[INFO] [stderr]     Finished `release` profile [optimized] target(s) in 0.19s
[INFO] [stderr]      Running unittests src/lib.rs (/opt/rustwide/target/release/build/stateset-crypto/30f9075a73647418/out/stateset_crypto-30f9075a73647418)
[INFO] [stdout] 
[INFO] [stdout] running 133 tests
[INFO] [stdout] test canonicalize::tests::array_of_values ... ok
[INFO] [stdout] test canonicalize::tests::key_order_tab_before_bang ... ok
[INFO] [stdout] test canonicalize::tests::negative_zero ... ok
[INFO] [stdout] test canonicalize::tests::nested_object ... ok
[INFO] [stdout] test canonicalize::tests::integer ... ok
[INFO] [stdout] test canonicalize::tests::e21_magnitude_integer_literal_uses_exponent_form ... ok
[INFO] [stdout] test canonicalize::tests::key_order_astral_before_high_bmp ... ok
[INFO] [stdout] test canonicalize::tests::key_order_rfc8785_appendix_sample ... ok
[INFO] [stdout] test canonicalize::tests::control_chars_escape_table ... ok
[INFO] [stdout] test canonicalize::tests::rfc8785_appendix_number_samples ... ok
[INFO] [stdout] test canonicalize::tests::safe_integers_stay_integral ... ok
[INFO] [stdout] test canonicalize::tests::string_simple ... ok
[INFO] [stdout] test canonicalize::tests::string_with_escapes ... ok
[INFO] [stdout] test canonicalize::tests::object_sorted_keys ... ok
[INFO] [stdout] test canonicalize::tests::negative_bigint_takes_double_semantics ... ok
[INFO] [stdout] test encoding::tests::encode_string_hello ... ok
[INFO] [stdout] test encoding::tests::bytes_to_hex_roundtrip ... ok
[INFO] [stdout] test canonicalize::tests::boolean_false ... ok
[INFO] [stdout] test canonicalize::tests::non_minimal_number_forms_minimized ... ok
[INFO] [stdout] test encoding::tests::u32_be_max ... ok
[INFO] [stdout] test canonicalize::tests::empty_array ... ok
[INFO] [stdout] test canonicalize::tests::no_html_or_jsonp_safety_escaping ... ok
[INFO] [stdout] test canonicalize::tests::exponent_boundaries_match_ecmascript ... ok
[INFO] [stdout] test canonicalize::tests::non_finite_numbers_cannot_enter_via_public_api ... ok
[INFO] [stdout] test canonicalize::tests::key_order_quote_before_letter ... ok
[INFO] [stdout] test canonicalize::tests::null_value ... ok
[INFO] [stdout] test encoding::tests::u32_be_one ... ok
[INFO] [stdout] test encoding::tests::u32_be_zero ... ok
[INFO] [stdout] test encoding::tests::u64_be_one ... ok
[INFO] [stdout] test encrypt::tests::decrypt_rejects_invalid_ephemeral_key_length ... ok
[INFO] [stdout] test encoding::tests::hex_to_bytes_with_prefix ... ok
[INFO] [stdout] test encoding::tests::hex_to_bytes_without_prefix ... ok
[INFO] [stdout] test canonicalize::tests::boolean_true ... ok
[INFO] [stdout] test encrypt::tests::decrypt_rejects_invalid_nonce_length ... ok
[INFO] [stdout] test encrypt::tests::decrypt_rejects_invalid_tag_length ... ok
[INFO] [stdout] test encoding::tests::u64_be_zero ... ok
[INFO] [stdout] test encrypt::tests::decrypt_rejects_tampered_metadata ... ok
[INFO] [stdout] test encrypt::tests::decrypt_rejects_duplicate_recipient_entries ... ok
[INFO] [stdout] test encrypt::tests::decrypt_wrong_recipient_fails ... ok
[INFO] [stdout] test canonicalize::tests::u64_max_takes_double_semantics ... ok
[INFO] [stdout] test encoding::tests::uuid_to_bytes_invalid_length ... ok
[INFO] [stdout] test encoding::tests::uuid_to_bytes_valid ... ok
[INFO] [stdout] test encoding::tests::encode_string_empty ... ok
[INFO] [stdout] test encrypt::tests::encrypt_no_recipients_fails ... ok
[INFO] [stdout] test encrypt::tests::dek_unwrap_wrong_key_fails ... ok
[INFO] [stdout] test encrypt::tests::encrypt_decrypt_roundtrip ... ok
[INFO] [stdout] test encrypt::tests::dek_wrap_unwrap_roundtrip ... ok
[INFO] [stdout] test encrypt::tests::rewrap_rotates_recipients_without_reencrypting ... ok
[INFO] [stdout] test encrypt::tests::rewrap_can_retain_existing_recipient ... ok
[INFO] [stdout] test encrypt::tests::rewrap_rejects_empty_or_duplicate_new_recipients ... ok
[INFO] [stdout] test encrypt::tests::rewrap_unknown_kid_fails ... ok
[INFO] [stdout] test encrypt::tests::rewrap_with_wrong_secret_fails ... ok
[INFO] [stdout] test hash::tests::event_signing_hash_different_event_type ... ok
[INFO] [stdout] test hash::tests::legacy_payload_hash ... ok
[INFO] [stdout] test hash::tests::payload_aad_deterministic ... ok
[INFO] [stdout] test hash::tests::payload_cipher_hash_none_returns_zeros ... ok
[INFO] [stdout] test encrypt::tests::encrypt_duplicate_recipient_kids_fail ... ok
[INFO] [stdout] test canonicalize::tests::canonicalize_bytes ... ok
[INFO] [stdout] test encrypt::tests::encrypt_multiple_recipients ... ok
[INFO] [stdout] test canonicalize::tests::bigint_literal_takes_double_semantics ... ok
[INFO] [stdout] test hash::tests::event_signing_hash_deterministic ... ok
[INFO] [stdout] test merkle::tests::leaf_hash_varies_with_sequence ... ok
[INFO] [stdout] test merkle::tests::merkle_root_deterministic ... ok
[INFO] [stdout] test merkle::tests::node_hash_deterministic ... ok
[INFO] [stdout] test merkle::tests::node_hash_order_matters ... ok
[INFO] [stdout] test hash::tests::payload_cipher_hash_with_params ... ok
[INFO] [stdout] test merkle::tests::pad_leaf_deterministic ... ok
[INFO] [stdout] test hash::tests::payload_plain_hash_no_salt ... ok
[INFO] [stdout] test merkle::tests::merkle_root_two_leaves ... ok
[INFO] [stdout] test merkle::tests::receipt_hash_deterministic ... ok
[INFO] [stdout] test merkle::tests::leaf_hash_deterministic ... ok
[INFO] [stdout] test merkle::tests::merkle_root_single_leaf ... ok
[INFO] [stdout] test pqc::tests::hybrid_dek_wrap_unwrap_roundtrip ... ok
[INFO] [stdout] test merkle::tests::merkle_root_three_leaves_pads_to_four ... ok
[INFO] [stdout] test merkle::tests::merkle_root_empty ... ok
[INFO] [stdout] test merkle::tests::merkle_root_four_leaves ... ok
[INFO] [stdout] test pqc::tests::hybrid_dek_wrong_info_fails ... ok
[INFO] [stdout] test pqc::tests::hybrid_encrypt_no_recipients_fails ... ok
[INFO] [stdout] test pqc::tests::hybrid_signature_roundtrip ... ok
[INFO] [stdout] test pqc::tests::hybrid_dek_wrong_recipient_fails ... ok
[INFO] [stdout] test pqc::tests::hybrid_encrypt_duplicate_kids_fails ... ok
[INFO] [stdout] test pqc::tests::hybrid_encrypt_decrypt_roundtrip ... ok
[INFO] [stdout] test pqc::tests::hybrid_encrypt_multi_recipient_roundtrip ... ok
[INFO] [stdout] test hash::tests::payload_plain_hash_with_salt ... ok
[INFO] [stderr]      Running tests/cross_binding_vectors.rs (/opt/rustwide/target/release/build/stateset-crypto/b0ae29240b77bcfa/out/cross_binding_vectors-b0ae29240b77bcfa)
[INFO] [stdout] test pqc::tests::hybrid_signature_tampered_ed25519_fails ... ok
[INFO] [stderr] error: test failed, to rerun pass `--test cross_binding_vectors`
[INFO] [stdout] test pqc::tests::hybrid_pop_wrong_key_fails ... ok
[INFO] [stdout] test pqc::tests::hybrid_verify_empty_mldsa_public_key_fails ... ok
[INFO] [stdout] test pqc::tests::hybrid_receipt_sign_verify ... ok
[INFO] [stdout] test pqc::tests::hybrid_signature_wrong_public_key_fails ... ok
[INFO] [stdout] test pqc::tests::prepared_hybrid_verifier_roundtrip ... ok
[INFO] [stdout] test pqc::tests::prepared_hybrid_signer_roundtrip ... ok
[INFO] [stdout] test pqc::tests::prepared_hybrid_verifier_rejects_wrong_sig ... ok
[INFO] [stdout] test pqc::tests::hybrid_verify_empty_mldsa_signature_fails ... ok
[INFO] [stdout] test pqc::tests::hybrid_pop_roundtrip ... ok
[INFO] [stdout] test pqc::tests::prepared_strict_signer_multiple_messages ... ok
[INFO] [stdout] test pqc::tests::prepared_hybrid_signer_multiple_messages ... ok
[INFO] [stdout] test hash::tests::recipients_hash_sorts_by_kid ... ok
[INFO] [stdout] test merkle::tests::stream_id_deterministic ... ok
[INFO] [stdout] test pqc::tests::serde_roundtrip_hybrid_recipient_keypair ... ok
[INFO] [stdout] test pqc::tests::hybrid_signature_tampered_mldsa_fails ... ok
[INFO] [stdout] test pqc::tests::prepared_strict_signer_roundtrip ... ok
[INFO] [stdout] test pqc::tests::serde_roundtrip_hybrid_signature_bundle ... ok
[INFO] [stdout] test pqc::tests::serde_roundtrip_strict_recipient_keypair ... ok
[INFO] [stdout] test pqc::tests::strict_encrypt_decrypt_roundtrip ... ok
[INFO] [stdout] test pqc::tests::serde_roundtrip_hybrid_wrapped_dek ... ok
[INFO] [stdout] test pqc::tests::strict_encrypt_multi_recipient ... ok
[INFO] [stdout] test pqc::tests::strict_encrypt_no_recipients_fails ... ok
[INFO] [stdout] test pqc::tests::serde_roundtrip_hybrid_signing_keypair ... ok
[INFO] [stdout] test pqc::tests::strict_dek_wrap_unwrap_roundtrip ... ok
[INFO] [stdout] test pqc::tests::strict_dek_wrong_info_fails ... ok
[INFO] [stdout] test pqc::tests::strict_decrypt_wrong_recipient_fails ... ok
[INFO] [stdout] test pqc::tests::strict_dek_wrong_key_fails ... ok
[INFO] [stdout] test pqc::tests::strict_pop_roundtrip ... ok
[INFO] [stdout] test pqc::tests::strict_signature_empty_fails ... ok
[INFO] [stdout] test pqc::tests::serde_roundtrip_security_profile ... ok
[INFO] [stdout] test pqc::tests::serde_roundtrip_strict_signing_keypair ... ok
[INFO] [stdout] test pqc::tests::strict_encrypt_duplicate_kids_fails ... ok
[INFO] [stdout] test pqc::tests::test_vector_ml_dsa_public_key_deterministic ... ok
[INFO] [stdout] test sign::tests::verify_invalid_public_key_returns_false ... ok
[INFO] [stdout] test pqc::tests::test_vector_ml_kem_public_key_deterministic ... ok
[INFO] [stdout] test sign::tests::verify_wrong_key_fails ... ok
[INFO] [stdout] test pqc::tests::strict_pop_wrong_key_fails ... ok
[INFO] [stdout] test pqc::tests::strict_signature_wrong_key_fails ... ok
[INFO] [stdout] test sign::tests::verify_tampered_signature_fails ... ok
[INFO] [stdout] test sign::tests::sign_and_verify_roundtrip ... ok
[INFO] [stdout] test sign::tests::verify_wrong_hash_fails ... ok
[INFO] [stdout] test sign::tests::deterministic_signature ... ok
[INFO] [stdout] test sign::tests::signature_is_64_bytes ... ok
[INFO] [stdout] test pqc::tests::test_vector_strict_sign_deterministic_public_key ... ok
[INFO] [stdout] test pqc::tests::strict_receipt_sign_verify ... ok
[INFO] [stdout] test pqc::tests::strict_signature_truncated_fails ... ok
[INFO] [stdout] test pqc::tests::strict_signature_roundtrip ... ok
[INFO] [stdout] test pqc::tests::strict_signature_wrong_hash_fails ... ok
[INFO] [stdout] 
[INFO] [stdout] test result: ok. 133 passed; 0 failed; 0 ignored; 0 measured; 0 filtered out; finished in 0.21s
[INFO] [stdout] 
[INFO] [stdout] 
[INFO] [stdout] running 4 tests
[INFO] [stdout] test vector_file_is_present_and_versioned ... FAILED
[INFO] [stdout] test canonical_json_vectors_match_ground_truth ... FAILED
[INFO] [stdout] test payload_plain_hash_vectors_match_ground_truth ... FAILED
[INFO] [stdout] test merkle_root_vectors_match_ground_truth ... FAILED
[INFO] [stdout] 
[INFO] [stdout] failures:
[INFO] [stdout] 
[INFO] [stdout] ---- vector_file_is_present_and_versioned stdout ----
[INFO] [stdout] 
[INFO] [stdout] thread 'vector_file_is_present_and_versioned' (1885) panicked at tests/cross_binding_vectors.rs:82:52:
[INFO] [stdout] read /opt/rustwide/workdir/../../bindings/test-vectors/v1.json: No such file or directory (os error 2)
[INFO] [stdout] stack backtrace:
[INFO] [stdout]    0:     0x5ee22e2c0b91 - <<std[617be2ca0a6fd877]::sys::backtrace::BacktraceLock>::print::DisplayBacktrace as core[a373ad73a504971]::fmt::Display>::fmt
[INFO] [stdout]    1:     0x5ee22e2d52aa - core[a373ad73a504971]::fmt::write
[INFO] [stdout]    2:     0x5ee22e2c4dcc - <alloc[2e1b2a31b91974c5]::vec::Vec<u8> as core[a373ad73a504971]::io::write::Write>::write_fmt
[INFO] [stdout]    3:     0x5ee22e29cb36 - std[617be2ca0a6fd877]::panicking::default_hook::{closure#0}
[INFO] [stdout]    4:     0x5ee22e2b8ef9 - std[617be2ca0a6fd877]::panicking::default_hook
[INFO] [stdout]    5:     0x5ee22e247c50 - test[aada8e7e76ba119b]::test_main_inner::{closure#0}
[INFO] [stdout]    6:     0x5ee22e2b90b2 - std[617be2ca0a6fd877]::panicking::panic_with_hook
[INFO] [stdout]    7:     0x5ee22e29cbe2 - std[617be2ca0a6fd877]::panicking::panic_handler::{closure#0}
[INFO] [stdout]    8:     0x5ee22e295769 - std[617be2ca0a6fd877]::sys::backtrace::__rust_end_short_backtrace::<std[617be2ca0a6fd877]::panicking::panic_handler::{closure#0}, !>
[INFO] [stdout]    9:     0x5ee22e29d7ed - __rustc[ea4f61d10b84890b]::rust_begin_unwind
[INFO] [stdout]   10:     0x5ee22e2d59dc - core[a373ad73a504971]::panicking::panic_fmt
[INFO] [stdout]   11:     0x5ee22e239889 - cross_binding_vectors[62a7625ec5e710a9]::load_vectors::{closure#0}
[INFO] [stdout]   12:     0x5ee22e239d61 - cross_binding_vectors[62a7625ec5e710a9]::load_vectors
[INFO] [stdout]   13:     0x5ee22e23a120 - <cross_binding_vectors[62a7625ec5e710a9]::vector_file_is_present_and_versioned::{closure#0} as core[a373ad73a504971]::ops::function::FnOnce<()>>::call_once
[INFO] [stdout]   14:     0x5ee22e23b09b - test[aada8e7e76ba119b]::__rust_begin_short_backtrace::<core[a373ad73a504971]::result::Result<(), alloc[2e1b2a31b91974c5]::string::String>, fn() -> core[a373ad73a504971]::result::Result<(), alloc[2e1b2a31b91974c5]::string::String>>
[INFO] [stdout]   15:     0x5ee22e248275 - test[aada8e7e76ba119b]::run_test::{closure#0}
[INFO] [stdout]   16:     0x5ee22e241b64 - std[617be2ca0a6fd877]::sys::backtrace::__rust_begin_short_backtrace::<test[aada8e7e76ba119b]::run_test::{closure#1}, ()>
[INFO] [stdout]   17:     0x5ee22e24b302 - <std[617be2ca0a6fd877]::thread::lifecycle::spawn_unchecked<test[aada8e7e76ba119b]::run_test::{closure#1}, ()>::{closure#1} as core[a373ad73a504971]::ops::function::FnOnce<()>>::call_once::{shim:vtable#0}
[INFO] [stdout]   18:     0x5ee22e2c00df - <std[617be2ca0a6fd877]::sys::thread::unix::Thread>::new::thread_start
[INFO] [stdout]   19:     0x7d440fdbbdfa - <unknown>
[INFO] [stdout]   20:     0x7d440fe4f3d4 - clone
[INFO] [stdout]   21:                0x0 - <unknown>
[INFO] [stdout] 
[INFO] [stdout] ---- canonical_json_vectors_match_ground_truth stdout ----
[INFO] [stdout] 
[INFO] [stdout] thread 'canonical_json_vectors_match_ground_truth' (1882) panicked at tests/cross_binding_vectors.rs:82:52:
[INFO] [stdout] read /opt/rustwide/workdir/../../bindings/test-vectors/v1.json: No such file or directory (os error 2)
[INFO] [stdout] stack backtrace:
[INFO] [stdout]    0:     0x5ee22e2c0b91 - <<std[617be2ca0a6fd877]::sys::backtrace::BacktraceLock>::print::DisplayBacktrace as core[a373ad73a504971]::fmt::Display>::fmt
[INFO] [stdout]    1:     0x5ee22e2d52aa - core[a373ad73a504971]::fmt::write
[INFO] [stdout]    2:     0x5ee22e2c4dcc - <alloc[2e1b2a31b91974c5]::vec::Vec<u8> as core[a373ad73a504971]::io::write::Write>::write_fmt
[INFO] [stdout]    3:     0x5ee22e29cb36 - std[617be2ca0a6fd877]::panicking::default_hook::{closure#0}
[INFO] [stdout]    4:     0x5ee22e2b8ef9 - std[617be2ca0a6fd877]::panicking::default_hook
[INFO] [stdout]    5:     0x5ee22e247c50 - test[aada8e7e76ba119b]::test_main_inner::{closure#0}
[INFO] [stdout]    6:     0x5ee22e2b90b2 - std[617be2ca0a6fd877]::panicking::panic_with_hook
[INFO] [stdout]    7:     0x5ee22e29cbe2 - std[617be2ca0a6fd877]::panicking::panic_handler::{closure#0}
[INFO] [stdout]    8:     0x5ee22e295769 - std[617be2ca0a6fd877]::sys::backtrace::__rust_end_short_backtrace::<std[617be2ca0a6fd877]::panicking::panic_handler::{closure#0}, !>
[INFO] [stdout]    9:     0x5ee22e29d7ed - __rustc[ea4f61d10b84890b]::rust_begin_unwind
[INFO] [stdout]   10:     0x5ee22e2d59dc - core[a373ad73a504971]::panicking::panic_fmt
[INFO] [stdout]   11:     0x5ee22e239889 - cross_binding_vectors[62a7625ec5e710a9]::load_vectors::{closure#0}
[INFO] [stdout]   12:     0x5ee22e239d61 - cross_binding_vectors[62a7625ec5e710a9]::load_vectors
[INFO] [stdout]   13:     0x5ee22e23a5b1 - <cross_binding_vectors[62a7625ec5e710a9]::canonical_json_vectors_match_ground_truth::{closure#0} as core[a373ad73a504971]::ops::function::FnOnce<()>>::call_once
[INFO] [stdout]   14:     0x5ee22e23b09b - test[aada8e7e76ba119b]::__rust_begin_short_backtrace::<core[a373ad73a504971]::result::Result<(), alloc[2e1b2a31b91974c5]::string::String>, fn() -> core[a373ad73a504971]::result::Result<(), alloc[2e1b2a31b91974c5]::string::String>>
[INFO] [stdout]   15:     0x5ee22e248275 - test[aada8e7e76ba119b]::run_test::{closure#0}
[INFO] [stdout]   16:     0x5ee22e241b64 - std[617be2ca0a6fd877]::sys::backtrace::__rust_begin_short_backtrace::<test[aada8e7e76ba119b]::run_test::{closure#1}, ()>
[INFO] [stdout]   17:     0x5ee22e24b302 - <std[617be2ca0a6fd877]::thread::lifecycle::spawn_unchecked<test[aada8e7e76ba119b]::run_test::{closure#1}, ()>::{closure#1} as core[a373ad73a504971]::ops::function::FnOnce<()>>::call_once::{shim:vtable#0}
[INFO] [stdout]   18:     0x5ee22e2c00df - <std[617be2ca0a6fd877]::sys::thread::unix::Thread>::new::thread_start
[INFO] [stdout]   19:     0x7d440fdbbdfa - <unknown>
[INFO] [stdout]   20:     0x7d440fe4f3d4 - clone
[INFO] [stdout]   21:                0x0 - <unknown>
[INFO] [stdout] 
[INFO] [stdout] ---- payload_plain_hash_vectors_match_ground_truth stdout ----
[INFO] [stdout] 
[INFO] [stdout] thread 'payload_plain_hash_vectors_match_ground_truth' (1884) panicked at tests/cross_binding_vectors.rs:82:52:
[INFO] [stdout] read /opt/rustwide/workdir/../../bindings/test-vectors/v1.json: No such file or directory (os error 2)
[INFO] [stdout] stack backtrace:
[INFO] [stdout]    0:     0x5ee22e2c0b91 - <<std[617be2ca0a6fd877]::sys::backtrace::BacktraceLock>::print::DisplayBacktrace as core[a373ad73a504971]::fmt::Display>::fmt
[INFO] [stdout]    1:     0x5ee22e2d52aa - core[a373ad73a504971]::fmt::write
[INFO] [stdout]    2:     0x5ee22e2c4dcc - <alloc[2e1b2a31b91974c5]::vec::Vec<u8> as core[a373ad73a504971]::io::write::Write>::write_fmt
[INFO] [stdout]    3:     0x5ee22e29cb36 - std[617be2ca0a6fd877]::panicking::default_hook::{closure#0}
[INFO] [stdout]    4:     0x5ee22e2b8ef9 - std[617be2ca0a6fd877]::panicking::default_hook
[INFO] [stdout]    5:     0x5ee22e247c50 - test[aada8e7e76ba119b]::test_main_inner::{closure#0}
[INFO] [stdout]    6:     0x5ee22e2b90b2 - std[617be2ca0a6fd877]::panicking::panic_with_hook
[INFO] [stdout]    7:     0x5ee22e29cbe2 - std[617be2ca0a6fd877]::panicking::panic_handler::{closure#0}
[INFO] [stdout]    8:     0x5ee22e295769 - std[617be2ca0a6fd877]::sys::backtrace::__rust_end_short_backtrace::<std[617be2ca0a6fd877]::panicking::panic_handler::{closure#0}, !>
[INFO] [stdout]    9:     0x5ee22e29d7ed - __rustc[ea4f61d10b84890b]::rust_begin_unwind
[INFO] [stdout]   10:     0x5ee22e2d59dc - core[a373ad73a504971]::panicking::panic_fmt
[INFO] [stdout]   11:     0x5ee22e239889 - cross_binding_vectors[62a7625ec5e710a9]::load_vectors::{closure#0}
[INFO] [stdout]   12:     0x5ee22e239d61 - cross_binding_vectors[62a7625ec5e710a9]::load_vectors
[INFO] [stdout]   13:     0x5ee22e23abf1 - <cross_binding_vectors[62a7625ec5e710a9]::payload_plain_hash_vectors_match_ground_truth::{closure#0} as core[a373ad73a504971]::ops::function::FnOnce<()>>::call_once
[INFO] [stdout]   14:     0x5ee22e23b09b - test[aada8e7e76ba119b]::__rust_begin_short_backtrace::<core[a373ad73a504971]::result::Result<(), alloc[2e1b2a31b91974c5]::string::String>, fn() -> core[a373ad73a504971]::result::Result<(), alloc[2e1b2a31b91974c5]::string::String>>
[INFO] [stdout]   15:     0x5ee22e248275 - test[aada8e7e76ba119b]::run_test::{closure#0}
[INFO] [stdout]   16:     0x5ee22e241b64 - std[617be2ca0a6fd877]::sys::backtrace::__rust_begin_short_backtrace::<test[aada8e7e76ba119b]::run_test::{closure#1}, ()>
[INFO] [stdout]   17:     0x5ee22e24b302 - <std[617be2ca0a6fd877]::thread::lifecycle::spawn_unchecked<test[aada8e7e76ba119b]::run_test::{closure#1}, ()>::{closure#1} as core[a373ad73a504971]::ops::function::FnOnce<()>>::call_once::{shim:vtable#0}
[INFO] [stdout]   18:     0x5ee22e2c00df - <std[617be2ca0a6fd877]::sys::thread::unix::Thread>::new::thread_start
[INFO] [stdout]   19:     0x7d440fdbbdfa - <unknown>
[INFO] [stdout]   20:     0x7d440fe4f3d4 - clone
[INFO] [stdout]   21:                0x0 - <unknown>
[INFO] [stdout] 
[INFO] [stdout] ---- merkle_root_vectors_match_ground_truth stdout ----
[INFO] [stdout] 
[INFO] [stdout] thread 'merkle_root_vectors_match_ground_truth' (1883) panicked at tests/cross_binding_vectors.rs:82:52:
[INFO] [stdout] read /opt/rustwide/workdir/../../bindings/test-vectors/v1.json: No such file or directory (os error 2)
[INFO] [stdout] stack backtrace:
[INFO] [stdout]    0:     0x5ee22e2c0b91 - <<std[617be2ca0a6fd877]::sys::backtrace::BacktraceLock>::print::DisplayBacktrace as core[a373ad73a504971]::fmt::Display>::fmt
[INFO] [stdout]    1:     0x5ee22e2d52aa - core[a373ad73a504971]::fmt::write
[INFO] [stdout]    2:     0x5ee22e2c4dcc - <alloc[2e1b2a31b91974c5]::vec::Vec<u8> as core[a373ad73a504971]::io::write::Write>::write_fmt
[INFO] [stdout]    3:     0x5ee22e29cb36 - std[617be2ca0a6fd877]::panicking::default_hook::{closure#0}
[INFO] [stdout]    4:     0x5ee22e2b8ef9 - std[617be2ca0a6fd877]::panicking::default_hook
[INFO] [stdout]    5:     0x5ee22e247c50 - test[aada8e7e76ba119b]::test_main_inner::{closure#0}
[INFO] [stdout]    6:     0x5ee22e2b90b2 - std[617be2ca0a6fd877]::panicking::panic_with_hook
[INFO] [stdout]    7:     0x5ee22e29cbe2 - std[617be2ca0a6fd877]::panicking::panic_handler::{closure#0}
[INFO] [stdout]    8:     0x5ee22e295769 - std[617be2ca0a6fd877]::sys::backtrace::__rust_end_short_backtrace::<std[617be2ca0a6fd877]::panicking::panic_handler::{closure#0}, !>
[INFO] [stdout]    9:     0x5ee22e29d7ed - __rustc[ea4f61d10b84890b]::rust_begin_unwind
[INFO] [stdout]   10:     0x5ee22e2d59dc - core[a373ad73a504971]::panicking::panic_fmt
[INFO] [stdout]   11:     0x5ee22e239889 - cross_binding_vectors[62a7625ec5e710a9]::load_vectors::{closure#0}
[INFO] [stdout]   12:     0x5ee22e239d61 - cross_binding_vectors[62a7625ec5e710a9]::load_vectors
[INFO] [stdout]   13:     0x5ee22e23a1b1 - <cross_binding_vectors[62a7625ec5e710a9]::merkle_root_vectors_match_ground_truth::{closure#0} as core[a373ad73a504971]::ops::function::FnOnce<()>>::call_once
[INFO] [stdout]   14:     0x5ee22e23b09b - test[aada8e7e76ba119b]::__rust_begin_short_backtrace::<core[a373ad73a504971]::result::Result<(), alloc[2e1b2a31b91974c5]::string::String>, fn() -> core[a373ad73a504971]::result::Result<(), alloc[2e1b2a31b91974c5]::string::String>>
[INFO] [stdout]   15:     0x5ee22e248275 - test[aada8e7e76ba119b]::run_test::{closure#0}
[INFO] [stdout]   16:     0x5ee22e241b64 - std[617be2ca0a6fd877]::sys::backtrace::__rust_begin_short_backtrace::<test[aada8e7e76ba119b]::run_test::{closure#1}, ()>
[INFO] [stdout]   17:     0x5ee22e24b302 - <std[617be2ca0a6fd877]::thread::lifecycle::spawn_unchecked<test[aada8e7e76ba119b]::run_test::{closure#1}, ()>::{closure#1} as core[a373ad73a504971]::ops::function::FnOnce<()>>::call_once::{shim:vtable#0}
[INFO] [stdout]   18:     0x5ee22e2c00df - <std[617be2ca0a6fd877]::sys::thread::unix::Thread>::new::thread_start
[INFO] [stdout]   19:     0x7d440fdbbdfa - <unknown>
[INFO] [stdout]   20:     0x7d440fe4f3d4 - clone
[INFO] [stdout]   21:                0x0 - <unknown>
[INFO] [stdout] 
[INFO] [stdout] 
[INFO] [stdout] failures:
[INFO] [stdout]     canonical_json_vectors_match_ground_truth
[INFO] [stdout]     merkle_root_vectors_match_ground_truth
[INFO] [stdout]     payload_plain_hash_vectors_match_ground_truth
[INFO] [stdout]     vector_file_is_present_and_versioned
[INFO] [stdout] 
[INFO] [stdout] test result: FAILED. 0 passed; 4 failed; 0 ignored; 0 measured; 0 filtered out; finished in 0.02s
[INFO] [stdout] 
[INFO] running `Command { std: "docker" "inspect" "62292d29fcba1802a37b191d7240907f7a2f63c887224c6d4448096fb0246d17", kill_on_drop: false }`
[INFO] running `Command { std: "docker" "rm" "-f" "62292d29fcba1802a37b191d7240907f7a2f63c887224c6d4448096fb0246d17", kill_on_drop: false }`
[INFO] [stdout] 62292d29fcba1802a37b191d7240907f7a2f63c887224c6d4448096fb0246d17
