[INFO] fetching crate statecraft-fsm-macros 0.2.0...
[INFO] testing statecraft-fsm-macros-0.2.0 against 1.99.0-beta.8+cargoflags=--release for beta-release-1.100-2
[INFO] extracting crate statecraft-fsm-macros 0.2.0 into /workspace/builds/worker-0-tc1/source
[INFO] started tweaking crates.io crate statecraft-fsm-macros 0.2.0
[INFO] removed 0 missing tests
[INFO] finished tweaking crates.io crate statecraft-fsm-macros 0.2.0
[INFO] tweaked toml for crates.io crate statecraft-fsm-macros 0.2.0 written to /workspace/builds/worker-0-tc1/source/Cargo.toml
[INFO] validating manifest of crates.io crate statecraft-fsm-macros 0.2.0 on toolchain 1.99.0-beta.8
[INFO] running `Command { std: CARGO_HOME="/workspace/cargo-home" RUSTUP_HOME="/workspace/rustup-home" "/workspace/cargo-home/bin/cargo" "+1.99.0-beta.8" "metadata" "--manifest-path" "Cargo.toml" "--no-deps", kill_on_drop: false }`
[INFO] crate crates.io crate statecraft-fsm-macros 0.2.0 already has a lockfile, it will not be regenerated
[INFO] running `Command { std: CARGO_HOME="/workspace/cargo-home" RUSTUP_HOME="/workspace/rustup-home" "/workspace/cargo-home/bin/cargo" "+1.99.0-beta.8" "fetch" "--manifest-path" "Cargo.toml", kill_on_drop: false }`
[INFO] [stderr]  Downloading crates ...
[INFO] [stderr]   Downloaded trybuild v1.0.118
[INFO] running `Command { std: "docker" "create" "-v" "/var/lib/crater-agent-workspace/builds/worker-0-tc1/source:/opt/rustwide/workdir:ro,Z" "-v" "/var/lib/crater-agent-workspace/builds/worker-0-tc1/target:/opt/rustwide/target:rw,Z" "-v" "/var/lib/crater-agent-workspace/cargo-home:/opt/rustwide/cargo-home:ro,Z" "-v" "/var/lib/crater-agent-workspace/rustup-home:/opt/rustwide/rustup-home:ro,Z" "-m" "1610612736" "--network" "none" "ghcr.io/rust-lang/crates-build-env/linux@sha256:77db811e55d90add9212f6832c23229e3de5f1c1f9905e8cb07319ea15df73ac" "sleep" "infinity", kill_on_drop: false }`
[INFO] [stdout] 7f4053744a08a7af683c3c978e31971a39a2506dcf2bb4c17e6a50ce530d4b29
[INFO] running `Command { std: "docker" "start" "7f4053744a08a7af683c3c978e31971a39a2506dcf2bb4c17e6a50ce530d4b29", kill_on_drop: false }`
[INFO] running `Command { std: "docker" "inspect" "7f4053744a08a7af683c3c978e31971a39a2506dcf2bb4c17e6a50ce530d4b29", kill_on_drop: false }`
[INFO] running `Command { std: "docker" "exec" "-e" "SOURCE_DIR=/opt/rustwide/workdir" "-e" "CARGO_HOME=/opt/rustwide/cargo-home" "-e" "RUSTUP_HOME=/opt/rustwide/rustup-home" "-e" "CARGO_TARGET_DIR=/opt/rustwide/target" "-w" "/opt/rustwide/workdir" "--user" "0:0" "7f4053744a08a7af683c3c978e31971a39a2506dcf2bb4c17e6a50ce530d4b29" "/opt/rustwide/cargo-home/bin/cargo" "+1.99.0-beta.8" "metadata" "--no-deps" "--format-version=1", kill_on_drop: false }`
[INFO] running `Command { std: "docker" "inspect" "7f4053744a08a7af683c3c978e31971a39a2506dcf2bb4c17e6a50ce530d4b29", kill_on_drop: false }`
[INFO] running `Command { std: "docker" "exec" "-e" "SOURCE_DIR=/opt/rustwide/workdir" "-e" "CARGO_HOME=/opt/rustwide/cargo-home" "-e" "RUSTUP_HOME=/opt/rustwide/rustup-home" "-e" "CARGO_TARGET_DIR=/opt/rustwide/target" "-e" "CARGO_INCREMENTAL=0" "-e" "RUST_BACKTRACE=full" "-e" "RUSTFLAGS=--cap-lints=warn" "-e" "RUSTDOCFLAGS=--cap-lints=warn" "-w" "/opt/rustwide/workdir" "--user" "0:0" "7f4053744a08a7af683c3c978e31971a39a2506dcf2bb4c17e6a50ce530d4b29" "/opt/rustwide/cargo-home/bin/cargo" "+1.99.0-beta.8" "build" "--frozen" "--message-format=json" "--release", kill_on_drop: false }`
[INFO] [stderr]    Compiling syn v2.0.118
[INFO] [stderr]    Compiling statecraft-fsm-macros v0.2.0 (/opt/rustwide/workdir)
[INFO] [stderr]     Finished `release` profile [optimized] target(s) in 7.30s
[INFO] running `Command { std: "docker" "inspect" "7f4053744a08a7af683c3c978e31971a39a2506dcf2bb4c17e6a50ce530d4b29", kill_on_drop: false }`
[INFO] running `Command { std: "docker" "exec" "-e" "SOURCE_DIR=/opt/rustwide/workdir" "-e" "CARGO_HOME=/opt/rustwide/cargo-home" "-e" "RUSTUP_HOME=/opt/rustwide/rustup-home" "-e" "CARGO_TARGET_DIR=/opt/rustwide/target" "-e" "CARGO_INCREMENTAL=0" "-e" "RUST_BACKTRACE=full" "-e" "RUSTFLAGS=--cap-lints=warn" "-e" "RUSTDOCFLAGS=--cap-lints=warn" "-w" "/opt/rustwide/workdir" "--user" "0:0" "7f4053744a08a7af683c3c978e31971a39a2506dcf2bb4c17e6a50ce530d4b29" "/opt/rustwide/cargo-home/bin/cargo" "+1.99.0-beta.8" "test" "--frozen" "--no-run" "--message-format=json" "--release", kill_on_drop: false }`
[INFO] [stderr]    Compiling libc v0.2.186
[INFO] [stderr]    Compiling target-triple v1.0.0
[INFO] [stderr]    Compiling winnow v1.0.3
[INFO] [stderr]    Compiling smallvec v1.15.2
[INFO] [stderr]    Compiling scopeguard v1.2.0
[INFO] [stderr]    Compiling parking_lot_core v0.9.12
[INFO] [stderr]    Compiling serde v1.0.228
[INFO] [stderr]    Compiling serde_json v1.0.150
[INFO] [stderr]    Compiling proc-macro2 v1.0.106
[INFO] [stderr]    Compiling toml_writer v1.1.1+spec-1.1.0
[INFO] [stderr]    Compiling toml_datetime v1.1.1+spec-1.1.0
[INFO] [stderr]    Compiling serde_spanned v1.1.1
[INFO] [stderr]    Compiling tokio-macros v2.7.0
[INFO] [stderr]    Compiling serde_derive v1.0.228
[INFO] [stderr]    Compiling lock_api v0.4.14
[INFO] [stderr]    Compiling errno v0.3.14
[INFO] [stderr]    Compiling quote v1.0.46
[INFO] [stderr]    Compiling bytes v1.12.0
[INFO] [stderr]    Compiling glob v0.3.3
[INFO] [stderr]    Compiling termcolor v1.4.1
[INFO] [stderr]    Compiling pin-project-lite v0.2.17
[INFO] [stderr]    Compiling signal-hook-registry v1.4.8
[INFO] [stderr]    Compiling toml_parser v1.1.2+spec-1.1.0
[INFO] [stderr]    Compiling statecraft-fsm-macros v0.2.0 (/opt/rustwide/workdir)
[INFO] [stderr]    Compiling mio v1.2.1
[INFO] [stderr]    Compiling socket2 v0.6.4
[INFO] [stderr]    Compiling parking_lot v0.12.5
[INFO] [stderr]    Compiling toml v1.1.2+spec-1.1.0
[INFO] [stderr]    Compiling syn v2.0.118
[INFO] [stderr]    Compiling tokio v1.52.3
[INFO] [stderr]    Compiling trybuild v1.0.118
[INFO] [stderr]     Finished `release` profile [optimized] target(s) in 43.87s
[INFO] running `Command { std: "docker" "inspect" "7f4053744a08a7af683c3c978e31971a39a2506dcf2bb4c17e6a50ce530d4b29", kill_on_drop: false }`
[INFO] running `Command { std: "docker" "exec" "-e" "SOURCE_DIR=/opt/rustwide/workdir" "-e" "CARGO_HOME=/opt/rustwide/cargo-home" "-e" "RUSTUP_HOME=/opt/rustwide/rustup-home" "-e" "CARGO_TARGET_DIR=/opt/rustwide/target" "-e" "CARGO_INCREMENTAL=0" "-e" "RUST_BACKTRACE=full" "-e" "RUSTFLAGS=--cap-lints=warn" "-e" "RUSTDOCFLAGS=--cap-lints=warn" "-w" "/opt/rustwide/workdir" "--user" "0:0" "7f4053744a08a7af683c3c978e31971a39a2506dcf2bb4c17e6a50ce530d4b29" "/opt/rustwide/cargo-home/bin/cargo" "+1.99.0-beta.8" "test" "--frozen" "--release", kill_on_drop: false }`
[INFO] [stderr]     Finished `release` profile [optimized] target(s) in 0.10s
[INFO] [stdout] 
[INFO] [stderr]      Running unittests src/lib.rs (/opt/rustwide/target/release/deps/statecraft_fsm_macros-aa68318d15550dee)
[INFO] [stdout] running 0 tests
[INFO] [stderr]      Running tests/trybuild.rs (/opt/rustwide/target/release/deps/trybuild-2ace42ae10d030fd)
[INFO] [stdout] 
[INFO] [stdout] test result: ok. 0 passed; 0 failed; 0 ignored; 0 measured; 0 filtered out; finished in 0.00s
[INFO] [stdout] 
[INFO] [stdout] 
[INFO] [stdout] running 1 test
[INFO] [stderr]    Compiling proc-macro2 v1.0.106
[INFO] [stderr]    Compiling quote v1.0.46
[INFO] [stderr]    Compiling libc v0.2.186
[INFO] [stderr]    Compiling unicode-ident v1.0.24
[INFO] [stderr]    Compiling parking_lot_core v0.9.12
[INFO] [stderr]    Compiling scopeguard v1.2.0
[INFO] [stderr]    Compiling cfg-if v1.0.4
[INFO] [stderr]    Compiling smallvec v1.15.2
[INFO] [stderr]    Compiling pin-project-lite v0.2.17
[INFO] [stderr]    Compiling bytes v1.12.0
[INFO] [stderr]    Compiling lock_api v0.4.14
[INFO] [stderr]    Compiling syn v2.0.118
[INFO] [stderr]    Compiling errno v0.3.14
[INFO] [stderr]    Compiling socket2 v0.6.4
[INFO] [stderr]    Compiling mio v1.2.1
[INFO] [stderr]    Compiling parking_lot v0.12.5
[INFO] [stderr]    Compiling signal-hook-registry v1.4.8
[INFO] [stderr]    Compiling tokio-macros v2.7.0
[INFO] [stderr]    Compiling statecraft-fsm-macros v0.2.0 (/opt/rustwide/workdir)
[INFO] [stderr]    Compiling tokio v1.52.3
[INFO] [stderr]    Compiling statecraft-fsm-macros-tests v0.0.0 (/opt/rustwide/target/tests/trybuild/statecraft-fsm-macros)
[INFO] [stderr]     Finished `dev` profile [unoptimized + debuginfo] target(s) in 17.37s
[INFO] [stderr] 
[INFO] [stderr] 
[INFO] [stderr] test tests/pass/branching.rs [should pass] ... error
[INFO] [stderr] ┈┈┈┈┈┈┈┈┈┈┈┈┈┈┈┈┈┈┈┈┈┈┈┈┈┈┈┈┈┈┈┈┈┈┈┈┈┈┈┈┈┈┈┈┈┈┈┈┈┈┈┈┈┈┈┈┈┈┈┈
[INFO] [stderr] error[E0432]: unresolved import `statecraft_fsm`
[INFO] [stderr]  --> tests/pass/branching.rs:2:5
[INFO] [stderr]   |
[INFO] [stderr] 2 | use statecraft_fsm::fsm;
[INFO] [stderr]   |     ^^^^^^^^^^^^^^ use of unresolved module or unlinked crate `statecraft_fsm`
[INFO] [stderr]   |
[INFO] [stderr]   = help: if you wanted to use a crate named `statecraft_fsm`, use `cargo add statecraft_fsm` to add it to your `Cargo.toml`
[INFO] [stderr] 
[INFO] [stderr] error: cannot find attribute `on` in this scope
[INFO] [stderr]   --> tests/pass/branching.rs:13:7
[INFO] [stderr]    |
[INFO] [stderr] 13 |     #[on(state = Idle, event = Start, next = Running)]
[INFO] [stderr]    |       ^^
[INFO] [stderr] 
[INFO] [stderr] error: cannot find attribute `on` in this scope
[INFO] [stderr]   --> tests/pass/branching.rs:18:7
[INFO] [stderr]    |
[INFO] [stderr] 18 |     #[on(state = Running, event = Check, next = [Running, Done])]
[INFO] [stderr]    |       ^^
[INFO] [stderr] 
[INFO] [stderr] error[E0425]: cannot find type `Machine` in this scope
[INFO] [stderr]   --> tests/pass/branching.rs:10:6
[INFO] [stderr]    |
[INFO] [stderr] 10 | impl Machine {
[INFO] [stderr]    |      ^^^^^^^ not found in this scope
[INFO] [stderr] 
[INFO] [stderr] error[E0425]: cannot find type `RunningCheckNext` in this scope
[INFO] [stderr]   --> tests/pass/branching.rs:19:37
[INFO] [stderr]    |
[INFO] [stderr] 19 |     async fn on_check(&mut self) -> RunningCheckNext {
[INFO] [stderr]    |                                     ^^^^^^^^^^^^^^^^ not found in this scope
[INFO] [stderr] 
[INFO] [stderr] error[E0658]: inherent associated types are unstable
[INFO] [stderr]   --> tests/pass/branching.rs:11:5
[INFO] [stderr]    |
[INFO] [stderr] 11 |     type Context = Counter;
[INFO] [stderr]    |     ^^^^^^^^^^^^^^^^^^^^^^^
[INFO] [stderr]    |
[INFO] [stderr]    = note: see issue #8995 <https://github.com/rust-lang/rust/issues/8995> for more information
[INFO] [stderr] 
[INFO] [stderr] error[E0433]: cannot find type `RunningCheckNext` in this scope
[INFO] [stderr]   --> tests/pass/branching.rs:21:13
[INFO] [stderr]    |
[INFO] [stderr] 21 |             RunningCheckNext::Done
[INFO] [stderr]    |             ^^^^^^^^^^^^^^^^ use of undeclared type `RunningCheckNext`
[INFO] [stderr] 
[INFO] [stderr] error[E0433]: cannot find type `RunningCheckNext` in this scope
[INFO] [stderr]   --> tests/pass/branching.rs:24:13
[INFO] [stderr]    |
[INFO] [stderr] 24 |             RunningCheckNext::Running
[INFO] [stderr]    |             ^^^^^^^^^^^^^^^^ use of undeclared type `RunningCheckNext`
[INFO] [stderr] ┈┈┈┈┈┈┈┈┈┈┈┈┈┈┈┈┈┈┈┈┈┈┈┈┈┈┈┈┈┈┈┈┈┈┈┈┈┈┈┈┈┈┈┈┈┈┈┈┈┈┈┈┈┈┈┈┈┈┈┈
[INFO] [stderr] 
[INFO] [stderr] test tests/pass/fallible.rs [should pass] ... error
[INFO] [stderr] ┈┈┈┈┈┈┈┈┈┈┈┈┈┈┈┈┈┈┈┈┈┈┈┈┈┈┈┈┈┈┈┈┈┈┈┈┈┈┈┈┈┈┈┈┈┈┈┈┈┈┈┈┈┈┈┈┈┈┈┈
[INFO] [stderr] error[E0432]: unresolved import `statecraft_fsm`
[INFO] [stderr]  --> tests/pass/fallible.rs:3:5
[INFO] [stderr]   |
[INFO] [stderr] 3 | use statecraft_fsm::fsm;
[INFO] [stderr]   |     ^^^^^^^^^^^^^^ use of unresolved module or unlinked crate `statecraft_fsm`
[INFO] [stderr]   |
[INFO] [stderr]   = help: if you wanted to use a crate named `statecraft_fsm`, use `cargo add statecraft_fsm` to add it to your `Cargo.toml`
[INFO] [stderr] 
[INFO] [stderr] error: cannot find attribute `on` in this scope
[INFO] [stderr]   --> tests/pass/fallible.rs:18:7
[INFO] [stderr]    |
[INFO] [stderr] 18 |     #[on(state = Idle, event = Start, next = Running)]
[INFO] [stderr]    |       ^^
[INFO] [stderr] 
[INFO] [stderr] error: cannot find attribute `on` in this scope
[INFO] [stderr]   --> tests/pass/fallible.rs:24:7
[INFO] [stderr]    |
[INFO] [stderr] 24 |     #[on(state = Running, event = Check, next = [Running, Done])]
[INFO] [stderr]    |       ^^
[INFO] [stderr] 
[INFO] [stderr] error[E0425]: cannot find type `Machine` in this scope
[INFO] [stderr]   --> tests/pass/fallible.rs:14:6
[INFO] [stderr]    |
[INFO] [stderr] 14 | impl Machine {
[INFO] [stderr]    |      ^^^^^^^ not found in this scope
[INFO] [stderr] 
[INFO] [stderr] error[E0425]: cannot find type `RunningCheckNext` in this scope
[INFO] [stderr]   --> tests/pass/fallible.rs:25:44
[INFO] [stderr]    |
[INFO] [stderr] 25 |     async fn on_check(&mut self) -> Result<RunningCheckNext, Boom> {
[INFO] [stderr]    |                                            ^^^^^^^^^^^^^^^^ not found in this scope
[INFO] [stderr]    |
[INFO] [stderr] help: you might be missing a type parameter
[INFO] [stderr]    |
[INFO] [stderr] 14 | impl<RunningCheckNext> Machine {
[INFO] [stderr]    |     ++++++++++++++++++
[INFO] [stderr] 
[INFO] [stderr] error[E0658]: inherent associated types are unstable
[INFO] [stderr]   --> tests/pass/fallible.rs:15:5
[INFO] [stderr]    |
[INFO] [stderr] 15 |     type Context = Counter;
[INFO] [stderr]    |     ^^^^^^^^^^^^^^^^^^^^^^^
[INFO] [stderr]    |
[INFO] [stderr]    = note: see issue #8995 <https://github.com/rust-lang/rust/issues/8995> for more information
[INFO] [stderr] 
[INFO] [stderr] error[E0658]: inherent associated types are unstable
[INFO] [stderr]   --> tests/pass/fallible.rs:16:5
[INFO] [stderr]    |
[INFO] [stderr] 16 |     type Error = Boom;
[INFO] [stderr]    |     ^^^^^^^^^^^^^^^^^^
[INFO] [stderr]    |
[INFO] [stderr]    = note: see issue #8995 <https://github.com/rust-lang/rust/issues/8995> for more information
[INFO] [stderr] 
[INFO] [stderr] error[E0433]: cannot find type `RunningCheckNext` in this scope
[INFO] [stderr]   --> tests/pass/fallible.rs:26:12
[INFO] [stderr]    |
[INFO] [stderr] 26 |         Ok(RunningCheckNext::Done)
[INFO] [stderr]    |            ^^^^^^^^^^^^^^^^ use of undeclared type `RunningCheckNext`
[INFO] [stderr] ┈┈┈┈┈┈┈┈┈┈┈┈┈┈┈┈┈┈┈┈┈┈┈┈┈┈┈┈┈┈┈┈┈┈┈┈┈┈┈┈┈┈┈┈┈┈┈┈┈┈┈┈┈┈┈┈┈┈┈┈
[INFO] [stderr] 
[INFO] [stderr] test tests/pass/payload.rs [should pass] ... error
[INFO] [stderr] ┈┈┈┈┈┈┈┈┈┈┈┈┈┈┈┈┈┈┈┈┈┈┈┈┈┈┈┈┈┈┈┈┈┈┈┈┈┈┈┈┈┈┈┈┈┈┈┈┈┈┈┈┈┈┈┈┈┈┈┈
[INFO] [stderr] error[E0432]: unresolved import `statecraft_fsm`
[INFO] [stderr]  --> tests/pass/payload.rs:2:5
[INFO] [stderr]   |
[INFO] [stderr] 2 | use statecraft_fsm::fsm;
[INFO] [stderr]   |     ^^^^^^^^^^^^^^ use of unresolved module or unlinked crate `statecraft_fsm`
[INFO] [stderr]   |
[INFO] [stderr]   = help: if you wanted to use a crate named `statecraft_fsm`, use `cargo add statecraft_fsm` to add it to your `Cargo.toml`
[INFO] [stderr] 
[INFO] [stderr] error: cannot find attribute `on` in this scope
[INFO] [stderr]   --> tests/pass/payload.rs:13:7
[INFO] [stderr]    |
[INFO] [stderr] 13 |     #[on(state = Idle, event = Add(Order), next = Idle)]
[INFO] [stderr]    |       ^^
[INFO] [stderr] 
[INFO] [stderr] error[E0425]: cannot find type `Shop` in this scope
[INFO] [stderr]   --> tests/pass/payload.rs:10:6
[INFO] [stderr]    |
[INFO] [stderr] 10 | impl Shop {
[INFO] [stderr]    |      ^^^^ not found in this scope
[INFO] [stderr] 
[INFO] [stderr] error[E0658]: inherent associated types are unstable
[INFO] [stderr]   --> tests/pass/payload.rs:11:5
[INFO] [stderr]    |
[INFO] [stderr] 11 |     type Context = ();
[INFO] [stderr]    |     ^^^^^^^^^^^^^^^^^^
[INFO] [stderr]    |
[INFO] [stderr]    = note: see issue #8995 <https://github.com/rust-lang/rust/issues/8995> for more information
[INFO] [stderr] ┈┈┈┈┈┈┈┈┈┈┈┈┈┈┈┈┈┈┈┈┈┈┈┈┈┈┈┈┈┈┈┈┈┈┈┈┈┈┈┈┈┈┈┈┈┈┈┈┈┈┈┈┈┈┈┈┈┈┈┈
[INFO] [stderr] 
[INFO] [stderr] test tests/ui/emit_is_private.rs [should fail to compile] ... mismatch
[INFO] [stderr] 
[INFO] [stderr] EXPECTED:
[INFO] [stderr] ┈┈┈┈┈┈┈┈┈┈┈┈┈┈┈┈┈┈┈┈┈┈┈┈┈┈┈┈┈┈┈┈┈┈┈┈┈┈┈┈┈┈┈┈┈┈┈┈┈┈┈┈┈┈┈┈┈┈┈┈
[INFO] [stderr] error[E0624]: method `emit` is private
[INFO] [stderr]   --> tests/ui/emit_is_private.rs:18:7
[INFO] [stderr]    |
[INFO] [stderr]  7 |     #[fsm(initial = Idle)]
[INFO] [stderr]    |     ---------------------- private method defined here
[INFO] [stderr] ...
[INFO] [stderr] 18 |     m.emit(inner::MachineEvent::Go);
[INFO] [stderr]    |       ^^^^ private method
[INFO] [stderr] ┈┈┈┈┈┈┈┈┈┈┈┈┈┈┈┈┈┈┈┈┈┈┈┈┈┈┈┈┈┈┈┈┈┈┈┈┈┈┈┈┈┈┈┈┈┈┈┈┈┈┈┈┈┈┈┈┈┈┈┈
[INFO] [stderr] 
[INFO] [stderr] ACTUAL OUTPUT:
[INFO] [stderr] ┈┈┈┈┈┈┈┈┈┈┈┈┈┈┈┈┈┈┈┈┈┈┈┈┈┈┈┈┈┈┈┈┈┈┈┈┈┈┈┈┈┈┈┈┈┈┈┈┈┈┈┈┈┈┈┈┈┈┈┈
[INFO] [stderr] error[E0432]: unresolved import `statecraft_fsm`
[INFO] [stderr]  --> tests/ui/emit_is_private.rs:5:9
[INFO] [stderr]   |
[INFO] [stderr] 5 |     use statecraft_fsm::fsm;
[INFO] [stderr]   |         ^^^^^^^^^^^^^^ use of unresolved module or unlinked crate `statecraft_fsm`
[INFO] [stderr]   |
[INFO] [stderr]   = help: if you wanted to use a crate named `statecraft_fsm`, use `cargo add statecraft_fsm` to add it to your `Cargo.toml`
[INFO] [stderr] 
[INFO] [stderr] error: cannot find attribute `on` in this scope
[INFO] [stderr]   --> tests/ui/emit_is_private.rs:11:11
[INFO] [stderr]    |
[INFO] [stderr] 11 |         #[on(state = Idle, event = Go, next = Idle)]
[INFO] [stderr]    |           ^^
[INFO] [stderr] 
[INFO] [stderr] error[E0433]: cannot find `Machine` in `inner`
[INFO] [stderr]   --> tests/ui/emit_is_private.rs:17:24
[INFO] [stderr]    |
[INFO] [stderr] 17 |     let mut m = inner::Machine::new(());
[INFO] [stderr]    |                        ^^^^^^^ could not find `Machine` in `inner`
[INFO] [stderr] 
[INFO] [stderr] error[E0433]: cannot find `MachineEvent` in `inner`
[INFO] [stderr]   --> tests/ui/emit_is_private.rs:18:19
[INFO] [stderr]    |
[INFO] [stderr] 18 |     m.emit(inner::MachineEvent::Go);
[INFO] [stderr]    |                   ^^^^^^^^^^^^ could not find `MachineEvent` in `inner`
[INFO] [stderr] 
[INFO] [stderr] error[E0425]: cannot find type `Machine` in this scope
[INFO] [stderr]  --> tests/ui/emit_is_private.rs:8:10
[INFO] [stderr]   |
[INFO] [stderr] 8 |     impl Machine {
[INFO] [stderr]   |          ^^^^^^^ not found in this scope
[INFO] [stderr] 
[INFO] [stderr] error[E0658]: inherent associated types are unstable
[INFO] [stderr]  --> tests/ui/emit_is_private.rs:9:9
[INFO] [stderr]   |
[INFO] [stderr] 9 |         type Context = ();
[INFO] [stderr]   |         ^^^^^^^^^^^^^^^^^^
[INFO] [stderr]   |
[INFO] [stderr]   = note: see issue #8995 <https://github.com/rust-lang/rust/issues/8995> for more information
[INFO] [stderr] ┈┈┈┈┈┈┈┈┈┈┈┈┈┈┈┈┈┈┈┈┈┈┈┈┈┈┈┈┈┈┈┈┈┈┈┈┈┈┈┈┈┈┈┈┈┈┈┈┈┈┈┈┈┈┈┈┈┈┈┈
[INFO] [stderr] note: If the actual output is the correct output you can bless it by rerunning
[INFO] [stderr]       your test with the environment variable TRYBUILD=overwrite
[INFO] [stderr] 
[INFO] [stderr] test tests/ui/error_type_mismatch.rs [should fail to compile] ... mismatch
[INFO] [stderr] 
[INFO] [stderr] EXPECTED:
[INFO] [stderr] ┈┈┈┈┈┈┈┈┈┈┈┈┈┈┈┈┈┈┈┈┈┈┈┈┈┈┈┈┈┈┈┈┈┈┈┈┈┈┈┈┈┈┈┈┈┈┈┈┈┈┈┈┈┈┈┈┈┈┈┈
[INFO] [stderr] error[E0308]: mismatched types
[INFO] [stderr]   --> tests/ui/error_type_mismatch.rs:18:14
[INFO] [stderr]    |
[INFO] [stderr] 18 |     async fn on_start(&mut self) -> Result<(), Other> {
[INFO] [stderr]    |              ^^^^^^^^
[INFO] [stderr]    |              |
[INFO] [stderr]    |              expected `Boom`, found `Other`
[INFO] [stderr]    |              arguments to this enum variant are incorrect
[INFO] [stderr]    |
[INFO] [stderr] help: the type constructed contains `Other` due to the type of the argument passed
[INFO] [stderr]   --> tests/ui/error_type_mismatch.rs:18:14
[INFO] [stderr]    |
[INFO] [stderr] 18 |     async fn on_start(&mut self) -> Result<(), Other> {
[INFO] [stderr]    |              ^^^^^^^^ this argument influences the type of `Handler`
[INFO] [stderr] note: tuple variant defined here
[INFO] [stderr]   --> $WORKSPACE/src/lib.rs
[INFO] [stderr]    |
[INFO] [stderr]    |     Handler(E),
[INFO] [stderr]    |     ^^^^^^^
[INFO] [stderr] ┈┈┈┈┈┈┈┈┈┈┈┈┈┈┈┈┈┈┈┈┈┈┈┈┈┈┈┈┈┈┈┈┈┈┈┈┈┈┈┈┈┈┈┈┈┈┈┈┈┈┈┈┈┈┈┈┈┈┈┈
[INFO] [stderr] 
[INFO] [stderr] ACTUAL OUTPUT:
[INFO] [stderr] ┈┈┈┈┈┈┈┈┈┈┈┈┈┈┈┈┈┈┈┈┈┈┈┈┈┈┈┈┈┈┈┈┈┈┈┈┈┈┈┈┈┈┈┈┈┈┈┈┈┈┈┈┈┈┈┈┈┈┈┈
[INFO] [stderr] error[E0432]: unresolved import `statecraft_fsm`
[INFO] [stderr]  --> tests/ui/error_type_mismatch.rs:4:5
[INFO] [stderr]   |
[INFO] [stderr] 4 | use statecraft_fsm::fsm;
[INFO] [stderr]   |     ^^^^^^^^^^^^^^ use of unresolved module or unlinked crate `statecraft_fsm`
[INFO] [stderr]   |
[INFO] [stderr]   = help: if you wanted to use a crate named `statecraft_fsm`, use `cargo add statecraft_fsm` to add it to your `Cargo.toml`
[INFO] [stderr] 
[INFO] [stderr] error: cannot find attribute `on` in this scope
[INFO] [stderr]   --> tests/ui/error_type_mismatch.rs:17:7
[INFO] [stderr]    |
[INFO] [stderr] 17 |     #[on(state = Idle, event = Start, next = Running)]
[INFO] [stderr]    |       ^^
[INFO] [stderr] 
[INFO] [stderr] error[E0425]: cannot find type `Machine` in this scope
[INFO] [stderr]   --> tests/ui/error_type_mismatch.rs:13:6
[INFO] [stderr]    |
[INFO] [stderr] 13 | impl Machine {
[INFO] [stderr]    |      ^^^^^^^ not found in this scope
[INFO] [stderr] 
[INFO] [stderr] error[E0658]: inherent associated types are unstable
[INFO] [stderr]   --> tests/ui/error_type_mismatch.rs:14:5
[INFO] [stderr]    |
[INFO] [stderr] 14 |     type Context = ();
[INFO] [stderr]    |     ^^^^^^^^^^^^^^^^^^
[INFO] [stderr]    |
[INFO] [stderr]    = note: see issue #8995 <https://github.com/rust-lang/rust/issues/8995> for more information
[INFO] [stderr] 
[INFO] [stderr] error[E0658]: inherent associated types are unstable
[INFO] [stderr]   --> tests/ui/error_type_mismatch.rs:15:5
[INFO] [stderr]    |
[INFO] [stderr] 15 |     type Error = Boom;
[INFO] [stderr]    |     ^^^^^^^^^^^^^^^^^^
[INFO] [stderr]    |
[INFO] [stderr]    = note: see issue #8995 <https://github.com/rust-lang/rust/issues/8995> for more information
[INFO] [stderr] ┈┈┈┈┈┈┈┈┈┈┈┈┈┈┈┈┈┈┈┈┈┈┈┈┈┈┈┈┈┈┈┈┈┈┈┈┈┈┈┈┈┈┈┈┈┈┈┈┈┈┈┈┈┈┈┈┈┈┈┈
[INFO] [stderr] note: If the actual output is the correct output you can bless it by rerunning
[INFO] [stderr]       your test with the environment variable TRYBUILD=overwrite
[INFO] [stderr] 
[INFO] [stderr] test tests/ui/fallible_without_error_type.rs [should fail to compile] ... mismatch
[INFO] [stderr] 
[INFO] [stderr] EXPECTED:
[INFO] [stderr] ┈┈┈┈┈┈┈┈┈┈┈┈┈┈┈┈┈┈┈┈┈┈┈┈┈┈┈┈┈┈┈┈┈┈┈┈┈┈┈┈┈┈┈┈┈┈┈┈┈┈┈┈┈┈┈┈┈┈┈┈
[INFO] [stderr] error: handler `on_go` returns `Result`, but the FSM declares no error type; add `type Error = ...;` to the impl
[INFO] [stderr]   --> tests/ui/fallible_without_error_type.rs:13:14
[INFO] [stderr]    |
[INFO] [stderr] 13 |     async fn on_go(&mut self) -> Result<(), Boom> {
[INFO] [stderr]    |              ^^^^^
[INFO] [stderr] ┈┈┈┈┈┈┈┈┈┈┈┈┈┈┈┈┈┈┈┈┈┈┈┈┈┈┈┈┈┈┈┈┈┈┈┈┈┈┈┈┈┈┈┈┈┈┈┈┈┈┈┈┈┈┈┈┈┈┈┈
[INFO] [stderr] 
[INFO] [stderr] ACTUAL OUTPUT:
[INFO] [stderr] ┈┈┈┈┈┈┈┈┈┈┈┈┈┈┈┈┈┈┈┈┈┈┈┈┈┈┈┈┈┈┈┈┈┈┈┈┈┈┈┈┈┈┈┈┈┈┈┈┈┈┈┈┈┈┈┈┈┈┈┈
[INFO] [stderr] error[E0432]: unresolved import `statecraft_fsm`
[INFO] [stderr]  --> tests/ui/fallible_without_error_type.rs:3:5
[INFO] [stderr]   |
[INFO] [stderr] 3 | use statecraft_fsm::fsm;
[INFO] [stderr]   |     ^^^^^^^^^^^^^^ use of unresolved module or unlinked crate `statecraft_fsm`
[INFO] [stderr]   |
[INFO] [stderr]   = help: if you wanted to use a crate named `statecraft_fsm`, use `cargo add statecraft_fsm` to add it to your `Cargo.toml`
[INFO] [stderr] 
[INFO] [stderr] error: cannot find attribute `on` in this scope
[INFO] [stderr]   --> tests/ui/fallible_without_error_type.rs:12:7
[INFO] [stderr]    |
[INFO] [stderr] 12 |     #[on(state = Idle, event = Go, next = Done)]
[INFO] [stderr]    |       ^^
[INFO] [stderr] 
[INFO] [stderr] error[E0425]: cannot find type `Machine` in this scope
[INFO] [stderr]  --> tests/ui/fallible_without_error_type.rs:9:6
[INFO] [stderr]   |
[INFO] [stderr] 9 | impl Machine {
[INFO] [stderr]   |      ^^^^^^^ not found in this scope
[INFO] [stderr] 
[INFO] [stderr] error[E0658]: inherent associated types are unstable
[INFO] [stderr]   --> tests/ui/fallible_without_error_type.rs:10:5
[INFO] [stderr]    |
[INFO] [stderr] 10 |     type Context = ();
[INFO] [stderr]    |     ^^^^^^^^^^^^^^^^^^
[INFO] [stderr]    |
[INFO] [stderr]    = note: see issue #8995 <https://github.com/rust-lang/rust/issues/8995> for more information
[INFO] [stderr] ┈┈┈┈┈┈┈┈┈┈┈┈┈┈┈┈┈┈┈┈┈┈┈┈┈┈┈┈┈┈┈┈┈┈┈┈┈┈┈┈┈┈┈┈┈┈┈┈┈┈┈┈┈┈┈┈┈┈┈┈
[INFO] [stderr] note: If the actual output is the correct output you can bless it by rerunning
[INFO] [stderr]       your test with the environment variable TRYBUILD=overwrite
[INFO] [stderr] 
[INFO] [stderr] test tests/ui/inconsistent_payload.rs [should fail to compile] ... mismatch
[INFO] [stderr] 
[INFO] [stderr] EXPECTED:
[INFO] [stderr] ┈┈┈┈┈┈┈┈┈┈┈┈┈┈┈┈┈┈┈┈┈┈┈┈┈┈┈┈┈┈┈┈┈┈┈┈┈┈┈┈┈┈┈┈┈┈┈┈┈┈┈┈┈┈┈┈┈┈┈┈
[INFO] [stderr] error: event `Go` is declared with inconsistent payloads across #[on] attributes; every occurrence must use the same payload type
[INFO] [stderr]   --> tests/ui/inconsistent_payload.rs:18:33
[INFO] [stderr]    |
[INFO] [stderr] 18 |     #[on(state = Other, event = Go(B), next = Idle)]
[INFO] [stderr]    |                                 ^^
[INFO] [stderr] ┈┈┈┈┈┈┈┈┈┈┈┈┈┈┈┈┈┈┈┈┈┈┈┈┈┈┈┈┈┈┈┈┈┈┈┈┈┈┈┈┈┈┈┈┈┈┈┈┈┈┈┈┈┈┈┈┈┈┈┈
[INFO] [stderr] 
[INFO] [stderr] ACTUAL OUTPUT:
[INFO] [stderr] ┈┈┈┈┈┈┈┈┈┈┈┈┈┈┈┈┈┈┈┈┈┈┈┈┈┈┈┈┈┈┈┈┈┈┈┈┈┈┈┈┈┈┈┈┈┈┈┈┈┈┈┈┈┈┈┈┈┈┈┈
[INFO] [stderr] error[E0432]: unresolved import `statecraft_fsm`
[INFO] [stderr]  --> tests/ui/inconsistent_payload.rs:3:5
[INFO] [stderr]   |
[INFO] [stderr] 3 | use statecraft_fsm::fsm;
[INFO] [stderr]   |     ^^^^^^^^^^^^^^ use of unresolved module or unlinked crate `statecraft_fsm`
[INFO] [stderr]   |
[INFO] [stderr]   = help: if you wanted to use a crate named `statecraft_fsm`, use `cargo add statecraft_fsm` to add it to your `Cargo.toml`
[INFO] [stderr] 
[INFO] [stderr] error: cannot find attribute `on` in this scope
[INFO] [stderr]   --> tests/ui/inconsistent_payload.rs:15:7
[INFO] [stderr]    |
[INFO] [stderr] 15 |     #[on(state = Idle, event = Go(A), next = Other)]
[INFO] [stderr]    |       ^^
[INFO] [stderr] 
[INFO] [stderr] error: cannot find attribute `on` in this scope
[INFO] [stderr]   --> tests/ui/inconsistent_payload.rs:18:7
[INFO] [stderr]    |
[INFO] [stderr] 18 |     #[on(state = Other, event = Go(B), next = Idle)]
[INFO] [stderr]    |       ^^
[INFO] [stderr] 
[INFO] [stderr] error[E0425]: cannot find type `Machine` in this scope
[INFO] [stderr]   --> tests/ui/inconsistent_payload.rs:12:6
[INFO] [stderr]    |
[INFO] [stderr] 12 | impl Machine {
[INFO] [stderr]    |      ^^^^^^^ not found in this scope
[INFO] [stderr] 
[INFO] [stderr] error[E0658]: inherent associated types are unstable
[INFO] [stderr]   --> tests/ui/inconsistent_payload.rs:13:5
[INFO] [stderr]    |
[INFO] [stderr] 13 |     type Context = ();
[INFO] [stderr]    |     ^^^^^^^^^^^^^^^^^^
[INFO] [stderr]    |
[INFO] [stderr]    = note: see issue #8995 <https://github.com/rust-lang/rust/issues/8995> for more information
[INFO] [stderr] ┈┈┈┈┈┈┈┈┈┈┈┈┈┈┈┈┈┈┈┈┈┈┈┈┈┈┈┈┈┈┈┈┈┈┈┈┈┈┈┈┈┈┈┈┈┈┈┈┈┈┈┈┈┈┈┈┈┈┈┈
[INFO] [stderr] note: If the actual output is the correct output you can bless it by rerunning
[INFO] [stderr]       your test with the environment variable TRYBUILD=overwrite
[INFO] [stderr] 
[INFO] [stderr] test tests/ui/missing_context.rs [should fail to compile] ... mismatch
[INFO] [stderr] 
[INFO] [stderr] EXPECTED:
[INFO] [stderr] ┈┈┈┈┈┈┈┈┈┈┈┈┈┈┈┈┈┈┈┈┈┈┈┈┈┈┈┈┈┈┈┈┈┈┈┈┈┈┈┈┈┈┈┈┈┈┈┈┈┈┈┈┈┈┈┈┈┈┈┈
[INFO] [stderr] error: #[fsm] impl must declare `type Context = ...;`
[INFO] [stderr]  --> tests/ui/missing_context.rs:6:1
[INFO] [stderr]   |
[INFO] [stderr] 6 | impl Machine {
[INFO] [stderr]   | ^^^^
[INFO] [stderr] ┈┈┈┈┈┈┈┈┈┈┈┈┈┈┈┈┈┈┈┈┈┈┈┈┈┈┈┈┈┈┈┈┈┈┈┈┈┈┈┈┈┈┈┈┈┈┈┈┈┈┈┈┈┈┈┈┈┈┈┈
[INFO] [stderr] 
[INFO] [stderr] ACTUAL OUTPUT:
[INFO] [stderr] ┈┈┈┈┈┈┈┈┈┈┈┈┈┈┈┈┈┈┈┈┈┈┈┈┈┈┈┈┈┈┈┈┈┈┈┈┈┈┈┈┈┈┈┈┈┈┈┈┈┈┈┈┈┈┈┈┈┈┈┈
[INFO] [stderr] error[E0432]: unresolved import `statecraft_fsm`
[INFO] [stderr]  --> tests/ui/missing_context.rs:3:5
[INFO] [stderr]   |
[INFO] [stderr] 3 | use statecraft_fsm::fsm;
[INFO] [stderr]   |     ^^^^^^^^^^^^^^ use of unresolved module or unlinked crate `statecraft_fsm`
[INFO] [stderr]   |
[INFO] [stderr]   = help: if you wanted to use a crate named `statecraft_fsm`, use `cargo add statecraft_fsm` to add it to your `Cargo.toml`
[INFO] [stderr] 
[INFO] [stderr] error: cannot find attribute `on` in this scope
[INFO] [stderr]  --> tests/ui/missing_context.rs:7:7
[INFO] [stderr]   |
[INFO] [stderr] 7 |     #[on(state = Idle, event = Start, next = Running)]
[INFO] [stderr]   |       ^^
[INFO] [stderr] 
[INFO] [stderr] error[E0425]: cannot find type `Machine` in this scope
[INFO] [stderr]  --> tests/ui/missing_context.rs:6:6
[INFO] [stderr]   |
[INFO] [stderr] 6 | impl Machine {
[INFO] [stderr]   |      ^^^^^^^ not found in this scope
[INFO] [stderr] ┈┈┈┈┈┈┈┈┈┈┈┈┈┈┈┈┈┈┈┈┈┈┈┈┈┈┈┈┈┈┈┈┈┈┈┈┈┈┈┈┈┈┈┈┈┈┈┈┈┈┈┈┈┈┈┈┈┈┈┈
[INFO] [stderr] note: If the actual output is the correct output you can bless it by rerunning
[INFO] [stderr]       your test with the environment variable TRYBUILD=overwrite
[INFO] [stderr] 
[INFO] [stderr] test tests/ui/next_enum_collision.rs [should fail to compile] ... mismatch
[INFO] [stderr] 
[INFO] [stderr] EXPECTED:
[INFO] [stderr] ┈┈┈┈┈┈┈┈┈┈┈┈┈┈┈┈┈┈┈┈┈┈┈┈┈┈┈┈┈┈┈┈┈┈┈┈┈┈┈┈┈┈┈┈┈┈┈┈┈┈┈┈┈┈┈┈┈┈┈┈
[INFO] [stderr] error: generated target enum `ABCNext` collides between transitions `(AB, C)` and `(A, BC)`; rename a state or event
[INFO] [stderr]   --> tests/ui/next_enum_collision.rs:15:14
[INFO] [stderr]    |
[INFO] [stderr] 15 |     async fn h2(&mut self) -> ABCNext {
[INFO] [stderr]    |              ^^
[INFO] [stderr] ┈┈┈┈┈┈┈┈┈┈┈┈┈┈┈┈┈┈┈┈┈┈┈┈┈┈┈┈┈┈┈┈┈┈┈┈┈┈┈┈┈┈┈┈┈┈┈┈┈┈┈┈┈┈┈┈┈┈┈┈
[INFO] [stderr] 
[INFO] [stderr] ACTUAL OUTPUT:
[INFO] [stderr] ┈┈┈┈┈┈┈┈┈┈┈┈┈┈┈┈┈┈┈┈┈┈┈┈┈┈┈┈┈┈┈┈┈┈┈┈┈┈┈┈┈┈┈┈┈┈┈┈┈┈┈┈┈┈┈┈┈┈┈┈
[INFO] [stderr] error[E0432]: unresolved import `statecraft_fsm`
[INFO] [stderr]  --> tests/ui/next_enum_collision.rs:3:5
[INFO] [stderr]   |
[INFO] [stderr] 3 | use statecraft_fsm::fsm;
[INFO] [stderr]   |     ^^^^^^^^^^^^^^ use of unresolved module or unlinked crate `statecraft_fsm`
[INFO] [stderr]   |
[INFO] [stderr]   = help: if you wanted to use a crate named `statecraft_fsm`, use `cargo add statecraft_fsm` to add it to your `Cargo.toml`
[INFO] [stderr] 
[INFO] [stderr] error: cannot find attribute `on` in this scope
[INFO] [stderr]  --> tests/ui/next_enum_collision.rs:9:7
[INFO] [stderr]   |
[INFO] [stderr] 9 |     #[on(state = AB, event = C, next = [X, Y])]
[INFO] [stderr]   |       ^^
[INFO] [stderr] 
[INFO] [stderr] error: cannot find attribute `on` in this scope
[INFO] [stderr]   --> tests/ui/next_enum_collision.rs:14:7
[INFO] [stderr]    |
[INFO] [stderr] 14 |     #[on(state = A, event = BC, next = [X, Y])]
[INFO] [stderr]    |       ^^
[INFO] [stderr] 
[INFO] [stderr] error[E0425]: cannot find type `Machine` in this scope
[INFO] [stderr]  --> tests/ui/next_enum_collision.rs:6:6
[INFO] [stderr]   |
[INFO] [stderr] 6 | impl Machine {
[INFO] [stderr]   |      ^^^^^^^ not found in this scope
[INFO] [stderr] 
[INFO] [stderr] error[E0425]: cannot find type `ABCNext` in this scope
[INFO] [stderr]   --> tests/ui/next_enum_collision.rs:10:31
[INFO] [stderr]    |
[INFO] [stderr] 10 |     async fn h1(&mut self) -> ABCNext {
[INFO] [stderr]    |                               ^^^^^^^ not found in this scope
[INFO] [stderr] 
[INFO] [stderr] error[E0425]: cannot find type `ABCNext` in this scope
[INFO] [stderr]   --> tests/ui/next_enum_collision.rs:15:31
[INFO] [stderr]    |
[INFO] [stderr] 15 |     async fn h2(&mut self) -> ABCNext {
[INFO] [stderr]    |                               ^^^^^^^ not found in this scope
[INFO] [stderr] 
[INFO] [stderr] error[E0658]: inherent associated types are unstable
[INFO] [stderr]  --> tests/ui/next_enum_collision.rs:7:5
[INFO] [stderr]   |
[INFO] [stderr] 7 |     type Context = ();
[INFO] [stderr]   |     ^^^^^^^^^^^^^^^^^^
[INFO] [stderr]   |
[INFO] [stderr]   = note: see issue #8995 <https://github.com/rust-lang/rust/issues/8995> for more information
[INFO] [stderr] 
[INFO] [stderr] error[E0433]: cannot find type `ABCNext` in this scope
[INFO] [stderr]   --> tests/ui/next_enum_collision.rs:11:9
[INFO] [stderr]    |
[INFO] [stderr] 11 |         ABCNext::X
[INFO] [stderr]    |         ^^^^^^^ use of undeclared type `ABCNext`
[INFO] [stderr] 
[INFO] [stderr] error[E0433]: cannot find type `ABCNext` in this scope
[INFO] [stderr]   --> tests/ui/next_enum_collision.rs:16:9
[INFO] [stderr]    |
[INFO] [stderr] 16 |         ABCNext::X
[INFO] [stderr]    |         ^^^^^^^ use of undeclared type `ABCNext`
[INFO] [stderr] ┈┈┈┈┈┈┈┈┈┈┈┈┈┈┈┈┈┈┈┈┈┈┈┈┈┈┈┈┈┈┈┈┈┈┈┈┈┈┈┈┈┈┈┈┈┈┈┈┈┈┈┈┈┈┈┈┈┈┈┈
[INFO] [stderr] note: If the actual output is the correct output you can bless it by rerunning
[INFO] [stderr]       your test with the environment variable TRYBUILD=overwrite
[INFO] [stderr] 
[INFO] [stderr] test tests/ui/payload_missing_arg.rs [should fail to compile] ... mismatch
[INFO] [stderr] 
[INFO] [stderr] EXPECTED:
[INFO] [stderr] ┈┈┈┈┈┈┈┈┈┈┈┈┈┈┈┈┈┈┈┈┈┈┈┈┈┈┈┈┈┈┈┈┈┈┈┈┈┈┈┈┈┈┈┈┈┈┈┈┈┈┈┈┈┈┈┈┈┈┈┈
[INFO] [stderr] error: handler `on_add` handles an event with a payload (`event = Add(Order)`) but takes no payload argument; add a `Order` parameter, e.g. `async fn on_add(&mut self, _: Order)`
[INFO] [stderr]   --> tests/ui/payload_missing_arg.rs:13:14
[INFO] [stderr]    |
[INFO] [stderr] 13 |     async fn on_add(&mut self) {}
[INFO] [stderr]    |              ^^^^^^
[INFO] [stderr] ┈┈┈┈┈┈┈┈┈┈┈┈┈┈┈┈┈┈┈┈┈┈┈┈┈┈┈┈┈┈┈┈┈┈┈┈┈┈┈┈┈┈┈┈┈┈┈┈┈┈┈┈┈┈┈┈┈┈┈┈
[INFO] [stderr] 
[INFO] [stderr] ACTUAL OUTPUT:
[INFO] [stderr] ┈┈┈┈┈┈┈┈┈┈┈┈┈┈┈┈┈┈┈┈┈┈┈┈┈┈┈┈┈┈┈┈┈┈┈┈┈┈┈┈┈┈┈┈┈┈┈┈┈┈┈┈┈┈┈┈┈┈┈┈
[INFO] [stderr] error[E0432]: unresolved import `statecraft_fsm`
[INFO] [stderr]  --> tests/ui/payload_missing_arg.rs:3:5
[INFO] [stderr]   |
[INFO] [stderr] 3 | use statecraft_fsm::fsm;
[INFO] [stderr]   |     ^^^^^^^^^^^^^^ use of unresolved module or unlinked crate `statecraft_fsm`
[INFO] [stderr]   |
[INFO] [stderr]   = help: if you wanted to use a crate named `statecraft_fsm`, use `cargo add statecraft_fsm` to add it to your `Cargo.toml`
[INFO] [stderr] 
[INFO] [stderr] error: cannot find attribute `on` in this scope
[INFO] [stderr]   --> tests/ui/payload_missing_arg.rs:12:7
[INFO] [stderr]    |
[INFO] [stderr] 12 |     #[on(state = Idle, event = Add(Order), next = Idle)]
[INFO] [stderr]    |       ^^
[INFO] [stderr] 
[INFO] [stderr] error[E0425]: cannot find type `Machine` in this scope
[INFO] [stderr]  --> tests/ui/payload_missing_arg.rs:9:6
[INFO] [stderr]   |
[INFO] [stderr] 9 | impl Machine {
[INFO] [stderr]   |      ^^^^^^^ not found in this scope
[INFO] [stderr] 
[INFO] [stderr] error[E0658]: inherent associated types are unstable
[INFO] [stderr]   --> tests/ui/payload_missing_arg.rs:10:5
[INFO] [stderr]    |
[INFO] [stderr] 10 |     type Context = ();
[INFO] [stderr]    |     ^^^^^^^^^^^^^^^^^^
[INFO] [stderr]    |
[INFO] [stderr]    = note: see issue #8995 <https://github.com/rust-lang/rust/issues/8995> for more information
[INFO] [stderr] ┈┈┈┈┈┈┈┈┈┈┈┈┈┈┈┈┈┈┈┈┈┈┈┈┈┈┈┈┈┈┈┈┈┈┈┈┈┈┈┈┈┈┈┈┈┈┈┈┈┈┈┈┈┈┈┈┈┈┈┈
[INFO] [stderr] note: If the actual output is the correct output you can bless it by rerunning
[INFO] [stderr]       your test with the environment variable TRYBUILD=overwrite
[INFO] [stderr] 
[INFO] [stderr] test tests/ui/undeclared_target.rs [should fail to compile] ... mismatch
[INFO] [stderr] 
[INFO] [stderr] EXPECTED:
[INFO] [stderr] ┈┈┈┈┈┈┈┈┈┈┈┈┈┈┈┈┈┈┈┈┈┈┈┈┈┈┈┈┈┈┈┈┈┈┈┈┈┈┈┈┈┈┈┈┈┈┈┈┈┈┈┈┈┈┈┈┈┈┈┈
[INFO] [stderr] error[E0599]: no variant, associated function, or constant named `Idle` found for enum `RunningCheckNext` in the current scope
[INFO] [stderr]   --> tests/ui/undeclared_target.rs:12:27
[INFO] [stderr]    |
[INFO] [stderr]  6 | #[fsm(initial = Idle)]
[INFO] [stderr]    | ---------------------- variant, associated function, or constant `Idle` not found for this enum
[INFO] [stderr] ...
[INFO] [stderr] 12 |         RunningCheckNext::Idle
[INFO] [stderr]    |                           ^^^^ variant, associated function, or constant not found in `RunningCheckNext`
[INFO] [stderr] ┈┈┈┈┈┈┈┈┈┈┈┈┈┈┈┈┈┈┈┈┈┈┈┈┈┈┈┈┈┈┈┈┈┈┈┈┈┈┈┈┈┈┈┈┈┈┈┈┈┈┈┈┈┈┈┈┈┈┈┈
[INFO] [stderr] 
[INFO] [stderr] ACTUAL OUTPUT:
[INFO] [stderr] ┈┈┈┈┈┈┈┈┈┈┈┈┈┈┈┈┈┈┈┈┈┈┈┈┈┈┈┈┈┈┈┈┈┈┈┈┈┈┈┈┈┈┈┈┈┈┈┈┈┈┈┈┈┈┈┈┈┈┈┈
[INFO] [stderr] error[E0432]: unresolved import `statecraft_fsm`
[INFO] [stderr]  --> tests/ui/undeclared_target.rs:4:5
[INFO] [stderr]   |
[INFO] [stderr] 4 | use statecraft_fsm::fsm;
[INFO] [stderr]   |     ^^^^^^^^^^^^^^ use of unresolved module or unlinked crate `statecraft_fsm`
[INFO] [stderr]   |
[INFO] [stderr]   = help: if you wanted to use a crate named `statecraft_fsm`, use `cargo add statecraft_fsm` to add it to your `Cargo.toml`
[INFO] [stderr] 
[INFO] [stderr] error: cannot find attribute `on` in this scope
[INFO] [stderr]   --> tests/ui/undeclared_target.rs:10:7
[INFO] [stderr]    |
[INFO] [stderr] 10 |     #[on(state = Running, event = Check, next = [Running, Done])]
[INFO] [stderr]    |       ^^
[INFO] [stderr] 
[INFO] [stderr] error[E0425]: cannot find type `Machine` in this scope
[INFO] [stderr]  --> tests/ui/undeclared_target.rs:7:6
[INFO] [stderr]   |
[INFO] [stderr] 7 | impl Machine {
[INFO] [stderr]   |      ^^^^^^^ not found in this scope
[INFO] [stderr] 
[INFO] [stderr] error[E0425]: cannot find type `RunningCheckNext` in this scope
[INFO] [stderr]   --> tests/ui/undeclared_target.rs:11:37
[INFO] [stderr]    |
[INFO] [stderr] 11 |     async fn on_check(&mut self) -> RunningCheckNext {
[INFO] [stderr]    |                                     ^^^^^^^^^^^^^^^^ not found in this scope
[INFO] [stderr] 
[INFO] [stderr] error[E0658]: inherent associated types are unstable
[INFO] [stderr]  --> tests/ui/undeclared_target.rs:8:5
[INFO] [stderr]   |
[INFO] [stderr] 8 |     type Context = ();
[INFO] [stderr]   |     ^^^^^^^^^^^^^^^^^^
[INFO] [stderr]   |
[INFO] [stderr]   = note: see issue #8995 <https://github.com/rust-lang/rust/issues/8995> for more information
[INFO] [stderr] 
[INFO] [stderr] error[E0433]: cannot find type `RunningCheckNext` in this scope
[INFO] [stderr]   --> tests/ui/undeclared_target.rs:12:9
[INFO] [stderr]    |
[INFO] [stderr] 12 |         RunningCheckNext::Idle
[INFO] [stderr]    |         ^^^^^^^^^^^^^^^^ use of undeclared type `RunningCheckNext`
[INFO] [stderr] ┈┈┈┈┈┈┈┈┈┈┈┈┈┈┈┈┈┈┈┈┈┈┈┈┈┈┈┈┈┈┈┈┈┈┈┈┈┈┈┈┈┈┈┈┈┈┈┈┈┈┈┈┈┈┈┈┈┈┈┈
[INFO] [stderr] note: If the actual output is the correct output you can bless it by rerunning
[INFO] [stderr]       your test with the environment variable TRYBUILD=overwrite
[INFO] [stderr] 
[INFO] [stderr] test tests/ui/unknown_on_key.rs [should fail to compile] ... mismatch
[INFO] [stderr] 
[INFO] [stderr] EXPECTED:
[INFO] [stderr] ┈┈┈┈┈┈┈┈┈┈┈┈┈┈┈┈┈┈┈┈┈┈┈┈┈┈┈┈┈┈┈┈┈┈┈┈┈┈┈┈┈┈┈┈┈┈┈┈┈┈┈┈┈┈┈┈┈┈┈┈
[INFO] [stderr] error: unsupported #[on] key (expected state, event, next, boxed)
[INFO] [stderr]   --> tests/ui/unknown_on_key.rs:10:49
[INFO] [stderr]    |
[INFO] [stderr] 10 |     #[on(state = Idle, event = Go, next = Done, boxxed)]
[INFO] [stderr]    |                                                 ^^^^^^
[INFO] [stderr] ┈┈┈┈┈┈┈┈┈┈┈┈┈┈┈┈┈┈┈┈┈┈┈┈┈┈┈┈┈┈┈┈┈┈┈┈┈┈┈┈┈┈┈┈┈┈┈┈┈┈┈┈┈┈┈┈┈┈┈┈
[INFO] [stderr] 
[INFO] [stderr] ACTUAL OUTPUT:
[INFO] [stderr] ┈┈┈┈┈┈┈┈┈┈┈┈┈┈┈┈┈┈┈┈┈┈┈┈┈┈┈┈┈┈┈┈┈┈┈┈┈┈┈┈┈┈┈┈┈┈┈┈┈┈┈┈┈┈┈┈┈┈┈┈
[INFO] [stderr] error[E0432]: unresolved import `statecraft_fsm`
[INFO] [stderr]  --> tests/ui/unknown_on_key.rs:2:5
[INFO] [stderr]   |
[INFO] [stderr] 2 | use statecraft_fsm::fsm;
[INFO] [stderr]   |     ^^^^^^^^^^^^^^ use of unresolved module or unlinked crate `statecraft_fsm`
[INFO] [stderr]   |
[INFO] [stderr]   = help: if you wanted to use a crate named `statecraft_fsm`, use `cargo add statecraft_fsm` to add it to your `Cargo.toml`
[INFO] [stderr] 
[INFO] [stderr] error: cannot find attribute `on` in this scope
[INFO] [stderr]   --> tests/ui/unknown_on_key.rs:10:7
[INFO] [stderr]    |
[INFO] [stderr] 10 |     #[on(state = Idle, event = Go, next = Done, boxxed)]
[INFO] [stderr]    |       ^^
[INFO] [stderr] 
[INFO] [stderr] error[E0425]: cannot find type `M` in this scope
[INFO] [stderr]  --> tests/ui/unknown_on_key.rs:7:6
[INFO] [stderr]   |
[INFO] [stderr] 7 | impl M {
[INFO] [stderr]   |      ^ not found in this scope
[INFO] [stderr] 
[INFO] [stderr] error[E0658]: inherent associated types are unstable
[INFO] [stderr]  --> tests/ui/unknown_on_key.rs:8:5
[INFO] [stderr]   |
[INFO] [stderr] 8 |     type Context = Ctx;
[INFO] [stderr]   |     ^^^^^^^^^^^^^^^^^^^
[INFO] [stderr]   |
[INFO] [stderr]   = note: see issue #8995 <https://github.com/rust-lang/rust/issues/8995> for more information
[INFO] [stderr] ┈┈┈┈┈┈┈┈┈┈┈┈┈┈┈┈┈┈┈┈┈┈┈┈┈┈┈┈┈┈┈┈┈┈┈┈┈┈┈┈┈┈┈┈┈┈┈┈┈┈┈┈┈┈┈┈┈┈┈┈
[INFO] [stderr] note: If the actual output is the correct output you can bless it by rerunning
[INFO] [stderr]       your test with the environment variable TRYBUILD=overwrite
[INFO] [stderr] 
[INFO] [stderr] 
[INFO] [stderr] 
[INFO] [stdout] test ui ... FAILED
[INFO] [stdout] 
[INFO] [stdout] failures:
[INFO] [stdout] 
[INFO] [stdout] ---- ui stdout ----
[INFO] [stdout] 
[INFO] [stdout] thread 'ui' (989) panicked at /opt/rustwide/cargo-home/registry/src/index.crates.io-1949cf8c6b5b557f/trybuild-1.0.118/src/run.rs:102:13:
[INFO] [stdout] 12 of 12 tests failed
[INFO] [stdout] stack backtrace:
[INFO] [stdout]    0:     0x612060ec7111 - <<std[70759c8f55707aa4]::sys::backtrace::BacktraceLock>::print::DisplayBacktrace as core[df12db4294e9bfd3]::fmt::Display>::fmt
[INFO] [stdout]    1:     0x612060edd79a - core[df12db4294e9bfd3]::fmt::write
[INFO] [stdout]    2:     0x612060ecbbdc - <alloc[2182bb758b4b3781]::vec::Vec<u8> as core[df12db4294e9bfd3]::io::write::Write>::write_fmt
[INFO] [stdout]    3:     0x612060ea05f6 - std[70759c8f55707aa4]::panicking::default_hook::{closure#0}
[INFO] [stdout]    4:     0x612060ebe789 - std[70759c8f55707aa4]::panicking::default_hook
[INFO] [stdout]    5:     0x612060e57a60 - test[9d35eded1c95d3be]::test_main_inner::<test[9d35eded1c95d3be]::test_main_static::{closure#0}>::{closure#0}
[INFO] [stdout]    6:     0x612060ebe942 - std[70759c8f55707aa4]::panicking::panic_with_hook
[INFO] [stdout]    7:     0x612060ea06a2 - std[70759c8f55707aa4]::panicking::panic_handler::{closure#0}
[INFO] [stdout]    8:     0x612060e98f69 - std[70759c8f55707aa4]::sys::backtrace::__rust_end_short_backtrace::<std[70759c8f55707aa4]::panicking::panic_handler::{closure#0}, !>
[INFO] [stdout]    9:     0x612060ea129d - __rustc[8fa7c3cbc660c2b3]::rust_begin_unwind
[INFO] [stdout]   10:     0x612060eddf0c - core[df12db4294e9bfd3]::panicking::panic_fmt
[INFO] [stdout]   11:     0x612060da8ee3 - <trybuild[2c05c3399f3f170f]::Runner>::run
[INFO] [stdout]   12:     0x612060dac2e0 - <trybuild[2c05c3399f3f170f]::TestCases as core[df12db4294e9bfd3]::ops::drop::Drop>::drop
[INFO] [stdout]   13:     0x612060da2d06 - trybuild[a522b9b323a1640f]::ui
[INFO] [stdout]   14:     0x612060da2f39 - <trybuild[a522b9b323a1640f]::ui::{closure#0} as core[df12db4294e9bfd3]::ops::function::FnOnce<()>>::call_once
[INFO] [stdout]   15:     0x612060e4ad4b - test[9d35eded1c95d3be]::__rust_begin_short_backtrace::<core[df12db4294e9bfd3]::result::Result<(), alloc[2182bb758b4b3781]::string::String>, fn() -> core[df12db4294e9bfd3]::result::Result<(), alloc[2182bb758b4b3781]::string::String>>
[INFO] [stdout]   16:     0x612060e583b5 - test[9d35eded1c95d3be]::run_test::{closure#0}
[INFO] [stdout]   17:     0x612060e51c74 - std[70759c8f55707aa4]::sys::backtrace::__rust_begin_short_backtrace::<test[9d35eded1c95d3be]::run_test::{closure#1}, ()>
[INFO] [stdout]   18:     0x612060e5b512 - <std[70759c8f55707aa4]::thread::lifecycle::spawn_unchecked<test[9d35eded1c95d3be]::run_test::{closure#1}, ()>::{closure#1} as core[df12db4294e9bfd3]::ops::function::FnOnce<()>>::call_once::{shim:vtable#0}
[INFO] [stdout]   19:     0x612060ec63c9 - <std[70759c8f55707aa4]::sys::thread::unix::Thread>::new::thread_start
[INFO] [stdout]   20:     0x79ce8a60adfa - <unknown>
[INFO] [stdout]   21:     0x79ce8a69e3d4 - clone
[INFO] [stdout]   22:                0x0 - <unknown>
[INFO] [stdout] 
[INFO] [stdout] 
[INFO] [stdout] failures:
[INFO] [stdout]     ui
[INFO] [stdout] 
[INFO] [stdout] test result: FAILED. 0 passed; 1 failed; 0 ignored; 0 measured; 0 filtered out; finished in 30.48s
[INFO] [stdout] 
[INFO] [stderr] error: test failed, to rerun pass `--test trybuild`
[INFO] running `Command { std: "docker" "inspect" "7f4053744a08a7af683c3c978e31971a39a2506dcf2bb4c17e6a50ce530d4b29", kill_on_drop: false }`
[INFO] running `Command { std: "docker" "rm" "-f" "7f4053744a08a7af683c3c978e31971a39a2506dcf2bb4c17e6a50ce530d4b29", kill_on_drop: false }`
[INFO] [stdout] 7f4053744a08a7af683c3c978e31971a39a2506dcf2bb4c17e6a50ce530d4b29
