[INFO] fetching crate stash-cli 0.9.1...
[INFO] testing stash-cli-0.9.1 against 1.100.0-beta.1+cargoflags=--release for beta-release-1.100-2
[INFO] extracting crate stash-cli 0.9.1 into /workspace/builds/worker-1-tc2/source
[INFO] started tweaking crates.io crate stash-cli 0.9.1
[INFO] removed 0 missing tests
[INFO] finished tweaking crates.io crate stash-cli 0.9.1
[INFO] tweaked toml for crates.io crate stash-cli 0.9.1 written to /workspace/builds/worker-1-tc2/source/Cargo.toml
[INFO] validating manifest of crates.io crate stash-cli 0.9.1 on toolchain 1.100.0-beta.1
[INFO] running `Command { std: CARGO_HOME="/workspace/cargo-home" RUSTUP_HOME="/workspace/rustup-home" "/workspace/cargo-home/bin/cargo" "+1.100.0-beta.1" "metadata" "--manifest-path" "Cargo.toml" "--no-deps", kill_on_drop: false }`
[INFO] crate crates.io crate stash-cli 0.9.1 already has a lockfile, it will not be regenerated
[INFO] running `Command { std: CARGO_HOME="/workspace/cargo-home" RUSTUP_HOME="/workspace/rustup-home" "/workspace/cargo-home/bin/cargo" "+1.100.0-beta.1" "fetch" "--manifest-path" "Cargo.toml", kill_on_drop: false }`
[INFO] [stderr] warning: `package.homepage` is redundant with `package.repository`
[INFO] [stderr]   --> Cargo.toml:65:12
[INFO] [stderr]    |
[INFO] [stderr] 65 | homepage = "https://github.com/vrypan/stash"
[INFO] [stderr]    |            ^^^^^^^^^^^^^^^^^^^^^^^^^^^^^^^^^
[INFO] [stderr] ...
[INFO] [stderr] 69 | repository = "https://github.com/vrypan/stash"
[INFO] [stderr]    |              ---------------------------------
[INFO] [stderr]    |
[INFO] [stderr]    = note: `cargo::redundant_homepage` is set to `warn` by default
[INFO] [stderr] help: consider removing `package.homepage`
[INFO] [stderr] warning: `stash-cli` (manifest) generated 1 warning
[INFO] running `Command { std: "docker" "create" "-v" "/var/lib/crater-agent-workspace/builds/worker-1-tc2/source:/opt/rustwide/workdir:ro,Z" "-v" "/var/lib/crater-agent-workspace/builds/worker-1-tc2/target:/opt/rustwide/target:rw,Z" "-v" "/var/lib/crater-agent-workspace/cargo-home:/opt/rustwide/cargo-home:ro,Z" "-v" "/var/lib/crater-agent-workspace/rustup-home:/opt/rustwide/rustup-home:ro,Z" "-m" "1610612736" "--network" "none" "ghcr.io/rust-lang/crates-build-env/linux@sha256:77db811e55d90add9212f6832c23229e3de5f1c1f9905e8cb07319ea15df73ac" "sleep" "infinity", kill_on_drop: false }`
[INFO] [stdout] 25bb3a2bcce7d416ff9b8ae5f4ec9c9aaf797698bf7de40e14598ab574cd66e4
[INFO] running `Command { std: "docker" "start" "25bb3a2bcce7d416ff9b8ae5f4ec9c9aaf797698bf7de40e14598ab574cd66e4", kill_on_drop: false }`
[INFO] running `Command { std: "docker" "inspect" "25bb3a2bcce7d416ff9b8ae5f4ec9c9aaf797698bf7de40e14598ab574cd66e4", kill_on_drop: false }`
[INFO] running `Command { std: "docker" "exec" "-e" "SOURCE_DIR=/opt/rustwide/workdir" "-e" "CARGO_HOME=/opt/rustwide/cargo-home" "-e" "RUSTUP_HOME=/opt/rustwide/rustup-home" "-e" "CARGO_TARGET_DIR=/opt/rustwide/target" "-w" "/opt/rustwide/workdir" "--user" "0:0" "25bb3a2bcce7d416ff9b8ae5f4ec9c9aaf797698bf7de40e14598ab574cd66e4" "/opt/rustwide/cargo-home/bin/cargo" "+1.100.0-beta.1" "metadata" "--no-deps" "--format-version=1", kill_on_drop: false }`
[INFO] running `Command { std: "docker" "inspect" "25bb3a2bcce7d416ff9b8ae5f4ec9c9aaf797698bf7de40e14598ab574cd66e4", kill_on_drop: false }`
[INFO] running `Command { std: "docker" "exec" "-e" "SOURCE_DIR=/opt/rustwide/workdir" "-e" "CARGO_HOME=/opt/rustwide/cargo-home" "-e" "RUSTUP_HOME=/opt/rustwide/rustup-home" "-e" "CARGO_TARGET_DIR=/opt/rustwide/target" "-e" "CARGO_INCREMENTAL=0" "-e" "RUST_BACKTRACE=full" "-e" "RUSTFLAGS=--cap-lints=warn" "-e" "RUSTDOCFLAGS=--cap-lints=warn" "-w" "/opt/rustwide/workdir" "--user" "0:0" "25bb3a2bcce7d416ff9b8ae5f4ec9c9aaf797698bf7de40e14598ab574cd66e4" "/opt/rustwide/cargo-home/bin/cargo" "+1.100.0-beta.1" "build" "--frozen" "--message-format=json" "--release", kill_on_drop: false }`
[INFO] [stderr] warning: `package.homepage` is redundant with `package.repository`
[INFO] [stderr]   --> Cargo.toml:65:12
[INFO] [stderr]    |
[INFO] [stderr] 65 | homepage = "https://github.com/vrypan/stash"
[INFO] [stderr]    |            ^^^^^^^^^^^^^^^^^^^^^^^^^^^^^^^^^
[INFO] [stderr] ...
[INFO] [stderr] 69 | repository = "https://github.com/vrypan/stash"
[INFO] [stderr]    |              ---------------------------------
[INFO] [stderr]    |
[INFO] [stderr]    = note: `cargo::redundant_homepage` is set to `warn` by default
[INFO] [stderr] help: consider removing `package.homepage`
[INFO] [stderr] warning: `stash-cli` (manifest) generated 1 warning
[INFO] [stderr]    Compiling proc-macro2 v1.0.106
[INFO] [stderr]    Compiling quote v1.0.45
[INFO] [stderr]    Compiling unicode-ident v1.0.24
[INFO] [stderr]    Compiling libc v0.2.184
[INFO] [stderr]    Compiling utf8parse v0.2.2
[INFO] [stderr]    Compiling serde_core v1.0.228
[INFO] [stderr]    Compiling colorchoice v1.0.5
[INFO] [stderr]    Compiling zmij v1.0.21
[INFO] [stderr]    Compiling is_terminal_polyfill v1.70.2
[INFO] [stderr]    Compiling simdutf8 v0.1.5
[INFO] [stderr]    Compiling anstyle-query v1.1.5
[INFO] [stderr]    Compiling anstyle v1.0.14
[INFO] [stderr]    Compiling clap_lex v1.1.0
[INFO] [stderr]    Compiling serde_json v1.0.149
[INFO] [stderr]    Compiling heck v0.5.0
[INFO] [stderr]    Compiling signal-hook v0.4.4
[INFO] [stderr]    Compiling serde v1.0.228
[INFO] [stderr]    Compiling hashbrown v0.16.1
[INFO] [stderr]    Compiling anstyle-parse v1.0.0
[INFO] [stderr]    Compiling memchr v2.8.0
[INFO] [stderr]    Compiling itoa v1.0.18
[INFO] [stderr]    Compiling anstream v1.0.0
[INFO] [stderr]    Compiling clap_builder v4.6.0
[INFO] [stderr]    Compiling syn v2.0.117
[INFO] [stderr]    Compiling errno v0.3.14
[INFO] [stderr]    Compiling signal-hook-registry v1.4.8
[INFO] [stderr]    Compiling ptr_meta_derive v0.3.1
[INFO] [stderr]    Compiling bytecheck_derive v0.8.2
[INFO] [stderr]    Compiling munge_macro v0.4.7
[INFO] [stderr]    Compiling rkyv_derive v0.8.15
[INFO] [stderr]    Compiling clap_derive v4.6.0
[INFO] [stderr]    Compiling serde_derive v1.0.228
[INFO] [stderr]    Compiling ptr_meta v0.3.1
[INFO] [stderr]    Compiling rancor v0.1.1
[INFO] [stderr]    Compiling bytecheck v0.8.2
[INFO] [stderr]    Compiling munge v0.4.7
[INFO] [stderr]    Compiling rend v0.5.3
[INFO] [stderr]    Compiling clap v4.6.0
[INFO] [stderr]    Compiling rkyv v0.8.15
[INFO] [stderr]    Compiling stash-cli v0.9.1 (/opt/rustwide/workdir)
[INFO] [stderr]     Finished `release` profile [optimized] target(s) in 37.39s
[INFO] [stderr] warning: the following packages contain code that will be rejected by a future version of Rust: bytecheck v0.8.2, rkyv v0.8.15
[INFO] [stderr] note: to see what the problems were, use the option `--future-incompat-report`, or run `cargo report future-incompatibilities --id 5`
[INFO] running `Command { std: "docker" "inspect" "25bb3a2bcce7d416ff9b8ae5f4ec9c9aaf797698bf7de40e14598ab574cd66e4", kill_on_drop: false }`
[INFO] running `Command { std: "docker" "exec" "-e" "SOURCE_DIR=/opt/rustwide/workdir" "-e" "CARGO_HOME=/opt/rustwide/cargo-home" "-e" "RUSTUP_HOME=/opt/rustwide/rustup-home" "-e" "CARGO_TARGET_DIR=/opt/rustwide/target" "-e" "CARGO_INCREMENTAL=0" "-e" "RUST_BACKTRACE=full" "-e" "RUSTFLAGS=--cap-lints=warn" "-e" "RUSTDOCFLAGS=--cap-lints=warn" "-w" "/opt/rustwide/workdir" "--user" "0:0" "25bb3a2bcce7d416ff9b8ae5f4ec9c9aaf797698bf7de40e14598ab574cd66e4" "/opt/rustwide/cargo-home/bin/cargo" "+1.100.0-beta.1" "test" "--frozen" "--no-run" "--message-format=json" "--release", kill_on_drop: false }`
[INFO] [stderr] warning: `package.homepage` is redundant with `package.repository`
[INFO] [stderr]   --> Cargo.toml:65:12
[INFO] [stderr]    |
[INFO] [stderr] 65 | homepage = "https://github.com/vrypan/stash"
[INFO] [stderr]    |            ^^^^^^^^^^^^^^^^^^^^^^^^^^^^^^^^^
[INFO] [stderr] ...
[INFO] [stderr] 69 | repository = "https://github.com/vrypan/stash"
[INFO] [stderr]    |              ---------------------------------
[INFO] [stderr]    |
[INFO] [stderr]    = note: `cargo::redundant_homepage` is set to `warn` by default
[INFO] [stderr] help: consider removing `package.homepage`
[INFO] [stderr] warning: `stash-cli` (manifest) generated 1 warning
[INFO] [stderr]    Compiling serde_core v1.0.228
[INFO] [stderr]    Compiling memchr v2.8.0
[INFO] [stderr]    Compiling serde v1.0.228
[INFO] [stderr]    Compiling autocfg v1.5.0
[INFO] [stderr]    Compiling crossbeam-utils v0.8.21
[INFO] [stderr]    Compiling anstyle v1.0.14
[INFO] [stderr]    Compiling cfg-if v1.0.4
[INFO] [stderr]    Compiling utf8parse v0.2.2
[INFO] [stderr]    Compiling zerocopy v0.8.48
[INFO] [stderr]    Compiling regex-syntax v0.8.10
[INFO] [stderr]    Compiling libc v0.2.184
[INFO] [stderr]    Compiling colorchoice v1.0.5
[INFO] [stderr]    Compiling anstyle-query v1.1.5
[INFO] [stderr]    Compiling is_terminal_polyfill v1.70.2
[INFO] [stderr]    Compiling zmij v1.0.21
[INFO] [stderr]    Compiling ptr_meta v0.3.1
[INFO] [stderr]    Compiling anstyle-parse v1.0.0
[INFO] [stderr]    Compiling zerocopy-derive v0.8.48
[INFO] [stderr]    Compiling either v1.15.0
[INFO] [stderr]    Compiling rancor v0.1.1
[INFO] [stderr]    Compiling itoa v1.0.18
[INFO] [stderr]    Compiling simdutf8 v0.1.5
[INFO] [stderr]    Compiling rayon-core v1.13.0
[INFO] [stderr]    Compiling clap_lex v1.1.0
[INFO] [stderr]    Compiling anstream v1.0.0
[INFO] [stderr]    Compiling rustix v1.1.4
[INFO] [stderr]    Compiling getrandom v0.4.2
[INFO] [stderr]    Compiling bytecheck v0.8.2
[INFO] [stderr]    Compiling plotters-backend v0.3.7
[INFO] [stderr]    Compiling predicates-core v1.0.10
[INFO] [stderr]    Compiling ciborium-io v0.2.2
[INFO] [stderr]    Compiling num-traits v0.2.19
[INFO] [stderr]    Compiling itertools v0.10.5
[INFO] [stderr]    Compiling munge v0.4.7
[INFO] [stderr]    Compiling aho-corasick v1.1.4
[INFO] [stderr]    Compiling once_cell v1.21.4
[INFO] [stderr]    Compiling hashbrown v0.16.1
[INFO] [stderr]    Compiling assert_cmd v2.2.0
[INFO] [stderr]    Compiling normalize-line-endings v0.3.0
[INFO] [stderr]    Compiling termtree v0.5.1
[INFO] [stderr]    Compiling clap_builder v4.6.0
[INFO] [stderr]    Compiling bitflags v2.11.0
[INFO] [stderr]    Compiling difflib v0.4.0
[INFO] [stderr]    Compiling plotters-svg v0.3.7
[INFO] [stderr]    Compiling rend v0.5.3
[INFO] [stderr]    Compiling same-file v1.0.6
[INFO] [stderr]    Compiling linux-raw-sys v0.12.1
[INFO] [stderr]    Compiling cast v0.3.0
[INFO] [stderr]    Compiling crossbeam-epoch v0.9.18
[INFO] [stderr]    Compiling walkdir v2.5.0
[INFO] [stderr]    Compiling predicates-tree v1.0.13
[INFO] [stderr]    Compiling crossbeam-deque v0.8.6
[INFO] [stderr]    Compiling errno v0.3.14
[INFO] [stderr]    Compiling signal-hook-registry v1.4.8
[INFO] [stderr]    Compiling wait-timeout v0.2.1
[INFO] [stderr]    Compiling is-terminal v0.4.17
[INFO] [stderr]    Compiling fastrand v2.4.1
[INFO] [stderr]    Compiling anes v0.1.6
[INFO] [stderr]    Compiling signal-hook v0.4.4
[INFO] [stderr]    Compiling oorandom v11.1.5
[INFO] [stderr]    Compiling regex-automata v0.4.14
[INFO] [stderr]    Compiling float-cmp v0.10.0
[INFO] [stderr]    Compiling plotters v0.3.7
[INFO] [stderr]    Compiling rayon v1.11.0
[INFO] [stderr]    Compiling criterion-plot v0.5.0
[INFO] [stderr]    Compiling serde_json v1.0.149
[INFO] [stderr]    Compiling clap v4.6.0
[INFO] [stderr]    Compiling tempfile v3.27.0
[INFO] [stderr]    Compiling stash-cli v0.9.1 (/opt/rustwide/workdir)
[INFO] [stderr]    Compiling tinytemplate v1.2.1
[INFO] [stderr]    Compiling regex v1.12.3
[INFO] [stderr]    Compiling bstr v1.12.1
[INFO] [stderr]    Compiling predicates v3.1.4
[INFO] [stderr]    Compiling rkyv v0.8.15
[INFO] [stderr]    Compiling half v2.7.1
[INFO] [stderr]    Compiling ciborium-ll v0.2.2
[INFO] [stderr]    Compiling ciborium v0.2.2
[INFO] [stderr]    Compiling criterion v0.5.1
[INFO] [stderr]     Finished `release` profile [optimized] target(s) in 1m 11s
[INFO] [stderr] warning: the following packages contain code that will be rejected by a future version of Rust: bytecheck v0.8.2, rkyv v0.8.15
[INFO] [stderr] note: to see what the problems were, use the option `--future-incompat-report`, or run `cargo report future-incompatibilities --id 6`
[INFO] running `Command { std: "docker" "inspect" "25bb3a2bcce7d416ff9b8ae5f4ec9c9aaf797698bf7de40e14598ab574cd66e4", kill_on_drop: false }`
[INFO] running `Command { std: "docker" "exec" "-e" "SOURCE_DIR=/opt/rustwide/workdir" "-e" "CARGO_HOME=/opt/rustwide/cargo-home" "-e" "RUSTUP_HOME=/opt/rustwide/rustup-home" "-e" "CARGO_TARGET_DIR=/opt/rustwide/target" "-e" "CARGO_INCREMENTAL=0" "-e" "RUST_BACKTRACE=full" "-e" "RUSTFLAGS=--cap-lints=warn" "-e" "RUSTDOCFLAGS=--cap-lints=warn" "-w" "/opt/rustwide/workdir" "--user" "0:0" "25bb3a2bcce7d416ff9b8ae5f4ec9c9aaf797698bf7de40e14598ab574cd66e4" "/opt/rustwide/cargo-home/bin/cargo" "+1.100.0-beta.1" "test" "--frozen" "--release", kill_on_drop: false }`
[INFO] [stderr] warning: `package.homepage` is redundant with `package.repository`
[INFO] [stderr]   --> Cargo.toml:65:12
[INFO] [stderr]    |
[INFO] [stderr] 65 | homepage = "https://github.com/vrypan/stash"
[INFO] [stderr]    |            ^^^^^^^^^^^^^^^^^^^^^^^^^^^^^^^^^
[INFO] [stderr] ...
[INFO] [stderr] 69 | repository = "https://github.com/vrypan/stash"
[INFO] [stderr]    |              ---------------------------------
[INFO] [stderr]    |
[INFO] [stderr]    = note: `cargo::redundant_homepage` is set to `warn` by default
[INFO] [stderr] help: consider removing `package.homepage`
[INFO] [stderr] warning: `stash-cli` (manifest) generated 1 warning
[INFO] [stderr]     Finished `release` profile [optimized] target(s) in 0.20s
[INFO] [stderr] warning: the following packages contain code that will be rejected by a future version of Rust: bytecheck v0.8.2, rkyv v0.8.15
[INFO] [stderr] note: to see what the problems were, use the option `--future-incompat-report`, or run `cargo report future-incompatibilities --id 6`
[INFO] [stderr]      Running unittests src/lib.rs (/opt/rustwide/target/release/build/stash-cli/00626bf228a8a805/out/stash-00626bf228a8a805)
[INFO] [stdout] 
[INFO] [stdout] running 0 tests
[INFO] [stdout] 
[INFO] [stdout] test result: ok. 0 passed; 0 failed; 0 ignored; 0 measured; 0 filtered out; finished in 0.00s
[INFO] [stdout] 
[INFO] [stderr]      Running unittests src/main.rs (/opt/rustwide/target/release/build/stash-cli/a79fb7cec4715b3c/out/stash-a79fb7cec4715b3c)
[INFO] [stdout] 
[INFO] [stdout] running 0 tests
[INFO] [stdout] 
[INFO] [stdout] test result: ok. 0 passed; 0 failed; 0 ignored; 0 measured; 0 filtered out; finished in 0.00s
[INFO] [stdout] 
[INFO] [stderr]      Running tests/cli_binary.rs (/opt/rustwide/target/release/build/stash-cli/a4314841c82675ca/out/cli_binary-a4314841c82675ca)
[INFO] [stdout] 
[INFO] [stdout] running 13 tests
[INFO] [stdout] test push_file_sets_filename_and_path_resolves_paths ... FAILED
[INFO] [stdout] test ls_log_and_attrs_cover_current_listing_modes ... FAILED
[INFO] [stdout] test pocket_alias_maps_to_attr_filter_and_write ... FAILED
[INFO] [stdout] test push_and_cat_round_trip ... FAILED
[INFO] [stdout] test tee_prints_stream_and_can_report_id_on_stderr ... FAILED
[INFO] [stdout] test attr_supports_set_get_unset_and_json ... FAILED
[INFO] [stdout] test active_pocket_auto_tags_push_and_scopes_positional_refs ... FAILED
[INFO] [stdout] test help_mentions_smart_mode ... FAILED
[INFO] [stdout] test rm_confirmation_uses_long_listing_view ... FAILED
[INFO] [stdout] test attrs_key_lists_distinct_values_within_active_pocket ... FAILED
[INFO] [stdout] test cat_supports_multiple_refs_and_attr_filters ... FAILED
[INFO] [stdout] test rm_and_pop_remove_expected_entries ... FAILED
[INFO] [stdout] test bare_stash_in_pipeline_behaves_like_tee ... FAILED
[INFO] [stdout] 
[INFO] [stdout] failures:
[INFO] [stdout] 
[INFO] [stdout] ---- push_file_sets_filename_and_path_resolves_paths stdout ----
[INFO] [stdout] 
[INFO] [stdout] thread 'push_file_sets_filename_and_path_resolves_paths' (2522) panicked at tests/cli_binary.rs:12:10:
[INFO] [stdout] called `Result::unwrap()` on an `Err` value: Custom { kind: ReadOnlyFilesystem, error: PathError { path: "/opt/rustwide/workdir/stash-test-rQW6HV", err: Os { code: 30, kind: ReadOnlyFilesystem, message: "Read-only file system" } } }
[INFO] [stdout] stack backtrace:
[INFO] [stdout]    0:     0x57ba8ba15d76 - <unknown>
[INFO] [stdout]    1:     0x57ba8b9b62fa - <unknown>
[INFO] [stdout]    2:     0x57ba8ba1d6ac - <unknown>
[INFO] [stdout]    3:     0x57ba8b9f1aa2 - <unknown>
[INFO] [stdout]    4:     0x57ba8ba0dd91 - <unknown>
[INFO] [stdout]    5:     0x57ba8ba0df72 - <unknown>
[INFO] [stdout]    6:     0x57ba8b9f1b52 - <unknown>
[INFO] [stdout]    7:     0x57ba8b9ea849 - <unknown>
[INFO] [stdout]    8:     0x57ba8b9f276d - <unknown>
[INFO] [stdout]    9:     0x57ba8b9b69ec - <unknown>
[INFO] [stdout]   10:     0x57ba8b9b67c2 - <unknown>
[INFO] [stdout]   11:     0x57ba8b99b65d - <unknown>
[INFO] [stdout]   12:     0x57ba8b9a80c6 - <unknown>
[INFO] [stdout]   13:     0x57ba8ba1fcfb - <unknown>
[INFO] [stdout]   14:     0x57ba8ba2dba4 - <unknown>
[INFO] [stdout]   15:     0x57ba8ba272d4 - <unknown>
[INFO] [stdout]   16:     0x57ba8ba31962 - <unknown>
[INFO] [stdout]   17:     0x57ba8ba15274 - <unknown>
[INFO] [stdout]   18:     0x7ecbcf587dfa - <unknown>
[INFO] [stdout]   19:     0x7ecbcf61b3d4 - clone
[INFO] [stdout]   20:                0x0 - <unknown>
[INFO] [stdout] 
[INFO] [stdout] ---- ls_log_and_attrs_cover_current_listing_modes stdout ----
[INFO] [stdout] 
[INFO] [stdout] thread 'ls_log_and_attrs_cover_current_listing_modes' (2519) panicked at tests/cli_binary.rs:12:10:
[INFO] [stdout] called `Result::unwrap()` on an `Err` value: Custom { kind: ReadOnlyFilesystem, error: PathError { path: "/opt/rustwide/workdir/stash-test-8qSUHe", err: Os { code: 30, kind: ReadOnlyFilesystem, message: "Read-only file system" } } }
[INFO] [stdout] stack backtrace:
[INFO] [stdout]    0:     0x57ba8ba15d76 - <unknown>
[INFO] [stdout]    1:     0x57ba8b9b62fa - <unknown>
[INFO] [stdout]    2:     0x57ba8ba1d6ac - <unknown>
[INFO] [stdout]    3:     0x57ba8b9f1aa2 - <unknown>
[INFO] [stdout]    4:     0x57ba8ba0dd91 - <unknown>
[INFO] [stdout]    5:     0x57ba8ba0df72 - <unknown>
[INFO] [stdout]    6:     0x57ba8b9f1b52 - <unknown>
[INFO] [stdout]    7:     0x57ba8b9ea849 - <unknown>
[INFO] [stdout]    8:     0x57ba8b9f276d - <unknown>
[INFO] [stdout]    9:     0x57ba8b9b69ec - <unknown>
[INFO] [stdout]   10:     0x57ba8b9b67c2 - <unknown>
[INFO] [stdout]   11:     0x57ba8b99b65d - <unknown>
[INFO] [stdout]   12:     0x57ba8b9a3c76 - <unknown>
[INFO] [stdout]   13:     0x57ba8ba1fcfb - <unknown>
[INFO] [stdout]   14:     0x57ba8ba2dba4 - <unknown>
[INFO] [stdout]   15:     0x57ba8ba272d4 - <unknown>
[INFO] [stdout]   16:     0x57ba8ba31962 - <unknown>
[INFO] [stdout]   17:     0x57ba8ba15274 - <unknown>
[INFO] [stdout]   18:     0x7ecbcf587dfa - <unknown>
[INFO] [stdout]   19:     0x7ecbcf61b3d4 - clone
[INFO] [stdout]   20:                0x0 - <unknown>
[INFO] [stdout] 
[INFO] [stdout] ---- pocket_alias_maps_to_attr_filter_and_write stdout ----
[INFO] [stdout] 
[INFO] [stdout] thread 'pocket_alias_maps_to_attr_filter_and_write' (2520) panicked at tests/cli_binary.rs:12:10:
[INFO] [stdout] called `Result::unwrap()` on an `Err` value: Custom { kind: ReadOnlyFilesystem, error: PathError { path: "/opt/rustwide/workdir/stash-test-crNjVh", err: Os { code: 30, kind: ReadOnlyFilesystem, message: "Read-only file system" } } }
[INFO] [stdout] stack backtrace:
[INFO] [stdout]    0:     0x57ba8ba15d76 - <unknown>
[INFO] [stdout]    1:     0x57ba8b9b62fa - <unknown>
[INFO] [stdout]    2:     0x57ba8ba1d6ac - <unknown>
[INFO] [stdout]    3:     0x57ba8b9f1aa2 - <unknown>
[INFO] [stdout]    4:     0x57ba8ba0dd91 - <unknown>
[INFO] [stdout]    5:     0x57ba8ba0df72 - <unknown>
[INFO] [stdout]    6:     0x57ba8b9f1b52 - <unknown>
[INFO] [stdout]    7:     0x57ba8b9ea849 - <unknown>
[INFO] [stdout]    8:     0x57ba8b9f276d - <unknown>
[INFO] [stdout]    9:     0x57ba8b9b69ec - <unknown>
[INFO] [stdout]   10:     0x57ba8b9b67c2 - <unknown>
[INFO] [stdout]   11:     0x57ba8b99b65d - <unknown>
[INFO] [stdout]   12:     0x57ba8b9a1633 - <unknown>
[INFO] [stdout]   13:     0x57ba8ba1fcfb - <unknown>
[INFO] [stdout]   14:     0x57ba8ba2dba4 - <unknown>
[INFO] [stdout]   15:     0x57ba8ba272d4 - <unknown>
[INFO] [stdout]   16:     0x57ba8ba31962 - <unknown>
[INFO] [stdout]   17:     0x57ba8ba15274 - <unknown>
[INFO] [stdout]   18:     0x7ecbcf587dfa - <unknown>
[INFO] [stdout]   19:     0x7ecbcf61b3d4 - clone
[INFO] [stdout]   20:                0x0 - <unknown>
[INFO] [stdout] 
[INFO] [stdout] ---- push_and_cat_round_trip stdout ----
[INFO] [stdout] 
[INFO] [stdout] thread 'push_and_cat_round_trip' (2521) panicked at tests/cli_binary.rs:12:10:
[INFO] [stdout] called `Result::unwrap()` on an `Err` value: Custom { kind: ReadOnlyFilesystem, error: PathError { path: "/opt/rustwide/workdir/stash-test-D3uoyg", err: Os { code: 30, kind: ReadOnlyFilesystem, message: "Read-only file system" } } }
[INFO] [stdout] stack backtrace:
[INFO] [stdout]    0:     0x57ba8ba15d76 - <unknown>
[INFO] [stdout]    1:     0x57ba8b9b62fa - <unknown>
[INFO] [stdout]    2:     0x57ba8ba1d6ac - <unknown>
[INFO] [stdout]    3:     0x57ba8b9f1aa2 - <unknown>
[INFO] [stdout]    4:     0x57ba8ba0dd91 - <unknown>
[INFO] [stdout]    5:     0x57ba8ba0df72 - <unknown>
[INFO] [stdout]    6:     0x57ba8b9f1b52 - <unknown>
[INFO] [stdout]    7:     0x57ba8b9ea849 - <unknown>
[INFO] [stdout]    8:     0x57ba8b9f276d - <unknown>
[INFO] [stdout]    9:     0x57ba8b9b69ec - <unknown>
[INFO] [stdout]   10:     0x57ba8b9b67c2 - <unknown>
[INFO] [stdout]   11:     0x57ba8b99b65d - <unknown>
[INFO] [stdout]   12:     0x57ba8b99c7c0 - <unknown>
[INFO] [stdout]   13:     0x57ba8ba1fcfb - <unknown>
[INFO] [stdout]   14:     0x57ba8ba2dba4 - <unknown>
[INFO] [stdout]   15:     0x57ba8ba272d4 - <unknown>
[INFO] [stdout]   16:     0x57ba8ba31962 - <unknown>
[INFO] [stdout]   17:     0x57ba8ba15274 - <unknown>
[INFO] [stdout]   18:     0x7ecbcf587dfa - <unknown>
[INFO] [stdout]   19:     0x7ecbcf61b3d4 - clone
[INFO] [stdout]   20:                0x0 - <unknown>
[INFO] [stdout] 
[INFO] [stdout] ---- tee_prints_stream_and_can_report_id_on_stderr stdout ----
[INFO] [stdout] 
[INFO] [stdout] thread 'tee_prints_stream_and_can_report_id_on_stderr' (2525) panicked at tests/cli_binary.rs:12:10:
[INFO] [stdout] called `Result::unwrap()` on an `Err` value: Custom { kind: ReadOnlyFilesystem, error: PathError { path: "/opt/rustwide/workdir/stash-test-5RFk4B", err: Os { code: 30, kind: ReadOnlyFilesystem, message: "Read-only file system" } } }
[INFO] [stdout] stack backtrace:
[INFO] [stdout]    0:     0x57ba8ba15d76 - <unknown>
[INFO] [stdout]    1:     0x57ba8b9b62fa - <unknown>
[INFO] [stdout]    2:     0x57ba8ba1d6ac - <unknown>
[INFO] [stdout]    3:     0x57ba8b9f1aa2 - <unknown>
[INFO] [stdout]    4:     0x57ba8ba0dd91 - <unknown>
[INFO] [stdout]    5:     0x57ba8ba0df72 - <unknown>
[INFO] [stdout]    6:     0x57ba8b9f1b52 - <unknown>
[INFO] [stdout]    7:     0x57ba8b9ea849 - <unknown>
[INFO] [stdout]    8:     0x57ba8b9f276d - <unknown>
[INFO] [stdout]    9:     0x57ba8b9b69ec - <unknown>
[INFO] [stdout]   10:     0x57ba8b9b67c2 - <unknown>
[INFO] [stdout]   11:     0x57ba8b99b65d - <unknown>
[INFO] [stdout]   12:     0x57ba8b9a751e - <unknown>
[INFO] [stdout]   13:     0x57ba8ba1fcfb - <unknown>
[INFO] [stdout]   14:     0x57ba8ba2dba4 - <unknown>
[INFO] [stdout]   15:     0x57ba8ba272d4 - <unknown>
[INFO] [stdout]   16:     0x57ba8ba31962 - <unknown>
[INFO] [stdout]   17:     0x57ba8ba15274 - <unknown>
[INFO] [stdout]   18:     0x7ecbcf587dfa - <unknown>
[INFO] [stdout]   19:     0x7ecbcf61b3d4 - clone
[INFO] [stdout]   20:                0x0 - <unknown>
[INFO] [stdout] 
[INFO] [stdout] ---- attr_supports_set_get_unset_and_json stdout ----
[INFO] [stdout] 
[INFO] [stdout] thread 'attr_supports_set_get_unset_and_json' (2514) panicked at tests/cli_binary.rs:12:10:
[INFO] [stdout] called `Result::unwrap()` on an `Err` value: Custom { kind: ReadOnlyFilesystem, error: PathError { path: "/opt/rustwide/workdir/stash-test-93U5zu", err: Os { code: 30, kind: ReadOnlyFilesystem, message: "Read-only file system" } } }
[INFO] [stdout] stack backtrace:
[INFO] [stdout]    0:     0x57ba8ba15d76 - <unknown>
[INFO] [stdout]    1:     0x57ba8b9b62fa - <unknown>
[INFO] [stdout]    2:     0x57ba8ba1d6ac - <unknown>
[INFO] [stdout]    3:     0x57ba8b9f1aa2 - <unknown>
[INFO] [stdout]    4:     0x57ba8ba0dd91 - <unknown>
[INFO] [stdout]    5:     0x57ba8ba0df72 - <unknown>
[INFO] [stdout]    6:     0x57ba8b9f1b52 - <unknown>
[INFO] [stdout]    7:     0x57ba8b9ea849 - <unknown>
[INFO] [stdout]    8:     0x57ba8b9f276d - <unknown>
[INFO] [stdout]    9:     0x57ba8b9b69ec - <unknown>
[INFO] [stdout]   10:     0x57ba8b9b67c2 - <unknown>
[INFO] [stdout]   11:     0x57ba8b99b65d - <unknown>
[INFO] [stdout]   12:     0x57ba8b99eda3 - <unknown>
[INFO] [stdout]   13:     0x57ba8ba1fcfb - <unknown>
[INFO] [stdout]   14:     0x57ba8ba2dba4 - <unknown>
[INFO] [stdout]   15:     0x57ba8ba272d4 - <unknown>
[INFO] [stdout]   16:     0x57ba8ba31962 - <unknown>
[INFO] [stdout]   17:     0x57ba8ba15274 - <unknown>
[INFO] [stdout]   18:     0x7ecbcf587dfa - <unknown>
[INFO] [stdout]   19:     0x7ecbcf61b3d4 - clone
[INFO] [stdout]   20:                0x0 - <unknown>
[INFO] [stdout] 
[INFO] [stdout] ---- active_pocket_auto_tags_push_and_scopes_positional_refs stdout ----
[INFO] [stdout] 
[INFO] [stdout] thread 'active_pocket_auto_tags_push_and_scopes_positional_refs' (2513) panicked at tests/cli_binary.rs:12:10:
[INFO] [stdout] called `Result::unwrap()` on an `Err` value: Custom { kind: ReadOnlyFilesystem, error: PathError { path: "/opt/rustwide/workdir/stash-test-w3VGVf", err: Os { code: 30, kind: ReadOnlyFilesystem, message: "Read-only file system" } } }
[INFO] [stdout] stack backtrace:
[INFO] [stdout]    0:     0x57ba8ba15d76 - <unknown>
[INFO] [stdout]    1:     0x57ba8b9b62fa - <unknown>
[INFO] [stdout]    2:     0x57ba8ba1d6ac - <unknown>
[INFO] [stdout]    3:     0x57ba8b9f1aa2 - <unknown>
[INFO] [stdout]    4:     0x57ba8ba0dd91 - <unknown>
[INFO] [stdout]    5:     0x57ba8ba0df72 - <unknown>
[INFO] [stdout]    6:     0x57ba8b9f1b52 - <unknown>
[INFO] [stdout]    7:     0x57ba8b9ea849 - <unknown>
[INFO] [stdout]    8:     0x57ba8b9f276d - <unknown>
[INFO] [stdout]    9:     0x57ba8b9b69ec - <unknown>
[INFO] [stdout]   10:     0x57ba8b9b67c2 - <unknown>
[INFO] [stdout]   11:     0x57ba8b99b65d - <unknown>
[INFO] [stdout]   12:     0x57ba8b9a99d6 - <unknown>
[INFO] [stdout]   13:     0x57ba8ba1fcfb - <unknown>
[INFO] [stdout]   14:     0x57ba8ba2dba4 - <unknown>
[INFO] [stdout]   15:     0x57ba8ba272d4 - <unknown>
[INFO] [stdout]   16:     0x57ba8ba31962 - <unknown>
[INFO] [stdout]   17:     0x57ba8ba15274 - <unknown>
[INFO] [stdout]   18:     0x7ecbcf587dfa - <unknown>
[INFO] [stdout]   19:     0x7ecbcf61b3d4 - clone
[INFO] [stdout]   20:                0x0 - <unknown>
[INFO] [stdout] 
[INFO] [stdout] ---- help_mentions_smart_mode stdout ----
[INFO] [stdout] 
[INFO] [stdout] thread 'help_mentions_smart_mode' (2518) panicked at tests/cli_binary.rs:12:10:
[INFO] [stdout] called `Result::unwrap()` on an `Err` value: Custom { kind: ReadOnlyFilesystem, error: PathError { path: "/opt/rustwide/workdir/stash-test-s4IoVs", err: Os { code: 30, kind: ReadOnlyFilesystem, message: "Read-only file system" } } }
[INFO] [stdout] stack backtrace:
[INFO] [stdout]    0:     0x57ba8ba15d76 - <unknown>
[INFO] [stdout]    1:     0x57ba8b9b62fa - <unknown>
[INFO] [stdout]    2:     0x57ba8ba1d6ac - <unknown>
[INFO] [stdout]    3:     0x57ba8b9f1aa2 - <unknown>
[INFO] [stdout]    4:     0x57ba8ba0dd91 - <unknown>
[INFO] [stdout]    5:     0x57ba8ba0df72 - <unknown>
[INFO] [stdout]    6:     0x57ba8b9f1b52 - <unknown>
[INFO] [stdout]    7:     0x57ba8b9ea849 - <unknown>
[INFO] [stdout]    8:     0x57ba8b9f276d - <unknown>
[INFO] [stdout]    9:     0x57ba8b9b69ec - <unknown>
[INFO] [stdout]   10:     0x57ba8b9b67c2 - <unknown>
[INFO] [stdout]   11:     0x57ba8b99b65d - <unknown>
[INFO] [stdout]   12:     0x57ba8b99d00e - <unknown>
[INFO] [stdout]   13:     0x57ba8ba1fcfb - <unknown>
[INFO] [stdout]   14:     0x57ba8ba2dba4 - <unknown>
[INFO] [stdout]   15:     0x57ba8ba272d4 - <unknown>
[INFO] [stdout]   16:     0x57ba8ba31962 - <unknown>
[INFO] [stdout]   17:     0x57ba8ba15274 - <unknown>
[INFO] [stdout]   18:     0x7ecbcf587dfa - <unknown>
[INFO] [stdout]   19:     0x7ecbcf61b3d4 - clone
[INFO] [stdout]   20:                0x0 - <unknown>
[INFO] [stdout] 
[INFO] [stdout] ---- rm_confirmation_uses_long_listing_view stdout ----
[INFO] [stdout] 
[INFO] [stdout] thread 'rm_confirmation_uses_long_listing_view' (2524) panicked at tests/cli_binary.rs:12:10:
[INFO] [stdout] called `Result::unwrap()` on an `Err` value: Custom { kind: ReadOnlyFilesystem, error: PathError { path: "/opt/rustwide/workdir/stash-test-pF5dPR", err: Os { code: 30, kind: ReadOnlyFilesystem, message: "Read-only file system" } } }
[INFO] [stdout] stack backtrace:
[INFO] [stdout]    0:     0x57ba8ba15d76 - <unknown>
[INFO] [stdout]    1:     0x57ba8b9b62fa - <unknown>
[INFO] [stdout]    2:     0x57ba8ba1d6ac - <unknown>
[INFO] [stdout]    3:     0x57ba8b9f1aa2 - <unknown>
[INFO] [stdout]    4:     0x57ba8ba0dd91 - <unknown>
[INFO] [stdout]    5:     0x57ba8ba0df72 - <unknown>
[INFO] [stdout]    6:     0x57ba8b9f1b52 - <unknown>
[INFO] [stdout]    7:     0x57ba8b9ea849 - <unknown>
[INFO] [stdout]    8:     0x57ba8b9f276d - <unknown>
[INFO] [stdout]    9:     0x57ba8b9b69ec - <unknown>
[INFO] [stdout]   10:     0x57ba8b9b67c2 - <unknown>
[INFO] [stdout]   11:     0x57ba8b99b65d - <unknown>
[INFO] [stdout]   12:     0x57ba8b9a00ce - <unknown>
[INFO] [stdout]   13:     0x57ba8ba1fcfb - <unknown>
[INFO] [stdout]   14:     0x57ba8ba2dba4 - <unknown>
[INFO] [stdout]   15:     0x57ba8ba272d4 - <unknown>
[INFO] [stdout]   16:     0x57ba8ba31962 - <unknown>
[INFO] [stdout]   17:     0x57ba8ba15274 - <unknown>
[INFO] [stdout]   18:     0x7ecbcf587dfa - <unknown>
[INFO] [stdout]   19:     0x7ecbcf61b3d4 - clone
[INFO] [stdout]   20:                0x0 - <unknown>
[INFO] [stdout] 
[INFO] [stdout] ---- attrs_key_lists_distinct_values_within_active_pocket stdout ----
[INFO] [stdout] 
[INFO] [stdout] thread 'attrs_key_lists_distinct_values_within_active_pocket' (2515) panicked at tests/cli_binary.rs:12:10:
[INFO] [stdout] called `Result::unwrap()` on an `Err` value: Custom { kind: ReadOnlyFilesystem, error: PathError { path: "/opt/rustwide/workdir/stash-test-qcwOR5", err: Os { code: 30, kind: ReadOnlyFilesystem, message: "Read-only file system" } } }
[INFO] [stdout] stack backtrace:
[INFO] [stdout]    0:     0x57ba8ba15d76 - <unknown>
[INFO] [stdout]    1:     0x57ba8b9b62fa - <unknown>
[INFO] [stdout]    2:     0x57ba8ba1d6ac - <unknown>
[INFO] [stdout]    3:     0x57ba8b9f1aa2 - <unknown>
[INFO] [stdout]    4:     0x57ba8ba0dd91 - <unknown>
[INFO] [stdout]    5:     0x57ba8ba0df72 - <unknown>
[INFO] [stdout]    6:     0x57ba8b9f1b52 - <unknown>
[INFO] [stdout]    7:     0x57ba8b9ea849 - <unknown>
[INFO] [stdout]    8:     0x57ba8b9f276d - <unknown>
[INFO] [stdout]    9:     0x57ba8b9b69ec - <unknown>
[INFO] [stdout]   10:     0x57ba8b9b67c2 - <unknown>
[INFO] [stdout]   11:     0x57ba8b99b65d - <unknown>
[INFO] [stdout]   12:     0x57ba8b9a9070 - <unknown>
[INFO] [stdout]   13:     0x57ba8ba1fcfb - <unknown>
[INFO] [stdout]   14:     0x57ba8ba2dba4 - <unknown>
[INFO] [stdout]   15:     0x57ba8ba272d4 - <unknown>
[INFO] [stdout]   16:     0x57ba8ba31962 - <unknown>
[INFO] [stdout]   17:     0x57ba8ba15274 - <unknown>
[INFO] [stdout]   18:     0x7ecbcf587dfa - <unknown>
[INFO] [stdout]   19:     0x7ecbcf61b3d4 - clone
[INFO] [stdout]   20:                0x0 - <unknown>
[INFO] [stdout] 
[INFO] [stdout] ---- cat_supports_multiple_refs_and_attr_filters stdout ----
[INFO] [stdout] 
[INFO] [stdout] thread 'cat_supports_multiple_refs_and_attr_filters' (2517) panicked at tests/cli_binary.rs:12:10:
[INFO] [stdout] called `Result::unwrap()` on an `Err` value: Custom { kind: ReadOnlyFilesystem, error: PathError { path: "/opt/rustwide/workdir/stash-test-CWDrpY", err: Os { code: 30, kind: ReadOnlyFilesystem, message: "Read-only file system" } } }
[INFO] [stdout] stack backtrace:
[INFO] [stdout]    0:     0x57ba8ba15d76 - <unknown>
[INFO] [stdout]    1:     0x57ba8b9b62fa - <unknown>
[INFO] [stdout]    2:     0x57ba8ba1d6ac - <unknown>
[INFO] [stdout]    3:     0x57ba8b9f1aa2 - <unknown>
[INFO] [stdout]    4:     0x57ba8ba0dd91 - <unknown>
[INFO] [stdout]    5:     0x57ba8ba0df72 - <unknown>
[INFO] [stdout]    6:     0x57ba8b9f1b52 - <unknown>
[INFO] [stdout]    7:     0x57ba8b9ea849 - <unknown>
[INFO] [stdout]    8:     0x57ba8b9f276d - <unknown>
[INFO] [stdout]    9:     0x57ba8b9b69ec - <unknown>
[INFO] [stdout]   10:     0x57ba8b9b67c2 - <unknown>
[INFO] [stdout]   11:     0x57ba8b99b65d - <unknown>
[INFO] [stdout]   12:     0x57ba8b9a2416 - <unknown>
[INFO] [stdout]   13:     0x57ba8ba1fcfb - <unknown>
[INFO] [stdout]   14:     0x57ba8ba2dba4 - <unknown>
[INFO] [stdout]   15:     0x57ba8ba272d4 - <unknown>
[INFO] [stdout]   16:     0x57ba8ba31962 - <unknown>
[INFO] [stdout]   17:     0x57ba8ba15274 - <unknown>
[INFO] [stdout]   18:     0x7ecbcf587dfa - <unknown>
[INFO] [stdout]   19:     0x7ecbcf61b3d4 - clone
[INFO] [stdout]   20:                0x0 - <unknown>
[INFO] [stdout] 
[INFO] [stdout] ---- rm_and_pop_remove_expected_entries stdout ----
[INFO] [stdout] 
[INFO] [stdout] thread 'rm_and_pop_remove_expected_entries' (2523) panicked at tests/cli_binary.rs:12:10:
[INFO] [stdout] called `Result::unwrap()` on an `Err` value: Custom { kind: ReadOnlyFilesystem, error: PathError { path: "/opt/rustwide/workdir/stash-test-PPhsGx", err: Os { code: 30, kind: ReadOnlyFilesystem, message: "Read-only file system" } } }
[INFO] [stdout] stack backtrace:
[INFO] [stdout]    0:     0x57ba8ba15d76 - <unknown>
[INFO] [stdout]    1:     0x57ba8b9b62fa - <unknown>
[INFO] [stdout]    2:     0x57ba8ba1d6ac - <unknown>
[INFO] [stdout]    3:     0x57ba8b9f1aa2 - <unknown>
[INFO] [stdout]    4:     0x57ba8ba0dd91 - <unknown>
[INFO] [stdout]    5:     0x57ba8ba0df72 - <unknown>
[INFO] [stdout]    6:     0x57ba8b9f1b52 - <unknown>
[INFO] [stdout]    7:     0x57ba8b9ea849 - <unknown>
[INFO] [stdout]    8:     0x57ba8b9f276d - <unknown>
[INFO] [stdout]    9:     0x57ba8b9b69ec - <unknown>
[INFO] [stdout]   10:     0x57ba8b9b67c2 - <unknown>
[INFO] [stdout]   11:     0x57ba8b99b65d - <unknown>
[INFO] [stdout]   12:     0x57ba8b99d806 - <unknown>
[INFO] [stdout]   13:     0x57ba8ba1fcfb - <unknown>
[INFO] [stdout]   14:     0x57ba8ba2dba4 - <unknown>
[INFO] [stdout]   15:     0x57ba8ba272d4 - <unknown>
[INFO] [stdout]   16:     0x57ba8ba31962 - <unknown>
[INFO] [stdout]   17:     0x57ba8ba15274 - <unknown>
[INFO] [stdout]   18:     0x7ecbcf587dfa - <unknown>
[INFO] [stdout]   19:     0x7ecbcf61b3d4 - clone
[INFO] [stdout]   20:                0x0 - <unknown>
[INFO] [stdout] 
[INFO] [stdout] ---- bare_stash_in_pipeline_behaves_like_tee stdout ----
[INFO] [stdout] 
[INFO] [stdout] thread 'bare_stash_in_pipeline_behaves_like_tee' (2516) panicked at tests/cli_binary.rs:12:10:
[INFO] [stdout] called `Result::unwrap()` on an `Err` value: Custom { kind: ReadOnlyFilesystem, error: PathError { path: "/opt/rustwide/workdir/stash-test-nNOUrg", err: Os { code: 30, kind: ReadOnlyFilesystem, message: "Read-only file system" } } }
[INFO] [stdout] stack backtrace:
[INFO] [stdout]    0:     0x57ba8ba15d76 - <unknown>
[INFO] [stdout]    1:     0x57ba8b9b62fa - <unknown>
[INFO] [stdout]    2:     0x57ba8ba1d6ac - <unknown>
[INFO] [stdout]    3:     0x57ba8b9f1aa2 - <unknown>
[INFO] [stdout]    4:     0x57ba8ba0dd91 - <unknown>
[INFO] [stdout]    5:     0x57ba8ba0df72 - <unknown>
[INFO] [stdout]    6:     0x57ba8b9f1b52 - <unknown>
[INFO] [stdout]    7:     0x57ba8b9ea849 - <unknown>
[INFO] [stdout]    8:     0x57ba8b9f276d - <unknown>
[INFO] [stdout]    9:     0x57ba8b9b69ec - <unknown>
[INFO] [stdout]   10:     0x57ba8b9b67c2 - <unknown>
[INFO] [stdout]   11:     0x57ba8b99b65d - <unknown>
[INFO] [stdout]   12:     0x57ba8b9a0afe - <unknown>
[INFO] [stdout]   13:     0x57ba8ba1fcfb - <unknown>
[INFO] [stdout]   14:     0x57ba8ba2dba4 - <unknown>
[INFO] [stdout]   15:     0x57ba8ba272d4 - <unknown>
[INFO] [stdout]   16:     0x57ba8ba31962 - <unknown>
[INFO] [stdout]   17:     0x57ba8ba15274 - <unknown>
[INFO] [stdout]   18:     0x7ecbcf587dfa - <unknown>
[INFO] [stdout]   19:     0x7ecbcf61b3d4 - clone
[INFO] [stdout]   20:                0x0 - <unknown>
[INFO] [stdout] 
[INFO] [stdout] 
[INFO] [stdout] failures:
[INFO] [stdout]     active_pocket_auto_tags_push_and_scopes_positional_refs
[INFO] [stdout]     attr_supports_set_get_unset_and_json
[INFO] [stdout]     attrs_key_lists_distinct_values_within_active_pocket
[INFO] [stdout]     bare_stash_in_pipeline_behaves_like_tee
[INFO] [stdout]     cat_supports_multiple_refs_and_attr_filters
[INFO] [stdout]     help_mentions_smart_mode
[INFO] [stdout]     ls_log_and_attrs_cover_current_listing_modes
[INFO] [stdout]     pocket_alias_maps_to_attr_filter_and_write
[INFO] [stdout]     push_and_cat_round_trip
[INFO] [stdout]     push_file_sets_filename_and_path_resolves_paths
[INFO] [stdout]     rm_and_pop_remove_expected_entries
[INFO] [stdout]     rm_confirmation_uses_long_listing_view
[INFO] [stdout]     tee_prints_stream_and_can_report_id_on_stderr
[INFO] [stdout] 
[INFO] [stdout] test result: FAILED. 0 passed; 13 failed; 0 ignored; 0 measured; 0 filtered out; finished in 0.01s
[INFO] [stdout] 
[INFO] [stderr] error: test failed, to rerun pass `--test cli_binary`
[INFO] running `Command { std: "docker" "inspect" "25bb3a2bcce7d416ff9b8ae5f4ec9c9aaf797698bf7de40e14598ab574cd66e4", kill_on_drop: false }`
[INFO] running `Command { std: "docker" "rm" "-f" "25bb3a2bcce7d416ff9b8ae5f4ec9c9aaf797698bf7de40e14598ab574cd66e4", kill_on_drop: false }`
[INFO] [stdout] 25bb3a2bcce7d416ff9b8ae5f4ec9c9aaf797698bf7de40e14598ab574cd66e4
