[INFO] fetching crate starknet_infra_utils 0.14.0-rc.3...
[INFO] testing starknet_infra_utils-0.14.0-rc.3 against 1.100.0-beta.1+cargoflags=--release for beta-release-1.100-2
[INFO] extracting crate starknet_infra_utils 0.14.0-rc.3 into /workspace/builds/worker-2-tc2/source
[INFO] started tweaking crates.io crate starknet_infra_utils 0.14.0-rc.3
[INFO] finished tweaking crates.io crate starknet_infra_utils 0.14.0-rc.3
[INFO] tweaked toml for crates.io crate starknet_infra_utils 0.14.0-rc.3 written to /workspace/builds/worker-2-tc2/source/Cargo.toml
[INFO] validating manifest of crates.io crate starknet_infra_utils 0.14.0-rc.3 on toolchain 1.100.0-beta.1
[INFO] running `Command { std: CARGO_HOME="/workspace/cargo-home" RUSTUP_HOME="/workspace/rustup-home" "/workspace/cargo-home/bin/cargo" "+1.100.0-beta.1" "metadata" "--manifest-path" "Cargo.toml" "--no-deps", kill_on_drop: false }`
[INFO] crate crates.io crate starknet_infra_utils 0.14.0-rc.3 already has a lockfile, it will not be regenerated
[INFO] running `Command { std: CARGO_HOME="/workspace/cargo-home" RUSTUP_HOME="/workspace/rustup-home" "/workspace/cargo-home/bin/cargo" "+1.100.0-beta.1" "fetch" "--manifest-path" "Cargo.toml", kill_on_drop: false }`
[INFO] [stderr] warning: Cargo.toml: `lints.rust.future-incompatible` is deprecated in favor of `lints.rust.future_incompatible` and will not work in a future edition
[INFO] [stderr] warning: Cargo.toml: `lints.rust.nonstandard-style` is deprecated in favor of `lints.rust.nonstandard_style` and will not work in a future edition
[INFO] [stderr] warning: Cargo.toml: `lints.rust.rust-2018-idioms` is deprecated in favor of `lints.rust.rust_2018_idioms` and will not work in a future edition
[INFO] [stderr] warning: `starknet_infra_utils` (manifest) generated 3 warnings
[INFO] running `Command { std: "docker" "create" "-v" "/var/lib/crater-agent-workspace/builds/worker-2-tc2/source:/opt/rustwide/workdir:ro,Z" "-v" "/var/lib/crater-agent-workspace/builds/worker-2-tc2/target:/opt/rustwide/target:rw,Z" "-v" "/var/lib/crater-agent-workspace/cargo-home:/opt/rustwide/cargo-home:ro,Z" "-v" "/var/lib/crater-agent-workspace/rustup-home:/opt/rustwide/rustup-home:ro,Z" "-m" "1610612736" "--network" "none" "ghcr.io/rust-lang/crates-build-env/linux@sha256:77db811e55d90add9212f6832c23229e3de5f1c1f9905e8cb07319ea15df73ac" "sleep" "infinity", kill_on_drop: false }`
[INFO] [stdout] 9a8ff9ae6cdc7932371c8dbeaec36b10a39aeb50e784e84109bbf897f607e66b
[INFO] running `Command { std: "docker" "start" "9a8ff9ae6cdc7932371c8dbeaec36b10a39aeb50e784e84109bbf897f607e66b", kill_on_drop: false }`
[INFO] running `Command { std: "docker" "inspect" "9a8ff9ae6cdc7932371c8dbeaec36b10a39aeb50e784e84109bbf897f607e66b", kill_on_drop: false }`
[INFO] running `Command { std: "docker" "exec" "-e" "SOURCE_DIR=/opt/rustwide/workdir" "-e" "CARGO_HOME=/opt/rustwide/cargo-home" "-e" "RUSTUP_HOME=/opt/rustwide/rustup-home" "-e" "CARGO_TARGET_DIR=/opt/rustwide/target" "-w" "/opt/rustwide/workdir" "--user" "0:0" "9a8ff9ae6cdc7932371c8dbeaec36b10a39aeb50e784e84109bbf897f607e66b" "/opt/rustwide/cargo-home/bin/cargo" "+1.100.0-beta.1" "metadata" "--no-deps" "--format-version=1", kill_on_drop: false }`
[INFO] running `Command { std: "docker" "inspect" "9a8ff9ae6cdc7932371c8dbeaec36b10a39aeb50e784e84109bbf897f607e66b", kill_on_drop: false }`
[INFO] running `Command { std: "docker" "exec" "-e" "SOURCE_DIR=/opt/rustwide/workdir" "-e" "CARGO_HOME=/opt/rustwide/cargo-home" "-e" "RUSTUP_HOME=/opt/rustwide/rustup-home" "-e" "CARGO_TARGET_DIR=/opt/rustwide/target" "-e" "CARGO_INCREMENTAL=0" "-e" "RUST_BACKTRACE=full" "-e" "RUSTFLAGS=--cap-lints=warn" "-e" "RUSTDOCFLAGS=--cap-lints=warn" "-w" "/opt/rustwide/workdir" "--user" "0:0" "9a8ff9ae6cdc7932371c8dbeaec36b10a39aeb50e784e84109bbf897f607e66b" "/opt/rustwide/cargo-home/bin/cargo" "+1.100.0-beta.1" "build" "--frozen" "--message-format=json" "--release", kill_on_drop: false }`
[INFO] [stderr] warning: Cargo.toml: `lints.rust.future-incompatible` is deprecated in favor of `lints.rust.future_incompatible` and will not work in a future edition
[INFO] [stderr] warning: Cargo.toml: `lints.rust.nonstandard-style` is deprecated in favor of `lints.rust.nonstandard_style` and will not work in a future edition
[INFO] [stderr] warning: Cargo.toml: `lints.rust.rust-2018-idioms` is deprecated in favor of `lints.rust.rust_2018_idioms` and will not work in a future edition
[INFO] [stderr] warning: `starknet_infra_utils` (manifest) generated 3 warnings
[INFO] [stderr]    Compiling proc-macro2 v1.0.92
[INFO] [stderr]    Compiling unicode-ident v1.0.14
[INFO] [stderr]    Compiling libc v0.2.169
[INFO] [stderr]    Compiling once_cell v1.20.2
[INFO] [stderr]    Compiling pin-project-lite v0.2.15
[INFO] [stderr]    Compiling bytes v1.9.0
[INFO] [stderr]    Compiling tracing-core v0.1.33
[INFO] [stderr]    Compiling quote v1.0.38
[INFO] [stderr]    Compiling syn v2.0.95
[INFO] [stderr]    Compiling mio v1.0.3
[INFO] [stderr]    Compiling signal-hook-registry v1.4.2
[INFO] [stderr]    Compiling tokio v1.42.0
[INFO] [stderr]    Compiling tracing-attributes v0.1.28
[INFO] [stderr]    Compiling tracing v0.1.41
[INFO] [stderr]    Compiling starknet_infra_utils v0.14.0-rc.3 (/opt/rustwide/workdir)
[INFO] [stderr]     Finished `release` profile [optimized] target(s) in 15.98s
[INFO] running `Command { std: "docker" "inspect" "9a8ff9ae6cdc7932371c8dbeaec36b10a39aeb50e784e84109bbf897f607e66b", kill_on_drop: false }`
[INFO] running `Command { std: "docker" "exec" "-e" "SOURCE_DIR=/opt/rustwide/workdir" "-e" "CARGO_HOME=/opt/rustwide/cargo-home" "-e" "RUSTUP_HOME=/opt/rustwide/rustup-home" "-e" "CARGO_TARGET_DIR=/opt/rustwide/target" "-e" "CARGO_INCREMENTAL=0" "-e" "RUST_BACKTRACE=full" "-e" "RUSTFLAGS=--cap-lints=warn" "-e" "RUSTDOCFLAGS=--cap-lints=warn" "-w" "/opt/rustwide/workdir" "--user" "0:0" "9a8ff9ae6cdc7932371c8dbeaec36b10a39aeb50e784e84109bbf897f607e66b" "/opt/rustwide/cargo-home/bin/cargo" "+1.100.0-beta.1" "test" "--frozen" "--no-run" "--message-format=json" "--release", kill_on_drop: false }`
[INFO] [stderr] warning: Cargo.toml: `lints.rust.future-incompatible` is deprecated in favor of `lints.rust.future_incompatible` and will not work in a future edition
[INFO] [stderr] warning: Cargo.toml: `lints.rust.nonstandard-style` is deprecated in favor of `lints.rust.nonstandard_style` and will not work in a future edition
[INFO] [stderr] warning: Cargo.toml: `lints.rust.rust-2018-idioms` is deprecated in favor of `lints.rust.rust_2018_idioms` and will not work in a future edition
[INFO] [stderr] warning: `starknet_infra_utils` (manifest) generated 3 warnings
[INFO] [stderr]    Compiling semver v1.0.24
[INFO] [stderr]    Compiling tracing-core v0.1.33
[INFO] [stderr]    Compiling syn v1.0.109
[INFO] [stderr]    Compiling syn v2.0.95
[INFO] [stderr]    Compiling regex-syntax v0.8.5
[INFO] [stderr]    Compiling log v0.4.22
[INFO] [stderr]    Compiling thread_local v1.1.8
[INFO] [stderr]    Compiling smallvec v1.13.2
[INFO] [stderr]    Compiling rustc_version v0.4.1
[INFO] [stderr]    Compiling tracing-log v0.2.0
[INFO] [stderr]    Compiling rstest_macros v0.17.0
[INFO] [stderr]    Compiling regex-automata v0.4.9
[INFO] [stderr]    Compiling regex v1.11.1
[INFO] [stderr]    Compiling futures-macro v0.3.31
[INFO] [stderr]    Compiling tracing-attributes v0.1.28
[INFO] [stderr]    Compiling tokio-macros v2.4.0
[INFO] [stderr]    Compiling tokio v1.42.0
[INFO] [stderr]    Compiling futures-util v0.3.31
[INFO] [stderr]    Compiling tracing v0.1.41
[INFO] [stderr]    Compiling tracing-subscriber v0.3.19
[INFO] [stderr]    Compiling starknet_infra_utils v0.14.0-rc.3 (/opt/rustwide/workdir)
[INFO] [stderr]    Compiling futures-executor v0.3.31
[INFO] [stderr]    Compiling futures v0.3.31
[INFO] [stderr]    Compiling rstest v0.17.0
[INFO] [stderr]     Finished `release` profile [optimized] target(s) in 57.58s
[INFO] running `Command { std: "docker" "inspect" "9a8ff9ae6cdc7932371c8dbeaec36b10a39aeb50e784e84109bbf897f607e66b", kill_on_drop: false }`
[INFO] running `Command { std: "docker" "exec" "-e" "SOURCE_DIR=/opt/rustwide/workdir" "-e" "CARGO_HOME=/opt/rustwide/cargo-home" "-e" "RUSTUP_HOME=/opt/rustwide/rustup-home" "-e" "CARGO_TARGET_DIR=/opt/rustwide/target" "-e" "CARGO_INCREMENTAL=0" "-e" "RUST_BACKTRACE=full" "-e" "RUSTFLAGS=--cap-lints=warn" "-e" "RUSTDOCFLAGS=--cap-lints=warn" "-w" "/opt/rustwide/workdir" "--user" "0:0" "9a8ff9ae6cdc7932371c8dbeaec36b10a39aeb50e784e84109bbf897f607e66b" "/opt/rustwide/cargo-home/bin/cargo" "+1.100.0-beta.1" "test" "--frozen" "--release", kill_on_drop: false }`
[INFO] [stderr] warning: Cargo.toml: `lints.rust.future-incompatible` is deprecated in favor of `lints.rust.future_incompatible` and will not work in a future edition
[INFO] [stderr] warning: Cargo.toml: `lints.rust.nonstandard-style` is deprecated in favor of `lints.rust.nonstandard_style` and will not work in a future edition
[INFO] [stderr] warning: Cargo.toml: `lints.rust.rust-2018-idioms` is deprecated in favor of `lints.rust.rust_2018_idioms` and will not work in a future edition
[INFO] [stderr] warning: `starknet_infra_utils` (manifest) generated 3 warnings
[INFO] [stderr]     Finished `release` profile [optimized] target(s) in 0.15s
[INFO] [stderr]      Running unittests src/lib.rs (/opt/rustwide/target/release/build/starknet_infra_utils/240c0d08a240e406/out/starknet_infra_utils-240c0d08a240e406)
[INFO] [stdout] 
[INFO] [stdout] running 11 tests
[INFO] [stdout] test tracing::tracing_test::test_dynamic_logger_with_base_message ... ok
[INFO] [stdout] test path::path_test::resolve_project_relative_path_on_non_existent_path ... ok
[INFO] [stdout] test tracing::tracing_test::test_empty_message ... ok
[INFO] [stdout] test path::path_test::resolve_project_relative_path_success ... FAILED
[INFO] [stdout] test tracing::tracing_test::test_all_trace_levels ... ok
[INFO] [stdout] test tracing::tracing_test::test_message_formatting ... ok
[INFO] [stdout] test type_name::type_name_test::resolve_project_relative_path_success ... ok
[INFO] [stdout] test tracing::tracing_test::test_dynamic_logger_without_base_message ... ok
[INFO] [stdout] test command::command_test::create_shell_command_example ... ok
[INFO] [stdout] test run_until::run_until_test::test_run_until_condition_not_met ... ok
[INFO] [stderr] error: test failed, to rerun pass `--lib`
[INFO] [stdout] test run_until::run_until_test::test_run_until_condition_met ... ok
[INFO] [stdout] 
[INFO] [stdout] failures:
[INFO] [stdout] 
[INFO] [stdout] ---- path::path_test::resolve_project_relative_path_success stdout ----
[INFO] [stdout] 
[INFO] [stdout] thread 'path::path_test::resolve_project_relative_path_success' (892) panicked at src/path_test.rs:18:20:
[INFO] [stdout] called `Result::unwrap()` on an `Err` value: Os { code: 2, kind: NotFound, message: "No such file or directory" }
[INFO] [stdout] stack backtrace:
[INFO] [stdout]    0:     0x5b97db520e21 - <<std[617be2ca0a6fd877]::sys::backtrace::BacktraceLock>::print::DisplayBacktrace as core[a373ad73a504971]::fmt::Display>::fmt
[INFO] [stdout]    1:     0x5b97db53592a - core[a373ad73a504971]::fmt::write
[INFO] [stdout]    2:     0x5b97db5253ac - <alloc[2e1b2a31b91974c5]::vec::Vec<u8> as core[a373ad73a504971]::io::write::Write>::write_fmt
[INFO] [stdout]    3:     0x5b97db4fbcf6 - std[617be2ca0a6fd877]::panicking::default_hook::{closure#0}
[INFO] [stdout]    4:     0x5b97db519109 - std[617be2ca0a6fd877]::panicking::default_hook
[INFO] [stdout]    5:     0x5b97db494130 - test[aada8e7e76ba119b]::test_main_inner::{closure#0}
[INFO] [stdout]    6:     0x5b97db519432 - std[617be2ca0a6fd877]::panicking::panic_with_hook
[INFO] [stdout]    7:     0x5b97db4fbda2 - std[617be2ca0a6fd877]::panicking::panic_handler::{closure#0}
[INFO] [stdout]    8:     0x5b97db4f4ab9 - std[617be2ca0a6fd877]::sys::backtrace::__rust_end_short_backtrace::<std[617be2ca0a6fd877]::panicking::panic_handler::{closure#0}, !>
[INFO] [stdout]    9:     0x5b97db4fc9ad - __rustc[ea4f61d10b84890b]::rust_begin_unwind
[INFO] [stdout]   10:     0x5b97db53608c - core[a373ad73a504971]::panicking::panic_fmt
[INFO] [stdout]   11:     0x5b97db535e62 - core[a373ad73a504971]::result::unwrap_failed
[INFO] [stdout]   12:     0x5b97db483786 - <starknet_infra_utils[2c9e6faf0efb4b7a]::path::path_test::resolve_project_relative_path_success::{closure#0} as core[a373ad73a504971]::ops::function::FnOnce<()>>::call_once
[INFO] [stdout]   13:     0x5b97db48757b - test[aada8e7e76ba119b]::__rust_begin_short_backtrace::<core[a373ad73a504971]::result::Result<(), alloc[2e1b2a31b91974c5]::string::String>, fn() -> core[a373ad73a504971]::result::Result<(), alloc[2e1b2a31b91974c5]::string::String>>
[INFO] [stdout]   14:     0x5b97db494755 - test[aada8e7e76ba119b]::run_test::{closure#0}
[INFO] [stdout]   15:     0x5b97db48e044 - std[617be2ca0a6fd877]::sys::backtrace::__rust_begin_short_backtrace::<test[aada8e7e76ba119b]::run_test::{closure#1}, ()>
[INFO] [stdout]   16:     0x5b97db4977e2 - <std[617be2ca0a6fd877]::thread::lifecycle::spawn_unchecked<test[aada8e7e76ba119b]::run_test::{closure#1}, ()>::{closure#1} as core[a373ad73a504971]::ops::function::FnOnce<()>>::call_once::{shim:vtable#0}
[INFO] [stdout]   17:     0x5b97db52063f - <std[617be2ca0a6fd877]::sys::thread::unix::Thread>::new::thread_start
[INFO] [stdout]   18:     0x788397338dfa - <unknown>
[INFO] [stdout]   19:     0x7883973cc3d4 - clone
[INFO] [stdout]   20:                0x0 - <unknown>
[INFO] [stdout] 
[INFO] [stdout] 
[INFO] [stdout] failures:
[INFO] [stdout]     path::path_test::resolve_project_relative_path_success
[INFO] [stdout] 
[INFO] [stdout] test result: FAILED. 10 passed; 1 failed; 0 ignored; 0 measured; 0 filtered out; finished in 0.21s
[INFO] [stdout] 
[INFO] running `Command { std: "docker" "inspect" "9a8ff9ae6cdc7932371c8dbeaec36b10a39aeb50e784e84109bbf897f607e66b", kill_on_drop: false }`
[INFO] running `Command { std: "docker" "rm" "-f" "9a8ff9ae6cdc7932371c8dbeaec36b10a39aeb50e784e84109bbf897f607e66b", kill_on_drop: false }`
[INFO] [stdout] 9a8ff9ae6cdc7932371c8dbeaec36b10a39aeb50e784e84109bbf897f607e66b
