[INFO] fetching crate stargate-grpc-derive 0.2.0...
[INFO] testing stargate-grpc-derive-0.2.0 against 1.99.0-beta.8+cargoflags=--release for beta-release-1.100-2
[INFO] extracting crate stargate-grpc-derive 0.2.0 into /workspace/builds/worker-0-tc1/source
[INFO] started tweaking crates.io crate stargate-grpc-derive 0.2.0
[INFO] finished tweaking crates.io crate stargate-grpc-derive 0.2.0
[INFO] tweaked toml for crates.io crate stargate-grpc-derive 0.2.0 written to /workspace/builds/worker-0-tc1/source/Cargo.toml
[INFO] validating manifest of crates.io crate stargate-grpc-derive 0.2.0 on toolchain 1.99.0-beta.8
[INFO] running `Command { std: CARGO_HOME="/workspace/cargo-home" RUSTUP_HOME="/workspace/rustup-home" "/workspace/cargo-home/bin/cargo" "+1.99.0-beta.8" "metadata" "--manifest-path" "Cargo.toml" "--no-deps", kill_on_drop: false }`
[INFO] running `Command { std: CARGO_HOME="/workspace/cargo-home" RUSTUP_HOME="/workspace/rustup-home" "/workspace/cargo-home/bin/cargo" "+1.99.0-beta.8" "generate-lockfile" "--manifest-path" "Cargo.toml", kill_on_drop: false }`
[INFO] [stderr]     Updating crates.io index
[INFO] [stderr]      Locking 45 packages to highest compatible versions
[INFO] [stderr]       Adding darling v0.13.4 (available: v0.24.1)
[INFO] [stderr]       Adding skeptic v0.13.7 (available: v0.14.1)
[INFO] [stderr]       Adding syn v1.0.109 (available: v3.0.9)
[INFO] running `Command { std: CARGO_HOME="/workspace/cargo-home" RUSTUP_HOME="/workspace/rustup-home" "/workspace/cargo-home/bin/cargo" "+1.99.0-beta.8" "fetch" "--manifest-path" "Cargo.toml", kill_on_drop: false }`
[INFO] running `Command { std: "docker" "create" "-v" "/var/lib/crater-agent-workspace/builds/worker-0-tc1/source:/opt/rustwide/workdir:ro,Z" "-v" "/var/lib/crater-agent-workspace/builds/worker-0-tc1/target:/opt/rustwide/target:rw,Z" "-v" "/var/lib/crater-agent-workspace/cargo-home:/opt/rustwide/cargo-home:ro,Z" "-v" "/var/lib/crater-agent-workspace/rustup-home:/opt/rustwide/rustup-home:ro,Z" "-m" "1610612736" "--network" "none" "ghcr.io/rust-lang/crates-build-env/linux@sha256:77db811e55d90add9212f6832c23229e3de5f1c1f9905e8cb07319ea15df73ac" "sleep" "infinity", kill_on_drop: false }`
[INFO] [stdout] 933b81220f433eb64e723bafbef8bc81dc4d42f6974e2ac545854d0de9aeaa33
[INFO] running `Command { std: "docker" "start" "933b81220f433eb64e723bafbef8bc81dc4d42f6974e2ac545854d0de9aeaa33", kill_on_drop: false }`
[INFO] running `Command { std: "docker" "inspect" "933b81220f433eb64e723bafbef8bc81dc4d42f6974e2ac545854d0de9aeaa33", kill_on_drop: false }`
[INFO] running `Command { std: "docker" "exec" "-e" "SOURCE_DIR=/opt/rustwide/workdir" "-e" "CARGO_HOME=/opt/rustwide/cargo-home" "-e" "RUSTUP_HOME=/opt/rustwide/rustup-home" "-e" "CARGO_TARGET_DIR=/opt/rustwide/target" "-w" "/opt/rustwide/workdir" "--user" "0:0" "933b81220f433eb64e723bafbef8bc81dc4d42f6974e2ac545854d0de9aeaa33" "/opt/rustwide/cargo-home/bin/cargo" "+1.99.0-beta.8" "metadata" "--no-deps" "--format-version=1", kill_on_drop: false }`
[INFO] running `Command { std: "docker" "inspect" "933b81220f433eb64e723bafbef8bc81dc4d42f6974e2ac545854d0de9aeaa33", kill_on_drop: false }`
[INFO] running `Command { std: "docker" "exec" "-e" "SOURCE_DIR=/opt/rustwide/workdir" "-e" "CARGO_HOME=/opt/rustwide/cargo-home" "-e" "RUSTUP_HOME=/opt/rustwide/rustup-home" "-e" "CARGO_TARGET_DIR=/opt/rustwide/target" "-e" "CARGO_INCREMENTAL=0" "-e" "RUST_BACKTRACE=full" "-e" "RUSTFLAGS=--cap-lints=warn" "-e" "RUSTDOCFLAGS=--cap-lints=warn" "-w" "/opt/rustwide/workdir" "--user" "0:0" "933b81220f433eb64e723bafbef8bc81dc4d42f6974e2ac545854d0de9aeaa33" "/opt/rustwide/cargo-home/bin/cargo" "+1.99.0-beta.8" "build" "--frozen" "--message-format=json" "--release", kill_on_drop: false }`
[INFO] [stderr]    Compiling serde_core v1.0.229
[INFO] [stderr]    Compiling syn v3.0.9
[INFO] [stderr]    Compiling libc v0.2.191
[INFO] [stderr]    Compiling camino v1.2.6
[INFO] [stderr]    Compiling serde_json v1.0.154
[INFO] [stderr]    Compiling getrandom v0.4.3
[INFO] [stderr]    Compiling rustix v1.1.5
[INFO] [stderr]    Compiling error-chain v0.12.4
[INFO] [stderr]    Compiling syn v1.0.109
[INFO] [stderr]    Compiling pulldown-cmark v0.9.6
[INFO] [stderr]    Compiling fastrand v2.5.0
[INFO] [stderr]    Compiling once_cell v1.21.4
[INFO] [stderr]    Compiling bytecount v0.6.9
[INFO] [stderr]    Compiling tempfile v3.27.0
[INFO] [stderr]    Compiling serde_derive v1.0.229
[INFO] [stderr]    Compiling semver v1.0.28
[INFO] [stderr]    Compiling darling_core v0.13.4
[INFO] [stderr]    Compiling darling_macro v0.13.4
[INFO] [stderr]    Compiling darling v0.13.4
[INFO] [stderr]    Compiling serde v1.0.229
[INFO] [stderr]    Compiling cargo-platform v0.1.9
[INFO] [stderr]    Compiling cargo_metadata v0.14.2
[INFO] [stderr]    Compiling skeptic v0.13.7
[INFO] [stderr]    Compiling stargate-grpc-derive v0.2.0 (/opt/rustwide/workdir)
[INFO] [stderr]     Finished `release` profile [optimized] target(s) in 18.72s
[INFO] running `Command { std: "docker" "inspect" "933b81220f433eb64e723bafbef8bc81dc4d42f6974e2ac545854d0de9aeaa33", kill_on_drop: false }`
[INFO] running `Command { std: "docker" "exec" "-e" "SOURCE_DIR=/opt/rustwide/workdir" "-e" "CARGO_HOME=/opt/rustwide/cargo-home" "-e" "RUSTUP_HOME=/opt/rustwide/rustup-home" "-e" "CARGO_TARGET_DIR=/opt/rustwide/target" "-e" "CARGO_INCREMENTAL=0" "-e" "RUST_BACKTRACE=full" "-e" "RUSTFLAGS=--cap-lints=warn" "-e" "RUSTDOCFLAGS=--cap-lints=warn" "-w" "/opt/rustwide/workdir" "--user" "0:0" "933b81220f433eb64e723bafbef8bc81dc4d42f6974e2ac545854d0de9aeaa33" "/opt/rustwide/cargo-home/bin/cargo" "+1.99.0-beta.8" "test" "--frozen" "--no-run" "--message-format=json" "--release", kill_on_drop: false }`
[INFO] [stderr]    Compiling serde_core v1.0.229
[INFO] [stderr]    Compiling proc-macro2 v1.0.107
[INFO] [stderr]    Compiling libc v0.2.191
[INFO] [stderr]    Compiling syn v1.0.109
[INFO] [stderr]    Compiling serde_json v1.0.154
[INFO] [stderr]    Compiling camino v1.2.6
[INFO] [stderr]    Compiling error-chain v0.12.4
[INFO] [stderr]    Compiling ident_case v1.0.1
[INFO] [stderr]    Compiling bytecount v0.6.9
[INFO] [stderr]    Compiling stargate-grpc-derive v0.2.0 (/opt/rustwide/workdir)
[INFO] [stderr]    Compiling pulldown-cmark v0.9.6
[INFO] [stderr]    Compiling glob v0.3.4
[INFO] [stderr]    Compiling quote v1.0.47
[INFO] [stderr]    Compiling getrandom v0.4.3
[INFO] [stderr]    Compiling tempfile v3.27.0
[INFO] [stderr]    Compiling serde v1.0.229
[INFO] [stderr]    Compiling semver v1.0.28
[INFO] [stderr]    Compiling cargo-platform v0.1.9
[INFO] [stderr]    Compiling cargo_metadata v0.14.2
[INFO] [stderr]    Compiling darling_core v0.13.4
[INFO] [stderr]    Compiling skeptic v0.13.7
[INFO] [stderr]    Compiling darling v0.13.4
[INFO] [stderr]     Finished `release` profile [optimized] target(s) in 34.77s
[INFO] running `Command { std: "docker" "inspect" "933b81220f433eb64e723bafbef8bc81dc4d42f6974e2ac545854d0de9aeaa33", kill_on_drop: false }`
[INFO] running `Command { std: "docker" "exec" "-e" "SOURCE_DIR=/opt/rustwide/workdir" "-e" "CARGO_HOME=/opt/rustwide/cargo-home" "-e" "RUSTUP_HOME=/opt/rustwide/rustup-home" "-e" "CARGO_TARGET_DIR=/opt/rustwide/target" "-e" "CARGO_INCREMENTAL=0" "-e" "RUST_BACKTRACE=full" "-e" "RUSTFLAGS=--cap-lints=warn" "-e" "RUSTDOCFLAGS=--cap-lints=warn" "-w" "/opt/rustwide/workdir" "--user" "0:0" "933b81220f433eb64e723bafbef8bc81dc4d42f6974e2ac545854d0de9aeaa33" "/opt/rustwide/cargo-home/bin/cargo" "+1.99.0-beta.8" "test" "--frozen" "--release", kill_on_drop: false }`
[INFO] [stderr]     Finished `release` profile [optimized] target(s) in 0.07s
[INFO] [stderr]      Running unittests src/lib.rs (/opt/rustwide/target/release/deps/stargate_grpc_derive-262e8a28a747dff6)
[INFO] [stderr]      Running tests/readme.rs (/opt/rustwide/target/release/deps/readme-f8df2023c1384c82)
[INFO] [stdout] 
[INFO] [stdout] running 0 tests
[INFO] [stdout] 
[INFO] [stdout] test result: ok. 0 passed; 0 failed; 0 ignored; 0 measured; 0 filtered out; finished in 0.00s
[INFO] [stdout] 
[INFO] [stdout] 
[INFO] [stdout] running 1 test
[INFO] [stdout] test readme_sect_example_line_14 ... FAILED
[INFO] [stdout] 
[INFO] [stdout] failures:
[INFO] [stdout] 
[INFO] [stdout] ---- readme_sect_example_line_14 stdout ----
[INFO] [stdout] error[E0432]: unresolved import `stargate_grpc`
[INFO] [stdout]  --> /tmp/rust-skeptic7nqNC5/test.rs:3:7
[INFO] [stdout]   |
[INFO] [stdout] 3 |   use stargate_grpc::Value;
[INFO] [stdout]   |       ^^^^^^^^^^^^^ use of unresolved module or unlinked crate `stargate_grpc`
[INFO] [stdout]   |
[INFO] [stdout]   = help: you might be missing a crate named `stargate_grpc`
[INFO] [stdout] 
[INFO] [stdout] error[E0432]: unresolved import `stargate_grpc_derive`
[INFO] [stdout]  --> /tmp/rust-skeptic7nqNC5/test.rs:4:5
[INFO] [stdout]   |
[INFO] [stdout] 4 | use stargate_grpc_derive::{IntoValue, TryFromValue};
[INFO] [stdout]   |     ^^^^^^^^^^^^^^^^^^^^ use of unresolved module or unlinked crate `stargate_grpc_derive`
[INFO] [stdout]   |
[INFO] [stdout]   = help: you might be missing a crate named `stargate_grpc_derive`
[INFO] [stdout] 
[INFO] [stdout] error: aborting due to 2 previous errors
[INFO] [stdout] 
[INFO] [stdout] For more information about this error, try `rustc --explain E0432`.
[INFO] [stdout] 
[INFO] [stdout] thread 'readme_sect_example_line_14' (1098) panicked at /opt/rustwide/cargo-home/registry/src/index.crates.io-1949cf8c6b5b557f/skeptic-0.13.7/src/rt.rs:127:9:
[INFO] [stdout] Command failed:
[INFO] [stdout] "rustc" "/tmp/rust-skeptic7nqNC5/test.rs" "--verbose" "--crate-type=bin" "--edition=2024" "-L" "/opt/rustwide/target/release" "-L" "/opt/rustwide/target/release/deps" "--target" "x86_64-unknown-linux-gnu" "-o" "/tmp/rust-skeptic7nqNC5/out.exe"
[INFO] [stdout] stack backtrace:
[INFO] [stdout]    0:     0x5facbc556e61 - <<std[70759c8f55707aa4]::sys::backtrace::BacktraceLock>::print::DisplayBacktrace as core[df12db4294e9bfd3]::fmt::Display>::fmt
[INFO] [stdout]    1:     0x5facbc56d18a - core[df12db4294e9bfd3]::fmt::write
[INFO] [stdout]    2:     0x5facbc55c87c - <alloc[2182bb758b4b3781]::vec::Vec<u8> as core[df12db4294e9bfd3]::io::write::Write>::write_fmt
[INFO] [stdout]    3:     0x5facbc5312f6 - std[70759c8f55707aa4]::panicking::default_hook::{closure#0}
[INFO] [stdout]    4:     0x5facbc54e8b9 - std[70759c8f55707aa4]::panicking::default_hook
[INFO] [stdout]    5:     0x5facbc4a8460 - test[9d35eded1c95d3be]::test_main_inner::<test[9d35eded1c95d3be]::test_main_static::{closure#0}>::{closure#0}
[INFO] [stdout]    6:     0x5facbc54ea72 - std[70759c8f55707aa4]::panicking::panic_with_hook
[INFO] [stdout]    7:     0x5facbc5313a2 - std[70759c8f55707aa4]::panicking::panic_handler::{closure#0}
[INFO] [stdout]    8:     0x5facbc529f69 - std[70759c8f55707aa4]::sys::backtrace::__rust_end_short_backtrace::<std[70759c8f55707aa4]::panicking::panic_handler::{closure#0}, !>
[INFO] [stdout]    9:     0x5facbc531f9d - __rustc[8fa7c3cbc660c2b3]::rust_begin_unwind
[INFO] [stdout]   10:     0x5facbc56d8bc - core[df12db4294e9bfd3]::panicking::panic_fmt
[INFO] [stdout]   11:     0x5facbc4e108a - skeptic[70aa81809cc9077d]::rt::interpret_output
[INFO] [stdout]   12:     0x5facbc4e03bb - skeptic[70aa81809cc9077d]::rt::handle_test
[INFO] [stdout]   13:     0x5facbc4e11ca - skeptic[70aa81809cc9077d]::rt::run_test
[INFO] [stdout]   14:     0x5facbc49b68c - <readme[3d2561ac6c1a5e69]::readme_sect_example_line_14::{closure#0} as core[df12db4294e9bfd3]::ops::function::FnOnce<()>>::call_once
[INFO] [stdout]   15:     0x5facbc49b74b - test[9d35eded1c95d3be]::__rust_begin_short_backtrace::<core[df12db4294e9bfd3]::result::Result<(), alloc[2182bb758b4b3781]::string::String>, fn() -> core[df12db4294e9bfd3]::result::Result<(), alloc[2182bb758b4b3781]::string::String>>
[INFO] [stdout]   16:     0x5facbc4a8db5 - test[9d35eded1c95d3be]::run_test::{closure#0}
[INFO] [stdout]   17:     0x5facbc4a2674 - std[70759c8f55707aa4]::sys::backtrace::__rust_begin_short_backtrace::<test[9d35eded1c95d3be]::run_test::{closure#1}, ()>
[INFO] [stdout]   18:     0x5facbc4abf12 - <std[70759c8f55707aa4]::thread::lifecycle::spawn_unchecked<test[9d35eded1c95d3be]::run_test::{closure#1}, ()>::{closure#1} as core[df12db4294e9bfd3]::ops::function::FnOnce<()>>::call_once::{shim:vtable#0}
[INFO] [stdout]   19:     0x5facbc5564c9 - <std[70759c8f55707aa4]::sys::thread::unix::Thread>::new::thread_start
[INFO] [stdout]   20:     0x700739babdfa - <unknown>
[INFO] [stdout]   21:     0x700739c3f3d4 - clone
[INFO] [stdout]   22:                0x0 - <unknown>
[INFO] [stdout] 
[INFO] [stdout] 
[INFO] [stdout] failures:
[INFO] [stdout]     readme_sect_example_line_14
[INFO] [stdout] 
[INFO] [stdout] test result: FAILED. 0 passed; 1 failed; 0 ignored; 0 measured; 0 filtered out; finished in 2.33s
[INFO] [stdout] 
[INFO] [stderr] error: test failed, to rerun pass `--test readme`
[INFO] running `Command { std: "docker" "inspect" "933b81220f433eb64e723bafbef8bc81dc4d42f6974e2ac545854d0de9aeaa33", kill_on_drop: false }`
[INFO] running `Command { std: "docker" "rm" "-f" "933b81220f433eb64e723bafbef8bc81dc4d42f6974e2ac545854d0de9aeaa33", kill_on_drop: false }`
[INFO] [stdout] 933b81220f433eb64e723bafbef8bc81dc4d42f6974e2ac545854d0de9aeaa33
