[INFO] fetching crate stardust-xr 0.50.0...
[INFO] testing stardust-xr-0.50.0 against 1.100.0-beta.1+cargoflags=--release for beta-release-1.100-2
[INFO] extracting crate stardust-xr 0.50.0 into /workspace/builds/worker-0-tc2/source
[INFO] started tweaking crates.io crate stardust-xr 0.50.0
[INFO] finished tweaking crates.io crate stardust-xr 0.50.0
[INFO] tweaked toml for crates.io crate stardust-xr 0.50.0 written to /workspace/builds/worker-0-tc2/source/Cargo.toml
[INFO] validating manifest of crates.io crate stardust-xr 0.50.0 on toolchain 1.100.0-beta.1
[INFO] running `Command { std: CARGO_HOME="/workspace/cargo-home" RUSTUP_HOME="/workspace/rustup-home" "/workspace/cargo-home/bin/cargo" "+1.100.0-beta.1" "metadata" "--manifest-path" "Cargo.toml" "--no-deps", kill_on_drop: false }`
[INFO] crate crates.io crate stardust-xr 0.50.0 already has a lockfile, it will not be regenerated
[INFO] running `Command { std: CARGO_HOME="/workspace/cargo-home" RUSTUP_HOME="/workspace/rustup-home" "/workspace/cargo-home/bin/cargo" "+1.100.0-beta.1" "fetch" "--manifest-path" "Cargo.toml", kill_on_drop: false }`
[INFO] running `Command { std: "docker" "create" "-v" "/var/lib/crater-agent-workspace/builds/worker-0-tc2/source:/opt/rustwide/workdir:ro,Z" "-v" "/var/lib/crater-agent-workspace/builds/worker-0-tc2/target:/opt/rustwide/target:rw,Z" "-v" "/var/lib/crater-agent-workspace/cargo-home:/opt/rustwide/cargo-home:ro,Z" "-v" "/var/lib/crater-agent-workspace/rustup-home:/opt/rustwide/rustup-home:ro,Z" "-m" "1610612736" "--network" "none" "ghcr.io/rust-lang/crates-build-env/linux@sha256:77db811e55d90add9212f6832c23229e3de5f1c1f9905e8cb07319ea15df73ac" "sleep" "infinity", kill_on_drop: false }`
[INFO] [stdout] c3b1a4e5597bb4325c83ad1b3211cecc74d1bdf7632e6d5ffe9e59416ab292e0
[INFO] running `Command { std: "docker" "start" "c3b1a4e5597bb4325c83ad1b3211cecc74d1bdf7632e6d5ffe9e59416ab292e0", kill_on_drop: false }`
[INFO] running `Command { std: "docker" "inspect" "c3b1a4e5597bb4325c83ad1b3211cecc74d1bdf7632e6d5ffe9e59416ab292e0", kill_on_drop: false }`
[INFO] running `Command { std: "docker" "exec" "-e" "SOURCE_DIR=/opt/rustwide/workdir" "-e" "CARGO_HOME=/opt/rustwide/cargo-home" "-e" "RUSTUP_HOME=/opt/rustwide/rustup-home" "-e" "CARGO_TARGET_DIR=/opt/rustwide/target" "-w" "/opt/rustwide/workdir" "--user" "0:0" "c3b1a4e5597bb4325c83ad1b3211cecc74d1bdf7632e6d5ffe9e59416ab292e0" "/opt/rustwide/cargo-home/bin/cargo" "+1.100.0-beta.1" "metadata" "--no-deps" "--format-version=1", kill_on_drop: false }`
[INFO] running `Command { std: "docker" "inspect" "c3b1a4e5597bb4325c83ad1b3211cecc74d1bdf7632e6d5ffe9e59416ab292e0", kill_on_drop: false }`
[INFO] running `Command { std: "docker" "exec" "-e" "SOURCE_DIR=/opt/rustwide/workdir" "-e" "CARGO_HOME=/opt/rustwide/cargo-home" "-e" "RUSTUP_HOME=/opt/rustwide/rustup-home" "-e" "CARGO_TARGET_DIR=/opt/rustwide/target" "-e" "CARGO_INCREMENTAL=0" "-e" "RUST_BACKTRACE=full" "-e" "RUSTFLAGS=--cap-lints=warn" "-e" "RUSTDOCFLAGS=--cap-lints=warn" "-w" "/opt/rustwide/workdir" "--user" "0:0" "c3b1a4e5597bb4325c83ad1b3211cecc74d1bdf7632e6d5ffe9e59416ab292e0" "/opt/rustwide/cargo-home/bin/cargo" "+1.100.0-beta.1" "build" "--frozen" "--message-format=json" "--release", kill_on_drop: false }`
[INFO] [stderr]    Compiling libc v0.2.175
[INFO] [stderr]    Compiling proc-macro2 v1.0.101
[INFO] [stderr]    Compiling indexmap v2.7.0
[INFO] [stderr]    Compiling tracing-core v0.1.34
[INFO] [stderr]    Compiling serde v1.0.204
[INFO] [stderr]    Compiling crossbeam-utils v0.8.20
[INFO] [stderr]    Compiling winnow v0.6.20
[INFO] [stderr]    Compiling winnow v0.7.3
[INFO] [stderr]    Compiling static_assertions v1.1.0
[INFO] [stderr]    Compiling anyhow v1.0.100
[INFO] [stderr]    Compiling either v1.15.0
[INFO] [stderr]    Compiling regex-syntax v0.8.6
[INFO] [stderr]    Compiling num-traits v0.2.19
[INFO] [stderr]    Compiling indexmap v1.9.3
[INFO] [stderr]    Compiling semver v1.0.23
[INFO] [stderr]    Compiling http-body-util v0.1.3
[INFO] [stderr]    Compiling itertools v0.14.0
[INFO] [stderr]    Compiling memoffset v0.9.1
[INFO] [stderr]    Compiling winnow v0.5.40
[INFO] [stderr]    Compiling parking v2.2.0
[INFO] [stderr]    Compiling quote v1.0.36
[INFO] [stderr]    Compiling syn v2.0.106
[INFO] [stderr]    Compiling tower v0.5.2
[INFO] [stderr]    Compiling concurrent-queue v2.5.0
[INFO] [stderr]    Compiling thiserror v1.0.63
[INFO] [stderr]    Compiling endi v1.1.0
[INFO] [stderr]    Compiling nix v0.30.1
[INFO] [stderr]    Compiling syn v1.0.109
[INFO] [stderr]    Compiling event-listener v5.3.1
[INFO] [stderr]    Compiling rustc_version v0.4.0
[INFO] [stderr]    Compiling crc32fast v1.5.0
[INFO] [stderr]    Compiling parking_lot_core v0.8.6
[INFO] [stderr]    Compiling cc v1.1.6
[INFO] [stderr]    Compiling flate2 v1.1.2
[INFO] [stderr]    Compiling event-listener-strategy v0.5.2
[INFO] [stderr]    Compiling flatbuffers v25.2.10
[INFO] [stderr]    Compiling instant v0.1.13
[INFO] [stderr]    Compiling eyre v0.6.12
[INFO] [stderr]    Compiling unicode-width v0.1.13
[INFO] [stderr]    Compiling thiserror v2.0.16
[INFO] [stderr]    Compiling futures-io v0.3.30
[INFO] [stderr]    Compiling fastrand v2.1.0
[INFO] [stderr]    Compiling gimli v0.28.1
[INFO] [stderr]    Compiling hdrhistogram v7.5.4
[INFO] [stderr]    Compiling regex-automata v0.4.11
[INFO] [stderr]    Compiling futures-lite v2.6.0
[INFO] [stderr]    Compiling toml_edit v0.22.22
[INFO] [stderr]    Compiling toml_edit v0.19.15
[INFO] [stderr]    Compiling miniz_oxide v0.7.4
[INFO] [stderr]    Compiling parking_lot_core v0.9.10
[INFO] [stderr]    Compiling mio v0.8.11
[INFO] [stderr]    Compiling signal-hook-registry v1.4.2
[INFO] [stderr]    Compiling parking_lot v0.12.3
[INFO] [stderr]    Compiling socket2 v0.5.7
[INFO] [stderr]    Compiling getrandom v0.2.15
[INFO] [stderr]    Compiling socket2 v0.6.0
[INFO] [stderr]    Compiling backtrace v0.3.71
[INFO] [stderr]    Compiling rand_core v0.6.4
[INFO] [stderr]    Compiling async-broadcast v0.7.1
[INFO] [stderr]    Compiling rand_chacha v0.3.1
[INFO] [stderr]    Compiling crossbeam-channel v0.5.15
[INFO] [stderr]    Compiling object v0.32.2
[INFO] [stderr]    Compiling ordered-stream v0.2.0
[INFO] [stderr]    Compiling rand v0.8.5
[INFO] [stderr]    Compiling proc-macro-crate v1.3.1
[INFO] [stderr]    Compiling owo-colors v3.5.0
[INFO] [stderr]    Compiling indenter v0.3.3
[INFO] [stderr]    Compiling regex v1.11.3
[INFO] [stderr]    Compiling rustc-demangle v0.1.24
[INFO] [stderr]    Compiling dirs-sys v0.5.0
[INFO] [stderr]    Compiling parking_lot v0.11.2
[INFO] [stderr]    Compiling addr2line v0.21.0
[INFO] [stderr]    Compiling proc-macro-crate v3.2.0
[INFO] [stderr]    Compiling nanoid v0.4.0
[INFO] [stderr]    Compiling half v1.8.3
[INFO] [stderr]    Compiling num_enum_derive v0.5.11
[INFO] [stderr]    Compiling global_counter v0.2.2
[INFO] [stderr]    Compiling dirs v6.0.0
[INFO] [stderr]    Compiling nix v0.27.1
[INFO] [stderr]    Compiling serde_derive v1.0.204
[INFO] [stderr]    Compiling tracing-attributes v0.1.30
[INFO] [stderr]    Compiling tokio-macros v2.3.0
[INFO] [stderr]    Compiling enumflags2_derive v0.7.10
[INFO] [stderr]    Compiling async-trait v0.1.81
[INFO] [stderr]    Compiling pin-project-internal v1.1.10
[INFO] [stderr]    Compiling tokio v1.38.1
[INFO] [stderr]    Compiling prost-derive v0.13.5
[INFO] [stderr]    Compiling async-stream-impl v0.3.6
[INFO] [stderr]    Compiling axum-core v0.4.5
[INFO] [stderr]    Compiling thiserror-impl v1.0.63
[INFO] [stderr]    Compiling async-stream v0.3.6
[INFO] [stderr]    Compiling miette-derive v5.10.0
[INFO] [stderr]    Compiling manifest-dir-macros v0.1.18
[INFO] [stderr]    Compiling num_enum v0.5.11
[INFO] [stderr]    Compiling pin-project v1.1.10
[INFO] [stderr]    Compiling thiserror-impl v2.0.16
[INFO] [stderr]    Compiling serde_repr v0.1.19
[INFO] [stderr]    Compiling tracing v0.1.41
[INFO] [stderr]    Compiling variadics_please v1.1.0
[INFO] [stderr]    Compiling stardust-xr-schemas v2.0.0
[INFO] [stderr]    Compiling tracing-subscriber v0.3.18
[INFO] [stderr]    Compiling prost v0.13.5
[INFO] [stderr]    Compiling miette v5.10.0
[INFO] [stderr]    Compiling prost-types v0.13.5
[INFO] [stderr]    Compiling tracing-error v0.2.0
[INFO] [stderr]    Compiling color-spantrace v0.2.1
[INFO] [stderr]    Compiling kdl v4.6.0
[INFO] [stderr]    Compiling color-eyre v0.6.3
[INFO] [stderr]    Compiling zvariant_utils v3.2.0
[INFO] [stderr]    Compiling enumflags2 v0.7.10
[INFO] [stderr]    Compiling axum v0.7.9
[INFO] [stderr]    Compiling serde_json v1.0.143
[INFO] [stderr]    Compiling flexbuffers v25.2.10
[INFO] [stderr]    Compiling angle v0.5.0
[INFO] [stderr]    Compiling mint v0.5.9
[INFO] [stderr]    Compiling tokio-util v0.7.16
[INFO] [stderr]    Compiling tokio-stream v0.1.17
[INFO] [stderr]    Compiling shiva-color-rs v0.0.1
[INFO] [stderr]    Compiling zvariant_derive v5.7.0
[INFO] [stderr]    Compiling zvariant v5.7.0
[INFO] [stderr]    Compiling h2 v0.4.12
[INFO] [stderr]    Compiling tower v0.4.13
[INFO] [stderr]    Compiling zbus_names v4.2.0
[INFO] [stderr]    Compiling zbus_macros v5.11.0
[INFO] [stderr]    Compiling hyper v1.6.0
[INFO] [stderr]    Compiling zbus v5.11.0
[INFO] [stderr]    Compiling hyper-util v0.1.17
[INFO] [stderr]    Compiling hyper-timeout v0.5.2
[INFO] [stderr]    Compiling tonic v0.12.3
[INFO] [stderr]    Compiling console-api v0.8.1
[INFO] [stderr]    Compiling console-subscriber v0.4.1
[INFO] [stderr]    Compiling stardust-xr v0.50.0 (/opt/rustwide/workdir)
[INFO] [stderr] warning: unused dependency `color-eyre`
[INFO] [stderr]  --> Cargo.toml:1:15
[INFO] [stderr]   |
[INFO] [stderr] 1 | [dependencies.color-eyre]
[INFO] [stderr]   |               ^^^^^^^^^^^
[INFO] [stderr]   |
[INFO] [stderr]   = note: `cargo::unused_dependencies` is set to `warn` by default
[INFO] [stderr] help: consider removing the dependency on `color-eyre`
[INFO] [stderr] warning: `stardust-xr` (manifest) generated 1 warning
[INFO] [stderr]     Finished `release` profile [optimized] target(s) in 2m 45s
[INFO] [stderr] warning: the following packages contain code that will be rejected by a future version of Rust: nix v0.30.1
[INFO] [stderr] note: to see what the problems were, use the option `--future-incompat-report`, or run `cargo report future-incompatibilities --id 3`
[INFO] running `Command { std: "docker" "inspect" "c3b1a4e5597bb4325c83ad1b3211cecc74d1bdf7632e6d5ffe9e59416ab292e0", kill_on_drop: false }`
[INFO] running `Command { std: "docker" "exec" "-e" "SOURCE_DIR=/opt/rustwide/workdir" "-e" "CARGO_HOME=/opt/rustwide/cargo-home" "-e" "RUSTUP_HOME=/opt/rustwide/rustup-home" "-e" "CARGO_TARGET_DIR=/opt/rustwide/target" "-e" "CARGO_INCREMENTAL=0" "-e" "RUST_BACKTRACE=full" "-e" "RUSTFLAGS=--cap-lints=warn" "-e" "RUSTDOCFLAGS=--cap-lints=warn" "-w" "/opt/rustwide/workdir" "--user" "0:0" "c3b1a4e5597bb4325c83ad1b3211cecc74d1bdf7632e6d5ffe9e59416ab292e0" "/opt/rustwide/cargo-home/bin/cargo" "+1.100.0-beta.1" "test" "--frozen" "--no-run" "--message-format=json" "--release", kill_on_drop: false }`
[INFO] [stderr]    Compiling stardust-xr v0.50.0 (/opt/rustwide/workdir)
[INFO] [stderr] warning: unused dependency `color-eyre`
[INFO] [stderr]  --> Cargo.toml:1:15
[INFO] [stderr]   |
[INFO] [stderr] 1 | [dependencies.color-eyre]
[INFO] [stderr]   |               ^^^^^^^^^^^
[INFO] [stderr]   |
[INFO] [stderr]   = note: `cargo::unused_dependencies` is set to `warn` by default
[INFO] [stderr] help: consider removing the dependency on `color-eyre`
[INFO] [stderr] warning: `stardust-xr` (manifest) generated 1 warning
[INFO] [stderr]     Finished `release` profile [optimized] target(s) in 1.30s
[INFO] [stderr] warning: the following packages contain code that will be rejected by a future version of Rust: nix v0.30.1
[INFO] [stderr] note: to see what the problems were, use the option `--future-incompat-report`, or run `cargo report future-incompatibilities --id 3`
[INFO] running `Command { std: "docker" "inspect" "c3b1a4e5597bb4325c83ad1b3211cecc74d1bdf7632e6d5ffe9e59416ab292e0", kill_on_drop: false }`
[INFO] running `Command { std: "docker" "exec" "-e" "SOURCE_DIR=/opt/rustwide/workdir" "-e" "CARGO_HOME=/opt/rustwide/cargo-home" "-e" "RUSTUP_HOME=/opt/rustwide/rustup-home" "-e" "CARGO_TARGET_DIR=/opt/rustwide/target" "-e" "CARGO_INCREMENTAL=0" "-e" "RUST_BACKTRACE=full" "-e" "RUSTFLAGS=--cap-lints=warn" "-e" "RUSTDOCFLAGS=--cap-lints=warn" "-w" "/opt/rustwide/workdir" "--user" "0:0" "c3b1a4e5597bb4325c83ad1b3211cecc74d1bdf7632e6d5ffe9e59416ab292e0" "/opt/rustwide/cargo-home/bin/cargo" "+1.100.0-beta.1" "test" "--frozen" "--release", kill_on_drop: false }`
[INFO] [stderr] warning: unused dependency `color-eyre`
[INFO] [stderr]  --> Cargo.toml:1:15
[INFO] [stderr]   |
[INFO] [stderr] 1 | [dependencies.color-eyre]
[INFO] [stderr]   |               ^^^^^^^^^^^
[INFO] [stderr]   |
[INFO] [stderr]   = note: `cargo::unused_dependencies` is set to `warn` by default
[INFO] [stderr] help: consider removing the dependency on `color-eyre`
[INFO] [stderr] warning: `stardust-xr` (manifest) generated 1 warning
[INFO] [stderr]     Finished `release` profile [optimized] target(s) in 0.21s
[INFO] [stderr] warning: the following packages contain code that will be rejected by a future version of Rust: nix v0.30.1
[INFO] [stderr] note: to see what the problems were, use the option `--future-incompat-report`, or run `cargo report future-incompatibilities --id 3`
[INFO] [stderr]      Running unittests src/lib.rs (/opt/rustwide/target/release/build/stardust-xr/9155e27e07d1e026/out/stardust_xr-9155e27e07d1e026)
[INFO] [stdout] 
[INFO] [stdout] running 2 tests
[INFO] [stdout] test client::client_connect ... FAILED
[INFO] [stdout] test server::server_get_free_socket_path ... FAILED
[INFO] [stdout] 
[INFO] [stdout] failures:
[INFO] [stdout] 
[INFO] [stdout] ---- client::client_connect stdout ----
[INFO] [stdout] 
[INFO] [stdout] thread 'client::client_connect' (2876) panicked at src/client.rs:28:10:
[INFO] [stdout] Socket not connected: Kind(AddrNotAvailable)
[INFO] [stdout] stack backtrace:
[INFO] [stdout]    0:     0x589a5e9d48c1 - <<std[617be2ca0a6fd877]::sys::backtrace::BacktraceLock>::print::DisplayBacktrace as core[a373ad73a504971]::fmt::Display>::fmt
[INFO] [stdout]    1:     0x589a5e9e8afa - core[a373ad73a504971]::fmt::write
[INFO] [stdout]    2:     0x589a5e9d8c4c - <alloc[2e1b2a31b91974c5]::vec::Vec<u8> as core[a373ad73a504971]::io::write::Write>::write_fmt
[INFO] [stdout]    3:     0x589a5e9b06c6 - std[617be2ca0a6fd877]::panicking::default_hook::{closure#0}
[INFO] [stdout]    4:     0x589a5e9cce79 - std[617be2ca0a6fd877]::panicking::default_hook
[INFO] [stdout]    5:     0x589a5e9500e0 - test[aada8e7e76ba119b]::test_main_inner::{closure#0}
[INFO] [stdout]    6:     0x589a5e9cd032 - std[617be2ca0a6fd877]::panicking::panic_with_hook
[INFO] [stdout]    7:     0x589a5e9b0772 - std[617be2ca0a6fd877]::panicking::panic_handler::{closure#0}
[INFO] [stdout]    8:     0x589a5e9a93d9 - std[617be2ca0a6fd877]::sys::backtrace::__rust_end_short_backtrace::<std[617be2ca0a6fd877]::panicking::panic_handler::{closure#0}, !>
[INFO] [stdout]    9:     0x589a5e9b137d - __rustc[ea4f61d10b84890b]::rust_begin_unwind
[INFO] [stdout]   10:     0x589a5e9e925c - core[a373ad73a504971]::panicking::panic_fmt
[INFO] [stdout]   11:     0x589a5e9e9032 - core[a373ad73a504971]::result::unwrap_failed
[INFO] [stdout]   12:     0x589a5e943009 - stardust_xr[a7b92b80566d0d8e]::client::client_connect::{closure#0}
[INFO] [stdout]   13:     0x589a5e941c88 - <tokio[7eb5ada6caffb6d5]::runtime::context::scoped::Scoped<tokio[7eb5ada6caffb6d5]::runtime::scheduler::Context>>::set::<<tokio[7eb5ada6caffb6d5]::runtime::scheduler::current_thread::CoreGuard>::enter<<tokio[7eb5ada6caffb6d5]::runtime::scheduler::current_thread::CoreGuard>::block_on<core[a373ad73a504971]::pin::Pin<&mut core[a373ad73a504971]::pin::Pin<&mut dyn core[a373ad73a504971]::future::future::Future<Output = ()>>>>::{closure#0}, core[a373ad73a504971]::option::Option<()>>::{closure#0}, (alloc[2e1b2a31b91974c5]::boxed::Box<tokio[7eb5ada6caffb6d5]::runtime::scheduler::current_thread::Core>, core[a373ad73a504971]::option::Option<()>)>
[INFO] [stdout]   14:     0x589a5e94207b - <tokio[7eb5ada6caffb6d5]::runtime::scheduler::current_thread::CoreGuard>::block_on::<core[a373ad73a504971]::pin::Pin<&mut core[a373ad73a504971]::pin::Pin<&mut dyn core[a373ad73a504971]::future::future::Future<Output = ()>>>>
[INFO] [stdout]   15:     0x589a5e940e54 - tokio[7eb5ada6caffb6d5]::runtime::context::runtime::enter_runtime::<<tokio[7eb5ada6caffb6d5]::runtime::scheduler::current_thread::CurrentThread>::block_on<core[a373ad73a504971]::pin::Pin<&mut dyn core[a373ad73a504971]::future::future::Future<Output = ()>>>::{closure#0}, ()>
[INFO] [stdout]   16:     0x589a5e94058b - <tokio[7eb5ada6caffb6d5]::runtime::runtime::Runtime>::block_on::<core[a373ad73a504971]::pin::Pin<&mut dyn core[a373ad73a504971]::future::future::Future<Output = ()>>>
[INFO] [stdout]   17:     0x589a5e9432df - <stardust_xr[a7b92b80566d0d8e]::client::client_connect::{closure#0} as core[a373ad73a504971]::ops::function::FnOnce<()>>::call_once
[INFO] [stdout]   18:     0x589a5e94352b - test[aada8e7e76ba119b]::__rust_begin_short_backtrace::<core[a373ad73a504971]::result::Result<(), alloc[2e1b2a31b91974c5]::string::String>, fn() -> core[a373ad73a504971]::result::Result<(), alloc[2e1b2a31b91974c5]::string::String>>
[INFO] [stdout]   19:     0x589a5e950705 - test[aada8e7e76ba119b]::run_test::{closure#0}
[INFO] [stdout]   20:     0x589a5e949ff4 - std[617be2ca0a6fd877]::sys::backtrace::__rust_begin_short_backtrace::<test[aada8e7e76ba119b]::run_test::{closure#1}, ()>
[INFO] [stdout]   21:     0x589a5e953792 - <std[617be2ca0a6fd877]::thread::lifecycle::spawn_unchecked<test[aada8e7e76ba119b]::run_test::{closure#1}, ()>::{closure#1} as core[a373ad73a504971]::ops::function::FnOnce<()>>::call_once::{shim:vtable#0}
[INFO] [stdout]   22:     0x589a5e9d411f - <std[617be2ca0a6fd877]::sys::thread::unix::Thread>::new::thread_start
[INFO] [stdout]   23:     0x7f3ea0d1edfa - <unknown>
[INFO] [stdout]   24:     0x7f3ea0db23d4 - clone
[INFO] [stdout]   25:                0x0 - <unknown>
[INFO] [stdout] 
[INFO] [stdout] ---- server::server_get_free_socket_path stdout ----
[INFO] [stdout] 
[INFO] [stdout] thread 'server::server_get_free_socket_path' (2877) panicked at src/server.rs:52:48:
[INFO] [stdout] Unable to set up socket!
[INFO] [stdout] stack backtrace:
[INFO] [stdout]    0:     0x589a5e9d48c1 - <<std[617be2ca0a6fd877]::sys::backtrace::BacktraceLock>::print::DisplayBacktrace as core[a373ad73a504971]::fmt::Display>::fmt
[INFO] [stdout]    1:     0x589a5e9e8afa - core[a373ad73a504971]::fmt::write
[INFO] [stdout]    2:     0x589a5e9d8c4c - <alloc[2e1b2a31b91974c5]::vec::Vec<u8> as core[a373ad73a504971]::io::write::Write>::write_fmt
[INFO] [stdout]    3:     0x589a5e9b06c6 - std[617be2ca0a6fd877]::panicking::default_hook::{closure#0}
[INFO] [stdout]    4:     0x589a5e9cce79 - std[617be2ca0a6fd877]::panicking::default_hook
[INFO] [stdout]    5:     0x589a5e9500e0 - test[aada8e7e76ba119b]::test_main_inner::{closure#0}
[INFO] [stdout]    6:     0x589a5e9cd032 - std[617be2ca0a6fd877]::panicking::panic_with_hook
[INFO] [stdout]    7:     0x589a5e9b0772 - std[617be2ca0a6fd877]::panicking::panic_handler::{closure#0}
[INFO] [stdout]    8:     0x589a5e9a93d9 - std[617be2ca0a6fd877]::sys::backtrace::__rust_end_short_backtrace::<std[617be2ca0a6fd877]::panicking::panic_handler::{closure#0}, !>
[INFO] [stdout]    9:     0x589a5e9b137d - __rustc[ea4f61d10b84890b]::rust_begin_unwind
[INFO] [stdout]   10:     0x589a5e9e925c - core[a373ad73a504971]::panicking::panic_fmt
[INFO] [stdout]   11:     0x589a5e9e8fb4 - core[a373ad73a504971]::option::expect_failed
[INFO] [stdout]   12:     0x589a5e941a63 - <stardust_xr[a7b92b80566d0d8e]::server::server_get_free_socket_path::{closure#0} as core[a373ad73a504971]::ops::function::FnOnce<()>>::call_once
[INFO] [stdout]   13:     0x589a5e94352b - test[aada8e7e76ba119b]::__rust_begin_short_backtrace::<core[a373ad73a504971]::result::Result<(), alloc[2e1b2a31b91974c5]::string::String>, fn() -> core[a373ad73a504971]::result::Result<(), alloc[2e1b2a31b91974c5]::string::String>>
[INFO] [stdout]   14:     0x589a5e950705 - test[aada8e7e76ba119b]::run_test::{closure#0}
[INFO] [stdout]   15:     0x589a5e949ff4 - std[617be2ca0a6fd877]::sys::backtrace::__rust_begin_short_backtrace::<test[aada8e7e76ba119b]::run_test::{closure#1}, ()>
[INFO] [stdout]   16:     0x589a5e953792 - <std[617be2ca0a6fd877]::thread::lifecycle::spawn_unchecked<test[aada8e7e76ba119b]::run_test::{closure#1}, ()>::{closure#1} as core[a373ad73a504971]::ops::function::FnOnce<()>>::call_once::{shim:vtable#0}
[INFO] [stdout]   17:     0x589a5e9d411f - <std[617be2ca0a6fd877]::sys::thread::unix::Thread>::new::thread_start
[INFO] [stdout]   18:     0x7f3ea0d1edfa - <unknown>
[INFO] [stdout]   19:     0x7f3ea0db23d4 - clone
[INFO] [stdout]   20:                0x0 - <unknown>
[INFO] [stdout] 
[INFO] [stdout] 
[INFO] [stdout] failures:
[INFO] [stdout]     client::client_connect
[INFO] [stdout]     server::server_get_free_socket_path
[INFO] [stdout] 
[INFO] [stdout] test result: FAILED. 0 passed; 2 failed; 0 ignored; 0 measured; 0 filtered out; finished in 0.00s
[INFO] [stdout] 
[INFO] [stderr] error: test failed, to rerun pass `--lib`
[INFO] running `Command { std: "docker" "inspect" "c3b1a4e5597bb4325c83ad1b3211cecc74d1bdf7632e6d5ffe9e59416ab292e0", kill_on_drop: false }`
[INFO] running `Command { std: "docker" "rm" "-f" "c3b1a4e5597bb4325c83ad1b3211cecc74d1bdf7632e6d5ffe9e59416ab292e0", kill_on_drop: false }`
[INFO] [stdout] c3b1a4e5597bb4325c83ad1b3211cecc74d1bdf7632e6d5ffe9e59416ab292e0
