[INFO] fetching crate starberry_sql 0.6.4...
[INFO] testing starberry_sql-0.6.4 against 1.99.0-beta.8+cargoflags=--release for beta-release-1.100-2
[INFO] extracting crate starberry_sql 0.6.4 into /workspace/builds/worker-2-tc1/source
[INFO] started tweaking crates.io crate starberry_sql 0.6.4
[INFO] finished tweaking crates.io crate starberry_sql 0.6.4
[INFO] tweaked toml for crates.io crate starberry_sql 0.6.4 written to /workspace/builds/worker-2-tc1/source/Cargo.toml
[INFO] validating manifest of crates.io crate starberry_sql 0.6.4 on toolchain 1.99.0-beta.8
[INFO] running `Command { std: CARGO_HOME="/workspace/cargo-home" RUSTUP_HOME="/workspace/rustup-home" "/workspace/cargo-home/bin/cargo" "+1.99.0-beta.8" "metadata" "--manifest-path" "Cargo.toml" "--no-deps", kill_on_drop: false }`
[INFO] crate crates.io crate starberry_sql 0.6.4 already has a lockfile, it will not be regenerated
[INFO] running `Command { std: CARGO_HOME="/workspace/cargo-home" RUSTUP_HOME="/workspace/rustup-home" "/workspace/cargo-home/bin/cargo" "+1.99.0-beta.8" "fetch" "--manifest-path" "Cargo.toml", kill_on_drop: false }`
[INFO] [stderr]     Updating crates.io index
[INFO] [stderr]  Downloading crates ...
[INFO] [stderr]   Downloaded ctor-proc-macro v0.0.5
[INFO] [stderr]   Downloaded dtor-proc-macro v0.0.5
[INFO] [stderr]   Downloaded dtor v0.0.6
[INFO] [stderr]   Downloaded ctor v0.4.2
[INFO] [stderr]   Downloaded starberry_macro v0.6.3
[INFO] [stderr]   Downloaded starberry_core v0.6.8
[INFO] [stderr]   Downloaded akari_macro v0.2.0
[INFO] [stderr]   Downloaded starberry_lib v0.7.2
[INFO] [stderr]   Downloaded akari v0.2.5
[INFO] [stderr]   Downloaded webpki-root-certs v1.0.1
[INFO] [stderr]   Downloaded brotli-decompressor v2.5.1
[INFO] [stderr]   Downloaded brotli v3.5.0
[INFO] running `Command { std: "docker" "create" "-v" "/var/lib/crater-agent-workspace/builds/worker-2-tc1/source:/opt/rustwide/workdir:ro,Z" "-v" "/var/lib/crater-agent-workspace/builds/worker-2-tc1/target:/opt/rustwide/target:rw,Z" "-v" "/var/lib/crater-agent-workspace/cargo-home:/opt/rustwide/cargo-home:ro,Z" "-v" "/var/lib/crater-agent-workspace/rustup-home:/opt/rustwide/rustup-home:ro,Z" "-m" "1610612736" "--network" "none" "ghcr.io/rust-lang/crates-build-env/linux@sha256:77db811e55d90add9212f6832c23229e3de5f1c1f9905e8cb07319ea15df73ac" "sleep" "infinity", kill_on_drop: false }`
[INFO] [stdout] 8834608ba171a6c0c6adbd0eae7204fc663942c2d044700cee15dd80319a6594
[INFO] running `Command { std: "docker" "start" "8834608ba171a6c0c6adbd0eae7204fc663942c2d044700cee15dd80319a6594", kill_on_drop: false }`
[INFO] running `Command { std: "docker" "inspect" "8834608ba171a6c0c6adbd0eae7204fc663942c2d044700cee15dd80319a6594", kill_on_drop: false }`
[INFO] running `Command { std: "docker" "exec" "-e" "SOURCE_DIR=/opt/rustwide/workdir" "-e" "CARGO_HOME=/opt/rustwide/cargo-home" "-e" "RUSTUP_HOME=/opt/rustwide/rustup-home" "-e" "CARGO_TARGET_DIR=/opt/rustwide/target" "-w" "/opt/rustwide/workdir" "--user" "0:0" "8834608ba171a6c0c6adbd0eae7204fc663942c2d044700cee15dd80319a6594" "/opt/rustwide/cargo-home/bin/cargo" "+1.99.0-beta.8" "metadata" "--no-deps" "--format-version=1", kill_on_drop: false }`
[INFO] running `Command { std: "docker" "inspect" "8834608ba171a6c0c6adbd0eae7204fc663942c2d044700cee15dd80319a6594", kill_on_drop: false }`
[INFO] running `Command { std: "docker" "exec" "-e" "SOURCE_DIR=/opt/rustwide/workdir" "-e" "CARGO_HOME=/opt/rustwide/cargo-home" "-e" "RUSTUP_HOME=/opt/rustwide/rustup-home" "-e" "CARGO_TARGET_DIR=/opt/rustwide/target" "-e" "CARGO_INCREMENTAL=0" "-e" "RUST_BACKTRACE=full" "-e" "RUSTFLAGS=--cap-lints=warn" "-e" "RUSTDOCFLAGS=--cap-lints=warn" "-w" "/opt/rustwide/workdir" "--user" "0:0" "8834608ba171a6c0c6adbd0eae7204fc663942c2d044700cee15dd80319a6594" "/opt/rustwide/cargo-home/bin/cargo" "+1.99.0-beta.8" "build" "--frozen" "--message-format=json" "--release", kill_on_drop: false }`
[INFO] [stderr]    Compiling libc v0.2.174
[INFO] [stderr]    Compiling cfg-if v1.0.1
[INFO] [stderr]    Compiling rustls-pki-types v1.12.0
[INFO] [stderr]    Compiling getrandom v0.3.3
[INFO] [stderr]    Compiling zstd-safe v6.0.6
[INFO] [stderr]    Compiling rustls v0.23.28
[INFO] [stderr]    Compiling slab v0.4.10
[INFO] [stderr]    Compiling brotli-decompressor v2.5.1
[INFO] [stderr]    Compiling dtor-proc-macro v0.0.5
[INFO] [stderr]    Compiling syn v2.0.104
[INFO] [stderr]    Compiling syn v1.0.109
[INFO] [stderr]    Compiling include_dir_macros v0.7.4
[INFO] [stderr]    Compiling regex-automata v0.4.9
[INFO] [stderr]    Compiling ctor-proc-macro v0.0.5
[INFO] [stderr]    Compiling crc32fast v1.4.2
[INFO] [stderr]    Compiling flate2 v1.1.2
[INFO] [stderr]    Compiling dtor v0.0.6
[INFO] [stderr]    Compiling webpki-roots v1.0.1
[INFO] [stderr]    Compiling rustls-native-certs v0.8.1
[INFO] [stderr]    Compiling ctor v0.4.2
[INFO] [stderr]    Compiling webpki-roots v0.26.11
[INFO] [stderr]    Compiling include_dir v0.7.4
[INFO] [stderr]    Compiling brotli v3.5.0
[INFO] [stderr]    Compiling getrandom v0.2.16
[INFO] [stderr]    Compiling parking_lot_core v0.9.11
[INFO] [stderr]    Compiling socket2 v0.5.10
[INFO] [stderr]    Compiling mio v1.0.4
[INFO] [stderr]    Compiling signal-hook-registry v1.4.5
[INFO] [stderr]    Compiling jobserver v0.1.33
[INFO] [stderr]    Compiling rand_core v0.9.3
[INFO] [stderr]    Compiling parking_lot v0.12.4
[INFO] [stderr]    Compiling rand_chacha v0.9.0
[INFO] [stderr]    Compiling cc v1.2.29
[INFO] [stderr]    Compiling rand v0.9.1
[INFO] [stderr]    Compiling ring v0.17.14
[INFO] [stderr]    Compiling zstd-sys v2.0.15+zstd.1.5.7
[INFO] [stderr]    Compiling regex v1.11.1
[INFO] [stderr]    Compiling futures-macro v0.3.31
[INFO] [stderr]    Compiling tokio-macros v2.5.0
[INFO] [stderr]    Compiling async-trait v0.1.88
[INFO] [stderr]    Compiling starberry_macro v0.6.3
[INFO] [stderr]    Compiling futures-util v0.3.31
[INFO] [stderr]    Compiling tokio v1.46.1
[INFO] [stderr]    Compiling akari_macro v0.2.0
[INFO] [stderr]    Compiling akari v0.2.5
[INFO] [stderr]    Compiling futures-executor v0.3.31
[INFO] [stderr]    Compiling futures v0.3.31
[INFO] [stderr]    Compiling rustls-webpki v0.103.3
[INFO] [stderr]    Compiling tokio-rustls v0.26.2
[INFO] [stderr]    Compiling rustls-platform-verifier v0.5.3
[INFO] [stderr]    Compiling zstd v0.12.4
[INFO] [stderr]    Compiling starberry_lib v0.7.2
[INFO] [stderr]    Compiling starberry_core v0.6.8
[INFO] [stderr]    Compiling starberry_sql v0.6.4 (/opt/rustwide/workdir)
[INFO] [stdout] warning: unused import: `std::time::Instant`
[INFO] [stdout]  --> src/sql/pool.rs:3:5
[INFO] [stdout]   |
[INFO] [stdout] 3 | use std::time::Instant;
[INFO] [stdout]   |     ^^^^^^^^^^^^^^^^^^
[INFO] [stdout]   |
[INFO] [stdout]   = note: `#[warn(unused_imports)]` (part of `#[warn(unused)]`) on by default
[INFO] [stdout] 
[INFO] [stdout] 
[INFO] [stdout] warning: unused import: `tokio::io::AsyncWriteExt`
[INFO] [stdout]    --> src/sql/connection.rs:382:17
[INFO] [stdout]     |
[INFO] [stdout] 382 |             use tokio::io::AsyncWriteExt;
[INFO] [stdout]     |                 ^^^^^^^^^^^^^^^^^^^^^^^^
[INFO] [stdout] 
[INFO] [stdout] 
[INFO] [stdout] warning: unused import: `starberry_core::connection::transmit::Pool`
[INFO] [stdout]  --> src/sql/test.rs:3:5
[INFO] [stdout]   |
[INFO] [stdout] 3 | use starberry_core::connection::transmit::Pool;
[INFO] [stdout]   |     ^^^^^^^^^^^^^^^^^^^^^^^^^^^^^^^^^^^^^^^^^^
[INFO] [stdout] 
[INFO] [stdout] 
[INFO] [stdout] warning: unused variable: `pw`
[INFO] [stdout]    --> src/sql/connection.rs:229:54
[INFO] [stdout]     |
[INFO] [stdout] 229 | ...                   if let (Some(user), Some(pw)) = (&self.username, &self.password) {
[INFO] [stdout]     |                                                ^^ help: if this is intentional, prefix it with an underscore: `_pw`
[INFO] [stdout]     |
[INFO] [stdout]     = note: `#[warn(unused_variables)]` (part of `#[warn(unused)]`) on by default
[INFO] [stdout] 
[INFO] [stdout] 
[INFO] [stdout] warning: fields `host`, `port`, `protocol`, `database`, `username`, and `password` are never read
[INFO] [stdout]    --> src/sql/connection.rs:369:5
[INFO] [stdout]     |
[INFO] [stdout] 368 | pub struct DbConnection {
[INFO] [stdout]     |            ------------ fields in this struct
[INFO] [stdout] 369 |     host: String,
[INFO] [stdout]     |     ^^^^
[INFO] [stdout] 370 |     port: u16,
[INFO] [stdout]     |     ^^^^
[INFO] [stdout] 371 |     protocol: Protocol,
[INFO] [stdout]     |     ^^^^^^^^
[INFO] [stdout] 372 |     database: Option<String>,
[INFO] [stdout]     |     ^^^^^^^^
[INFO] [stdout] 373 |     username: Option<String>,
[INFO] [stdout]     |     ^^^^^^^^
[INFO] [stdout] 374 |     password: Option<String>,
[INFO] [stdout]     |     ^^^^^^^^
[INFO] [stdout]     |
[INFO] [stdout]     = note: `#[warn(dead_code)]` (part of `#[warn(unused)]`) on by default
[INFO] [stdout] 
[INFO] [stdout] 
[INFO] [stdout] warning: struct `TestRow` is never constructed
[INFO] [stdout]   --> src/sql/test.rs:26:8
[INFO] [stdout]    |
[INFO] [stdout] 26 | struct TestRow {
[INFO] [stdout]    |        ^^^^^^^
[INFO] [stdout] 
[INFO] [stdout] 
[INFO] [stderr]     Finished `release` profile [optimized] target(s) in 1m 32s
[INFO] running `Command { std: "docker" "inspect" "8834608ba171a6c0c6adbd0eae7204fc663942c2d044700cee15dd80319a6594", kill_on_drop: false }`
[INFO] running `Command { std: "docker" "exec" "-e" "SOURCE_DIR=/opt/rustwide/workdir" "-e" "CARGO_HOME=/opt/rustwide/cargo-home" "-e" "RUSTUP_HOME=/opt/rustwide/rustup-home" "-e" "CARGO_TARGET_DIR=/opt/rustwide/target" "-e" "CARGO_INCREMENTAL=0" "-e" "RUST_BACKTRACE=full" "-e" "RUSTFLAGS=--cap-lints=warn" "-e" "RUSTDOCFLAGS=--cap-lints=warn" "-w" "/opt/rustwide/workdir" "--user" "0:0" "8834608ba171a6c0c6adbd0eae7204fc663942c2d044700cee15dd80319a6594" "/opt/rustwide/cargo-home/bin/cargo" "+1.99.0-beta.8" "test" "--frozen" "--no-run" "--message-format=json" "--release", kill_on_drop: false }`
[INFO] [stdout] warning: unused import: `std::time::Instant`
[INFO] [stdout]  --> src/sql/pool.rs:3:5
[INFO] [stdout]   |
[INFO] [stdout] 3 | use std::time::Instant;
[INFO] [stdout]   |     ^^^^^^^^^^^^^^^^^^
[INFO] [stdout]   |
[INFO] [stdout]   = note: `#[warn(unused_imports)]` (part of `#[warn(unused)]`) on by default
[INFO] [stdout] 
[INFO] [stdout] 
[INFO] [stdout] warning: unused import: `tokio::io::AsyncWriteExt`
[INFO] [stdout]    --> src/sql/connection.rs:382:17
[INFO] [stdout]     |
[INFO] [stdout] 382 |             use tokio::io::AsyncWriteExt;
[INFO] [stdout]     |                 ^^^^^^^^^^^^^^^^^^^^^^^^
[INFO] [stdout] 
[INFO] [stdout] 
[INFO] [stdout] warning: unused import: `starberry_core::connection::transmit::Pool`
[INFO] [stdout]  --> src/sql/test.rs:3:5
[INFO] [stdout]   |
[INFO] [stdout] 3 | use starberry_core::connection::transmit::Pool;
[INFO] [stdout]   |     ^^^^^^^^^^^^^^^^^^^^^^^^^^^^^^^^^^^^^^^^^^
[INFO] [stdout] 
[INFO] [stdout] 
[INFO] [stdout] warning: unused variable: `pw`
[INFO] [stdout]    --> src/sql/connection.rs:229:54
[INFO] [stdout]     |
[INFO] [stdout] 229 | ...                   if let (Some(user), Some(pw)) = (&self.username, &self.password) {
[INFO] [stdout]     |                                                ^^ help: if this is intentional, prefix it with an underscore: `_pw`
[INFO] [stdout]     |
[INFO] [stdout]     = note: `#[warn(unused_variables)]` (part of `#[warn(unused)]`) on by default
[INFO] [stdout] 
[INFO] [stdout] 
[INFO] [stdout] warning: fields `host`, `port`, `protocol`, `database`, `username`, and `password` are never read
[INFO] [stdout]    --> src/sql/connection.rs:369:5
[INFO] [stdout]     |
[INFO] [stdout] 368 | pub struct DbConnection {
[INFO] [stdout]     |            ------------ fields in this struct
[INFO] [stdout] 369 |     host: String,
[INFO] [stdout]     |     ^^^^
[INFO] [stdout] 370 |     port: u16,
[INFO] [stdout]     |     ^^^^
[INFO] [stdout] 371 |     protocol: Protocol,
[INFO] [stdout]     |     ^^^^^^^^
[INFO] [stdout] 372 |     database: Option<String>,
[INFO] [stdout]     |     ^^^^^^^^
[INFO] [stdout] 373 |     username: Option<String>,
[INFO] [stdout]     |     ^^^^^^^^
[INFO] [stdout] 374 |     password: Option<String>,
[INFO] [stdout]     |     ^^^^^^^^
[INFO] [stdout]     |
[INFO] [stdout]     = note: `#[warn(dead_code)]` (part of `#[warn(unused)]`) on by default
[INFO] [stdout] 
[INFO] [stdout] 
[INFO] [stdout] warning: struct `TestRow` is never constructed
[INFO] [stdout]   --> src/sql/test.rs:26:8
[INFO] [stdout]    |
[INFO] [stdout] 26 | struct TestRow {
[INFO] [stdout]    |        ^^^^^^^
[INFO] [stdout] 
[INFO] [stdout] 
[INFO] [stderr]    Compiling starberry_sql v0.6.4 (/opt/rustwide/workdir)
[INFO] [stdout] warning: unused import: `std::time::Instant`
[INFO] [stdout]  --> src/sql/pool.rs:3:5
[INFO] [stdout]   |
[INFO] [stdout] 3 | use std::time::Instant;
[INFO] [stdout]   |     ^^^^^^^^^^^^^^^^^^
[INFO] [stdout]   |
[INFO] [stdout]   = note: `#[warn(unused_imports)]` (part of `#[warn(unused)]`) on by default
[INFO] [stdout] 
[INFO] [stdout] 
[INFO] [stdout] warning: unused import: `tokio::io::AsyncWriteExt`
[INFO] [stdout]    --> src/sql/connection.rs:382:17
[INFO] [stdout]     |
[INFO] [stdout] 382 |             use tokio::io::AsyncWriteExt;
[INFO] [stdout]     |                 ^^^^^^^^^^^^^^^^^^^^^^^^
[INFO] [stdout] 
[INFO] [stdout] 
[INFO] [stdout] warning: unused variable: `pw`
[INFO] [stdout]    --> src/sql/connection.rs:229:54
[INFO] [stdout]     |
[INFO] [stdout] 229 | ...                   if let (Some(user), Some(pw)) = (&self.username, &self.password) {
[INFO] [stdout]     |                                                ^^ help: if this is intentional, prefix it with an underscore: `_pw`
[INFO] [stdout]     |
[INFO] [stdout]     = note: `#[warn(unused_variables)]` (part of `#[warn(unused)]`) on by default
[INFO] [stdout] 
[INFO] [stdout] 
[INFO] [stdout] warning: fields `host`, `port`, `protocol`, `database`, `username`, and `password` are never read
[INFO] [stdout]    --> src/sql/connection.rs:369:5
[INFO] [stdout]     |
[INFO] [stdout] 368 | pub struct DbConnection {
[INFO] [stdout]     |            ------------ fields in this struct
[INFO] [stdout] 369 |     host: String,
[INFO] [stdout]     |     ^^^^
[INFO] [stdout] 370 |     port: u16,
[INFO] [stdout]     |     ^^^^
[INFO] [stdout] 371 |     protocol: Protocol,
[INFO] [stdout]     |     ^^^^^^^^
[INFO] [stdout] 372 |     database: Option<String>,
[INFO] [stdout]     |     ^^^^^^^^
[INFO] [stdout] 373 |     username: Option<String>,
[INFO] [stdout]     |     ^^^^^^^^
[INFO] [stdout] 374 |     password: Option<String>,
[INFO] [stdout]     |     ^^^^^^^^
[INFO] [stdout]     |
[INFO] [stdout]     = note: `#[warn(dead_code)]` (part of `#[warn(unused)]`) on by default
[INFO] [stdout] 
[INFO] [stdout] 
[INFO] [stderr]     Finished `release` profile [optimized] target(s) in 6.35s
[INFO] running `Command { std: "docker" "inspect" "8834608ba171a6c0c6adbd0eae7204fc663942c2d044700cee15dd80319a6594", kill_on_drop: false }`
[INFO] running `Command { std: "docker" "exec" "-e" "SOURCE_DIR=/opt/rustwide/workdir" "-e" "CARGO_HOME=/opt/rustwide/cargo-home" "-e" "RUSTUP_HOME=/opt/rustwide/rustup-home" "-e" "CARGO_TARGET_DIR=/opt/rustwide/target" "-e" "CARGO_INCREMENTAL=0" "-e" "RUST_BACKTRACE=full" "-e" "RUSTFLAGS=--cap-lints=warn" "-e" "RUSTDOCFLAGS=--cap-lints=warn" "-w" "/opt/rustwide/workdir" "--user" "0:0" "8834608ba171a6c0c6adbd0eae7204fc663942c2d044700cee15dd80319a6594" "/opt/rustwide/cargo-home/bin/cargo" "+1.99.0-beta.8" "test" "--frozen" "--release", kill_on_drop: false }`
[INFO] [stderr] warning: unused import: `std::time::Instant`
[INFO] [stderr]  --> src/sql/pool.rs:3:5
[INFO] [stderr]   |
[INFO] [stderr] 3 | use std::time::Instant;
[INFO] [stderr]   |     ^^^^^^^^^^^^^^^^^^
[INFO] [stderr]   |
[INFO] [stderr]   = note: `#[warn(unused_imports)]` (part of `#[warn(unused)]`) on by default
[INFO] [stderr] 
[INFO] [stderr] warning: unused import: `tokio::io::AsyncWriteExt`
[INFO] [stderr]    --> src/sql/connection.rs:382:17
[INFO] [stderr]     |
[INFO] [stderr] 382 |             use tokio::io::AsyncWriteExt;
[INFO] [stderr]     |                 ^^^^^^^^^^^^^^^^^^^^^^^^
[INFO] [stderr] 
[INFO] [stderr] warning: unused import: `starberry_core::connection::transmit::Pool`
[INFO] [stderr]  --> src/sql/test.rs:3:5
[INFO] [stderr]   |
[INFO] [stderr] 3 | use starberry_core::connection::transmit::Pool;
[INFO] [stderr]   |     ^^^^^^^^^^^^^^^^^^^^^^^^^^^^^^^^^^^^^^^^^^
[INFO] [stderr] 
[INFO] [stderr] warning: unused variable: `pw`
[INFO] [stderr]    --> src/sql/connection.rs:229:54
[INFO] [stderr]     |
[INFO] [stderr] 229 | ...                   if let (Some(user), Some(pw)) = (&self.username, &self.password) {
[INFO] [stderr]     |                                                ^^ help: if this is intentional, prefix it with an underscore: `_pw`
[INFO] [stderr]     |
[INFO] [stderr]     = note: `#[warn(unused_variables)]` (part of `#[warn(unused)]`) on by default
[INFO] [stderr] 
[INFO] [stderr] warning: fields `host`, `port`, `protocol`, `database`, `username`, and `password` are never read
[INFO] [stderr]    --> src/sql/connection.rs:369:5
[INFO] [stderr]     |
[INFO] [stderr] 368 | pub struct DbConnection {
[INFO] [stderr]     |            ------------ fields in this struct
[INFO] [stderr] 369 |     host: String,
[INFO] [stderr]     |     ^^^^
[INFO] [stderr] 370 |     port: u16,
[INFO] [stderr]     |     ^^^^
[INFO] [stderr] 371 |     protocol: Protocol,
[INFO] [stderr]     |     ^^^^^^^^
[INFO] [stderr] 372 |     database: Option<String>,
[INFO] [stderr]     |     ^^^^^^^^
[INFO] [stderr] 373 |     username: Option<String>,
[INFO] [stderr]     |     ^^^^^^^^
[INFO] [stderr] 374 |     password: Option<String>,
[INFO] [stderr]     |     ^^^^^^^^
[INFO] [stderr]     |
[INFO] [stderr]     = note: `#[warn(dead_code)]` (part of `#[warn(unused)]`) on by default
[INFO] [stderr] 
[INFO] [stderr] warning: struct `TestRow` is never constructed
[INFO] [stderr]   --> src/sql/test.rs:26:8
[INFO] [stderr]    |
[INFO] [stderr] 26 | struct TestRow {
[INFO] [stderr]    |        ^^^^^^^
[INFO] [stderr] 
[INFO] [stderr] warning: `starberry_sql` (lib) generated 6 warnings (run `cargo fix --lib -p starberry_sql` to apply 2 suggestions)
[INFO] [stderr] warning: `starberry_sql` (lib test) generated 4 warnings (4 duplicates)
[INFO] [stderr]     Finished `release` profile [optimized] target(s) in 0.14s
[INFO] [stderr]      Running unittests src/lib.rs (/opt/rustwide/target/release/deps/starberry_sql-540c18178ac9f2f7)
[INFO] [stdout] 
[INFO] [stdout] running 7 tests
[INFO] [stdout] test sql::test::test_from_row_success_and_error ... ok
[INFO] [stdout] test sql::test::test_query_result_methods ... ok
[INFO] [stdout] test sql::test::test_encode_primitives ... FAILED
[INFO] [stdout] test sql::test::test_sql_query_fetch_methods ... FAILED
[INFO] [stdout] test sql::test::test_sqlpool_trait ... FAILED
[INFO] [stdout] test sql::test::test_batch_execute_and_transactions_and_prepare ... FAILED
[INFO] [stdout] test sql::test::test_sql_pool_methods ... FAILED
[INFO] [stdout] 
[INFO] [stdout] failures:
[INFO] [stdout] 
[INFO] [stdout] ---- sql::test::test_encode_primitives stdout ----
[INFO] [stdout] 
[INFO] [stdout] thread 'sql::test::test_encode_primitives' (1554) panicked at src/sql/test.rs:11:5:
[INFO] [stdout] assertion `left == right` failed
[INFO] [stdout]   left: "foo"
[INFO] [stdout]  right: "'foo'"
[INFO] [stdout] stack backtrace:
[INFO] [stdout]    0:     0x63e8fbae1c61 - <<std[70759c8f55707aa4]::sys::backtrace::BacktraceLock>::print::DisplayBacktrace as core[df12db4294e9bfd3]::fmt::Display>::fmt
[INFO] [stdout]    1:     0x63e8fbaf872a - core[df12db4294e9bfd3]::fmt::write
[INFO] [stdout]    2:     0x63e8fbae66cc - <alloc[2182bb758b4b3781]::vec::Vec<u8> as core[df12db4294e9bfd3]::io::write::Write>::write_fmt
[INFO] [stdout]    3:     0x63e8fbabd6e6 - std[70759c8f55707aa4]::panicking::default_hook::{closure#0}
[INFO] [stdout]    4:     0x63e8fbad9de9 - std[70759c8f55707aa4]::panicking::default_hook
[INFO] [stdout]    5:     0x63e8fb9792b0 - test[9d35eded1c95d3be]::test_main_inner::<test[9d35eded1c95d3be]::test_main_static::{closure#0}>::{closure#0}
[INFO] [stdout]    6:     0x63e8fbada112 - std[70759c8f55707aa4]::panicking::panic_with_hook
[INFO] [stdout]    7:     0x63e8fbabd792 - std[70759c8f55707aa4]::panicking::panic_handler::{closure#0}
[INFO] [stdout]    8:     0x63e8fbab6469 - std[70759c8f55707aa4]::sys::backtrace::__rust_end_short_backtrace::<std[70759c8f55707aa4]::panicking::panic_handler::{closure#0}, !>
[INFO] [stdout]    9:     0x63e8fbabe57d - __rustc[8fa7c3cbc660c2b3]::rust_begin_unwind
[INFO] [stdout]   10:     0x63e8fbaf8e8c - core[df12db4294e9bfd3]::panicking::panic_fmt
[INFO] [stdout]   11:     0x63e8fbaf8da3 - core[df12db4294e9bfd3]::panicking::assert_failed_inner
[INFO] [stdout]   12:     0x63e8fb95da45 - core[df12db4294e9bfd3]::panicking::assert_failed::<alloc[2182bb758b4b3781]::string::String, alloc[2182bb758b4b3781]::string::String>
[INFO] [stdout]   13:     0x63e8fb945354 - starberry_sql[d4a6beb48bba186b]::sql::test::test_encode_primitives
[INFO] [stdout]   14:     0x63e8fb96b479 - <starberry_sql[d4a6beb48bba186b]::sql::test::test_encode_primitives::{closure#0} as core[df12db4294e9bfd3]::ops::function::FnOnce<()>>::call_once
[INFO] [stdout]   15:     0x63e8fb96c59b - test[9d35eded1c95d3be]::__rust_begin_short_backtrace::<core[df12db4294e9bfd3]::result::Result<(), alloc[2182bb758b4b3781]::string::String>, fn() -> core[df12db4294e9bfd3]::result::Result<(), alloc[2182bb758b4b3781]::string::String>>
[INFO] [stdout]   16:     0x63e8fb979c05 - test[9d35eded1c95d3be]::run_test::{closure#0}
[INFO] [stdout]   17:     0x63e8fb9734c4 - std[70759c8f55707aa4]::sys::backtrace::__rust_begin_short_backtrace::<test[9d35eded1c95d3be]::run_test::{closure#1}, ()>
[INFO] [stdout]   18:     0x63e8fb97cd62 - <std[70759c8f55707aa4]::thread::lifecycle::spawn_unchecked<test[9d35eded1c95d3be]::run_test::{closure#1}, ()>::{closure#1} as core[df12db4294e9bfd3]::ops::function::FnOnce<()>>::call_once::{shim:vtable#0}
[INFO] [stdout]   19:     0x63e8fbae11b9 - <std[70759c8f55707aa4]::sys::thread::unix::Thread>::new::thread_start
[INFO] [stdout]   20:     0x73f2331f2dfa - <unknown>
[INFO] [stdout]   21:     0x73f2332863d4 - clone
[INFO] [stdout]   22:                0x0 - <unknown>
[INFO] [stdout] 
[INFO] [stdout] ---- sql::test::test_sql_query_fetch_methods stdout ----
[INFO] [stdout] 
[INFO] [stdout] thread 'sql::test::test_sql_query_fetch_methods' (1558) panicked at src/sql/test.rs:77:26:
[INFO] [stdout] Failed to connect to Postgres: ConnectionError("I/O error: Connection refused (os error 111)")
[INFO] [stdout] stack backtrace:
[INFO] [stdout]    0:     0x63e8fbae1c61 - <<std[70759c8f55707aa4]::sys::backtrace::BacktraceLock>::print::DisplayBacktrace as core[df12db4294e9bfd3]::fmt::Display>::fmt
[INFO] [stdout]    1:     0x63e8fbaf872a - core[df12db4294e9bfd3]::fmt::write
[INFO] [stdout]    2:     0x63e8fbae66cc - <alloc[2182bb758b4b3781]::vec::Vec<u8> as core[df12db4294e9bfd3]::io::write::Write>::write_fmt
[INFO] [stdout]    3:     0x63e8fbabd6e6 - std[70759c8f55707aa4]::panicking::default_hook::{closure#0}
[INFO] [stdout]    4:     0x63e8fbad9de9 - std[70759c8f55707aa4]::panicking::default_hook
[INFO] [stdout]    5:     0x63e8fb9792b0 - test[9d35eded1c95d3be]::test_main_inner::<test[9d35eded1c95d3be]::test_main_static::{closure#0}>::{closure#0}
[INFO] [stdout]    6:     0x63e8fbada112 - std[70759c8f55707aa4]::panicking::panic_with_hook
[INFO] [stdout]    7:     0x63e8fbabd792 - std[70759c8f55707aa4]::panicking::panic_handler::{closure#0}
[INFO] [stdout]    8:     0x63e8fbab6469 - std[70759c8f55707aa4]::sys::backtrace::__rust_end_short_backtrace::<std[70759c8f55707aa4]::panicking::panic_handler::{closure#0}, !>
[INFO] [stdout]    9:     0x63e8fbabe57d - __rustc[8fa7c3cbc660c2b3]::rust_begin_unwind
[INFO] [stdout]   10:     0x63e8fbaf8e8c - core[df12db4294e9bfd3]::panicking::panic_fmt
[INFO] [stdout]   11:     0x63e8fbaf8c62 - core[df12db4294e9bfd3]::result::unwrap_failed
[INFO] [stdout]   12:     0x63e8fb93f25f - starberry_sql[d4a6beb48bba186b]::sql::test::test_sql_query_fetch_methods::{closure#0}
[INFO] [stdout]   13:     0x63e8fb9574e3 - <tokio[35aff83c1dacbc1a]::runtime::scheduler::current_thread::Context>::enter::<core[df12db4294e9bfd3]::task::poll::Poll<()>, <tokio[35aff83c1dacbc1a]::runtime::scheduler::current_thread::CoreGuard>::block_on<core[df12db4294e9bfd3]::pin::Pin<&mut core[df12db4294e9bfd3]::pin::Pin<&mut dyn core[df12db4294e9bfd3]::future::future::Future<Output = ()>>>>::{closure#0}::{closure#0}>
[INFO] [stdout]   14:     0x63e8fb968d5c - <tokio[35aff83c1dacbc1a]::runtime::context::scoped::Scoped<tokio[35aff83c1dacbc1a]::runtime::scheduler::Context>>::set::<<tokio[35aff83c1dacbc1a]::runtime::scheduler::current_thread::CoreGuard>::enter<<tokio[35aff83c1dacbc1a]::runtime::scheduler::current_thread::CoreGuard>::block_on<core[df12db4294e9bfd3]::pin::Pin<&mut core[df12db4294e9bfd3]::pin::Pin<&mut dyn core[df12db4294e9bfd3]::future::future::Future<Output = ()>>>>::{closure#0}, core[df12db4294e9bfd3]::option::Option<()>>::{closure#0}, (alloc[2182bb758b4b3781]::boxed::Box<tokio[35aff83c1dacbc1a]::runtime::scheduler::current_thread::Core>, core[df12db4294e9bfd3]::option::Option<()>)>
[INFO] [stdout]   15:     0x63e8fb957b17 - <tokio[35aff83c1dacbc1a]::runtime::scheduler::current_thread::CoreGuard>::block_on::<core[df12db4294e9bfd3]::pin::Pin<&mut core[df12db4294e9bfd3]::pin::Pin<&mut dyn core[df12db4294e9bfd3]::future::future::Future<Output = ()>>>>
[INFO] [stdout]   16:     0x63e8fb968557 - tokio[35aff83c1dacbc1a]::runtime::context::runtime::enter_runtime::<<tokio[35aff83c1dacbc1a]::runtime::scheduler::current_thread::CurrentThread>::block_on<core[df12db4294e9bfd3]::pin::Pin<&mut dyn core[df12db4294e9bfd3]::future::future::Future<Output = ()>>>::{closure#0}, ()>
[INFO] [stdout]   17:     0x63e8fb9573c5 - <tokio[35aff83c1dacbc1a]::runtime::runtime::Runtime>::block_on::<core[df12db4294e9bfd3]::pin::Pin<&mut dyn core[df12db4294e9bfd3]::future::future::Future<Output = ()>>>
[INFO] [stdout]   18:     0x63e8fb94579a - starberry_sql[d4a6beb48bba186b]::sql::test::test_sql_query_fetch_methods
[INFO] [stdout]   19:     0x63e8fb96b4b9 - <starberry_sql[d4a6beb48bba186b]::sql::test::test_sql_query_fetch_methods::{closure#0} as core[df12db4294e9bfd3]::ops::function::FnOnce<()>>::call_once
[INFO] [stdout]   20:     0x63e8fb96c59b - test[9d35eded1c95d3be]::__rust_begin_short_backtrace::<core[df12db4294e9bfd3]::result::Result<(), alloc[2182bb758b4b3781]::string::String>, fn() -> core[df12db4294e9bfd3]::result::Result<(), alloc[2182bb758b4b3781]::string::String>>
[INFO] [stdout]   21:     0x63e8fb979c05 - test[9d35eded1c95d3be]::run_test::{closure#0}
[INFO] [stdout]   22:     0x63e8fb9734c4 - std[70759c8f55707aa4]::sys::backtrace::__rust_begin_short_backtrace::<test[9d35eded1c95d3be]::run_test::{closure#1}, ()>
[INFO] [stdout]   23:     0x63e8fb97cd62 - <std[70759c8f55707aa4]::thread::lifecycle::spawn_unchecked<test[9d35eded1c95d3be]::run_test::{closure#1}, ()>::{closure#1} as core[df12db4294e9bfd3]::ops::function::FnOnce<()>>::call_once::{shim:vtable#0}
[INFO] [stdout]   24:     0x63e8fbae11b9 - <std[70759c8f55707aa4]::sys::thread::unix::Thread>::new::thread_start
[INFO] [stdout]   25:     0x73f2331f2dfa - <unknown>
[INFO] [stdout]   26:     0x73f2332863d4 - clone
[INFO] [stdout]   27:                0x0 - <unknown>
[INFO] [stdout] 
[INFO] [stdout] ---- sql::test::test_sqlpool_trait stdout ----
[INFO] [stdout] 
[INFO] [stdout] thread 'sql::test::test_sqlpool_trait' (1559) panicked at src/sql/test.rs:212:56:
[INFO] [stdout] Pool::get failed: ConnectionError("I/O error: Connection refused (os error 111)")
[INFO] [stdout] stack backtrace:
[INFO] [stdout]    0:     0x63e8fbae1c61 - <<std[70759c8f55707aa4]::sys::backtrace::BacktraceLock>::print::DisplayBacktrace as core[df12db4294e9bfd3]::fmt::Display>::fmt
[INFO] [stdout]    1:     0x63e8fbaf872a - core[df12db4294e9bfd3]::fmt::write
[INFO] [stdout]    2:     0x63e8fbae66cc - <alloc[2182bb758b4b3781]::vec::Vec<u8> as core[df12db4294e9bfd3]::io::write::Write>::write_fmt
[INFO] [stdout]    3:     0x63e8fbabd6e6 - std[70759c8f55707aa4]::panicking::default_hook::{closure#0}
[INFO] [stdout]    4:     0x63e8fbad9de9 - std[70759c8f55707aa4]::panicking::default_hook
[INFO] [stdout]    5:     0x63e8fb9792b0 - test[9d35eded1c95d3be]::test_main_inner::<test[9d35eded1c95d3be]::test_main_static::{closure#0}>::{closure#0}
[INFO] [stdout]    6:     0x63e8fbada112 - std[70759c8f55707aa4]::panicking::panic_with_hook
[INFO] [stdout]    7:     0x63e8fbabd792 - std[70759c8f55707aa4]::panicking::panic_handler::{closure#0}
[INFO] [stdout]    8:     0x63e8fbab6469 - std[70759c8f55707aa4]::sys::backtrace::__rust_end_short_backtrace::<std[70759c8f55707aa4]::panicking::panic_handler::{closure#0}, !>
[INFO] [stdout]    9:     0x63e8fbabe57d - __rustc[8fa7c3cbc660c2b3]::rust_begin_unwind
[INFO] [stdout]   10:     0x63e8fbaf8e8c - core[df12db4294e9bfd3]::panicking::panic_fmt
[INFO] [stdout]   11:     0x63e8fbaf8c62 - core[df12db4294e9bfd3]::result::unwrap_failed
[INFO] [stdout]   12:     0x63e8fb93c485 - starberry_sql[d4a6beb48bba186b]::sql::test::test_sqlpool_trait::{closure#0}
[INFO] [stdout]   13:     0x63e8fb9574e3 - <tokio[35aff83c1dacbc1a]::runtime::scheduler::current_thread::Context>::enter::<core[df12db4294e9bfd3]::task::poll::Poll<()>, <tokio[35aff83c1dacbc1a]::runtime::scheduler::current_thread::CoreGuard>::block_on<core[df12db4294e9bfd3]::pin::Pin<&mut core[df12db4294e9bfd3]::pin::Pin<&mut dyn core[df12db4294e9bfd3]::future::future::Future<Output = ()>>>>::{closure#0}::{closure#0}>
[INFO] [stdout]   14:     0x63e8fb968d5c - <tokio[35aff83c1dacbc1a]::runtime::context::scoped::Scoped<tokio[35aff83c1dacbc1a]::runtime::scheduler::Context>>::set::<<tokio[35aff83c1dacbc1a]::runtime::scheduler::current_thread::CoreGuard>::enter<<tokio[35aff83c1dacbc1a]::runtime::scheduler::current_thread::CoreGuard>::block_on<core[df12db4294e9bfd3]::pin::Pin<&mut core[df12db4294e9bfd3]::pin::Pin<&mut dyn core[df12db4294e9bfd3]::future::future::Future<Output = ()>>>>::{closure#0}, core[df12db4294e9bfd3]::option::Option<()>>::{closure#0}, (alloc[2182bb758b4b3781]::boxed::Box<tokio[35aff83c1dacbc1a]::runtime::scheduler::current_thread::Core>, core[df12db4294e9bfd3]::option::Option<()>)>
[INFO] [stdout]   15:     0x63e8fb957b17 - <tokio[35aff83c1dacbc1a]::runtime::scheduler::current_thread::CoreGuard>::block_on::<core[df12db4294e9bfd3]::pin::Pin<&mut core[df12db4294e9bfd3]::pin::Pin<&mut dyn core[df12db4294e9bfd3]::future::future::Future<Output = ()>>>>
[INFO] [stdout]   16:     0x63e8fb968557 - tokio[35aff83c1dacbc1a]::runtime::context::runtime::enter_runtime::<<tokio[35aff83c1dacbc1a]::runtime::scheduler::current_thread::CurrentThread>::block_on<core[df12db4294e9bfd3]::pin::Pin<&mut dyn core[df12db4294e9bfd3]::future::future::Future<Output = ()>>>::{closure#0}, ()>
[INFO] [stdout]   17:     0x63e8fb9573c5 - <tokio[35aff83c1dacbc1a]::runtime::runtime::Runtime>::block_on::<core[df12db4294e9bfd3]::pin::Pin<&mut dyn core[df12db4294e9bfd3]::future::future::Future<Output = ()>>>
[INFO] [stdout]   18:     0x63e8fb944fbb - starberry_sql[d4a6beb48bba186b]::sql::test::test_sqlpool_trait
[INFO] [stdout]   19:     0x63e8fb96b439 - <starberry_sql[d4a6beb48bba186b]::sql::test::test_sqlpool_trait::{closure#0} as core[df12db4294e9bfd3]::ops::function::FnOnce<()>>::call_once
[INFO] [stdout]   20:     0x63e8fb96c59b - test[9d35eded1c95d3be]::__rust_begin_short_backtrace::<core[df12db4294e9bfd3]::result::Result<(), alloc[2182bb758b4b3781]::string::String>, fn() -> core[df12db4294e9bfd3]::result::Result<(), alloc[2182bb758b4b3781]::string::String>>
[INFO] [stdout]   21:     0x63e8fb979c05 - test[9d35eded1c95d3be]::run_test::{closure#0}
[INFO] [stdout]   22:     0x63e8fb9734c4 - std[70759c8f55707aa4]::sys::backtrace::__rust_begin_short_backtrace::<test[9d35eded1c95d3be]::run_test::{closure#1}, ()>
[INFO] [stdout]   23:     0x63e8fb97cd62 - <std[70759c8f55707aa4]::thread::lifecycle::spawn_unchecked<test[9d35eded1c95d3be]::run_test::{closure#1}, ()>::{closure#1} as core[df12db4294e9bfd3]::ops::function::FnOnce<()>>::call_once::{shim:vtable#0}
[INFO] [stdout]   24:     0x63e8fbae11b9 - <std[70759c8f55707aa4]::sys::thread::unix::Thread>::new::thread_start
[INFO] [stdout]   25:     0x73f2331f2dfa - <unknown>
[INFO] [stdout]   26:     0x73f2332863d4 - clone
[INFO] [stdout]   27:                0x0 - <unknown>
[INFO] [stdout] 
[INFO] [stdout] ---- sql::test::test_batch_execute_and_transactions_and_prepare stdout ----
[INFO] [stdout] 
[INFO] [stdout] thread 'sql::test::test_batch_execute_and_transactions_and_prepare' (1553) panicked at src/sql/test.rs:150:26:
[INFO] [stdout] Failed to connect to Postgres: ConnectionError("I/O error: Connection refused (os error 111)")
[INFO] [stdout] stack backtrace:
[INFO] [stdout]    0:     0x63e8fbae1c61 - <<std[70759c8f55707aa4]::sys::backtrace::BacktraceLock>::print::DisplayBacktrace as core[df12db4294e9bfd3]::fmt::Display>::fmt
[INFO] [stdout]    1:     0x63e8fbaf872a - core[df12db4294e9bfd3]::fmt::write
[INFO] [stdout]    2:     0x63e8fbae66cc - <alloc[2182bb758b4b3781]::vec::Vec<u8> as core[df12db4294e9bfd3]::io::write::Write>::write_fmt
[INFO] [stdout]    3:     0x63e8fbabd6e6 - std[70759c8f55707aa4]::panicking::default_hook::{closure#0}
[INFO] [stdout]    4:     0x63e8fbad9de9 - std[70759c8f55707aa4]::panicking::default_hook
[INFO] [stdout]    5:     0x63e8fb9792b0 - test[9d35eded1c95d3be]::test_main_inner::<test[9d35eded1c95d3be]::test_main_static::{closure#0}>::{closure#0}
[INFO] [stdout]    6:     0x63e8fbada112 - std[70759c8f55707aa4]::panicking::panic_with_hook
[INFO] [stdout]    7:     0x63e8fbabd792 - std[70759c8f55707aa4]::panicking::panic_handler::{closure#0}
[INFO] [stdout]    8:     0x63e8fbab6469 - std[70759c8f55707aa4]::sys::backtrace::__rust_end_short_backtrace::<std[70759c8f55707aa4]::panicking::panic_handler::{closure#0}, !>
[INFO] [stdout]    9:     0x63e8fbabe57d - __rustc[8fa7c3cbc660c2b3]::rust_begin_unwind
[INFO] [stdout]   10:     0x63e8fbaf8e8c - core[df12db4294e9bfd3]::panicking::panic_fmt
[INFO] [stdout]   11:     0x63e8fbaf8c62 - core[df12db4294e9bfd3]::result::unwrap_failed
[INFO] [stdout]   12:     0x63e8fb94269c - starberry_sql[d4a6beb48bba186b]::sql::test::test_batch_execute_and_transactions_and_prepare::{closure#0}
[INFO] [stdout]   13:     0x63e8fb9574e3 - <tokio[35aff83c1dacbc1a]::runtime::scheduler::current_thread::Context>::enter::<core[df12db4294e9bfd3]::task::poll::Poll<()>, <tokio[35aff83c1dacbc1a]::runtime::scheduler::current_thread::CoreGuard>::block_on<core[df12db4294e9bfd3]::pin::Pin<&mut core[df12db4294e9bfd3]::pin::Pin<&mut dyn core[df12db4294e9bfd3]::future::future::Future<Output = ()>>>>::{closure#0}::{closure#0}>
[INFO] [stdout]   14:     0x63e8fb968d5c - <tokio[35aff83c1dacbc1a]::runtime::context::scoped::Scoped<tokio[35aff83c1dacbc1a]::runtime::scheduler::Context>>::set::<<tokio[35aff83c1dacbc1a]::runtime::scheduler::current_thread::CoreGuard>::enter<<tokio[35aff83c1dacbc1a]::runtime::scheduler::current_thread::CoreGuard>::block_on<core[df12db4294e9bfd3]::pin::Pin<&mut core[df12db4294e9bfd3]::pin::Pin<&mut dyn core[df12db4294e9bfd3]::future::future::Future<Output = ()>>>>::{closure#0}, core[df12db4294e9bfd3]::option::Option<()>>::{closure#0}, (alloc[2182bb758b4b3781]::boxed::Box<tokio[35aff83c1dacbc1a]::runtime::scheduler::current_thread::Core>, core[df12db4294e9bfd3]::option::Option<()>)>
[INFO] [stdout]   15:     0x63e8fb957b17 - <tokio[35aff83c1dacbc1a]::runtime::scheduler::current_thread::CoreGuard>::block_on::<core[df12db4294e9bfd3]::pin::Pin<&mut core[df12db4294e9bfd3]::pin::Pin<&mut dyn core[df12db4294e9bfd3]::future::future::Future<Output = ()>>>>
[INFO] [stdout]   16:     0x63e8fb968557 - tokio[35aff83c1dacbc1a]::runtime::context::runtime::enter_runtime::<<tokio[35aff83c1dacbc1a]::runtime::scheduler::current_thread::CurrentThread>::block_on<core[df12db4294e9bfd3]::pin::Pin<&mut dyn core[df12db4294e9bfd3]::future::future::Future<Output = ()>>>::{closure#0}, ()>
[INFO] [stdout]   17:     0x63e8fb9573c5 - <tokio[35aff83c1dacbc1a]::runtime::runtime::Runtime>::block_on::<core[df12db4294e9bfd3]::pin::Pin<&mut dyn core[df12db4294e9bfd3]::future::future::Future<Output = ()>>>
[INFO] [stdout]   18:     0x63e8fb945dda - starberry_sql[d4a6beb48bba186b]::sql::test::test_batch_execute_and_transactions_and_prepare
[INFO] [stdout]   19:     0x63e8fb96b4f9 - <starberry_sql[d4a6beb48bba186b]::sql::test::test_batch_execute_and_transactions_and_prepare::{closure#0} as core[df12db4294e9bfd3]::ops::function::FnOnce<()>>::call_once
[INFO] [stdout]   20:     0x63e8fb96c59b - test[9d35eded1c95d3be]::__rust_begin_short_backtrace::<core[df12db4294e9bfd3]::result::Result<(), alloc[2182bb758b4b3781]::string::String>, fn() -> core[df12db4294e9bfd3]::result::Result<(), alloc[2182bb758b4b3781]::string::String>>
[INFO] [stdout]   21:     0x63e8fb979c05 - test[9d35eded1c95d3be]::run_test::{closure#0}
[INFO] [stdout]   22:     0x63e8fb9734c4 - std[70759c8f55707aa4]::sys::backtrace::__rust_begin_short_backtrace::<test[9d35eded1c95d3be]::run_test::{closure#1}, ()>
[INFO] [stdout]   23:     0x63e8fb97cd62 - <std[70759c8f55707aa4]::thread::lifecycle::spawn_unchecked<test[9d35eded1c95d3be]::run_test::{closure#1}, ()>::{closure#1} as core[df12db4294e9bfd3]::ops::function::FnOnce<()>>::call_once::{shim:vtable#0}
[INFO] [stdout]   24:     0x63e8fbae11b9 - <std[70759c8f55707aa4]::sys::thread::unix::Thread>::new::thread_start
[INFO] [stdout]   25:     0x73f2331f2dfa - <unknown>
[INFO] [stdout]   26:     0x73f2332863d4 - clone
[INFO] [stdout]   27:                0x0 - <unknown>
[INFO] [stdout] 
[INFO] [stdout] ---- sql::test::test_sql_pool_methods stdout ----
[INFO] [stdout] 
[INFO] [stdout] thread 'sql::test::test_sql_pool_methods' (1557) panicked at src/sql/test.rs:119:38:
[INFO] [stdout] fetch_all_pool failed: ConnectionError("I/O error: Connection refused (os error 111)")
[INFO] [stdout] stack backtrace:
[INFO] [stdout]    0:     0x63e8fbae1c61 - <<std[70759c8f55707aa4]::sys::backtrace::BacktraceLock>::print::DisplayBacktrace as core[df12db4294e9bfd3]::fmt::Display>::fmt
[INFO] [stdout]    1:     0x63e8fbaf872a - core[df12db4294e9bfd3]::fmt::write
[INFO] [stdout]    2:     0x63e8fbae66cc - <alloc[2182bb758b4b3781]::vec::Vec<u8> as core[df12db4294e9bfd3]::io::write::Write>::write_fmt
[INFO] [stdout]    3:     0x63e8fbabd6e6 - std[70759c8f55707aa4]::panicking::default_hook::{closure#0}
[INFO] [stdout]    4:     0x63e8fbad9de9 - std[70759c8f55707aa4]::panicking::default_hook
[INFO] [stdout]    5:     0x63e8fb9792b0 - test[9d35eded1c95d3be]::test_main_inner::<test[9d35eded1c95d3be]::test_main_static::{closure#0}>::{closure#0}
[INFO] [stdout]    6:     0x63e8fbada112 - std[70759c8f55707aa4]::panicking::panic_with_hook
[INFO] [stdout]    7:     0x63e8fbabd792 - std[70759c8f55707aa4]::panicking::panic_handler::{closure#0}
[INFO] [stdout]    8:     0x63e8fbab6469 - std[70759c8f55707aa4]::sys::backtrace::__rust_end_short_backtrace::<std[70759c8f55707aa4]::panicking::panic_handler::{closure#0}, !>
[INFO] [stdout]    9:     0x63e8fbabe57d - __rustc[8fa7c3cbc660c2b3]::rust_begin_unwind
[INFO] [stdout]   10:     0x63e8fbaf8e8c - core[df12db4294e9bfd3]::panicking::panic_fmt
[INFO] [stdout]   11:     0x63e8fbaf8c62 - core[df12db4294e9bfd3]::result::unwrap_failed
[INFO] [stdout]   12:     0x63e8fb93d44c - starberry_sql[d4a6beb48bba186b]::sql::test::test_sql_pool_methods::{closure#0}
[INFO] [stdout]   13:     0x63e8fb9574e3 - <tokio[35aff83c1dacbc1a]::runtime::scheduler::current_thread::Context>::enter::<core[df12db4294e9bfd3]::task::poll::Poll<()>, <tokio[35aff83c1dacbc1a]::runtime::scheduler::current_thread::CoreGuard>::block_on<core[df12db4294e9bfd3]::pin::Pin<&mut core[df12db4294e9bfd3]::pin::Pin<&mut dyn core[df12db4294e9bfd3]::future::future::Future<Output = ()>>>>::{closure#0}::{closure#0}>
[INFO] [stdout]   14:     0x63e8fb968d5c - <tokio[35aff83c1dacbc1a]::runtime::context::scoped::Scoped<tokio[35aff83c1dacbc1a]::runtime::scheduler::Context>>::set::<<tokio[35aff83c1dacbc1a]::runtime::scheduler::current_thread::CoreGuard>::enter<<tokio[35aff83c1dacbc1a]::runtime::scheduler::current_thread::CoreGuard>::block_on<core[df12db4294e9bfd3]::pin::Pin<&mut core[df12db4294e9bfd3]::pin::Pin<&mut dyn core[df12db4294e9bfd3]::future::future::Future<Output = ()>>>>::{closure#0}, core[df12db4294e9bfd3]::option::Option<()>>::{closure#0}, (alloc[2182bb758b4b3781]::boxed::Box<tokio[35aff83c1dacbc1a]::runtime::scheduler::current_thread::Core>, core[df12db4294e9bfd3]::option::Option<()>)>
[INFO] [stdout]   15:     0x63e8fb957b17 - <tokio[35aff83c1dacbc1a]::runtime::scheduler::current_thread::CoreGuard>::block_on::<core[df12db4294e9bfd3]::pin::Pin<&mut core[df12db4294e9bfd3]::pin::Pin<&mut dyn core[df12db4294e9bfd3]::future::future::Future<Output = ()>>>>
[INFO] [stdout]   16:     0x63e8fb968557 - tokio[35aff83c1dacbc1a]::runtime::context::runtime::enter_runtime::<<tokio[35aff83c1dacbc1a]::runtime::scheduler::current_thread::CurrentThread>::block_on<core[df12db4294e9bfd3]::pin::Pin<&mut dyn core[df12db4294e9bfd3]::future::future::Future<Output = ()>>>::{closure#0}, ()>
[INFO] [stdout]   17:     0x63e8fb9573c5 - <tokio[35aff83c1dacbc1a]::runtime::runtime::Runtime>::block_on::<core[df12db4294e9bfd3]::pin::Pin<&mut dyn core[df12db4294e9bfd3]::future::future::Future<Output = ()>>>
[INFO] [stdout]   18:     0x63e8fb94511a - starberry_sql[d4a6beb48bba186b]::sql::test::test_sql_pool_methods
[INFO] [stdout]   19:     0x63e8fb96b459 - <starberry_sql[d4a6beb48bba186b]::sql::test::test_sql_pool_methods::{closure#0} as core[df12db4294e9bfd3]::ops::function::FnOnce<()>>::call_once
[INFO] [stdout]   20:     0x63e8fb96c59b - test[9d35eded1c95d3be]::__rust_begin_short_backtrace::<core[df12db4294e9bfd3]::result::Result<(), alloc[2182bb758b4b3781]::string::String>, fn() -> core[df12db4294e9bfd3]::result::Result<(), alloc[2182bb758b4b3781]::string::String>>
[INFO] [stdout]   21:     0x63e8fb979c05 - test[9d35eded1c95d3be]::run_test::{closure#0}
[INFO] [stdout]   22:     0x63e8fb9734c4 - std[70759c8f55707aa4]::sys::backtrace::__rust_begin_short_backtrace::<test[9d35eded1c95d3be]::run_test::{closure#1}, ()>
[INFO] [stdout]   23:     0x63e8fb97cd62 - <std[70759c8f55707aa4]::thread::lifecycle::spawn_unchecked<test[9d35eded1c95d3be]::run_test::{closure#1}, ()>::{closure#1} as core[df12db4294e9bfd3]::ops::function::FnOnce<()>>::call_once::{shim:vtable#0}
[INFO] [stdout]   24:     0x63e8fbae11b9 - <std[70759c8f55707aa4]::sys::thread::unix::Thread>::new::thread_start
[INFO] [stdout]   25:     0x73f2331f2dfa - <unknown>
[INFO] [stdout]   26:     0x73f2332863d4 - clone
[INFO] [stdout]   27:                0x0 - <unknown>
[INFO] [stdout] 
[INFO] [stdout] 
[INFO] [stdout] failures:
[INFO] [stdout]     sql::test::test_batch_execute_and_transactions_and_prepare
[INFO] [stdout]     sql::test::test_encode_primitives
[INFO] [stdout]     sql::test::test_sql_pool_methods
[INFO] [stdout]     sql::test::test_sql_query_fetch_methods
[INFO] [stdout]     sql::test::test_sqlpool_trait
[INFO] [stdout] 
[INFO] [stdout] test result: FAILED. 2 passed; 5 failed; 0 ignored; 0 measured; 0 filtered out; finished in 1.51s
[INFO] [stdout] 
[INFO] [stderr] error: test failed, to rerun pass `--lib`
[INFO] running `Command { std: "docker" "inspect" "8834608ba171a6c0c6adbd0eae7204fc663942c2d044700cee15dd80319a6594", kill_on_drop: false }`
[INFO] running `Command { std: "docker" "rm" "-f" "8834608ba171a6c0c6adbd0eae7204fc663942c2d044700cee15dd80319a6594", kill_on_drop: false }`
[INFO] [stdout] 8834608ba171a6c0c6adbd0eae7204fc663942c2d044700cee15dd80319a6594
