[INFO] fetching crate stap 0.1.1...
[INFO] testing stap-0.1.1 against 1.99.0-beta.8+cargoflags=--release for beta-release-1.100-2
[INFO] extracting crate stap 0.1.1 into /workspace/builds/worker-7-tc1/source
[INFO] started tweaking crates.io crate stap 0.1.1
[INFO] finished tweaking crates.io crate stap 0.1.1
[INFO] tweaked toml for crates.io crate stap 0.1.1 written to /workspace/builds/worker-7-tc1/source/Cargo.toml
[INFO] validating manifest of crates.io crate stap 0.1.1 on toolchain 1.99.0-beta.8
[INFO] running `Command { std: CARGO_HOME="/workspace/cargo-home" RUSTUP_HOME="/workspace/rustup-home" "/workspace/cargo-home/bin/cargo" "+1.99.0-beta.8" "metadata" "--manifest-path" "Cargo.toml" "--no-deps", kill_on_drop: false }`
[INFO] crate crates.io crate stap 0.1.1 already has a lockfile, it will not be regenerated
[INFO] running `Command { std: CARGO_HOME="/workspace/cargo-home" RUSTUP_HOME="/workspace/rustup-home" "/workspace/cargo-home/bin/cargo" "+1.99.0-beta.8" "fetch" "--manifest-path" "Cargo.toml", kill_on_drop: false }`
[INFO] [stderr]  Downloading crates ...
[INFO] [stderr]   Downloaded trybuild v1.0.96
[INFO] [stderr]   Downloaded toml_datetime v0.6.6
[INFO] [stderr]   Downloaded toml_edit v0.22.13
[INFO] [stderr]   Downloaded serde_spanned v0.6.6
[INFO] [stderr]   Downloaded proc-macro2 v1.0.84
[INFO] [stderr]   Downloaded toml v0.8.13
[INFO] [stderr]   Downloaded winnow v0.6.9
[INFO] running `Command { std: "docker" "create" "-v" "/var/lib/crater-agent-workspace/builds/worker-7-tc1/source:/opt/rustwide/workdir:ro,Z" "-v" "/var/lib/crater-agent-workspace/builds/worker-7-tc1/target:/opt/rustwide/target:rw,Z" "-v" "/var/lib/crater-agent-workspace/cargo-home:/opt/rustwide/cargo-home:ro,Z" "-v" "/var/lib/crater-agent-workspace/rustup-home:/opt/rustwide/rustup-home:ro,Z" "-m" "1610612736" "--network" "none" "ghcr.io/rust-lang/crates-build-env/linux@sha256:77db811e55d90add9212f6832c23229e3de5f1c1f9905e8cb07319ea15df73ac" "sleep" "infinity", kill_on_drop: false }`
[INFO] [stdout] 19f6c41825f0a226f1cf437303634b47be8fd8c95044a9360baf01d205cdd46a
[INFO] running `Command { std: "docker" "start" "19f6c41825f0a226f1cf437303634b47be8fd8c95044a9360baf01d205cdd46a", kill_on_drop: false }`
[INFO] running `Command { std: "docker" "inspect" "19f6c41825f0a226f1cf437303634b47be8fd8c95044a9360baf01d205cdd46a", kill_on_drop: false }`
[INFO] running `Command { std: "docker" "exec" "-e" "SOURCE_DIR=/opt/rustwide/workdir" "-e" "CARGO_HOME=/opt/rustwide/cargo-home" "-e" "RUSTUP_HOME=/opt/rustwide/rustup-home" "-e" "CARGO_TARGET_DIR=/opt/rustwide/target" "-w" "/opt/rustwide/workdir" "--user" "0:0" "19f6c41825f0a226f1cf437303634b47be8fd8c95044a9360baf01d205cdd46a" "/opt/rustwide/cargo-home/bin/cargo" "+1.99.0-beta.8" "metadata" "--no-deps" "--format-version=1", kill_on_drop: false }`
[INFO] running `Command { std: "docker" "inspect" "19f6c41825f0a226f1cf437303634b47be8fd8c95044a9360baf01d205cdd46a", kill_on_drop: false }`
[INFO] running `Command { std: "docker" "exec" "-e" "SOURCE_DIR=/opt/rustwide/workdir" "-e" "CARGO_HOME=/opt/rustwide/cargo-home" "-e" "RUSTUP_HOME=/opt/rustwide/rustup-home" "-e" "CARGO_TARGET_DIR=/opt/rustwide/target" "-e" "CARGO_INCREMENTAL=0" "-e" "RUST_BACKTRACE=full" "-e" "RUSTFLAGS=--cap-lints=warn" "-e" "RUSTDOCFLAGS=--cap-lints=warn" "-w" "/opt/rustwide/workdir" "--user" "0:0" "19f6c41825f0a226f1cf437303634b47be8fd8c95044a9360baf01d205cdd46a" "/opt/rustwide/cargo-home/bin/cargo" "+1.99.0-beta.8" "build" "--frozen" "--message-format=json" "--release", kill_on_drop: false }`
[INFO] [stderr]    Compiling futures-sink v0.3.30
[INFO] [stderr]    Compiling futures-core v0.3.30
[INFO] [stderr]    Compiling futures-task v0.3.30
[INFO] [stderr]    Compiling futures-io v0.3.30
[INFO] [stderr]    Compiling futures-channel v0.3.30
[INFO] [stderr]    Compiling futures-util v0.3.30
[INFO] [stderr]    Compiling futures v0.3.30
[INFO] [stderr]    Compiling stap v0.1.1 (/opt/rustwide/workdir)
[INFO] [stderr]     Finished `release` profile [optimized] target(s) in 2.34s
[INFO] running `Command { std: "docker" "inspect" "19f6c41825f0a226f1cf437303634b47be8fd8c95044a9360baf01d205cdd46a", kill_on_drop: false }`
[INFO] running `Command { std: "docker" "exec" "-e" "SOURCE_DIR=/opt/rustwide/workdir" "-e" "CARGO_HOME=/opt/rustwide/cargo-home" "-e" "RUSTUP_HOME=/opt/rustwide/rustup-home" "-e" "CARGO_TARGET_DIR=/opt/rustwide/target" "-e" "CARGO_INCREMENTAL=0" "-e" "RUST_BACKTRACE=full" "-e" "RUSTFLAGS=--cap-lints=warn" "-e" "RUSTDOCFLAGS=--cap-lints=warn" "-w" "/opt/rustwide/workdir" "--user" "0:0" "19f6c41825f0a226f1cf437303634b47be8fd8c95044a9360baf01d205cdd46a" "/opt/rustwide/cargo-home/bin/cargo" "+1.99.0-beta.8" "test" "--frozen" "--no-run" "--message-format=json" "--release", kill_on_drop: false }`
[INFO] [stderr]    Compiling proc-macro2 v1.0.84
[INFO] [stderr]    Compiling serde v1.0.203
[INFO] [stderr]    Compiling futures-sink v0.3.30
[INFO] [stderr]    Compiling futures-core v0.3.30
[INFO] [stderr]    Compiling futures-io v0.3.30
[INFO] [stderr]    Compiling memchr v2.7.2
[INFO] [stderr]    Compiling winnow v0.6.9
[INFO] [stderr]    Compiling serde_json v1.0.117
[INFO] [stderr]    Compiling trybuild v1.0.96
[INFO] [stderr]    Compiling indexmap v2.2.6
[INFO] [stderr]    Compiling glob v0.3.1
[INFO] [stderr]    Compiling futures-channel v0.3.30
[INFO] [stderr]    Compiling quote v1.0.36
[INFO] [stderr]    Compiling syn v2.0.66
[INFO] [stderr]    Compiling serde_spanned v0.6.6
[INFO] [stderr]    Compiling toml_datetime v0.6.6
[INFO] [stderr]    Compiling toml_edit v0.22.13
[INFO] [stderr]    Compiling futures-macro v0.3.30
[INFO] [stderr]    Compiling serde_derive v1.0.203
[INFO] [stderr]    Compiling futures-util v0.3.30
[INFO] [stderr]    Compiling toml v0.8.13
[INFO] [stderr]    Compiling futures-executor v0.3.30
[INFO] [stderr]    Compiling futures v0.3.30
[INFO] [stderr]    Compiling stap v0.1.1 (/opt/rustwide/workdir)
[INFO] [stderr]     Finished `release` profile [optimized] target(s) in 28.67s
[INFO] running `Command { std: "docker" "inspect" "19f6c41825f0a226f1cf437303634b47be8fd8c95044a9360baf01d205cdd46a", kill_on_drop: false }`
[INFO] running `Command { std: "docker" "exec" "-e" "SOURCE_DIR=/opt/rustwide/workdir" "-e" "CARGO_HOME=/opt/rustwide/cargo-home" "-e" "RUSTUP_HOME=/opt/rustwide/rustup-home" "-e" "CARGO_TARGET_DIR=/opt/rustwide/target" "-e" "CARGO_INCREMENTAL=0" "-e" "RUST_BACKTRACE=full" "-e" "RUSTFLAGS=--cap-lints=warn" "-e" "RUSTDOCFLAGS=--cap-lints=warn" "-w" "/opt/rustwide/workdir" "--user" "0:0" "19f6c41825f0a226f1cf437303634b47be8fd8c95044a9360baf01d205cdd46a" "/opt/rustwide/cargo-home/bin/cargo" "+1.99.0-beta.8" "test" "--frozen" "--release", kill_on_drop: false }`
[INFO] [stderr]     Finished `release` profile [optimized] target(s) in 0.06s
[INFO] [stderr]      Running unittests src/lib.rs (/opt/rustwide/target/release/deps/stap-6c153ef6e741f869)
[INFO] [stdout] 
[INFO] [stdout] running 8 tests
[INFO] [stdout] test tests::test_many0 ... ok
[INFO] [stdout] test tests::test_read ... ok
[INFO] [stdout] test tests::test_parsing_input ... ok
[INFO] [stdout] test tests::test_early_return ... ok
[INFO] [stdout] test tests::test_get3 ... ok
[INFO] [stdout] test tests::test_tag ... ok
[INFO] [stdout] test tests::test_anchor ... ok
[INFO] [stdout] test tests::test_parsing ... ok
[INFO] [stdout] 
[INFO] [stdout] test result: ok. 8 passed; 0 failed; 0 ignored; 0 measured; 0 filtered out; finished in 0.00s
[INFO] [stdout] 
[INFO] [stderr]      Running tests/tests.rs (/opt/rustwide/target/release/deps/tests-5ed04173a8828fb2)
[INFO] [stdout] 
[INFO] [stdout] running 1 test
[INFO] [stderr]    Compiling proc-macro2 v1.0.84
[INFO] [stderr]    Compiling unicode-ident v1.0.12
[INFO] [stderr]    Compiling autocfg v1.3.0
[INFO] [stderr]     Checking futures-sink v0.3.30
[INFO] [stderr]     Checking futures-core v0.3.30
[INFO] [stderr]     Checking futures-io v0.3.30
[INFO] [stderr]     Checking futures-task v0.3.30
[INFO] [stderr]     Checking pin-utils v0.1.0
[INFO] [stderr]     Checking pin-project-lite v0.2.14
[INFO] [stderr]     Checking memchr v2.7.2
[INFO] [stderr]     Checking futures-channel v0.3.30
[INFO] [stderr]    Compiling slab v0.4.9
[INFO] [stderr]    Compiling quote v1.0.36
[INFO] [stderr]    Compiling syn v2.0.66
[INFO] [stderr]    Compiling futures-macro v0.3.30
[INFO] [stderr]     Checking futures-util v0.3.30
[INFO] [stderr]     Checking futures-executor v0.3.30
[INFO] [stderr]     Checking futures v0.3.30
[INFO] [stderr]     Checking stap v0.1.1 (/opt/rustwide/workdir)
[INFO] [stderr]     Checking stap-tests v0.0.0 (/opt/rustwide/target/tests/trybuild/stap)
[INFO] [stderr]     Finished `dev` profile [unoptimized + debuginfo] target(s) in 9.65s
[INFO] [stderr] 
[INFO] [stderr] 
[INFO] [stdout] test ui ... FAILED
[INFO] [stderr] test tests/ui/leak_iref_parsing.rs ... ok
[INFO] [stdout] 
[INFO] [stderr] test tests/ui/leak_iref_parsing_input.rs ... ok
[INFO] [stdout] failures:
[INFO] [stderr] test tests/ui/move_iref_parsing.rs ... mismatch
[INFO] [stdout] 
[INFO] [stderr] 
[INFO] [stdout] ---- ui stdout ----
[INFO] [stderr] EXPECTED:
[INFO] [stdout] 
[INFO] [stderr] ┈┈┈┈┈┈┈┈┈┈┈┈┈┈┈┈┈┈┈┈┈┈┈┈┈┈┈┈┈┈┈┈┈┈┈┈┈┈┈┈┈┈┈┈┈┈┈┈┈┈┈┈┈┈┈┈┈┈┈┈
[INFO] [stdout] thread 'ui' (806) panicked at /opt/rustwide/cargo-home/registry/src/index.crates.io-1949cf8c6b5b557f/trybuild-1.0.96/src/run.rs:101:13:
[INFO] [stderr] error[E0505]: cannot move out of `input` because it is borrowed
[INFO] [stdout] 1 of 4 tests failed
[INFO] [stderr]   --> tests/ui/move_iref_parsing.rs:15:10
[INFO] [stdout] stack backtrace:
[INFO] [stderr]    |
[INFO] [stdout]    0:     0x5d914a93b911 - <<std[70759c8f55707aa4]::sys::backtrace::BacktraceLock>::print::DisplayBacktrace as core[df12db4294e9bfd3]::fmt::Display>::fmt
[INFO] [stderr] 5  |     let mut input = Input::new(Cursor {
[INFO] [stdout]    1:     0x5d914a951e6a - core[df12db4294e9bfd3]::fmt::write
[INFO] [stderr]    |         --------- binding `input` declared here
[INFO] [stdout]    2:     0x5d914a94045c - <alloc[2182bb758b4b3781]::vec::Vec<u8> as core[df12db4294e9bfd3]::io::write::Write>::write_fmt
[INFO] [stderr] ...
[INFO] [stdout]    3:     0x5d914a914e16 - std[70759c8f55707aa4]::panicking::default_hook::{closure#0}
[INFO] [stderr] 10 |     let mut p = Parsing::new(&mut input, |iref| async move { iref }.boxed_local());
[INFO] [stdout]    4:     0x5d914a9329e9 - std[70759c8f55707aa4]::panicking::default_hook
[INFO] [stderr]    |                              ---------- borrow of `input` occurs here
[INFO] [stdout]    5:     0x5d914a8ccb90 - test[9d35eded1c95d3be]::test_main_inner::<test[9d35eded1c95d3be]::test_main_static::{closure#0}>::{closure#0}
[INFO] [stderr] ...
[INFO] [stdout]    6:     0x5d914a932ba2 - std[70759c8f55707aa4]::panicking::panic_with_hook
[INFO] [stderr] 15 |     drop(input);
[INFO] [stdout]    7:     0x5d914a914ec2 - std[70759c8f55707aa4]::panicking::panic_handler::{closure#0}
[INFO] [stderr]    |          ^^^^^ move out of `input` occurs here
[INFO] [stdout]    8:     0x5d914a90d8c9 - std[70759c8f55707aa4]::sys::backtrace::__rust_end_short_backtrace::<std[70759c8f55707aa4]::panicking::panic_handler::{closure#0}, !>
[INFO] [stderr] 16 |     iref;
[INFO] [stdout]    9:     0x5d914a915abd - __rustc[8fa7c3cbc660c2b3]::rust_begin_unwind
[INFO] [stderr]    |     ---- borrow later used here
[INFO] [stdout]   10:     0x5d914a95259c - core[df12db4294e9bfd3]::panicking::panic_fmt
[INFO] [stderr] ┈┈┈┈┈┈┈┈┈┈┈┈┈┈┈┈┈┈┈┈┈┈┈┈┈┈┈┈┈┈┈┈┈┈┈┈┈┈┈┈┈┈┈┈┈┈┈┈┈┈┈┈┈┈┈┈┈┈┈┈
[INFO] [stdout]   11:     0x5d914a7fb2ab - <trybuild[1c197f18a9029ecf]::Runner>::run
[INFO] [stderr] 
[INFO] [stdout]   12:     0x5d914a7fe580 - <trybuild[1c197f18a9029ecf]::TestCases as core[df12db4294e9bfd3]::ops::drop::Drop>::drop
[INFO] [stderr] ACTUAL OUTPUT:
[INFO] [stdout]   13:     0x5d914a7f5d08 - tests[e56dee8a3bf4610d]::ui
[INFO] [stderr] ┈┈┈┈┈┈┈┈┈┈┈┈┈┈┈┈┈┈┈┈┈┈┈┈┈┈┈┈┈┈┈┈┈┈┈┈┈┈┈┈┈┈┈┈┈┈┈┈┈┈┈┈┈┈┈┈┈┈┈┈
[INFO] [stdout]   14:     0x5d914a7f5f09 - <tests[e56dee8a3bf4610d]::ui::{closure#0} as core[df12db4294e9bfd3]::ops::function::FnOnce<()>>::call_once
[INFO] [stderr] error[E0505]: cannot move out of `input` because it is borrowed
[INFO] [stdout]   15:     0x5d914a8bfe7b - test[9d35eded1c95d3be]::__rust_begin_short_backtrace::<core[df12db4294e9bfd3]::result::Result<(), alloc[2182bb758b4b3781]::string::String>, fn() -> core[df12db4294e9bfd3]::result::Result<(), alloc[2182bb758b4b3781]::string::String>>
[INFO] [stderr]  --> tests/ui/move_iref_parsing.rs:15:10
[INFO] [stdout]   16:     0x5d914a8cd4e5 - test[9d35eded1c95d3be]::run_test::{closure#0}
[INFO] [stderr]   |
[INFO] [stdout]   17:     0x5d914a8c6da4 - std[70759c8f55707aa4]::sys::backtrace::__rust_begin_short_backtrace::<test[9d35eded1c95d3be]::run_test::{closure#1}, ()>
[INFO] [stderr]  5 |     let mut input = Input::new(Cursor {
[INFO] [stdout]   18:     0x5d914a8d0642 - <std[70759c8f55707aa4]::thread::lifecycle::spawn_unchecked<test[9d35eded1c95d3be]::run_test::{closure#1}, ()>::{closure#1} as core[df12db4294e9bfd3]::ops::function::FnOnce<()>>::call_once::{shim:vtable#0}
[INFO] [stderr]    |         --------- binding `input` declared here
[INFO] [stdout]   19:     0x5d914a93abc9 - <std[70759c8f55707aa4]::sys::thread::unix::Thread>::new::thread_start
[INFO] [stderr] ...
[INFO] [stdout]   20:     0x7586da859dfa - <unknown>
[INFO] [stderr] 10 |     let mut p = Parsing::new(&mut input, |iref| async move { iref }.boxed_local());
[INFO] [stdout]   21:     0x7586da8ed3d4 - clone
[INFO] [stderr]    |                              ---------- borrow of `input` occurs here
[INFO] [stdout]   22:                0x0 - <unknown>
[INFO] [stderr] ...
[INFO] [stdout] 
[INFO] [stderr] 15 |     drop(input);
[INFO] [stdout] 
[INFO] [stderr]    |          ^^^^^ move out of `input` occurs here
[INFO] [stdout] failures:
[INFO] [stderr] 16 |     iref;
[INFO] [stdout]     ui
[INFO] [stderr]    |     ---- borrow later used here
[INFO] [stdout] 
[INFO] [stderr] ┈┈┈┈┈┈┈┈┈┈┈┈┈┈┈┈┈┈┈┈┈┈┈┈┈┈┈┈┈┈┈┈┈┈┈┈┈┈┈┈┈┈┈┈┈┈┈┈┈┈┈┈┈┈┈┈┈┈┈┈
[INFO] [stdout] test result: FAILED. 0 passed; 1 failed; 0 ignored; 0 measured; 0 filtered out; finished in 9.99s
[INFO] [stderr] note: If the actual output is the correct output you can bless it by rerunning
[INFO] [stdout] 
[INFO] [stderr]       your test with the environment variable TRYBUILD=overwrite
[INFO] [stderr] 
[INFO] [stderr] test tests/ui/move_iref_parsing_input.rs ... ok
[INFO] [stderr] 
[INFO] [stderr] 
[INFO] [stderr] error: test failed, to rerun pass `--test tests`
[INFO] running `Command { std: "docker" "inspect" "19f6c41825f0a226f1cf437303634b47be8fd8c95044a9360baf01d205cdd46a", kill_on_drop: false }`
[INFO] running `Command { std: "docker" "rm" "-f" "19f6c41825f0a226f1cf437303634b47be8fd8c95044a9360baf01d205cdd46a", kill_on_drop: false }`
[INFO] [stdout] 19f6c41825f0a226f1cf437303634b47be8fd8c95044a9360baf01d205cdd46a
