[INFO] fetching crate stand-in-client 0.2.0...
[INFO] testing stand-in-client-0.2.0 against 1.99.0-beta.8+cargoflags=--release for beta-release-1.100-2
[INFO] extracting crate stand-in-client 0.2.0 into /workspace/builds/worker-1-tc1/source
[INFO] started tweaking crates.io crate stand-in-client 0.2.0
[INFO] removed 0 missing examples
[INFO] removed 0 missing tests
[INFO] finished tweaking crates.io crate stand-in-client 0.2.0
[INFO] tweaked toml for crates.io crate stand-in-client 0.2.0 written to /workspace/builds/worker-1-tc1/source/Cargo.toml
[INFO] validating manifest of crates.io crate stand-in-client 0.2.0 on toolchain 1.99.0-beta.8
[INFO] running `Command { std: CARGO_HOME="/workspace/cargo-home" RUSTUP_HOME="/workspace/rustup-home" "/workspace/cargo-home/bin/cargo" "+1.99.0-beta.8" "metadata" "--manifest-path" "Cargo.toml" "--no-deps", kill_on_drop: false }`
[INFO] crate crates.io crate stand-in-client 0.2.0 already has a lockfile, it will not be regenerated
[INFO] running `Command { std: CARGO_HOME="/workspace/cargo-home" RUSTUP_HOME="/workspace/rustup-home" "/workspace/cargo-home/bin/cargo" "+1.99.0-beta.8" "fetch" "--manifest-path" "Cargo.toml", kill_on_drop: false }`
[INFO] [stderr]     Updating crates.io index
[INFO] [stderr]  Downloading crates ...
[INFO] [stderr]   Downloaded stand-in-client-macros v0.2.0
[INFO] [stderr]   Downloaded stand-in v0.1.0
[INFO] [stderr]   Downloaded stand-in-macros v0.1.0
[INFO] running `Command { std: "docker" "create" "-v" "/var/lib/crater-agent-workspace/builds/worker-1-tc1/source:/opt/rustwide/workdir:ro,Z" "-v" "/var/lib/crater-agent-workspace/builds/worker-1-tc1/target:/opt/rustwide/target:rw,Z" "-v" "/var/lib/crater-agent-workspace/cargo-home:/opt/rustwide/cargo-home:ro,Z" "-v" "/var/lib/crater-agent-workspace/rustup-home:/opt/rustwide/rustup-home:ro,Z" "-m" "1610612736" "--network" "none" "ghcr.io/rust-lang/crates-build-env/linux@sha256:77db811e55d90add9212f6832c23229e3de5f1c1f9905e8cb07319ea15df73ac" "sleep" "infinity", kill_on_drop: false }`
[INFO] [stdout] db14645314173d673f46fa492cf71041dee726440ced105a20950037aa581cbe
[INFO] running `Command { std: "docker" "start" "db14645314173d673f46fa492cf71041dee726440ced105a20950037aa581cbe", kill_on_drop: false }`
[INFO] running `Command { std: "docker" "inspect" "db14645314173d673f46fa492cf71041dee726440ced105a20950037aa581cbe", kill_on_drop: false }`
[INFO] running `Command { std: "docker" "exec" "-e" "SOURCE_DIR=/opt/rustwide/workdir" "-e" "CARGO_HOME=/opt/rustwide/cargo-home" "-e" "RUSTUP_HOME=/opt/rustwide/rustup-home" "-e" "CARGO_TARGET_DIR=/opt/rustwide/target" "-w" "/opt/rustwide/workdir" "--user" "0:0" "db14645314173d673f46fa492cf71041dee726440ced105a20950037aa581cbe" "/opt/rustwide/cargo-home/bin/cargo" "+1.99.0-beta.8" "metadata" "--no-deps" "--format-version=1", kill_on_drop: false }`
[INFO] running `Command { std: "docker" "inspect" "db14645314173d673f46fa492cf71041dee726440ced105a20950037aa581cbe", kill_on_drop: false }`
[INFO] running `Command { std: "docker" "exec" "-e" "SOURCE_DIR=/opt/rustwide/workdir" "-e" "CARGO_HOME=/opt/rustwide/cargo-home" "-e" "RUSTUP_HOME=/opt/rustwide/rustup-home" "-e" "CARGO_TARGET_DIR=/opt/rustwide/target" "-e" "CARGO_INCREMENTAL=0" "-e" "RUST_BACKTRACE=full" "-e" "RUSTFLAGS=--cap-lints=warn" "-e" "RUSTDOCFLAGS=--cap-lints=warn" "-w" "/opt/rustwide/workdir" "--user" "0:0" "db14645314173d673f46fa492cf71041dee726440ced105a20950037aa581cbe" "/opt/rustwide/cargo-home/bin/cargo" "+1.99.0-beta.8" "build" "--frozen" "--message-format=json" "--release", kill_on_drop: false }`
[INFO] [stderr]    Compiling syn v2.0.118
[INFO] [stderr]    Compiling serde_json v1.0.150
[INFO] [stderr]    Compiling tokio-macros v2.7.0
[INFO] [stderr]    Compiling tracing-attributes v0.1.31
[INFO] [stderr]    Compiling thiserror-impl v2.0.18
[INFO] [stderr]    Compiling serde_derive v1.0.228
[INFO] [stderr]    Compiling stand-in-macros v0.1.0
[INFO] [stderr]    Compiling async-trait v0.1.89
[INFO] [stderr]    Compiling stand-in-client-macros v0.2.0
[INFO] [stderr]    Compiling tokio v1.52.3
[INFO] [stderr]    Compiling tracing v0.1.44
[INFO] [stderr]    Compiling thiserror v2.0.18
[INFO] [stderr]    Compiling serde v1.0.228
[INFO] [stderr]    Compiling stand-in v0.1.0
[INFO] [stderr]    Compiling stand-in-client v0.2.0 (/opt/rustwide/workdir)
[INFO] [stderr]     Finished `release` profile [optimized] target(s) in 19.16s
[INFO] running `Command { std: "docker" "inspect" "db14645314173d673f46fa492cf71041dee726440ced105a20950037aa581cbe", kill_on_drop: false }`
[INFO] running `Command { std: "docker" "exec" "-e" "SOURCE_DIR=/opt/rustwide/workdir" "-e" "CARGO_HOME=/opt/rustwide/cargo-home" "-e" "RUSTUP_HOME=/opt/rustwide/rustup-home" "-e" "CARGO_TARGET_DIR=/opt/rustwide/target" "-e" "CARGO_INCREMENTAL=0" "-e" "RUST_BACKTRACE=full" "-e" "RUSTFLAGS=--cap-lints=warn" "-e" "RUSTDOCFLAGS=--cap-lints=warn" "-w" "/opt/rustwide/workdir" "--user" "0:0" "db14645314173d673f46fa492cf71041dee726440ced105a20950037aa581cbe" "/opt/rustwide/cargo-home/bin/cargo" "+1.99.0-beta.8" "test" "--frozen" "--no-run" "--message-format=json" "--release", kill_on_drop: false }`
[INFO] [stderr]    Compiling slab v0.4.12
[INFO] [stderr]    Compiling serde_json v1.0.150
[INFO] [stderr]    Compiling getrandom v0.4.3
[INFO] [stderr]    Compiling tracing v0.1.44
[INFO] [stderr]    Compiling serde v1.0.228
[INFO] [stderr]    Compiling tower-http v0.7.0
[INFO] [stderr]    Compiling tokio v1.52.3
[INFO] [stderr]    Compiling futures-util v0.3.32
[INFO] [stderr]    Compiling axum-core v0.5.6
[INFO] [stderr]    Compiling uuid v1.23.4
[INFO] [stderr]    Compiling serde_urlencoded v0.7.1
[INFO] [stderr]    Compiling hyper v1.10.1
[INFO] [stderr]    Compiling tokio-util v0.7.18
[INFO] [stderr]    Compiling tower v0.5.3
[INFO] [stderr]    Compiling tokio-stream v0.1.18
[INFO] [stderr]    Compiling hyper-util v0.1.20
[INFO] [stderr]    Compiling axum v0.8.9
[INFO] [stderr]    Compiling stand-in v0.1.0
[INFO] [stderr]    Compiling stand-in-client v0.2.0 (/opt/rustwide/workdir)
[INFO] [stderr]     Finished `release` profile [optimized] target(s) in 47.90s
[INFO] running `Command { std: "docker" "inspect" "db14645314173d673f46fa492cf71041dee726440ced105a20950037aa581cbe", kill_on_drop: false }`
[INFO] running `Command { std: "docker" "exec" "-e" "SOURCE_DIR=/opt/rustwide/workdir" "-e" "CARGO_HOME=/opt/rustwide/cargo-home" "-e" "RUSTUP_HOME=/opt/rustwide/rustup-home" "-e" "CARGO_TARGET_DIR=/opt/rustwide/target" "-e" "CARGO_INCREMENTAL=0" "-e" "RUST_BACKTRACE=full" "-e" "RUSTFLAGS=--cap-lints=warn" "-e" "RUSTDOCFLAGS=--cap-lints=warn" "-w" "/opt/rustwide/workdir" "--user" "0:0" "db14645314173d673f46fa492cf71041dee726440ced105a20950037aa581cbe" "/opt/rustwide/cargo-home/bin/cargo" "+1.99.0-beta.8" "test" "--frozen" "--release", kill_on_drop: false }`
[INFO] [stderr]     Finished `release` profile [optimized] target(s) in 0.15s
[INFO] [stderr]      Running unittests src/lib.rs (/opt/rustwide/target/release/deps/stand_in_client-49a597bebf5841e2)
[INFO] [stdout] 
[INFO] [stdout] running 42 tests
[INFO] [stdout] test client::tests::test_client_is_send_sync ... ok
[INFO] [stdout] test client::tests::test_send_request_protocol_error_detection ... ok
[INFO] [stdout] test correlation::tests::test_next_request_id_thread_safe ... ok
[INFO] [stdout] test client::tests::test_read_loop_timeout_no_leak ... ok
[INFO] [stdout] test correlation::tests::test_pending_requests_cancel_all ... ok
[INFO] [stdout] test correlation::tests::test_pending_requests_insert_and_resolve ... ok
[INFO] [stdout] test correlation::tests::test_pending_requests_insert_duplicate_id_returns_none ... ok
[INFO] [stdout] test correlation::tests::test_pending_requests_resolve_unknown_id ... ok
[INFO] [stdout] test correlation::tests::test_pending_requests_remove_unknown_id ... ok
[INFO] [stdout] test error::tests::test_connection_error_display ... ok
[INFO] [stdout] test error::tests::test_protocol_error_display ... ok
[INFO] [stdout] test correlation::tests::test_pending_requests_remove ... ok
[INFO] [stdout] test error::tests::test_json_error_from_trait ... ok
[INFO] [stdout] test error::tests::test_io_error_display ... ok
[INFO] [stdout] test error::tests::test_json_error_display ... ok
[INFO] [stdout] test notification::tests::test_notification_is_send_sync ... ok
[INFO] [stdout] test error::tests::test_error_is_send_sync ... ok
[INFO] [stdout] test error::tests::test_tool_error_display ... ok
[INFO] [stdout] test error::tests::test_transport_closed_display ... ok
[INFO] [stdout] test error::tests::test_io_error_from_trait ... ok
[INFO] [stdout] test notification::tests::test_disconnected ... ok
[INFO] [stdout] test error::tests::test_oauth_error_display ... ok
[INFO] [stdout] test notification::tests::test_unknown_notification ... ok
[INFO] [stdout] test error::tests::test_result_alias ... ok
[INFO] [stdout] test transport::stdio::tests::test_builder_chaining ... ok
[INFO] [stdout] test transport::stdio::tests::test_command_configures_program_and_args ... ok
[INFO] [stdout] test transport::stdio::tests::test_env_configures_variable ... ok
[INFO] [stdout] test transport::stdio::tests::test_envs_configures_multiple_variables ... ok
[INFO] [stdout] test transport::stdio::tests::test_stdio_transport_is_send_sync ... ok
[INFO] [stdout] test notification::tests::test_resources_updated_missing_params ... ok
[INFO] [stdout] test notification::tests::test_tools_list_changed ... ok
[INFO] [stdout] test notification::tests::test_resources_updated_parsing ... ok
[INFO] [stdout] test notification::tests::test_resources_list_changed ... ok
[INFO] [stdout] test correlation::tests::test_pending_requests_is_send_sync ... ok
[INFO] [stdout] test transport::stdio::tests::test_current_dir_configures_path ... ok
[INFO] [stdout] test correlation::tests::test_next_request_id_is_monotonic ... ok
[INFO] [stdout] test error::tests::test_timeout_error_display ... ok
[INFO] [stdout] test client::tests::test_read_loop_notification ... ok
[INFO] [stdout] test client::tests::test_read_loop_correlation ... ok
[INFO] [stdout] test client::tests::test_read_loop_protocol_error ... ok
[INFO] [stdout] test client::tests::test_send_request_timeout ... ok
[INFO] [stdout] test client::tests::test_read_loop_eof_cancels_pending ... ok
[INFO] [stdout] 
[INFO] [stdout] test result: ok. 42 passed; 0 failed; 0 ignored; 0 measured; 0 filtered out; finished in 0.12s
[INFO] [stdout] 
[INFO] [stderr]      Running tests/api_surface.rs (/opt/rustwide/target/release/deps/api_surface-4391263ce871bdb0)
[INFO] [stdout] 
[INFO] [stderr]      Running tests/http_auth.rs (/opt/rustwide/target/release/deps/http_auth-9dd452506ddda7b5)
[INFO] [stdout] running 0 tests
[INFO] [stdout] 
[INFO] [stdout] test result: ok. 0 passed; 0 failed; 0 ignored; 0 measured; 0 filtered out; finished in 0.00s
[INFO] [stdout] 
[INFO] [stderr]      Running tests/http_client.rs (/opt/rustwide/target/release/deps/http_client-55fff305c99b1223)
[INFO] [stdout] 
[INFO] [stdout] running 0 tests
[INFO] [stdout] 
[INFO] [stdout] test result: ok. 0 passed; 0 failed; 0 ignored; 0 measured; 0 filtered out; finished in 0.00s
[INFO] [stdout] 
[INFO] [stdout] 
[INFO] [stdout] running 0 tests
[INFO] [stdout] 
[INFO] [stdout] test result: ok. 0 passed; 0 failed; 0 ignored; 0 measured; 0 filtered out; finished in 0.00s
[INFO] [stdout] 
[INFO] [stderr]      Running tests/macro_client.rs (/opt/rustwide/target/release/deps/macro_client-fe98fae1a615df89)
[INFO] [stdout] 
[INFO] [stdout] running 4 tests
[INFO] [stderr] error: package ID specification `stand-in-reference` did not match any packages
[INFO] [stdout] test test_macro_client_new_into_inner_accessor ... FAILED
[INFO] [stdout] test test_macro_zero_params_method ... FAILED
[INFO] [stdout] test test_macro_tool_error_collapse ... FAILED
[INFO] [stdout] test test_macro_typed_calls ... FAILED
[INFO] [stdout] 
[INFO] [stdout] failures:
[INFO] [stdout] 
[INFO] [stdout] ---- test_macro_client_new_into_inner_accessor stdout ----
[INFO] [stdout] 
[INFO] [stdout] thread 'test_macro_client_new_into_inner_accessor' (1222) panicked at tests/macro_client.rs:27:9:
[INFO] [stdout] Failed to build stand-in-reference
[INFO] [stdout] stack backtrace:
[INFO] [stdout]    0:     0x624141595f81 - <<std[70759c8f55707aa4]::sys::backtrace::BacktraceLock>::print::DisplayBacktrace as core[df12db4294e9bfd3]::fmt::Display>::fmt
[INFO] [stdout]    1:     0x6241415ab31a - core[df12db4294e9bfd3]::fmt::write
[INFO] [stdout]    2:     0x62414159a5bc - <alloc[2182bb758b4b3781]::vec::Vec<u8> as core[df12db4294e9bfd3]::io::write::Write>::write_fmt
[INFO] [stdout]    3:     0x624141571836 - std[70759c8f55707aa4]::panicking::default_hook::{closure#0}
[INFO] [stdout]    4:     0x62414158e339 - std[70759c8f55707aa4]::panicking::default_hook
[INFO] [stdout]    5:     0x6241414e4c30 - test[9d35eded1c95d3be]::test_main_inner::<test[9d35eded1c95d3be]::test_main_static::{closure#0}>::{closure#0}
[INFO] [stdout]    6:     0x62414158e662 - std[70759c8f55707aa4]::panicking::panic_with_hook
[INFO] [stdout]    7:     0x624141571914 - std[70759c8f55707aa4]::panicking::panic_handler::{closure#0}
[INFO] [stdout]    8:     0x62414156a669 - std[70759c8f55707aa4]::sys::backtrace::__rust_end_short_backtrace::<std[70759c8f55707aa4]::panicking::panic_handler::{closure#0}, !>
[INFO] [stdout]    9:     0x6241415724dd - __rustc[8fa7c3cbc660c2b3]::rust_begin_unwind
[INFO] [stdout]   10:     0x6241415aba7c - core[df12db4294e9bfd3]::panicking::panic_fmt
[INFO] [stdout]   11:     0x6241414a29dd - <std[70759c8f55707aa4]::sync::once::Once>::call_once::<macro_client[67583480e4dad755]::ensure_binary_built::{closure#0}>::{closure#0}
[INFO] [stdout]   12:     0x624141577679 - <std[70759c8f55707aa4]::sys::sync::once::futex::Once>::call
[INFO] [stdout]   13:     0x6241414a6802 - macro_client[67583480e4dad755]::test_macro_client_new_into_inner_accessor::{closure#0}
[INFO] [stdout]   14:     0x6241414cf6b7 - <tokio[f19fcef556e88bde]::runtime::scheduler::current_thread::CurrentThread>::block_on::<core[df12db4294e9bfd3]::pin::Pin<&mut dyn core[df12db4294e9bfd3]::future::future::Future<Output = ()>>>
[INFO] [stdout]   15:     0x6241414d2ee2 - <tokio[f19fcef556e88bde]::runtime::runtime::Runtime>::block_on::<core[df12db4294e9bfd3]::pin::Pin<&mut dyn core[df12db4294e9bfd3]::future::future::Future<Output = ()>>>
[INFO] [stdout]   16:     0x6241414ab7be - <macro_client[67583480e4dad755]::test_macro_client_new_into_inner_accessor::{closure#0} as core[df12db4294e9bfd3]::ops::function::FnOnce<()>>::call_once
[INFO] [stdout]   17:     0x6241414d7f1b - test[9d35eded1c95d3be]::__rust_begin_short_backtrace::<core[df12db4294e9bfd3]::result::Result<(), alloc[2182bb758b4b3781]::string::String>, fn() -> core[df12db4294e9bfd3]::result::Result<(), alloc[2182bb758b4b3781]::string::String>>
[INFO] [stdout]   18:     0x6241414e5585 - test[9d35eded1c95d3be]::run_test::{closure#0}
[INFO] [stdout]   19:     0x6241414dee44 - std[70759c8f55707aa4]::sys::backtrace::__rust_begin_short_backtrace::<test[9d35eded1c95d3be]::run_test::{closure#1}, ()>
[INFO] [stdout]   20:     0x6241414e86e2 - <std[70759c8f55707aa4]::thread::lifecycle::spawn_unchecked<test[9d35eded1c95d3be]::run_test::{closure#1}, ()>::{closure#1} as core[df12db4294e9bfd3]::ops::function::FnOnce<()>>::call_once::{shim:vtable#0}
[INFO] [stdout]   21:     0x624141595819 - <std[70759c8f55707aa4]::sys::thread::unix::Thread>::new::thread_start
[INFO] [stdout]   22:     0x768e4a480dfa - <unknown>
[INFO] [stdout]   23:     0x768e4a5143d4 - clone
[INFO] [stdout]   24:                0x0 - <unknown>
[INFO] [stdout] 
[INFO] [stdout] ---- test_macro_zero_params_method stdout ----
[INFO] [stdout] 
[INFO] [stdout] thread 'test_macro_zero_params_method' (1225) panicked at tests/macro_client.rs:22:11:
[INFO] [stdout] Once instance has previously been poisoned
[INFO] [stdout] stack backtrace:
[INFO] [stdout]    0:     0x624141595f81 - <<std[70759c8f55707aa4]::sys::backtrace::BacktraceLock>::print::DisplayBacktrace as core[df12db4294e9bfd3]::fmt::Display>::fmt
[INFO] [stdout]    1:     0x6241415ab31a - core[df12db4294e9bfd3]::fmt::write
[INFO] [stdout]    2:     0x62414159a5bc - <alloc[2182bb758b4b3781]::vec::Vec<u8> as core[df12db4294e9bfd3]::io::write::Write>::write_fmt
[INFO] [stdout]    3:     0x624141571836 - std[70759c8f55707aa4]::panicking::default_hook::{closure#0}
[INFO] [stdout]    4:     0x62414158e339 - std[70759c8f55707aa4]::panicking::default_hook
[INFO] [stdout]    5:     0x6241414e4c30 - test[9d35eded1c95d3be]::test_main_inner::<test[9d35eded1c95d3be]::test_main_static::{closure#0}>::{closure#0}
[INFO] [stdout]    6:     0x62414158e662 - std[70759c8f55707aa4]::panicking::panic_with_hook
[INFO] [stdout]    7:     0x624141571914 - std[70759c8f55707aa4]::panicking::panic_handler::{closure#0}
[INFO] [stdout]    8:     0x62414156a669 - std[70759c8f55707aa4]::sys::backtrace::__rust_end_short_backtrace::<std[70759c8f55707aa4]::panicking::panic_handler::{closure#0}, !>
[INFO] [stdout]    9:     0x6241415724dd - __rustc[8fa7c3cbc660c2b3]::rust_begin_unwind
[INFO] [stdout]   10:     0x6241415aba7c - core[df12db4294e9bfd3]::panicking::panic_fmt
[INFO] [stdout]   11:     0x6241415777b1 - <std[70759c8f55707aa4]::sys::sync::once::futex::Once>::call
[INFO] [stdout]   12:     0x6241414a5635 - macro_client[67583480e4dad755]::test_macro_zero_params_method::{closure#0}
[INFO] [stdout]   13:     0x6241414cf6b7 - <tokio[f19fcef556e88bde]::runtime::scheduler::current_thread::CurrentThread>::block_on::<core[df12db4294e9bfd3]::pin::Pin<&mut dyn core[df12db4294e9bfd3]::future::future::Future<Output = ()>>>
[INFO] [stdout]   14:     0x6241414d2ee2 - <tokio[f19fcef556e88bde]::runtime::runtime::Runtime>::block_on::<core[df12db4294e9bfd3]::pin::Pin<&mut dyn core[df12db4294e9bfd3]::future::future::Future<Output = ()>>>
[INFO] [stdout]   15:     0x6241414ab4fe - <macro_client[67583480e4dad755]::test_macro_zero_params_method::{closure#0} as core[df12db4294e9bfd3]::ops::function::FnOnce<()>>::call_once
[INFO] [stdout]   16:     0x6241414d7f1b - test[9d35eded1c95d3be]::__rust_begin_short_backtrace::<core[df12db4294e9bfd3]::result::Result<(), alloc[2182bb758b4b3781]::string::String>, fn() -> core[df12db4294e9bfd3]::result::Result<(), alloc[2182bb758b4b3781]::string::String>>
[INFO] [stdout]   17:     0x6241414e5585 - test[9d35eded1c95d3be]::run_test::{closure#0}
[INFO] [stdout]   18:     0x6241414dee44 - std[70759c8f55707aa4]::sys::backtrace::__rust_begin_short_backtrace::<test[9d35eded1c95d3be]::run_test::{closure#1}, ()>
[INFO] [stdout]   19:     0x6241414e86e2 - <std[70759c8f55707aa4]::thread::lifecycle::spawn_unchecked<test[9d35eded1c95d3be]::run_test::{closure#1}, ()>::{closure#1} as core[df12db4294e9bfd3]::ops::function::FnOnce<()>>::call_once::{shim:vtable#0}
[INFO] [stdout]   20:     0x624141595819 - <std[70759c8f55707aa4]::sys::thread::unix::Thread>::new::thread_start
[INFO] [stdout]   21:     0x768e4a480dfa - <unknown>
[INFO] [stdout]   22:     0x768e4a5143d4 - clone
[INFO] [stdout]   23:                0x0 - <unknown>
[INFO] [stdout] 
[INFO] [stdout] ---- test_macro_tool_error_collapse stdout ----
[INFO] [stdout] 
[INFO] [stdout] thread 'test_macro_tool_error_collapse' (1223) panicked at tests/macro_client.rs:22:11:
[INFO] [stdout] Once instance has previously been poisoned
[INFO] [stdout] stack backtrace:
[INFO] [stdout]    0:     0x624141595f81 - <<std[70759c8f55707aa4]::sys::backtrace::BacktraceLock>::print::DisplayBacktrace as core[df12db4294e9bfd3]::fmt::Display>::fmt
[INFO] [stdout]    1:     0x6241415ab31a - core[df12db4294e9bfd3]::fmt::write
[INFO] [stderr] error: test failed, to rerun pass `--test macro_client`
[INFO] [stdout]    2:     0x62414159a5bc - <alloc[2182bb758b4b3781]::vec::Vec<u8> as core[df12db4294e9bfd3]::io::write::Write>::write_fmt
[INFO] [stdout]    3:     0x624141571836 - std[70759c8f55707aa4]::panicking::default_hook::{closure#0}
[INFO] [stdout]    4:     0x62414158e339 - std[70759c8f55707aa4]::panicking::default_hook
[INFO] [stdout]    5:     0x6241414e4c30 - test[9d35eded1c95d3be]::test_main_inner::<test[9d35eded1c95d3be]::test_main_static::{closure#0}>::{closure#0}
[INFO] [stdout]    6:     0x62414158e662 - std[70759c8f55707aa4]::panicking::panic_with_hook
[INFO] [stdout]    7:     0x624141571914 - std[70759c8f55707aa4]::panicking::panic_handler::{closure#0}
[INFO] [stdout]    8:     0x62414156a669 - std[70759c8f55707aa4]::sys::backtrace::__rust_end_short_backtrace::<std[70759c8f55707aa4]::panicking::panic_handler::{closure#0}, !>
[INFO] [stdout]    9:     0x6241415724dd - __rustc[8fa7c3cbc660c2b3]::rust_begin_unwind
[INFO] [stdout]   10:     0x6241415aba7c - core[df12db4294e9bfd3]::panicking::panic_fmt
[INFO] [stdout]   11:     0x6241415777b1 - <std[70759c8f55707aa4]::sys::sync::once::futex::Once>::call
[INFO] [stdout]   12:     0x6241414a60f6 - macro_client[67583480e4dad755]::test_macro_tool_error_collapse::{closure#0}
[INFO] [stdout]   13:     0x6241414cf6b7 - <tokio[f19fcef556e88bde]::runtime::scheduler::current_thread::CurrentThread>::block_on::<core[df12db4294e9bfd3]::pin::Pin<&mut dyn core[df12db4294e9bfd3]::future::future::Future<Output = ()>>>
[INFO] [stdout]   14:     0x6241414d2ee2 - <tokio[f19fcef556e88bde]::runtime::runtime::Runtime>::block_on::<core[df12db4294e9bfd3]::pin::Pin<&mut dyn core[df12db4294e9bfd3]::future::future::Future<Output = ()>>>
[INFO] [stdout]   15:     0x6241414ab65e - <macro_client[67583480e4dad755]::test_macro_tool_error_collapse::{closure#0} as core[df12db4294e9bfd3]::ops::function::FnOnce<()>>::call_once
[INFO] [stdout]   16:     0x6241414d7f1b - test[9d35eded1c95d3be]::__rust_begin_short_backtrace::<core[df12db4294e9bfd3]::result::Result<(), alloc[2182bb758b4b3781]::string::String>, fn() -> core[df12db4294e9bfd3]::result::Result<(), alloc[2182bb758b4b3781]::string::String>>
[INFO] [stdout]   17:     0x6241414e5585 - test[9d35eded1c95d3be]::run_test::{closure#0}
[INFO] [stdout]   18:     0x6241414dee44 - std[70759c8f55707aa4]::sys::backtrace::__rust_begin_short_backtrace::<test[9d35eded1c95d3be]::run_test::{closure#1}, ()>
[INFO] [stdout]   19:     0x6241414e86e2 - <std[70759c8f55707aa4]::thread::lifecycle::spawn_unchecked<test[9d35eded1c95d3be]::run_test::{closure#1}, ()>::{closure#1} as core[df12db4294e9bfd3]::ops::function::FnOnce<()>>::call_once::{shim:vtable#0}
[INFO] [stdout]   20:     0x624141595819 - <std[70759c8f55707aa4]::sys::thread::unix::Thread>::new::thread_start
[INFO] [stdout]   21:     0x768e4a480dfa - <unknown>
[INFO] [stdout]   22:     0x768e4a5143d4 - clone
[INFO] [stdout]   23:                0x0 - <unknown>
[INFO] [stdout] 
[INFO] [stdout] ---- test_macro_typed_calls stdout ----
[INFO] [stdout] 
[INFO] [stdout] thread 'test_macro_typed_calls' (1224) panicked at tests/macro_client.rs:22:11:
[INFO] [stdout] Once instance has previously been poisoned
[INFO] [stdout] stack backtrace:
[INFO] [stdout]    0:     0x624141595f81 - <<std[70759c8f55707aa4]::sys::backtrace::BacktraceLock>::print::DisplayBacktrace as core[df12db4294e9bfd3]::fmt::Display>::fmt
[INFO] [stdout]    1:     0x6241415ab31a - core[df12db4294e9bfd3]::fmt::write
[INFO] [stdout]    2:     0x62414159a5bc - <alloc[2182bb758b4b3781]::vec::Vec<u8> as core[df12db4294e9bfd3]::io::write::Write>::write_fmt
[INFO] [stdout]    3:     0x624141571836 - std[70759c8f55707aa4]::panicking::default_hook::{closure#0}
[INFO] [stdout]    4:     0x62414158e339 - std[70759c8f55707aa4]::panicking::default_hook
[INFO] [stdout]    5:     0x6241414e4c30 - test[9d35eded1c95d3be]::test_main_inner::<test[9d35eded1c95d3be]::test_main_static::{closure#0}>::{closure#0}
[INFO] [stdout]    6:     0x62414158e662 - std[70759c8f55707aa4]::panicking::panic_with_hook
[INFO] [stdout]    7:     0x624141571914 - std[70759c8f55707aa4]::panicking::panic_handler::{closure#0}
[INFO] [stdout]    8:     0x62414156a669 - std[70759c8f55707aa4]::sys::backtrace::__rust_end_short_backtrace::<std[70759c8f55707aa4]::panicking::panic_handler::{closure#0}, !>
[INFO] [stdout]    9:     0x6241415724dd - __rustc[8fa7c3cbc660c2b3]::rust_begin_unwind
[INFO] [stdout]   10:     0x6241415aba7c - core[df12db4294e9bfd3]::panicking::panic_fmt
[INFO] [stdout]   11:     0x6241415777b1 - <std[70759c8f55707aa4]::sys::sync::once::futex::Once>::call
[INFO] [stdout]   12:     0x6241414a44b4 - macro_client[67583480e4dad755]::test_macro_typed_calls::{closure#0}
[INFO] [stdout]   13:     0x6241414cf6b7 - <tokio[f19fcef556e88bde]::runtime::scheduler::current_thread::CurrentThread>::block_on::<core[df12db4294e9bfd3]::pin::Pin<&mut dyn core[df12db4294e9bfd3]::future::future::Future<Output = ()>>>
[INFO] [stdout]   14:     0x6241414d2ee2 - <tokio[f19fcef556e88bde]::runtime::runtime::Runtime>::block_on::<core[df12db4294e9bfd3]::pin::Pin<&mut dyn core[df12db4294e9bfd3]::future::future::Future<Output = ()>>>
[INFO] [stdout]   15:     0x6241414ab39e - <macro_client[67583480e4dad755]::test_macro_typed_calls::{closure#0} as core[df12db4294e9bfd3]::ops::function::FnOnce<()>>::call_once
[INFO] [stdout]   16:     0x6241414d7f1b - test[9d35eded1c95d3be]::__rust_begin_short_backtrace::<core[df12db4294e9bfd3]::result::Result<(), alloc[2182bb758b4b3781]::string::String>, fn() -> core[df12db4294e9bfd3]::result::Result<(), alloc[2182bb758b4b3781]::string::String>>
[INFO] [stdout]   17:     0x6241414e5585 - test[9d35eded1c95d3be]::run_test::{closure#0}
[INFO] [stdout]   18:     0x6241414dee44 - std[70759c8f55707aa4]::sys::backtrace::__rust_begin_short_backtrace::<test[9d35eded1c95d3be]::run_test::{closure#1}, ()>
[INFO] [stdout]   19:     0x6241414e86e2 - <std[70759c8f55707aa4]::thread::lifecycle::spawn_unchecked<test[9d35eded1c95d3be]::run_test::{closure#1}, ()>::{closure#1} as core[df12db4294e9bfd3]::ops::function::FnOnce<()>>::call_once::{shim:vtable#0}
[INFO] [stdout]   20:     0x624141595819 - <std[70759c8f55707aa4]::sys::thread::unix::Thread>::new::thread_start
[INFO] [stdout]   21:     0x768e4a480dfa - <unknown>
[INFO] [stdout]   22:     0x768e4a5143d4 - clone
[INFO] [stdout]   23:                0x0 - <unknown>
[INFO] [stdout] 
[INFO] [stdout] 
[INFO] [stdout] failures:
[INFO] [stdout]     test_macro_client_new_into_inner_accessor
[INFO] [stdout]     test_macro_tool_error_collapse
[INFO] [stdout]     test_macro_typed_calls
[INFO] [stdout]     test_macro_zero_params_method
[INFO] [stdout] 
[INFO] [stdout] test result: FAILED. 0 passed; 4 failed; 0 ignored; 0 measured; 0 filtered out; finished in 0.19s
[INFO] [stdout] 
[INFO] running `Command { std: "docker" "inspect" "db14645314173d673f46fa492cf71041dee726440ced105a20950037aa581cbe", kill_on_drop: false }`
[INFO] running `Command { std: "docker" "rm" "-f" "db14645314173d673f46fa492cf71041dee726440ced105a20950037aa581cbe", kill_on_drop: false }`
[INFO] [stdout] db14645314173d673f46fa492cf71041dee726440ced105a20950037aa581cbe
