[INFO] fetching crate stamp-cli 0.3.5...
[INFO] testing stamp-cli-0.3.5 against 1.100.0-beta.1+cargoflags=--release for beta-release-1.100-2
[INFO] extracting crate stamp-cli 0.3.5 into /workspace/builds/worker-4-tc2/source
[INFO] started tweaking crates.io crate stamp-cli 0.3.5
[INFO] removed 0 missing tests
[INFO] finished tweaking crates.io crate stamp-cli 0.3.5
[INFO] tweaked toml for crates.io crate stamp-cli 0.3.5 written to /workspace/builds/worker-4-tc2/source/Cargo.toml
[INFO] validating manifest of crates.io crate stamp-cli 0.3.5 on toolchain 1.100.0-beta.1
[INFO] running `Command { std: CARGO_HOME="/workspace/cargo-home" RUSTUP_HOME="/workspace/rustup-home" "/workspace/cargo-home/bin/cargo" "+1.100.0-beta.1" "metadata" "--manifest-path" "Cargo.toml" "--no-deps", kill_on_drop: false }`
[INFO] crate crates.io crate stamp-cli 0.3.5 already has a lockfile, it will not be regenerated
[INFO] running `Command { std: CARGO_HOME="/workspace/cargo-home" RUSTUP_HOME="/workspace/rustup-home" "/workspace/cargo-home/bin/cargo" "+1.100.0-beta.1" "fetch" "--manifest-path" "Cargo.toml", kill_on_drop: false }`
[INFO] running `Command { std: "docker" "create" "-v" "/var/lib/crater-agent-workspace/builds/worker-4-tc2/source:/opt/rustwide/workdir:ro,Z" "-v" "/var/lib/crater-agent-workspace/builds/worker-4-tc2/target:/opt/rustwide/target:rw,Z" "-v" "/var/lib/crater-agent-workspace/cargo-home:/opt/rustwide/cargo-home:ro,Z" "-v" "/var/lib/crater-agent-workspace/rustup-home:/opt/rustwide/rustup-home:ro,Z" "-m" "1610612736" "--network" "none" "ghcr.io/rust-lang/crates-build-env/linux@sha256:77db811e55d90add9212f6832c23229e3de5f1c1f9905e8cb07319ea15df73ac" "sleep" "infinity", kill_on_drop: false }`
[INFO] [stdout] 97df6b9fa62aa181d652897b271c56a2e4f0da5de7e40b5b57556f5c8d9c80d5
[INFO] running `Command { std: "docker" "start" "97df6b9fa62aa181d652897b271c56a2e4f0da5de7e40b5b57556f5c8d9c80d5", kill_on_drop: false }`
[INFO] running `Command { std: "docker" "inspect" "97df6b9fa62aa181d652897b271c56a2e4f0da5de7e40b5b57556f5c8d9c80d5", kill_on_drop: false }`
[INFO] running `Command { std: "docker" "exec" "-e" "SOURCE_DIR=/opt/rustwide/workdir" "-e" "CARGO_HOME=/opt/rustwide/cargo-home" "-e" "RUSTUP_HOME=/opt/rustwide/rustup-home" "-e" "CARGO_TARGET_DIR=/opt/rustwide/target" "-w" "/opt/rustwide/workdir" "--user" "0:0" "97df6b9fa62aa181d652897b271c56a2e4f0da5de7e40b5b57556f5c8d9c80d5" "/opt/rustwide/cargo-home/bin/cargo" "+1.100.0-beta.1" "metadata" "--no-deps" "--format-version=1", kill_on_drop: false }`
[INFO] running `Command { std: "docker" "inspect" "97df6b9fa62aa181d652897b271c56a2e4f0da5de7e40b5b57556f5c8d9c80d5", kill_on_drop: false }`
[INFO] running `Command { std: "docker" "exec" "-e" "SOURCE_DIR=/opt/rustwide/workdir" "-e" "CARGO_HOME=/opt/rustwide/cargo-home" "-e" "RUSTUP_HOME=/opt/rustwide/rustup-home" "-e" "CARGO_TARGET_DIR=/opt/rustwide/target" "-e" "CARGO_INCREMENTAL=0" "-e" "RUST_BACKTRACE=full" "-e" "RUSTFLAGS=--cap-lints=warn" "-e" "RUSTDOCFLAGS=--cap-lints=warn" "-w" "/opt/rustwide/workdir" "--user" "0:0" "97df6b9fa62aa181d652897b271c56a2e4f0da5de7e40b5b57556f5c8d9c80d5" "/opt/rustwide/cargo-home/bin/cargo" "+1.100.0-beta.1" "build" "--frozen" "--message-format=json" "--release", kill_on_drop: false }`
[INFO] [stderr]    Compiling proc-macro2 v1.0.92
[INFO] [stderr]    Compiling unicode-ident v1.0.14
[INFO] [stderr]    Compiling libc v0.2.169
[INFO] [stderr]    Compiling memchr v2.7.4
[INFO] [stderr]    Compiling equivalent v1.0.1
[INFO] [stderr]    Compiling rustix v1.0.8
[INFO] [stderr]    Compiling bitflags v2.6.0
[INFO] [stderr]    Compiling colorchoice v1.0.3
[INFO] [stderr]    Compiling winnow v1.0.4
[INFO] [stderr]    Compiling anstyle-query v1.1.2
[INFO] [stderr]    Compiling anstyle-parse v0.2.6
[INFO] [stderr]    Compiling linux-raw-sys v0.9.4
[INFO] [stderr]    Compiling once_cell v1.20.2
[INFO] [stderr]    Compiling zmij v1.0.12
[INFO] [stderr]    Compiling is_terminal_polyfill v1.70.1
[INFO] [stderr]    Compiling anstyle v1.0.10
[INFO] [stderr]    Compiling regex-syntax v0.8.5
[INFO] [stderr]    Compiling indexmap v2.13.0
[INFO] [stderr]    Compiling crossbeam-epoch v0.9.18
[INFO] [stderr]    Compiling itoa v1.0.14
[INFO] [stderr]    Compiling pulldown-cmark v0.13.4
[INFO] [stderr]    Compiling log v0.4.22
[INFO] [stderr]    Compiling serde_json v1.0.149
[INFO] [stderr]    Compiling anstream v0.6.18
[INFO] [stderr]    Compiling clap_lex v0.7.4
[INFO] [stderr]    Compiling toml_writer v1.1.3+spec-1.1.0
[INFO] [stderr]    Compiling serde_spanned v1.0.4
[INFO] [stderr]    Compiling toml_datetime v0.7.5+spec-1.1.0
[INFO] [stderr]    Compiling toml_datetime v1.1.2+spec-1.1.0
[INFO] [stderr]    Compiling clap_builder v4.5.54
[INFO] [stderr]    Compiling crossbeam-deque v0.8.6
[INFO] [stderr]    Compiling winnow v0.7.14
[INFO] [stderr]    Compiling similar v3.2.0
[INFO] [stderr]    Compiling getrandom v0.3.4
[INFO] [stderr]    Compiling console v0.16.2
[INFO] [stderr]    Compiling dirs-sys v0.5.0
[INFO] [stderr]    Compiling directories v6.0.0
[INFO] [stderr]    Compiling aho-corasick v1.1.3
[INFO] [stderr]    Compiling bstr v1.11.3
[INFO] [stderr]    Compiling quote v1.0.38
[INFO] [stderr]    Compiling syn v2.0.95
[INFO] [stderr]    Compiling toml_parser v1.1.4+spec-1.1.0
[INFO] [stderr]    Compiling regex-automata v0.4.9
[INFO] [stderr]    Compiling toml_edit v0.25.16+spec-1.1.0
[INFO] [stderr]    Compiling toml v0.9.11+spec-1.1.0
[INFO] [stderr]    Compiling tempfile v3.23.0
[INFO] [stderr]    Compiling dialoguer v0.12.0
[INFO] [stderr]    Compiling serde_derive v1.0.228
[INFO] [stderr]    Compiling eros-macros v0.8.1
[INFO] [stderr]    Compiling clap_derive v4.5.49
[INFO] [stderr]    Compiling eros v0.8.1
[INFO] [stderr]    Compiling globset v0.4.18
[INFO] [stderr]    Compiling clap v4.5.54
[INFO] [stderr]    Compiling ignore v0.4.25
[INFO] [stderr]    Compiling serde v1.0.228
[INFO] [stderr]    Compiling tera v2.1.0
[INFO] [stderr]    Compiling serde_yaml_ng v0.10.0
[INFO] [stderr]    Compiling stamp-cli v0.3.5 (/opt/rustwide/workdir)
[INFO] [stderr]     Finished `release` profile [optimized] target(s) in 1m 12s
[INFO] running `Command { std: "docker" "inspect" "97df6b9fa62aa181d652897b271c56a2e4f0da5de7e40b5b57556f5c8d9c80d5", kill_on_drop: false }`
[INFO] running `Command { std: "docker" "exec" "-e" "SOURCE_DIR=/opt/rustwide/workdir" "-e" "CARGO_HOME=/opt/rustwide/cargo-home" "-e" "RUSTUP_HOME=/opt/rustwide/rustup-home" "-e" "CARGO_TARGET_DIR=/opt/rustwide/target" "-e" "CARGO_INCREMENTAL=0" "-e" "RUST_BACKTRACE=full" "-e" "RUSTFLAGS=--cap-lints=warn" "-e" "RUSTDOCFLAGS=--cap-lints=warn" "-w" "/opt/rustwide/workdir" "--user" "0:0" "97df6b9fa62aa181d652897b271c56a2e4f0da5de7e40b5b57556f5c8d9c80d5" "/opt/rustwide/cargo-home/bin/cargo" "+1.100.0-beta.1" "test" "--frozen" "--no-run" "--message-format=json" "--release", kill_on_drop: false }`
[INFO] [stderr]    Compiling libc v0.2.169
[INFO] [stderr]    Compiling regex-syntax v0.8.5
[INFO] [stderr]    Compiling memoffset v0.7.1
[INFO] [stderr]    Compiling getrandom v0.3.4
[INFO] [stderr]    Compiling nix v0.26.4
[INFO] [stderr]    Compiling dirs-sys v0.5.0
[INFO] [stderr]    Compiling console v0.16.2
[INFO] [stderr]    Compiling tempfile v3.23.0
[INFO] [stderr]    Compiling directories v6.0.0
[INFO] [stderr]    Compiling dialoguer v0.12.0
[INFO] [stderr]    Compiling regex-automata v0.4.9
[INFO] [stderr]    Compiling globset v0.4.18
[INFO] [stderr]    Compiling regex v1.11.2
[INFO] [stderr]    Compiling ptyprocess v0.5.0
[INFO] [stderr]    Compiling ignore v0.4.25
[INFO] [stderr]    Compiling expectrl v0.9.0
[INFO] [stderr]    Compiling stamp-cli v0.3.5 (/opt/rustwide/workdir)
[INFO] [stderr]     Finished `release` profile [optimized] target(s) in 47.02s
[INFO] running `Command { std: "docker" "inspect" "97df6b9fa62aa181d652897b271c56a2e4f0da5de7e40b5b57556f5c8d9c80d5", kill_on_drop: false }`
[INFO] running `Command { std: "docker" "exec" "-e" "SOURCE_DIR=/opt/rustwide/workdir" "-e" "CARGO_HOME=/opt/rustwide/cargo-home" "-e" "RUSTUP_HOME=/opt/rustwide/rustup-home" "-e" "CARGO_TARGET_DIR=/opt/rustwide/target" "-e" "CARGO_INCREMENTAL=0" "-e" "RUST_BACKTRACE=full" "-e" "RUSTFLAGS=--cap-lints=warn" "-e" "RUSTDOCFLAGS=--cap-lints=warn" "-w" "/opt/rustwide/workdir" "--user" "0:0" "97df6b9fa62aa181d652897b271c56a2e4f0da5de7e40b5b57556f5c8d9c80d5" "/opt/rustwide/cargo-home/bin/cargo" "+1.100.0-beta.1" "test" "--frozen" "--release", kill_on_drop: false }`
[INFO] [stderr]     Finished `release` profile [optimized] target(s) in 0.14s
[INFO] [stderr]      Running unittests src/main.rs (/opt/rustwide/target/release/build/stamp-cli/7fe4df3bca2d9450/out/stamp-7fe4df3bca2d9450)
[INFO] [stdout] 
[INFO] [stdout] running 22 tests
[INFO] [stdout] test merge::tests::byte_diff_retains_non_utf8_and_obeys_the_preference ... ok
[INFO] [stdout] test merge::tests::markdown_preserves_existing_order_when_incoming_sections_are_reordered ... ok
[INFO] [stdout] test merge::tests::json_merges_nested_keys_and_resolves_values_arrays_and_type_changes ... ok
[INFO] [stdout] test merge::tests::markdown_matches_duplicate_sibling_headings_by_occurrence ... ok
[INFO] [stdout] test merge::tests::markdown_preserves_both_distinct_documents_as_unique_sections ... ok
[INFO] [stdout] test merge::tests::markdown_separates_appended_sections_when_the_original_has_no_final_newline ... ok
[INFO] [stdout] test merge::tests::text_diff_keeps_independent_blocks_and_resolves_competing_edits ... ok
[INFO] [stdout] test merge::tests::markdown_shared_bodies_obey_preference_and_unique_sections_survive ... ok
[INFO] [stdout] test merge::tests::markdown_ignores_heading_syntax_inside_code_quotes_lists_and_html ... ok
[INFO] [stdout] test merge::tests::markdown_preserves_crlf_unicode_and_identical_documents ... ok
[INFO] [stdout] test merge::tests::markdown_recognizes_setext_and_formatted_headings ... ok
[INFO] [stdout] test merge::tests::fallback_diff_preserves_empty_content_crlf_unicode_and_final_newlines ... ok
[INFO] [stdout] test merge::tests::toml_merges_nested_tables_and_inline_tables_preserving_untouched_comments ... ok
[INFO] [stdout] test merge::tests::toml_arrays_and_arrays_of_tables_are_whole_values ... ok
[INFO] [stdout] test merge::tests::json_preserves_original_key_order_and_appends_new_keys ... ok
[INFO] [stdout] test merge::tests::yaml_merges_matching_tags_and_treats_different_tags_as_conflicts ... ok
[INFO] [stdout] test merge::tests::yaml_merges_nested_keys_and_resolves_sequences_and_type_changes ... ok
[INFO] [stdout] test merge::tests::markdown_handles_preambles_empty_files_and_documents_without_headings ... ok
[INFO] [stdout] test merge::tests::handler_names_reflect_custom_handlers_and_fallbacks ... ok
[INFO] [stdout] test merge::tests::markdown_matches_repeated_heading_titles_within_their_parent ... ok
[INFO] [stdout] test merge::tests::toml_merges_across_inline_and_standard_table_representations ... ok
[INFO] [stdout] test merge::tests::yaml_resolves_anchor_merge_keys_before_merging ... ok
[INFO] [stdout] 
[INFO] [stdout] test result: ok. 22 passed; 0 failed; 0 ignored; 0 measured; 0 filtered out; finished in 0.08s
[INFO] [stdout] 
[INFO] [stderr]      Running tests/conflicts.rs (/opt/rustwide/target/release/build/stamp-cli/27bb6971f7b69214/out/conflicts-27bb6971f7b69214)
[INFO] [stdout] 
[INFO] [stdout] running 11 tests
[INFO] [stdout] test noninteractive_conflicts_fail_before_writing_any_files ... ok
[INFO] [stdout] test overwrite_flag_replaces_entire_markdown_files_and_renders_templates ... ok
[INFO] [stdout] test skip_flag_keeps_conflicts_without_rendering_skipped_templates ... ok
[INFO] [stdout] test no_conflicts_need_no_terminal_or_flags ... ok
[INFO] [stdout] test merges_rendered_template_content_at_the_rendered_destination_path ... ok
[INFO] [stdout] test registered_templates_support_both_merge_flags ... ok
[INFO] [stdout] test a_failed_merge_preparation_leaves_all_files_untouched ... ok
[INFO] [stdout] test merge_flags_apply_the_same_preference_to_every_conflicting_file_type ... ok
[INFO] [stdout] test content_internal_whitespace_and_binary_changes_still_conflict ... ok
[INFO] [stdout] test conflict_flags_remain_mutually_exclusive ... ok
[INFO] [stdout] test equivalent_files_are_not_conflicts_and_are_never_rewritten ... ok
[INFO] [stdout] 
[INFO] [stdout] test result: ok. 11 passed; 0 failed; 0 ignored; 0 measured; 0 filtered out; finished in 0.09s
[INFO] [stdout] 
[INFO] [stderr]      Running tests/templates.rs (/opt/rustwide/target/release/build/stamp-cli/3577bde7deebeb1e/out/templates-3577bde7deebeb1e)
[INFO] [stdout] 
[INFO] [stdout] running 8 tests
[INFO] [stdout] test invalid_question_definitions_report_all_errors_before_rendering ... ok
[INFO] [stdout] test select_questions_accept_defaults_navigation_and_first_option_fallbacks ... ok
[INFO] [stdout] test multi_select_questions_support_toggles_defaults_empty_and_all_selections ... ok
[INFO] [stdout] test string_questions_accept_defaults_and_custom_values ... FAILED
[INFO] [stdout] test flutter_rust_devcontainer_template_renders_hidden_files ... FAILED
[INFO] [stdout] test rust_devcontainer_template_renders_hidden_files ... FAILED
[INFO] [stdout] test axum_server_template_renders_contents_and_interpolated_paths ... FAILED
[INFO] [stderr] error: test failed, to rerun pass `--test templates`
[INFO] [stdout] test boolean_questions_accept_yes_no_and_defaults ... FAILED
[INFO] [stdout] 
[INFO] [stdout] failures:
[INFO] [stdout] 
[INFO] [stdout] ---- string_questions_accept_defaults_and_custom_values stdout ----
[INFO] [stdout] 
[INFO] [stdout] thread 'string_questions_accept_defaults_and_custom_values' (1953) panicked at tests/templates.rs:57:18:
[INFO] [stdout] called `Result::unwrap()` on an `Err` value: ExpectTimeout
[INFO] [stdout] stack backtrace:
[INFO] [stdout]    0:     0x6125a106a591 - <<std[617be2ca0a6fd877]::sys::backtrace::BacktraceLock>::print::DisplayBacktrace as core[a373ad73a504971]::fmt::Display>::fmt
[INFO] [stdout]    1:     0x6125a107f3da - core[a373ad73a504971]::fmt::write
[INFO] [stdout]    2:     0x6125a106eb4c - <alloc[2e1b2a31b91974c5]::vec::Vec<u8> as core[a373ad73a504971]::io::write::Write>::write_fmt
[INFO] [stdout]    3:     0x6125a1043416 - std[617be2ca0a6fd877]::panicking::default_hook::{closure#0}
[INFO] [stdout]    4:     0x6125a1060b69 - std[617be2ca0a6fd877]::panicking::default_hook
[INFO] [stdout]    5:     0x6125a0ff7730 - test[aada8e7e76ba119b]::test_main_inner::{closure#0}
[INFO] [stdout]    6:     0x6125a1060d22 - std[617be2ca0a6fd877]::panicking::panic_with_hook
[INFO] [stdout]    7:     0x6125a10434c2 - std[617be2ca0a6fd877]::panicking::panic_handler::{closure#0}
[INFO] [stdout]    8:     0x6125a103be59 - std[617be2ca0a6fd877]::sys::backtrace::__rust_end_short_backtrace::<std[617be2ca0a6fd877]::panicking::panic_handler::{closure#0}, !>
[INFO] [stdout]    9:     0x6125a10440cd - __rustc[ea4f61d10b84890b]::rust_begin_unwind
[INFO] [stdout]   10:     0x6125a107fb0c - core[a373ad73a504971]::panicking::panic_fmt
[INFO] [stdout]   11:     0x6125a107f8e2 - core[a373ad73a504971]::result::unwrap_failed
[INFO] [stdout]   12:     0x6125a0fd501b - templates[9ceac5c7982fd9c2]::assert_template_renders
[INFO] [stdout]   13:     0x6125a0fd5c11 - <templates[9ceac5c7982fd9c2]::string_questions_accept_defaults_and_custom_values::{closure#0} as core[a373ad73a504971]::ops::function::FnOnce<()>>::call_once
[INFO] [stdout]   14:     0x6125a0feab7b - test[aada8e7e76ba119b]::__rust_begin_short_backtrace::<core[a373ad73a504971]::result::Result<(), alloc[2e1b2a31b91974c5]::string::String>, fn() -> core[a373ad73a504971]::result::Result<(), alloc[2e1b2a31b91974c5]::string::String>>
[INFO] [stdout]   15:     0x6125a0ff7d55 - test[aada8e7e76ba119b]::run_test::{closure#0}
[INFO] [stdout]   16:     0x6125a0ff1644 - std[617be2ca0a6fd877]::sys::backtrace::__rust_begin_short_backtrace::<test[aada8e7e76ba119b]::run_test::{closure#1}, ()>
[INFO] [stdout]   17:     0x6125a0ffade2 - <std[617be2ca0a6fd877]::thread::lifecycle::spawn_unchecked<test[aada8e7e76ba119b]::run_test::{closure#1}, ()>::{closure#1} as core[a373ad73a504971]::ops::function::FnOnce<()>>::call_once::{shim:vtable#0}
[INFO] [stdout]   18:     0x6125a106951f - <std[617be2ca0a6fd877]::sys::thread::unix::Thread>::new::thread_start
[INFO] [stdout]   19:     0x7503c668cdfa - <unknown>
[INFO] [stdout]   20:     0x7503c67203d4 - clone
[INFO] [stdout]   21:                0x0 - <unknown>
[INFO] [stdout] 
[INFO] [stdout] ---- flutter_rust_devcontainer_template_renders_hidden_files stdout ----
[INFO] [stdout] 
[INFO] [stdout] thread 'flutter_rust_devcontainer_template_renders_hidden_files' (1948) panicked at tests/templates.rs:57:18:
[INFO] [stdout] called `Result::unwrap()` on an `Err` value: ExpectTimeout
[INFO] [stdout] stack backtrace:
[INFO] [stdout]    0:     0x6125a106a591 - <<std[617be2ca0a6fd877]::sys::backtrace::BacktraceLock>::print::DisplayBacktrace as core[a373ad73a504971]::fmt::Display>::fmt
[INFO] [stdout]    1:     0x6125a107f3da - core[a373ad73a504971]::fmt::write
[INFO] [stdout]    2:     0x6125a106eb4c - <alloc[2e1b2a31b91974c5]::vec::Vec<u8> as core[a373ad73a504971]::io::write::Write>::write_fmt
[INFO] [stdout]    3:     0x6125a1043416 - std[617be2ca0a6fd877]::panicking::default_hook::{closure#0}
[INFO] [stdout]    4:     0x6125a1060b69 - std[617be2ca0a6fd877]::panicking::default_hook
[INFO] [stdout]    5:     0x6125a0ff7730 - test[aada8e7e76ba119b]::test_main_inner::{closure#0}
[INFO] [stdout]    6:     0x6125a1060d22 - std[617be2ca0a6fd877]::panicking::panic_with_hook
[INFO] [stdout]    7:     0x6125a10434c2 - std[617be2ca0a6fd877]::panicking::panic_handler::{closure#0}
[INFO] [stdout]    8:     0x6125a103be59 - std[617be2ca0a6fd877]::sys::backtrace::__rust_end_short_backtrace::<std[617be2ca0a6fd877]::panicking::panic_handler::{closure#0}, !>
[INFO] [stdout]    9:     0x6125a10440cd - __rustc[ea4f61d10b84890b]::rust_begin_unwind
[INFO] [stdout]   10:     0x6125a107fb0c - core[a373ad73a504971]::panicking::panic_fmt
[INFO] [stdout]   11:     0x6125a107f8e2 - core[a373ad73a504971]::result::unwrap_failed
[INFO] [stdout]   12:     0x6125a0fd501b - templates[9ceac5c7982fd9c2]::assert_template_renders
[INFO] [stdout]   13:     0x6125a0fd5c41 - <templates[9ceac5c7982fd9c2]::flutter_rust_devcontainer_template_renders_hidden_files::{closure#0} as core[a373ad73a504971]::ops::function::FnOnce<()>>::call_once
[INFO] [stdout]   14:     0x6125a0feab7b - test[aada8e7e76ba119b]::__rust_begin_short_backtrace::<core[a373ad73a504971]::result::Result<(), alloc[2e1b2a31b91974c5]::string::String>, fn() -> core[a373ad73a504971]::result::Result<(), alloc[2e1b2a31b91974c5]::string::String>>
[INFO] [stdout]   15:     0x6125a0ff7d55 - test[aada8e7e76ba119b]::run_test::{closure#0}
[INFO] [stdout]   16:     0x6125a0ff1644 - std[617be2ca0a6fd877]::sys::backtrace::__rust_begin_short_backtrace::<test[aada8e7e76ba119b]::run_test::{closure#1}, ()>
[INFO] [stdout]   17:     0x6125a0ffade2 - <std[617be2ca0a6fd877]::thread::lifecycle::spawn_unchecked<test[aada8e7e76ba119b]::run_test::{closure#1}, ()>::{closure#1} as core[a373ad73a504971]::ops::function::FnOnce<()>>::call_once::{shim:vtable#0}
[INFO] [stdout]   18:     0x6125a106951f - <std[617be2ca0a6fd877]::sys::thread::unix::Thread>::new::thread_start
[INFO] [stdout]   19:     0x7503c668cdfa - <unknown>
[INFO] [stdout]   20:     0x7503c67203d4 - clone
[INFO] [stdout]   21:                0x0 - <unknown>
[INFO] [stdout] 
[INFO] [stdout] ---- rust_devcontainer_template_renders_hidden_files stdout ----
[INFO] [stdout] 
[INFO] [stdout] thread 'rust_devcontainer_template_renders_hidden_files' (1951) panicked at tests/templates.rs:57:18:
[INFO] [stdout] called `Result::unwrap()` on an `Err` value: ExpectTimeout
[INFO] [stdout] stack backtrace:
[INFO] [stdout]    0:     0x6125a106a591 - <<std[617be2ca0a6fd877]::sys::backtrace::BacktraceLock>::print::DisplayBacktrace as core[a373ad73a504971]::fmt::Display>::fmt
[INFO] [stdout]    1:     0x6125a107f3da - core[a373ad73a504971]::fmt::write
[INFO] [stdout]    2:     0x6125a106eb4c - <alloc[2e1b2a31b91974c5]::vec::Vec<u8> as core[a373ad73a504971]::io::write::Write>::write_fmt
[INFO] [stdout]    3:     0x6125a1043416 - std[617be2ca0a6fd877]::panicking::default_hook::{closure#0}
[INFO] [stdout]    4:     0x6125a1060b69 - std[617be2ca0a6fd877]::panicking::default_hook
[INFO] [stdout]    5:     0x6125a0ff7730 - test[aada8e7e76ba119b]::test_main_inner::{closure#0}
[INFO] [stdout]    6:     0x6125a1060d22 - std[617be2ca0a6fd877]::panicking::panic_with_hook
[INFO] [stdout]    7:     0x6125a10434c2 - std[617be2ca0a6fd877]::panicking::panic_handler::{closure#0}
[INFO] [stdout]    8:     0x6125a103be59 - std[617be2ca0a6fd877]::sys::backtrace::__rust_end_short_backtrace::<std[617be2ca0a6fd877]::panicking::panic_handler::{closure#0}, !>
[INFO] [stdout]    9:     0x6125a10440cd - __rustc[ea4f61d10b84890b]::rust_begin_unwind
[INFO] [stdout]   10:     0x6125a107fb0c - core[a373ad73a504971]::panicking::panic_fmt
[INFO] [stdout]   11:     0x6125a107f8e2 - core[a373ad73a504971]::result::unwrap_failed
[INFO] [stdout]   12:     0x6125a0fd501b - templates[9ceac5c7982fd9c2]::assert_template_renders
[INFO] [stdout]   13:     0x6125a0fd5be1 - <templates[9ceac5c7982fd9c2]::rust_devcontainer_template_renders_hidden_files::{closure#0} as core[a373ad73a504971]::ops::function::FnOnce<()>>::call_once
[INFO] [stdout]   14:     0x6125a0feab7b - test[aada8e7e76ba119b]::__rust_begin_short_backtrace::<core[a373ad73a504971]::result::Result<(), alloc[2e1b2a31b91974c5]::string::String>, fn() -> core[a373ad73a504971]::result::Result<(), alloc[2e1b2a31b91974c5]::string::String>>
[INFO] [stdout]   15:     0x6125a0ff7d55 - test[aada8e7e76ba119b]::run_test::{closure#0}
[INFO] [stdout]   16:     0x6125a0ff1644 - std[617be2ca0a6fd877]::sys::backtrace::__rust_begin_short_backtrace::<test[aada8e7e76ba119b]::run_test::{closure#1}, ()>
[INFO] [stdout]   17:     0x6125a0ffade2 - <std[617be2ca0a6fd877]::thread::lifecycle::spawn_unchecked<test[aada8e7e76ba119b]::run_test::{closure#1}, ()>::{closure#1} as core[a373ad73a504971]::ops::function::FnOnce<()>>::call_once::{shim:vtable#0}
[INFO] [stdout]   18:     0x6125a106951f - <std[617be2ca0a6fd877]::sys::thread::unix::Thread>::new::thread_start
[INFO] [stdout]   19:     0x7503c668cdfa - <unknown>
[INFO] [stdout]   20:     0x7503c67203d4 - clone
[INFO] [stdout]   21:                0x0 - <unknown>
[INFO] [stdout] 
[INFO] [stdout] ---- axum_server_template_renders_contents_and_interpolated_paths stdout ----
[INFO] [stdout] 
[INFO] [stdout] thread 'axum_server_template_renders_contents_and_interpolated_paths' (1946) panicked at tests/templates.rs:57:18:
[INFO] [stdout] called `Result::unwrap()` on an `Err` value: ExpectTimeout
[INFO] [stdout] stack backtrace:
[INFO] [stdout]    0:     0x6125a106a591 - <<std[617be2ca0a6fd877]::sys::backtrace::BacktraceLock>::print::DisplayBacktrace as core[a373ad73a504971]::fmt::Display>::fmt
[INFO] [stdout]    1:     0x6125a107f3da - core[a373ad73a504971]::fmt::write
[INFO] [stdout]    2:     0x6125a106eb4c - <alloc[2e1b2a31b91974c5]::vec::Vec<u8> as core[a373ad73a504971]::io::write::Write>::write_fmt
[INFO] [stdout]    3:     0x6125a1043416 - std[617be2ca0a6fd877]::panicking::default_hook::{closure#0}
[INFO] [stdout]    4:     0x6125a1060b69 - std[617be2ca0a6fd877]::panicking::default_hook
[INFO] [stdout]    5:     0x6125a0ff7730 - test[aada8e7e76ba119b]::test_main_inner::{closure#0}
[INFO] [stdout]    6:     0x6125a1060d22 - std[617be2ca0a6fd877]::panicking::panic_with_hook
[INFO] [stdout]    7:     0x6125a10434c2 - std[617be2ca0a6fd877]::panicking::panic_handler::{closure#0}
[INFO] [stdout]    8:     0x6125a103be59 - std[617be2ca0a6fd877]::sys::backtrace::__rust_end_short_backtrace::<std[617be2ca0a6fd877]::panicking::panic_handler::{closure#0}, !>
[INFO] [stdout]    9:     0x6125a10440cd - __rustc[ea4f61d10b84890b]::rust_begin_unwind
[INFO] [stdout]   10:     0x6125a107fb0c - core[a373ad73a504971]::panicking::panic_fmt
[INFO] [stdout]   11:     0x6125a107f8e2 - core[a373ad73a504971]::result::unwrap_failed
[INFO] [stdout]   12:     0x6125a0fd501b - templates[9ceac5c7982fd9c2]::assert_template_renders
[INFO] [stdout]   13:     0x6125a0fd5c6d - <templates[9ceac5c7982fd9c2]::axum_server_template_renders_contents_and_interpolated_paths::{closure#0} as core[a373ad73a504971]::ops::function::FnOnce<()>>::call_once
[INFO] [stdout]   14:     0x6125a0feab7b - test[aada8e7e76ba119b]::__rust_begin_short_backtrace::<core[a373ad73a504971]::result::Result<(), alloc[2e1b2a31b91974c5]::string::String>, fn() -> core[a373ad73a504971]::result::Result<(), alloc[2e1b2a31b91974c5]::string::String>>
[INFO] [stdout]   15:     0x6125a0ff7d55 - test[aada8e7e76ba119b]::run_test::{closure#0}
[INFO] [stdout]   16:     0x6125a0ff1644 - std[617be2ca0a6fd877]::sys::backtrace::__rust_begin_short_backtrace::<test[aada8e7e76ba119b]::run_test::{closure#1}, ()>
[INFO] [stdout]   17:     0x6125a0ffade2 - <std[617be2ca0a6fd877]::thread::lifecycle::spawn_unchecked<test[aada8e7e76ba119b]::run_test::{closure#1}, ()>::{closure#1} as core[a373ad73a504971]::ops::function::FnOnce<()>>::call_once::{shim:vtable#0}
[INFO] [stdout]   18:     0x6125a106951f - <std[617be2ca0a6fd877]::sys::thread::unix::Thread>::new::thread_start
[INFO] [stdout]   19:     0x7503c668cdfa - <unknown>
[INFO] [stdout]   20:     0x7503c67203d4 - clone
[INFO] [stdout]   21:                0x0 - <unknown>
[INFO] [stdout] 
[INFO] [stdout] ---- boolean_questions_accept_yes_no_and_defaults stdout ----
[INFO] [stdout] 
[INFO] [stdout] thread 'boolean_questions_accept_yes_no_and_defaults' (1947) panicked at tests/templates.rs:57:18:
[INFO] [stdout] called `Result::unwrap()` on an `Err` value: ExpectTimeout
[INFO] [stdout] stack backtrace:
[INFO] [stdout]    0:     0x6125a106a591 - <<std[617be2ca0a6fd877]::sys::backtrace::BacktraceLock>::print::DisplayBacktrace as core[a373ad73a504971]::fmt::Display>::fmt
[INFO] [stdout]    1:     0x6125a107f3da - core[a373ad73a504971]::fmt::write
[INFO] [stdout]    2:     0x6125a106eb4c - <alloc[2e1b2a31b91974c5]::vec::Vec<u8> as core[a373ad73a504971]::io::write::Write>::write_fmt
[INFO] [stdout]    3:     0x6125a1043416 - std[617be2ca0a6fd877]::panicking::default_hook::{closure#0}
[INFO] [stdout]    4:     0x6125a1060b69 - std[617be2ca0a6fd877]::panicking::default_hook
[INFO] [stdout]    5:     0x6125a0ff7730 - test[aada8e7e76ba119b]::test_main_inner::{closure#0}
[INFO] [stdout]    6:     0x6125a1060d22 - std[617be2ca0a6fd877]::panicking::panic_with_hook
[INFO] [stdout]    7:     0x6125a10434c2 - std[617be2ca0a6fd877]::panicking::panic_handler::{closure#0}
[INFO] [stdout]    8:     0x6125a103be59 - std[617be2ca0a6fd877]::sys::backtrace::__rust_end_short_backtrace::<std[617be2ca0a6fd877]::panicking::panic_handler::{closure#0}, !>
[INFO] [stdout]    9:     0x6125a10440cd - __rustc[ea4f61d10b84890b]::rust_begin_unwind
[INFO] [stdout]   10:     0x6125a107fb0c - core[a373ad73a504971]::panicking::panic_fmt
[INFO] [stdout]   11:     0x6125a107f8e2 - core[a373ad73a504971]::result::unwrap_failed
[INFO] [stdout]   12:     0x6125a0fd501b - templates[9ceac5c7982fd9c2]::assert_template_renders
[INFO] [stdout]   13:     0x6125a0fd5bb1 - <templates[9ceac5c7982fd9c2]::boolean_questions_accept_yes_no_and_defaults::{closure#0} as core[a373ad73a504971]::ops::function::FnOnce<()>>::call_once
[INFO] [stdout]   14:     0x6125a0feab7b - test[aada8e7e76ba119b]::__rust_begin_short_backtrace::<core[a373ad73a504971]::result::Result<(), alloc[2e1b2a31b91974c5]::string::String>, fn() -> core[a373ad73a504971]::result::Result<(), alloc[2e1b2a31b91974c5]::string::String>>
[INFO] [stdout]   15:     0x6125a0ff7d55 - test[aada8e7e76ba119b]::run_test::{closure#0}
[INFO] [stdout]   16:     0x6125a0ff1644 - std[617be2ca0a6fd877]::sys::backtrace::__rust_begin_short_backtrace::<test[aada8e7e76ba119b]::run_test::{closure#1}, ()>
[INFO] [stdout]   17:     0x6125a0ffade2 - <std[617be2ca0a6fd877]::thread::lifecycle::spawn_unchecked<test[aada8e7e76ba119b]::run_test::{closure#1}, ()>::{closure#1} as core[a373ad73a504971]::ops::function::FnOnce<()>>::call_once::{shim:vtable#0}
[INFO] [stdout]   18:     0x6125a106951f - <std[617be2ca0a6fd877]::sys::thread::unix::Thread>::new::thread_start
[INFO] [stdout]   19:     0x7503c668cdfa - <unknown>
[INFO] [stdout]   20:     0x7503c67203d4 - clone
[INFO] [stdout]   21:                0x0 - <unknown>
[INFO] [stdout] 
[INFO] [stdout] 
[INFO] [stdout] failures:
[INFO] [stdout]     axum_server_template_renders_contents_and_interpolated_paths
[INFO] [stdout]     boolean_questions_accept_yes_no_and_defaults
[INFO] [stdout]     flutter_rust_devcontainer_template_renders_hidden_files
[INFO] [stdout]     rust_devcontainer_template_renders_hidden_files
[INFO] [stdout]     string_questions_accept_defaults_and_custom_values
[INFO] [stdout] 
[INFO] [stdout] test result: FAILED. 3 passed; 5 failed; 0 ignored; 0 measured; 0 filtered out; finished in 10.24s
[INFO] [stdout] 
[INFO] running `Command { std: "docker" "inspect" "97df6b9fa62aa181d652897b271c56a2e4f0da5de7e40b5b57556f5c8d9c80d5", kill_on_drop: false }`
[INFO] running `Command { std: "docker" "rm" "-f" "97df6b9fa62aa181d652897b271c56a2e4f0da5de7e40b5b57556f5c8d9c80d5", kill_on_drop: false }`
[INFO] [stdout] 97df6b9fa62aa181d652897b271c56a2e4f0da5de7e40b5b57556f5c8d9c80d5
