[INFO] fetching crate stalmarck-sat 0.1.0...
[INFO] testing stalmarck-sat-0.1.0 against 1.99.0-beta.8+cargoflags=--release for beta-release-1.100-2
[INFO] extracting crate stalmarck-sat 0.1.0 into /workspace/builds/worker-3-tc1/source
[INFO] started tweaking crates.io crate stalmarck-sat 0.1.0
[INFO] removed 0 missing tests
[INFO] finished tweaking crates.io crate stalmarck-sat 0.1.0
[INFO] tweaked toml for crates.io crate stalmarck-sat 0.1.0 written to /workspace/builds/worker-3-tc1/source/Cargo.toml
[INFO] validating manifest of crates.io crate stalmarck-sat 0.1.0 on toolchain 1.99.0-beta.8
[INFO] running `Command { std: CARGO_HOME="/workspace/cargo-home" RUSTUP_HOME="/workspace/rustup-home" "/workspace/cargo-home/bin/cargo" "+1.99.0-beta.8" "metadata" "--manifest-path" "Cargo.toml" "--no-deps", kill_on_drop: false }`
[INFO] crate crates.io crate stalmarck-sat 0.1.0 already has a lockfile, it will not be regenerated
[INFO] running `Command { std: CARGO_HOME="/workspace/cargo-home" RUSTUP_HOME="/workspace/rustup-home" "/workspace/cargo-home/bin/cargo" "+1.99.0-beta.8" "fetch" "--manifest-path" "Cargo.toml", kill_on_drop: false }`
[INFO] running `Command { std: "docker" "create" "-v" "/var/lib/crater-agent-workspace/builds/worker-3-tc1/source:/opt/rustwide/workdir:ro,Z" "-v" "/var/lib/crater-agent-workspace/builds/worker-3-tc1/target:/opt/rustwide/target:rw,Z" "-v" "/var/lib/crater-agent-workspace/cargo-home:/opt/rustwide/cargo-home:ro,Z" "-v" "/var/lib/crater-agent-workspace/rustup-home:/opt/rustwide/rustup-home:ro,Z" "-m" "1610612736" "--network" "none" "ghcr.io/rust-lang/crates-build-env/linux@sha256:77db811e55d90add9212f6832c23229e3de5f1c1f9905e8cb07319ea15df73ac" "sleep" "infinity", kill_on_drop: false }`
[INFO] [stdout] 082d0b7c9bc3623cf42359162f8889241b8f769eb2de4658454283049feabb16
[INFO] running `Command { std: "docker" "start" "082d0b7c9bc3623cf42359162f8889241b8f769eb2de4658454283049feabb16", kill_on_drop: false }`
[INFO] running `Command { std: "docker" "inspect" "082d0b7c9bc3623cf42359162f8889241b8f769eb2de4658454283049feabb16", kill_on_drop: false }`
[INFO] running `Command { std: "docker" "exec" "-e" "SOURCE_DIR=/opt/rustwide/workdir" "-e" "CARGO_HOME=/opt/rustwide/cargo-home" "-e" "RUSTUP_HOME=/opt/rustwide/rustup-home" "-e" "CARGO_TARGET_DIR=/opt/rustwide/target" "-w" "/opt/rustwide/workdir" "--user" "0:0" "082d0b7c9bc3623cf42359162f8889241b8f769eb2de4658454283049feabb16" "/opt/rustwide/cargo-home/bin/cargo" "+1.99.0-beta.8" "metadata" "--no-deps" "--format-version=1", kill_on_drop: false }`
[INFO] running `Command { std: "docker" "inspect" "082d0b7c9bc3623cf42359162f8889241b8f769eb2de4658454283049feabb16", kill_on_drop: false }`
[INFO] running `Command { std: "docker" "exec" "-e" "SOURCE_DIR=/opt/rustwide/workdir" "-e" "CARGO_HOME=/opt/rustwide/cargo-home" "-e" "RUSTUP_HOME=/opt/rustwide/rustup-home" "-e" "CARGO_TARGET_DIR=/opt/rustwide/target" "-e" "CARGO_INCREMENTAL=0" "-e" "RUST_BACKTRACE=full" "-e" "RUSTFLAGS=--cap-lints=warn" "-e" "RUSTDOCFLAGS=--cap-lints=warn" "-w" "/opt/rustwide/workdir" "--user" "0:0" "082d0b7c9bc3623cf42359162f8889241b8f769eb2de4658454283049feabb16" "/opt/rustwide/cargo-home/bin/cargo" "+1.99.0-beta.8" "build" "--frozen" "--message-format=json" "--release", kill_on_drop: false }`
[INFO] [stderr]    Compiling proc-macro2 v1.0.95
[INFO] [stderr]    Compiling unicode-ident v1.0.18
[INFO] [stderr]    Compiling memchr v2.7.4
[INFO] [stderr]    Compiling libc v0.2.172
[INFO] [stderr]    Compiling colorchoice v1.0.3
[INFO] [stderr]    Compiling regex-syntax v0.8.5
[INFO] [stderr]    Compiling anstyle-query v1.1.2
[INFO] [stderr]    Compiling anstyle v1.0.10
[INFO] [stderr]    Compiling is_terminal_polyfill v1.70.1
[INFO] [stderr]    Compiling clap_lex v0.7.4
[INFO] [stderr]    Compiling humantime v2.2.0
[INFO] [stderr]    Compiling anstyle-parse v0.2.6
[INFO] [stderr]    Compiling log v0.4.27
[INFO] [stderr]    Compiling anstream v0.6.18
[INFO] [stderr]    Compiling clap_builder v4.5.38
[INFO] [stderr]    Compiling quote v1.0.40
[INFO] [stderr]    Compiling syn v2.0.101
[INFO] [stderr]    Compiling aho-corasick v1.1.3
[INFO] [stderr]    Compiling is-terminal v0.4.16
[INFO] [stderr]    Compiling regex-automata v0.4.9
[INFO] [stderr]    Compiling thiserror-impl v1.0.69
[INFO] [stderr]    Compiling clap_derive v4.5.32
[INFO] [stderr]    Compiling thiserror v1.0.69
[INFO] [stderr]    Compiling regex v1.11.1
[INFO] [stderr]    Compiling env_logger v0.10.2
[INFO] [stderr]    Compiling clap v4.5.38
[INFO] [stderr]    Compiling stalmarck-sat v0.1.0 (/opt/rustwide/workdir)
[INFO] [stderr]     Finished `release` profile [optimized] target(s) in 28.69s
[INFO] running `Command { std: "docker" "inspect" "082d0b7c9bc3623cf42359162f8889241b8f769eb2de4658454283049feabb16", kill_on_drop: false }`
[INFO] running `Command { std: "docker" "exec" "-e" "SOURCE_DIR=/opt/rustwide/workdir" "-e" "CARGO_HOME=/opt/rustwide/cargo-home" "-e" "RUSTUP_HOME=/opt/rustwide/rustup-home" "-e" "CARGO_TARGET_DIR=/opt/rustwide/target" "-e" "CARGO_INCREMENTAL=0" "-e" "RUST_BACKTRACE=full" "-e" "RUSTFLAGS=--cap-lints=warn" "-e" "RUSTDOCFLAGS=--cap-lints=warn" "-w" "/opt/rustwide/workdir" "--user" "0:0" "082d0b7c9bc3623cf42359162f8889241b8f769eb2de4658454283049feabb16" "/opt/rustwide/cargo-home/bin/cargo" "+1.99.0-beta.8" "test" "--frozen" "--no-run" "--message-format=json" "--release", kill_on_drop: false }`
[INFO] [stderr]    Compiling syn v2.0.101
[INFO] [stderr]    Compiling semver v1.0.26
[INFO] [stderr]    Compiling aho-corasick v1.1.3
[INFO] [stderr]    Compiling serde v1.0.219
[INFO] [stderr]    Compiling slab v0.4.9
[INFO] [stderr]    Compiling regex-syntax v0.8.5
[INFO] [stderr]    Compiling serde_json v1.0.140
[INFO] [stderr]    Compiling half v2.6.0
[INFO] [stderr]    Compiling rustix v1.0.7
[INFO] [stderr]    Compiling rayon-core v1.12.1
[INFO] [stderr]    Compiling getrandom v0.3.3
[INFO] [stderr]    Compiling bitflags v2.9.1
[INFO] [stderr]    Compiling relative-path v1.9.3
[INFO] [stderr]    Compiling glob v0.3.2
[INFO] [stderr]    Compiling linux-raw-sys v0.9.4
[INFO] [stderr]    Compiling plotters v0.3.7
[INFO] [stderr]    Compiling ciborium-ll v0.2.2
[INFO] [stderr]    Compiling rustc_version v0.4.1
[INFO] [stderr]    Compiling rstest_macros v0.18.2
[INFO] [stderr]    Compiling rayon v1.10.0
[INFO] [stderr]    Compiling regex-automata v0.4.9
[INFO] [stderr]    Compiling tempfile v3.20.0
[INFO] [stderr]    Compiling serde_derive v1.0.219
[INFO] [stderr]    Compiling clap_derive v4.5.32
[INFO] [stderr]    Compiling futures-macro v0.3.31
[INFO] [stderr]    Compiling thiserror-impl v1.0.69
[INFO] [stderr]    Compiling regex v1.11.1
[INFO] [stderr]    Compiling futures-util v0.3.31
[INFO] [stderr]    Compiling thiserror v1.0.69
[INFO] [stderr]    Compiling env_logger v0.10.2
[INFO] [stderr]    Compiling clap v4.5.38
[INFO] [stderr]    Compiling stalmarck-sat v0.1.0 (/opt/rustwide/workdir)
[INFO] [stderr]    Compiling futures-executor v0.3.31
[INFO] [stderr]    Compiling futures v0.3.31
[INFO] [stderr]    Compiling rstest v0.18.2
[INFO] [stderr]    Compiling ciborium v0.2.2
[INFO] [stderr]    Compiling tinytemplate v1.2.1
[INFO] [stderr]    Compiling criterion v0.5.1
[INFO] [stderr]     Finished `release` profile [optimized] target(s) in 1m 00s
[INFO] running `Command { std: "docker" "inspect" "082d0b7c9bc3623cf42359162f8889241b8f769eb2de4658454283049feabb16", kill_on_drop: false }`
[INFO] running `Command { std: "docker" "exec" "-e" "SOURCE_DIR=/opt/rustwide/workdir" "-e" "CARGO_HOME=/opt/rustwide/cargo-home" "-e" "RUSTUP_HOME=/opt/rustwide/rustup-home" "-e" "CARGO_TARGET_DIR=/opt/rustwide/target" "-e" "CARGO_INCREMENTAL=0" "-e" "RUST_BACKTRACE=full" "-e" "RUSTFLAGS=--cap-lints=warn" "-e" "RUSTDOCFLAGS=--cap-lints=warn" "-w" "/opt/rustwide/workdir" "--user" "0:0" "082d0b7c9bc3623cf42359162f8889241b8f769eb2de4658454283049feabb16" "/opt/rustwide/cargo-home/bin/cargo" "+1.99.0-beta.8" "test" "--frozen" "--release", kill_on_drop: false }`
[INFO] [stderr]     Finished `release` profile [optimized] target(s) in 0.20s
[INFO] [stderr]      Running unittests src/lib.rs (/opt/rustwide/target/release/deps/stalmarck_sat-104e3af72674631d)
[INFO] [stdout] 
[INFO] [stdout] running 30 tests
[INFO] [stdout] test parser::dimacs_test::tests::test_comments_only ... ok
[INFO] [stdout] test core::formula_test::tests::test_empty_clause ... ok
[INFO] [stdout] test core::formula_test::tests::test_basic_implication_translation ... ok
[INFO] [stdout] test core::formula_test::tests::test_get_clauses ... ok
[INFO] [stdout] test parser::dimacs_test::tests::test_simple_cnf ... ok
[INFO] [stdout] test core::formula_test::tests::test_clause_reservation ... ok
[INFO] [stdout] test parser::dimacs_test::tests::test_complicated_cnf ... ok
[INFO] [stdout] test parser::dimacs_test::tests::test_invalid_literal ... ok
[INFO] [stdout] test solver::solver_test::solver_test::test_simple_not_tautology ... ok
[INFO] [stdout] test core::formula_test::tests::test_single_literal_clause ... ok
[INFO] [stdout] test solver::solver_test::solver_test::test_simple_rule_5a ... ok
[INFO] [stdout] test solver::solver_test::solver_test::test_simple_rule_4b ... ok
[INFO] [stdout] test solver::solver_test::solver_test::test_simple_rule_5b ... ok
[INFO] [stdout] test solver::solver_test::solver_test::test_pq_nq_tautology ... ok
[INFO] [stdout] test solver::solver_test::solver_test::test_forcing_a_and_not_a_tautology ... ok
[INFO] [stdout] test solver::solver_test::solver_test::test_simple_rule_2 ... ok
[INFO] [stdout] test solver::solver_test::solver_test::test_implies_y_and_not_y_tautology ... ok
[INFO] [stdout] test parser::dimacs_test::tests::test_nonexistent_file ... ok
[INFO] [stdout] test core::formula_test::tests::test_basic_triplet_translation ... ok
[INFO] [stdout] test parser::dimacs_test::tests::test_empty_file ... ok
[INFO] [stdout] test solver::solver_test::solver_test::test_solver_reset ... ok
[INFO] [stdout] test solver::solver_test::solver_test::test_simple_rule_7 ... ok
[INFO] [stdout] test core::formula_test::tests::test_empty_formula ... ok
[INFO] [stdout] test solver::solver_test::solver_test::test_simple_tautology ... ok
[INFO] [stdout] test solver::solver_test::solver_test::test_solver_initialization ... ok
[INFO] [stdout] test solver::solver_test::solver_test::test_simple_rule_3 ... ok
[INFO] [stdout] test solver::solver_test::solver_test::test_simple_rule_6 ... ok
[INFO] [stdout] test solver::solver_test::solver_test::test_simple_rule_4a ... ok
[INFO] [stderr]      Running unittests src/main.rs (/opt/rustwide/target/release/deps/stalmarck_sat-e7c05620373ded71)
[INFO] [stdout] test solver::solver_test::solver_test::test_branch_and_solve ... ok
[INFO] [stdout] test solver::solver_test::solver_test::test_simple_rule_1 ... ok
[INFO] [stdout] 
[INFO] [stdout] test result: ok. 30 passed; 0 failed; 0 ignored; 0 measured; 0 filtered out; finished in 0.02s
[INFO] [stdout] 
[INFO] [stdout] 
[INFO] [stdout] running 0 tests
[INFO] [stderr]      Running tests/integration_tests.rs (/opt/rustwide/target/release/deps/integration_tests-c2012fbe2a98fe14)
[INFO] [stdout] 
[INFO] [stdout] test result: ok. 0 passed; 0 failed; 0 ignored; 0 measured; 0 filtered out; finished in 0.00s
[INFO] [stdout] 
[INFO] [stdout] 
[INFO] [stdout] running 4 tests
[INFO] [stdout] test test_timeout_handling ... FAILED
[INFO] [stdout] test test_performance ... FAILED
[INFO] [stdout] test test_invalid_file ... FAILED
[INFO] [stderr] error: test failed, to rerun pass `--test integration_tests`
[INFO] [stdout] test test_individual_cnf_files ... FAILED
[INFO] [stdout] 
[INFO] [stdout] failures:
[INFO] [stdout] 
[INFO] [stdout] ---- test_timeout_handling stdout ----
[INFO] [stdout] 
[INFO] [stdout] thread 'test_timeout_handling' (1670) panicked at tests/integration_tests.rs:187:10:
[INFO] [stdout] Failed to execute solver with timeout: Os { code: 2, kind: NotFound, message: "No such file or directory" }
[INFO] [stdout] stack backtrace:
[INFO] [stdout]    0:     0x62d858554c41 - <<std[70759c8f55707aa4]::sys::backtrace::BacktraceLock>::print::DisplayBacktrace as core[df12db4294e9bfd3]::fmt::Display>::fmt
[INFO] [stdout]    1:     0x62d858568e1a - core[df12db4294e9bfd3]::fmt::write
[INFO] [stdout]    2:     0x62d8585590dc - <alloc[2182bb758b4b3781]::vec::Vec<u8> as core[df12db4294e9bfd3]::io::write::Write>::write_fmt
[INFO] [stdout]    3:     0x62d858531136 - std[70759c8f55707aa4]::panicking::default_hook::{closure#0}
[INFO] [stdout]    4:     0x62d85854d3a9 - std[70759c8f55707aa4]::panicking::default_hook
[INFO] [stdout]    5:     0x62d8584e9730 - test[9d35eded1c95d3be]::test_main_inner::<test[9d35eded1c95d3be]::test_main_static::{closure#0}>::{closure#0}
[INFO] [stdout]    6:     0x62d85854d562 - std[70759c8f55707aa4]::panicking::panic_with_hook
[INFO] [stdout]    7:     0x62d8585311e2 - std[70759c8f55707aa4]::panicking::panic_handler::{closure#0}
[INFO] [stdout]    8:     0x62d858529f69 - std[70759c8f55707aa4]::sys::backtrace::__rust_end_short_backtrace::<std[70759c8f55707aa4]::panicking::panic_handler::{closure#0}, !>
[INFO] [stdout]    9:     0x62d858531ddd - __rustc[8fa7c3cbc660c2b3]::rust_begin_unwind
[INFO] [stdout]   10:     0x62d85856954c - core[df12db4294e9bfd3]::panicking::panic_fmt
[INFO] [stdout]   11:     0x62d858569322 - core[df12db4294e9bfd3]::result::unwrap_failed
[INFO] [stdout]   12:     0x62d8584dc5ce - <integration_tests[5cbd51470f69143a]::test_timeout_handling::{closure#0} as core[df12db4294e9bfd3]::ops::function::FnOnce<()>>::call_once
[INFO] [stdout]   13:     0x62d8584dca1b - test[9d35eded1c95d3be]::__rust_begin_short_backtrace::<core[df12db4294e9bfd3]::result::Result<(), alloc[2182bb758b4b3781]::string::String>, fn() -> core[df12db4294e9bfd3]::result::Result<(), alloc[2182bb758b4b3781]::string::String>>
[INFO] [stdout]   14:     0x62d8584ea085 - test[9d35eded1c95d3be]::run_test::{closure#0}
[INFO] [stdout]   15:     0x62d8584e3944 - std[70759c8f55707aa4]::sys::backtrace::__rust_begin_short_backtrace::<test[9d35eded1c95d3be]::run_test::{closure#1}, ()>
[INFO] [stdout]   16:     0x62d8584ed1e2 - <std[70759c8f55707aa4]::thread::lifecycle::spawn_unchecked<test[9d35eded1c95d3be]::run_test::{closure#1}, ()>::{closure#1} as core[df12db4294e9bfd3]::ops::function::FnOnce<()>>::call_once::{shim:vtable#0}
[INFO] [stdout]   17:     0x62d858554519 - <std[70759c8f55707aa4]::sys::thread::unix::Thread>::new::thread_start
[INFO] [stdout]   18:     0x74ec08ab9dfa - <unknown>
[INFO] [stdout]   19:     0x74ec08b4d3d4 - clone
[INFO] [stdout]   20:                0x0 - <unknown>
[INFO] [stdout] 
[INFO] [stdout] ---- test_performance stdout ----
[INFO] [stdout] 
[INFO] [stdout] thread 'test_performance' (1669) panicked at tests/integration_tests.rs:79:10:
[INFO] [stdout] Failed to execute solver: Os { code: 2, kind: NotFound, message: "No such file or directory" }
[INFO] [stdout] stack backtrace:
[INFO] [stdout]    0:     0x62d858554c41 - <<std[70759c8f55707aa4]::sys::backtrace::BacktraceLock>::print::DisplayBacktrace as core[df12db4294e9bfd3]::fmt::Display>::fmt
[INFO] [stdout]    1:     0x62d858568e1a - core[df12db4294e9bfd3]::fmt::write
[INFO] [stdout]    2:     0x62d8585590dc - <alloc[2182bb758b4b3781]::vec::Vec<u8> as core[df12db4294e9bfd3]::io::write::Write>::write_fmt
[INFO] [stdout]    3:     0x62d858531136 - std[70759c8f55707aa4]::panicking::default_hook::{closure#0}
[INFO] [stdout]    4:     0x62d85854d3a9 - std[70759c8f55707aa4]::panicking::default_hook
[INFO] [stdout]    5:     0x62d8584e9730 - test[9d35eded1c95d3be]::test_main_inner::<test[9d35eded1c95d3be]::test_main_static::{closure#0}>::{closure#0}
[INFO] [stdout]    6:     0x62d85854d562 - std[70759c8f55707aa4]::panicking::panic_with_hook
[INFO] [stdout]    7:     0x62d8585311e2 - std[70759c8f55707aa4]::panicking::panic_handler::{closure#0}
[INFO] [stdout]    8:     0x62d858529f69 - std[70759c8f55707aa4]::sys::backtrace::__rust_end_short_backtrace::<std[70759c8f55707aa4]::panicking::panic_handler::{closure#0}, !>
[INFO] [stdout]    9:     0x62d858531ddd - __rustc[8fa7c3cbc660c2b3]::rust_begin_unwind
[INFO] [stdout]   10:     0x62d85856954c - core[df12db4294e9bfd3]::panicking::panic_fmt
[INFO] [stdout]   11:     0x62d858569322 - core[df12db4294e9bfd3]::result::unwrap_failed
[INFO] [stdout]   12:     0x62d8584db504 - integration_tests[5cbd51470f69143a]::run_solver_on_file
[INFO] [stdout]   13:     0x62d8584dbc70 - <integration_tests[5cbd51470f69143a]::test_performance::{closure#0} as core[df12db4294e9bfd3]::ops::function::FnOnce<()>>::call_once
[INFO] [stdout]   14:     0x62d8584dca1b - test[9d35eded1c95d3be]::__rust_begin_short_backtrace::<core[df12db4294e9bfd3]::result::Result<(), alloc[2182bb758b4b3781]::string::String>, fn() -> core[df12db4294e9bfd3]::result::Result<(), alloc[2182bb758b4b3781]::string::String>>
[INFO] [stdout]   15:     0x62d8584ea085 - test[9d35eded1c95d3be]::run_test::{closure#0}
[INFO] [stdout]   16:     0x62d8584e3944 - std[70759c8f55707aa4]::sys::backtrace::__rust_begin_short_backtrace::<test[9d35eded1c95d3be]::run_test::{closure#1}, ()>
[INFO] [stdout]   17:     0x62d8584ed1e2 - <std[70759c8f55707aa4]::thread::lifecycle::spawn_unchecked<test[9d35eded1c95d3be]::run_test::{closure#1}, ()>::{closure#1} as core[df12db4294e9bfd3]::ops::function::FnOnce<()>>::call_once::{shim:vtable#0}
[INFO] [stdout]   18:     0x62d858554519 - <std[70759c8f55707aa4]::sys::thread::unix::Thread>::new::thread_start
[INFO] [stdout]   19:     0x74ec08ab9dfa - <unknown>
[INFO] [stdout]   20:     0x74ec08b4d3d4 - clone
[INFO] [stdout]   21:                0x0 - <unknown>
[INFO] [stdout] 
[INFO] [stdout] ---- test_invalid_file stdout ----
[INFO] [stdout] 
[INFO] [stdout] thread 'test_invalid_file' (1668) panicked at tests/integration_tests.rs:142:10:
[INFO] [stdout] Failed to execute solver: Os { code: 2, kind: NotFound, message: "No such file or directory" }
[INFO] [stdout] stack backtrace:
[INFO] [stdout]    0:     0x62d858554c41 - <<std[70759c8f55707aa4]::sys::backtrace::BacktraceLock>::print::DisplayBacktrace as core[df12db4294e9bfd3]::fmt::Display>::fmt
[INFO] [stdout]    1:     0x62d858568e1a - core[df12db4294e9bfd3]::fmt::write
[INFO] [stdout]    2:     0x62d8585590dc - <alloc[2182bb758b4b3781]::vec::Vec<u8> as core[df12db4294e9bfd3]::io::write::Write>::write_fmt
[INFO] [stdout]    3:     0x62d858531136 - std[70759c8f55707aa4]::panicking::default_hook::{closure#0}
[INFO] [stdout]    4:     0x62d85854d3a9 - std[70759c8f55707aa4]::panicking::default_hook
[INFO] [stdout]    5:     0x62d8584e9730 - test[9d35eded1c95d3be]::test_main_inner::<test[9d35eded1c95d3be]::test_main_static::{closure#0}>::{closure#0}
[INFO] [stdout]    6:     0x62d85854d562 - std[70759c8f55707aa4]::panicking::panic_with_hook
[INFO] [stdout]    7:     0x62d8585311e2 - std[70759c8f55707aa4]::panicking::panic_handler::{closure#0}
[INFO] [stdout]    8:     0x62d858529f69 - std[70759c8f55707aa4]::sys::backtrace::__rust_end_short_backtrace::<std[70759c8f55707aa4]::panicking::panic_handler::{closure#0}, !>
[INFO] [stdout]    9:     0x62d858531ddd - __rustc[8fa7c3cbc660c2b3]::rust_begin_unwind
[INFO] [stdout]   10:     0x62d85856954c - core[df12db4294e9bfd3]::panicking::panic_fmt
[INFO] [stdout]   11:     0x62d858569322 - core[df12db4294e9bfd3]::result::unwrap_failed
[INFO] [stdout]   12:     0x62d8584dc3e2 - <integration_tests[5cbd51470f69143a]::test_invalid_file::{closure#0} as core[df12db4294e9bfd3]::ops::function::FnOnce<()>>::call_once
[INFO] [stdout]   13:     0x62d8584dca1b - test[9d35eded1c95d3be]::__rust_begin_short_backtrace::<core[df12db4294e9bfd3]::result::Result<(), alloc[2182bb758b4b3781]::string::String>, fn() -> core[df12db4294e9bfd3]::result::Result<(), alloc[2182bb758b4b3781]::string::String>>
[INFO] [stdout]   14:     0x62d8584ea085 - test[9d35eded1c95d3be]::run_test::{closure#0}
[INFO] [stdout]   15:     0x62d8584e3944 - std[70759c8f55707aa4]::sys::backtrace::__rust_begin_short_backtrace::<test[9d35eded1c95d3be]::run_test::{closure#1}, ()>
[INFO] [stdout]   16:     0x62d8584ed1e2 - <std[70759c8f55707aa4]::thread::lifecycle::spawn_unchecked<test[9d35eded1c95d3be]::run_test::{closure#1}, ()>::{closure#1} as core[df12db4294e9bfd3]::ops::function::FnOnce<()>>::call_once::{shim:vtable#0}
[INFO] [stdout]   17:     0x62d858554519 - <std[70759c8f55707aa4]::sys::thread::unix::Thread>::new::thread_start
[INFO] [stdout]   18:     0x74ec08ab9dfa - <unknown>
[INFO] [stdout]   19:     0x74ec08b4d3d4 - clone
[INFO] [stdout]   20:                0x0 - <unknown>
[INFO] [stdout] 
[INFO] [stdout] ---- test_individual_cnf_files stdout ----
[INFO] [stdout] Testing: trivial_sat.cnf - Single positive literal
[INFO] [stdout] 
[INFO] [stdout] thread 'test_individual_cnf_files' (1667) panicked at tests/integration_tests.rs:79:10:
[INFO] [stdout] Failed to execute solver: Os { code: 2, kind: NotFound, message: "No such file or directory" }
[INFO] [stdout] stack backtrace:
[INFO] [stdout]    0:     0x62d858554c41 - <<std[70759c8f55707aa4]::sys::backtrace::BacktraceLock>::print::DisplayBacktrace as core[df12db4294e9bfd3]::fmt::Display>::fmt
[INFO] [stdout]    1:     0x62d858568e1a - core[df12db4294e9bfd3]::fmt::write
[INFO] [stdout]    2:     0x62d8585590dc - <alloc[2182bb758b4b3781]::vec::Vec<u8> as core[df12db4294e9bfd3]::io::write::Write>::write_fmt
[INFO] [stdout]    3:     0x62d858531136 - std[70759c8f55707aa4]::panicking::default_hook::{closure#0}
[INFO] [stdout]    4:     0x62d85854d3a9 - std[70759c8f55707aa4]::panicking::default_hook
[INFO] [stdout]    5:     0x62d8584e9730 - test[9d35eded1c95d3be]::test_main_inner::<test[9d35eded1c95d3be]::test_main_static::{closure#0}>::{closure#0}
[INFO] [stdout]    6:     0x62d85854d562 - std[70759c8f55707aa4]::panicking::panic_with_hook
[INFO] [stdout]    7:     0x62d8585311e2 - std[70759c8f55707aa4]::panicking::panic_handler::{closure#0}
[INFO] [stdout]    8:     0x62d858529f69 - std[70759c8f55707aa4]::sys::backtrace::__rust_end_short_backtrace::<std[70759c8f55707aa4]::panicking::panic_handler::{closure#0}, !>
[INFO] [stdout]    9:     0x62d858531ddd - __rustc[8fa7c3cbc660c2b3]::rust_begin_unwind
[INFO] [stdout]   10:     0x62d85856954c - core[df12db4294e9bfd3]::panicking::panic_fmt
[INFO] [stdout]   11:     0x62d858569322 - core[df12db4294e9bfd3]::result::unwrap_failed
[INFO] [stdout]   12:     0x62d8584db504 - integration_tests[5cbd51470f69143a]::run_solver_on_file
[INFO] [stdout]   13:     0x62d8584dc70e - <integration_tests[5cbd51470f69143a]::test_individual_cnf_files::{closure#0} as core[df12db4294e9bfd3]::ops::function::FnOnce<()>>::call_once
[INFO] [stdout]   14:     0x62d8584dca1b - test[9d35eded1c95d3be]::__rust_begin_short_backtrace::<core[df12db4294e9bfd3]::result::Result<(), alloc[2182bb758b4b3781]::string::String>, fn() -> core[df12db4294e9bfd3]::result::Result<(), alloc[2182bb758b4b3781]::string::String>>
[INFO] [stdout]   15:     0x62d8584ea085 - test[9d35eded1c95d3be]::run_test::{closure#0}
[INFO] [stdout]   16:     0x62d8584e3944 - std[70759c8f55707aa4]::sys::backtrace::__rust_begin_short_backtrace::<test[9d35eded1c95d3be]::run_test::{closure#1}, ()>
[INFO] [stdout]   17:     0x62d8584ed1e2 - <std[70759c8f55707aa4]::thread::lifecycle::spawn_unchecked<test[9d35eded1c95d3be]::run_test::{closure#1}, ()>::{closure#1} as core[df12db4294e9bfd3]::ops::function::FnOnce<()>>::call_once::{shim:vtable#0}
[INFO] [stdout]   18:     0x62d858554519 - <std[70759c8f55707aa4]::sys::thread::unix::Thread>::new::thread_start
[INFO] [stdout]   19:     0x74ec08ab9dfa - <unknown>
[INFO] [stdout]   20:     0x74ec08b4d3d4 - clone
[INFO] [stdout]   21:                0x0 - <unknown>
[INFO] [stdout] 
[INFO] [stdout] 
[INFO] [stdout] failures:
[INFO] [stdout]     test_individual_cnf_files
[INFO] [stdout]     test_invalid_file
[INFO] [stdout]     test_performance
[INFO] [stdout]     test_timeout_handling
[INFO] [stdout] 
[INFO] [stdout] test result: FAILED. 0 passed; 4 failed; 0 ignored; 0 measured; 0 filtered out; finished in 15.49s
[INFO] [stdout] 
[INFO] running `Command { std: "docker" "inspect" "082d0b7c9bc3623cf42359162f8889241b8f769eb2de4658454283049feabb16", kill_on_drop: false }`
[INFO] running `Command { std: "docker" "rm" "-f" "082d0b7c9bc3623cf42359162f8889241b8f769eb2de4658454283049feabb16", kill_on_drop: false }`
[INFO] [stdout] 082d0b7c9bc3623cf42359162f8889241b8f769eb2de4658454283049feabb16
