[INFO] fetching crate stackwise 0.3.1...
[INFO] testing stackwise-0.3.1 against 1.99.0-beta.8+cargoflags=--release for beta-release-1.100-2
[INFO] extracting crate stackwise 0.3.1 into /workspace/builds/worker-2-tc1/source
[INFO] started tweaking crates.io crate stackwise 0.3.1
[INFO] removed 0 missing tests
[INFO] finished tweaking crates.io crate stackwise 0.3.1
[INFO] tweaked toml for crates.io crate stackwise 0.3.1 written to /workspace/builds/worker-2-tc1/source/Cargo.toml
[INFO] validating manifest of crates.io crate stackwise 0.3.1 on toolchain 1.99.0-beta.8
[INFO] running `Command { std: CARGO_HOME="/workspace/cargo-home" RUSTUP_HOME="/workspace/rustup-home" "/workspace/cargo-home/bin/cargo" "+1.99.0-beta.8" "metadata" "--manifest-path" "Cargo.toml" "--no-deps", kill_on_drop: false }`
[INFO] crate crates.io crate stackwise 0.3.1 already has a lockfile, it will not be regenerated
[INFO] running `Command { std: CARGO_HOME="/workspace/cargo-home" RUSTUP_HOME="/workspace/rustup-home" "/workspace/cargo-home/bin/cargo" "+1.99.0-beta.8" "fetch" "--manifest-path" "Cargo.toml", kill_on_drop: false }`
[INFO] [stderr]     Updating crates.io index
[INFO] [stderr]  Downloading crates ...
[INFO] [stderr]   Downloaded open v5.3.4
[INFO] [stderr]   Downloaded stackwise-core v0.3.1
[INFO] [stderr]   Downloaded pdb v0.8.0
[INFO] [stderr]   Downloaded cargo-platform v0.3.3
[INFO] [stderr]   Downloaded assert_cmd v2.2.1
[INFO] [stderr]   Downloaded ruzstd v0.8.2
[INFO] [stderr]   Downloaded iced-x86 v1.21.0
[INFO] running `Command { std: "docker" "create" "-v" "/var/lib/crater-agent-workspace/builds/worker-2-tc1/source:/opt/rustwide/workdir:ro,Z" "-v" "/var/lib/crater-agent-workspace/builds/worker-2-tc1/target:/opt/rustwide/target:rw,Z" "-v" "/var/lib/crater-agent-workspace/cargo-home:/opt/rustwide/cargo-home:ro,Z" "-v" "/var/lib/crater-agent-workspace/rustup-home:/opt/rustwide/rustup-home:ro,Z" "-m" "1610612736" "--network" "none" "ghcr.io/rust-lang/crates-build-env/linux@sha256:77db811e55d90add9212f6832c23229e3de5f1c1f9905e8cb07319ea15df73ac" "sleep" "infinity", kill_on_drop: false }`
[INFO] [stdout] d09273c042c4882a265ccac173f65808f26586a958814dea1e1f3730f2d47d1c
[INFO] running `Command { std: "docker" "start" "d09273c042c4882a265ccac173f65808f26586a958814dea1e1f3730f2d47d1c", kill_on_drop: false }`
[INFO] running `Command { std: "docker" "inspect" "d09273c042c4882a265ccac173f65808f26586a958814dea1e1f3730f2d47d1c", kill_on_drop: false }`
[INFO] running `Command { std: "docker" "exec" "-e" "SOURCE_DIR=/opt/rustwide/workdir" "-e" "CARGO_HOME=/opt/rustwide/cargo-home" "-e" "RUSTUP_HOME=/opt/rustwide/rustup-home" "-e" "CARGO_TARGET_DIR=/opt/rustwide/target" "-w" "/opt/rustwide/workdir" "--user" "0:0" "d09273c042c4882a265ccac173f65808f26586a958814dea1e1f3730f2d47d1c" "/opt/rustwide/cargo-home/bin/cargo" "+1.99.0-beta.8" "metadata" "--no-deps" "--format-version=1", kill_on_drop: false }`
[INFO] running `Command { std: "docker" "inspect" "d09273c042c4882a265ccac173f65808f26586a958814dea1e1f3730f2d47d1c", kill_on_drop: false }`
[INFO] running `Command { std: "docker" "exec" "-e" "SOURCE_DIR=/opt/rustwide/workdir" "-e" "CARGO_HOME=/opt/rustwide/cargo-home" "-e" "RUSTUP_HOME=/opt/rustwide/rustup-home" "-e" "CARGO_TARGET_DIR=/opt/rustwide/target" "-e" "CARGO_INCREMENTAL=0" "-e" "RUST_BACKTRACE=full" "-e" "RUSTFLAGS=--cap-lints=warn" "-e" "RUSTDOCFLAGS=--cap-lints=warn" "-w" "/opt/rustwide/workdir" "--user" "0:0" "d09273c042c4882a265ccac173f65808f26586a958814dea1e1f3730f2d47d1c" "/opt/rustwide/cargo-home/bin/cargo" "+1.99.0-beta.8" "build" "--frozen" "--message-format=json" "--release", kill_on_drop: false }`
[INFO] [stderr]    Compiling serde_core v1.0.228
[INFO] [stderr]    Compiling serde_json v1.0.149
[INFO] [stderr]    Compiling simd-adler32 v0.3.9
[INFO] [stderr]    Compiling camino v1.2.2
[INFO] [stderr]    Compiling crc32fast v1.5.0
[INFO] [stderr]    Compiling ref-cast v1.0.25
[INFO] [stderr]    Compiling twox-hash v2.1.2
[INFO] [stderr]    Compiling object v0.39.1
[INFO] [stderr]    Compiling serde_derive v1.0.228
[INFO] [stderr]    Compiling crossbeam-epoch v0.9.18
[INFO] [stderr]    Compiling serde_derive_internals v0.29.1
[INFO] [stderr]    Compiling ref-cast-impl v1.0.25
[INFO] [stderr]    Compiling thiserror-impl v2.0.18
[INFO] [stderr]    Compiling is-docker v0.2.0
[INFO] [stderr]    Compiling fallible-iterator v0.2.0
[INFO] [stderr]    Compiling scroll v0.11.0
[INFO] [stderr]    Compiling ruzstd v0.8.2
[INFO] [stderr]    Compiling uuid v1.23.1
[INFO] [stderr]    Compiling either v1.15.0
[INFO] [stderr]    Compiling console v0.16.3
[INFO] [stderr]    Compiling is-wsl v0.4.0
[INFO] [stderr]    Compiling clap_derive v4.6.1
[INFO] [stderr]    Compiling miniz_oxide v0.8.9
[INFO] [stderr]    Compiling crossbeam-deque v0.8.6
[INFO] [stderr]    Compiling clap_builder v4.6.0
[INFO] [stderr]    Compiling memmap2 v0.9.10
[INFO] [stderr]    Compiling include_dir_macros v0.7.4
[INFO] [stderr]    Compiling unit-prefix v0.5.2
[INFO] [stderr]    Compiling rayon-core v1.13.0
[INFO] [stderr]    Compiling pathdiff v0.2.3
[INFO] [stderr]    Compiling winnow v0.7.15
[INFO] [stderr]    Compiling flate2 v1.1.9
[INFO] [stderr]    Compiling pdb v0.8.0
[INFO] [stderr]    Compiling chunked_transfer v1.5.0
[INFO] [stderr]    Compiling ascii v1.1.0
[INFO] [stderr]    Compiling iced-x86 v1.21.0
[INFO] [stderr]    Compiling schemars_derive v1.2.1
[INFO] [stderr]    Compiling thiserror v2.0.18
[INFO] [stderr]    Compiling include_dir v0.7.4
[INFO] [stderr]    Compiling open v5.3.4
[INFO] [stderr]    Compiling tiny_http v0.12.0
[INFO] [stderr]    Compiling indicatif v0.18.4
[INFO] [stderr]    Compiling rayon v1.12.0
[INFO] [stderr]    Compiling toml_datetime v0.7.5+spec-1.1.0
[INFO] [stderr]    Compiling serde v1.0.228
[INFO] [stderr]    Compiling semver v1.0.28
[INFO] [stderr]    Compiling cargo-platform v0.3.3
[INFO] [stderr]    Compiling serde_spanned v1.1.1
[INFO] [stderr]    Compiling clap v4.6.1
[INFO] [stderr]    Compiling toml v0.9.12+spec-1.1.0
[INFO] [stderr]    Compiling schemars v1.2.1
[INFO] [stderr]    Compiling cargo_metadata v0.23.1
[INFO] [stderr]    Compiling stackwise-core v0.3.1
[INFO] [stderr]    Compiling stackwise v0.3.1 (/opt/rustwide/workdir)
[INFO] [stderr]     Finished `release` profile [optimized] target(s) in 1m 22s
[INFO] running `Command { std: "docker" "inspect" "d09273c042c4882a265ccac173f65808f26586a958814dea1e1f3730f2d47d1c", kill_on_drop: false }`
[INFO] running `Command { std: "docker" "exec" "-e" "SOURCE_DIR=/opt/rustwide/workdir" "-e" "CARGO_HOME=/opt/rustwide/cargo-home" "-e" "RUSTUP_HOME=/opt/rustwide/rustup-home" "-e" "CARGO_TARGET_DIR=/opt/rustwide/target" "-e" "CARGO_INCREMENTAL=0" "-e" "RUST_BACKTRACE=full" "-e" "RUSTFLAGS=--cap-lints=warn" "-e" "RUSTDOCFLAGS=--cap-lints=warn" "-w" "/opt/rustwide/workdir" "--user" "0:0" "d09273c042c4882a265ccac173f65808f26586a958814dea1e1f3730f2d47d1c" "/opt/rustwide/cargo-home/bin/cargo" "+1.99.0-beta.8" "test" "--frozen" "--no-run" "--message-format=json" "--release", kill_on_drop: false }`
[INFO] [stderr]    Compiling aho-corasick v1.1.4
[INFO] [stderr]    Compiling regex-syntax v0.8.10
[INFO] [stderr]    Compiling float-cmp v0.10.0
[INFO] [stderr]    Compiling assert_cmd v2.2.1
[INFO] [stderr]    Compiling tempfile v3.27.0
[INFO] [stderr]    Compiling regex-automata v0.4.14
[INFO] [stderr]    Compiling regex v1.12.3
[INFO] [stderr]    Compiling bstr v1.12.1
[INFO] [stderr]    Compiling predicates v3.1.4
[INFO] [stderr]    Compiling stackwise v0.3.1 (/opt/rustwide/workdir)
[INFO] [stdout] warning: unused imports: `AgentScriptConfig`, `opencode_prompt_message`, and `write_agent_script`
[INFO] [stdout]     --> src/server.rs:2040:41
[INFO] [stdout]      |
[INFO] [stdout] 2040 |         friendly_agent_failure_message, opencode_prompt_message, refresh_agent_status_log_tail,
[INFO] [stdout]      |                                         ^^^^^^^^^^^^^^^^^^^^^^^
[INFO] [stdout] 2041 |         resolve_rust_std_source_path_with_roots, rust_library_relative_path,
[INFO] [stdout] 2042 |         sanitize_file_component, ui_asset_path, write_agent_script, AgentHandoffPaths,
[INFO] [stdout]      |                                                 ^^^^^^^^^^^^^^^^^^
[INFO] [stdout] 2043 |         AgentHandoffRequest, AgentHandoffState, AgentHandoffStatus, AgentKind, AgentScriptConfig,
[INFO] [stdout]      |                                                                                ^^^^^^^^^^^^^^^^^
[INFO] [stdout]      |
[INFO] [stdout]      = note: `#[warn(unused_imports)]` (part of `#[warn(unused)]`) on by default
[INFO] [stdout] 
[INFO] [stdout] 
[INFO] [stderr]     Finished `release` profile [optimized] target(s) in 30.54s
[INFO] running `Command { std: "docker" "inspect" "d09273c042c4882a265ccac173f65808f26586a958814dea1e1f3730f2d47d1c", kill_on_drop: false }`
[INFO] running `Command { std: "docker" "exec" "-e" "SOURCE_DIR=/opt/rustwide/workdir" "-e" "CARGO_HOME=/opt/rustwide/cargo-home" "-e" "RUSTUP_HOME=/opt/rustwide/rustup-home" "-e" "CARGO_TARGET_DIR=/opt/rustwide/target" "-e" "CARGO_INCREMENTAL=0" "-e" "RUST_BACKTRACE=full" "-e" "RUSTFLAGS=--cap-lints=warn" "-e" "RUSTDOCFLAGS=--cap-lints=warn" "-w" "/opt/rustwide/workdir" "--user" "0:0" "d09273c042c4882a265ccac173f65808f26586a958814dea1e1f3730f2d47d1c" "/opt/rustwide/cargo-home/bin/cargo" "+1.99.0-beta.8" "test" "--frozen" "--release", kill_on_drop: false }`
[INFO] [stderr] warning: unused imports: `AgentScriptConfig`, `opencode_prompt_message`, and `write_agent_script`
[INFO] [stderr]     --> src/server.rs:2040:41
[INFO] [stderr]      |
[INFO] [stderr] 2040 |         friendly_agent_failure_message, opencode_prompt_message, refresh_agent_status_log_tail,
[INFO] [stderr]      |                                         ^^^^^^^^^^^^^^^^^^^^^^^
[INFO] [stderr] 2041 |         resolve_rust_std_source_path_with_roots, rust_library_relative_path,
[INFO] [stderr] 2042 |         sanitize_file_component, ui_asset_path, write_agent_script, AgentHandoffPaths,
[INFO] [stderr]      |                                                 ^^^^^^^^^^^^^^^^^^
[INFO] [stderr] 2043 |         AgentHandoffRequest, AgentHandoffState, AgentHandoffStatus, AgentKind, AgentScriptConfig,
[INFO] [stderr]      |                                                                                ^^^^^^^^^^^^^^^^^
[INFO] [stderr]      |
[INFO] [stderr]      = note: `#[warn(unused_imports)]` (part of `#[warn(unused)]`) on by default
[INFO] [stderr] 
[INFO] [stderr] warning: `stackwise` (lib test) generated 1 warning (run `cargo fix --lib -p stackwise --tests` to apply 1 suggestion)
[INFO] [stderr]     Finished `release` profile [optimized] target(s) in 0.15s
[INFO] [stderr]      Running unittests src/lib.rs (/opt/rustwide/target/release/deps/stackwise-563265963e861b44)
[INFO] [stdout] 
[INFO] [stdout] running 21 tests
[INFO] [stdout] test cli::tests::analyze_command_serve_mode_parses ... ok
[INFO] [stdout] test cli::tests::open_command_serve_mode_parses_without_opening ... ok
[INFO] [stdout] test server::tests::classifies_claude_org_access_failures ... ok
[INFO] [stdout] test cli::tests::cargo_style_serve_conflicts_with_open ... ok
[INFO] [stdout] test server::tests::decodes_agent_handoff_requests ... ok
[INFO] [stdout] test cli::tests::cargo_style_serve_mode_parses_without_opening ... ok
[INFO] [stdout] test server::tests::compact_agent_log_tail_prefers_provider_errors_over_huge_tail ... ok
[INFO] [stdout] test server::tests::enriches_running_opencode_provider_failures_from_log_tail ... ok
[INFO] [stdout] test server::tests::ignores_non_rustc_library_paths ... ok
[INFO] [stdout] test server::tests::maps_ui_asset_paths_without_traversal ... ok
[INFO] [stdout] test server::tests::resolves_rustc_library_paths_to_local_rust_src ... ok
[INFO] [stdout] test server::tests::detects_mixed_separator_rustc_library_paths ... ok
[INFO] [stdout] test server::tests::refresh_running_agent_status_uses_relevant_log_excerpt ... ok
[INFO] [stdout] test server::tests::enriches_failed_agent_status_from_log_tail ... ok
[INFO] [stdout] test server::tests::sanitizes_agent_handoff_file_names ... ok
[INFO] [stdout] test cli::tests::analyze_command_open_mode_parses ... ok
[INFO] [stdout] test server::tests::rejects_rustc_library_path_traversal ... ok
[INFO] [stdout] test tests::default_artifact_report_path_uses_artifact_parent_and_stem ... ok
[INFO] [stdout] test server::tests::validates_handoff_status_paths ... ok
[INFO] [stdout] test cli::tests::analyze_command_serve_conflicts_with_open ... ok
[INFO] [stdout] test tests::default_artifact_report_path_falls_back_for_empty_stem ... FAILED
[INFO] [stdout] 
[INFO] [stdout] failures:
[INFO] [stdout] 
[INFO] [stdout] ---- tests::default_artifact_report_path_falls_back_for_empty_stem stdout ----
[INFO] [stdout] 
[INFO] [stdout] thread 'tests::default_artifact_report_path_falls_back_for_empty_stem' (1718) panicked at src/lib.rs:320:9:
[INFO] [stdout] assertion `left == right` failed
[INFO] [stdout]   left: "C:\\tmp\\/report.stackwise.json"
[INFO] [stdout]  right: "C:\\tmp\\report.stackwise.json"
[INFO] [stdout] stack backtrace:
[INFO] [stdout]    0:     0x5ccbe01566a1 - <<std[70759c8f55707aa4]::sys::backtrace::BacktraceLock>::print::DisplayBacktrace as core[df12db4294e9bfd3]::fmt::Display>::fmt
[INFO] [stdout]    1:     0x5ccbe016c8ea - core[df12db4294e9bfd3]::fmt::write
[INFO] [stdout]    2:     0x5ccbe015adbc - <alloc[2182bb758b4b3781]::vec::Vec<u8> as core[df12db4294e9bfd3]::io::write::Write>::write_fmt
[INFO] [stdout]    3:     0x5ccbe0131226 - std[70759c8f55707aa4]::panicking::default_hook::{closure#0}
[INFO] [stdout]    4:     0x5ccbe014e229 - std[70759c8f55707aa4]::panicking::default_hook
[INFO] [stdout]    5:     0x5ccbe00977c0 - test[9d35eded1c95d3be]::test_main_inner::<test[9d35eded1c95d3be]::test_main_static::{closure#0}>::{closure#0}
[INFO] [stdout]    6:     0x5ccbe014e3e2 - std[70759c8f55707aa4]::panicking::panic_with_hook
[INFO] [stdout]    7:     0x5ccbe01312d2 - std[70759c8f55707aa4]::panicking::panic_handler::{closure#0}
[INFO] [stdout]    8:     0x5ccbe0129da9 - std[70759c8f55707aa4]::sys::backtrace::__rust_end_short_backtrace::<std[70759c8f55707aa4]::panicking::panic_handler::{closure#0}, !>
[INFO] [stdout]    9:     0x5ccbe0131ecd - __rustc[8fa7c3cbc660c2b3]::rust_begin_unwind
[INFO] [stdout]   10:     0x5ccbe016d01c - core[df12db4294e9bfd3]::panicking::panic_fmt
[INFO] [stdout]   11:     0x5ccbe016cf33 - core[df12db4294e9bfd3]::panicking::assert_failed_inner
[INFO] [stdout]   12:     0x5ccbe0115f80 - core[df12db4294e9bfd3]::panicking::assert_failed::<&str, &str>
[INFO] [stdout]   13:     0x5ccbe007a819 - stackwise[54163ae329450dbe]::tests::default_artifact_report_path_falls_back_for_empty_stem
[INFO] [stdout]   14:     0x5ccbe0078c59 - <stackwise[54163ae329450dbe]::tests::default_artifact_report_path_falls_back_for_empty_stem::{closure#0} as core[df12db4294e9bfd3]::ops::function::FnOnce<()>>::call_once
[INFO] [stdout]   15:     0x5ccbe008aaab - test[9d35eded1c95d3be]::__rust_begin_short_backtrace::<core[df12db4294e9bfd3]::result::Result<(), alloc[2182bb758b4b3781]::string::String>, fn() -> core[df12db4294e9bfd3]::result::Result<(), alloc[2182bb758b4b3781]::string::String>>
[INFO] [stdout]   16:     0x5ccbe0098115 - test[9d35eded1c95d3be]::run_test::{closure#0}
[INFO] [stdout]   17:     0x5ccbe00919d4 - std[70759c8f55707aa4]::sys::backtrace::__rust_begin_short_backtrace::<test[9d35eded1c95d3be]::run_test::{closure#1}, ()>
[INFO] [stdout]   18:     0x5ccbe009b272 - <std[70759c8f55707aa4]::thread::lifecycle::spawn_unchecked<test[9d35eded1c95d3be]::run_test::{closure#1}, ()>::{closure#1} as core[df12db4294e9bfd3]::ops::function::FnOnce<()>>::call_once::{shim:vtable#0}
[INFO] [stdout]   19:     0x5ccbe0155a69 - <std[70759c8f55707aa4]::sys::thread::unix::Thread>::new::thread_start
[INFO] [stdout]   20:     0x7e1fd4c2cdfa - <unknown>
[INFO] [stdout]   21:     0x7e1fd4cc03d4 - clone
[INFO] [stdout]   22:                0x0 - <unknown>
[INFO] [stdout] 
[INFO] [stdout] 
[INFO] [stdout] failures:
[INFO] [stdout]     tests::default_artifact_report_path_falls_back_for_empty_stem
[INFO] [stdout] 
[INFO] [stdout] test result: FAILED. 20 passed; 1 failed; 0 ignored; 0 measured; 0 filtered out; finished in 0.01s
[INFO] [stdout] 
[INFO] [stderr] error: test failed, to rerun pass `--lib`
[INFO] running `Command { std: "docker" "inspect" "d09273c042c4882a265ccac173f65808f26586a958814dea1e1f3730f2d47d1c", kill_on_drop: false }`
[INFO] running `Command { std: "docker" "rm" "-f" "d09273c042c4882a265ccac173f65808f26586a958814dea1e1f3730f2d47d1c", kill_on_drop: false }`
[INFO] [stdout] d09273c042c4882a265ccac173f65808f26586a958814dea1e1f3730f2d47d1c
