[INFO] fetching crate stackrun 1.0.1...
[INFO] testing stackrun-1.0.1 against 1.99.0-beta.8+cargoflags=--release for beta-release-1.100-2
[INFO] extracting crate stackrun 1.0.1 into /workspace/builds/worker-7-tc1/source
[INFO] removed /workspace/builds/worker-7-tc1/source/rust-toolchain.toml
[INFO] started tweaking crates.io crate stackrun 1.0.1
[INFO] removed 0 missing tests
[INFO] finished tweaking crates.io crate stackrun 1.0.1
[INFO] tweaked toml for crates.io crate stackrun 1.0.1 written to /workspace/builds/worker-7-tc1/source/Cargo.toml
[INFO] validating manifest of crates.io crate stackrun 1.0.1 on toolchain 1.99.0-beta.8
[INFO] running `Command { std: CARGO_HOME="/workspace/cargo-home" RUSTUP_HOME="/workspace/rustup-home" "/workspace/cargo-home/bin/cargo" "+1.99.0-beta.8" "metadata" "--manifest-path" "Cargo.toml" "--no-deps", kill_on_drop: false }`
[INFO] crate crates.io crate stackrun 1.0.1 already has a lockfile, it will not be regenerated
[INFO] running `Command { std: CARGO_HOME="/workspace/cargo-home" RUSTUP_HOME="/workspace/rustup-home" "/workspace/cargo-home/bin/cargo" "+1.99.0-beta.8" "fetch" "--manifest-path" "Cargo.toml", kill_on_drop: false }`
[INFO] running `Command { std: "docker" "create" "-v" "/var/lib/crater-agent-workspace/builds/worker-7-tc1/source:/opt/rustwide/workdir:ro,Z" "-v" "/var/lib/crater-agent-workspace/builds/worker-7-tc1/target:/opt/rustwide/target:rw,Z" "-v" "/var/lib/crater-agent-workspace/cargo-home:/opt/rustwide/cargo-home:ro,Z" "-v" "/var/lib/crater-agent-workspace/rustup-home:/opt/rustwide/rustup-home:ro,Z" "-m" "1610612736" "--network" "none" "ghcr.io/rust-lang/crates-build-env/linux@sha256:77db811e55d90add9212f6832c23229e3de5f1c1f9905e8cb07319ea15df73ac" "sleep" "infinity", kill_on_drop: false }`
[INFO] [stdout] c5bda25cb881660fbeebf2b03f329f77f2afab54cc283648f6baacc574ea303e
[INFO] running `Command { std: "docker" "start" "c5bda25cb881660fbeebf2b03f329f77f2afab54cc283648f6baacc574ea303e", kill_on_drop: false }`
[INFO] running `Command { std: "docker" "inspect" "c5bda25cb881660fbeebf2b03f329f77f2afab54cc283648f6baacc574ea303e", kill_on_drop: false }`
[INFO] running `Command { std: "docker" "exec" "-e" "SOURCE_DIR=/opt/rustwide/workdir" "-e" "CARGO_HOME=/opt/rustwide/cargo-home" "-e" "RUSTUP_HOME=/opt/rustwide/rustup-home" "-e" "CARGO_TARGET_DIR=/opt/rustwide/target" "-w" "/opt/rustwide/workdir" "--user" "0:0" "c5bda25cb881660fbeebf2b03f329f77f2afab54cc283648f6baacc574ea303e" "/opt/rustwide/cargo-home/bin/cargo" "+1.99.0-beta.8" "metadata" "--no-deps" "--format-version=1", kill_on_drop: false }`
[INFO] running `Command { std: "docker" "inspect" "c5bda25cb881660fbeebf2b03f329f77f2afab54cc283648f6baacc574ea303e", kill_on_drop: false }`
[INFO] running `Command { std: "docker" "exec" "-e" "SOURCE_DIR=/opt/rustwide/workdir" "-e" "CARGO_HOME=/opt/rustwide/cargo-home" "-e" "RUSTUP_HOME=/opt/rustwide/rustup-home" "-e" "CARGO_TARGET_DIR=/opt/rustwide/target" "-e" "CARGO_INCREMENTAL=0" "-e" "RUST_BACKTRACE=full" "-e" "RUSTFLAGS=--cap-lints=warn" "-e" "RUSTDOCFLAGS=--cap-lints=warn" "-w" "/opt/rustwide/workdir" "--user" "0:0" "c5bda25cb881660fbeebf2b03f329f77f2afab54cc283648f6baacc574ea303e" "/opt/rustwide/cargo-home/bin/cargo" "+1.99.0-beta.8" "build" "--frozen" "--message-format=json" "--release", kill_on_drop: false }`
[INFO] [stderr]    Compiling syn v3.0.4
[INFO] [stderr]    Compiling memchr v2.8.3
[INFO] [stderr]    Compiling ucd-trie v0.1.7
[INFO] [stderr]    Compiling libc v0.2.189
[INFO] [stderr]    Compiling nix v0.31.3
[INFO] [stderr]    Compiling regex-automata v0.4.18
[INFO] [stderr]    Compiling owo-colors v4.3.0
[INFO] [stderr]    Compiling bitflags v2.13.1
[INFO] [stderr]    Compiling clap_builder v4.6.6
[INFO] [stderr]    Compiling tracing v0.1.44
[INFO] [stderr]    Compiling tracing-log v0.2.0
[INFO] [stderr]    Compiling thread_local v1.1.10
[INFO] [stderr]    Compiling nu-ansi-term v0.50.3
[INFO] [stderr]    Compiling pest v2.9.0
[INFO] [stderr]    Compiling pest_meta v2.9.0
[INFO] [stderr]    Compiling serde_derive v1.0.229
[INFO] [stderr]    Compiling clap_derive v4.6.4
[INFO] [stderr]    Compiling thiserror-impl v2.0.20
[INFO] [stderr]    Compiling ctrlc v3.5.2
[INFO] [stderr]    Compiling pest_generator v2.9.0
[INFO] [stderr]    Compiling matchers v0.2.0
[INFO] [stderr]    Compiling tracing-subscriber v0.3.23
[INFO] [stderr]    Compiling pest_derive v2.9.0
[INFO] [stderr]    Compiling thiserror v2.0.20
[INFO] [stderr]    Compiling clap v4.6.6
[INFO] [stderr]    Compiling serde v1.0.229
[INFO] [stderr]    Compiling toml_datetime v0.6.11
[INFO] [stderr]    Compiling serde_spanned v0.6.9
[INFO] [stderr]    Compiling json5 v0.4.1
[INFO] [stderr]    Compiling serde_yaml v0.9.34+deprecated
[INFO] [stderr]    Compiling toml_edit v0.22.27
[INFO] [stderr]    Compiling toml v0.8.23
[INFO] [stderr]    Compiling stackrun v1.0.1 (/opt/rustwide/workdir)
[INFO] [stderr]     Finished `release` profile [optimized] target(s) in 57.74s
[INFO] running `Command { std: "docker" "inspect" "c5bda25cb881660fbeebf2b03f329f77f2afab54cc283648f6baacc574ea303e", kill_on_drop: false }`
[INFO] running `Command { std: "docker" "exec" "-e" "SOURCE_DIR=/opt/rustwide/workdir" "-e" "CARGO_HOME=/opt/rustwide/cargo-home" "-e" "RUSTUP_HOME=/opt/rustwide/rustup-home" "-e" "CARGO_TARGET_DIR=/opt/rustwide/target" "-e" "CARGO_INCREMENTAL=0" "-e" "RUST_BACKTRACE=full" "-e" "RUSTFLAGS=--cap-lints=warn" "-e" "RUSTDOCFLAGS=--cap-lints=warn" "-w" "/opt/rustwide/workdir" "--user" "0:0" "c5bda25cb881660fbeebf2b03f329f77f2afab54cc283648f6baacc574ea303e" "/opt/rustwide/cargo-home/bin/cargo" "+1.99.0-beta.8" "test" "--frozen" "--no-run" "--message-format=json" "--release", kill_on_drop: false }`
[INFO] [stderr]    Compiling nix v0.31.3
[INFO] [stderr]    Compiling getrandom v0.4.3
[INFO] [stderr]    Compiling tempfile v3.27.0
[INFO] [stderr]    Compiling ctrlc v3.5.2
[INFO] [stderr]    Compiling stackrun v1.0.1 (/opt/rustwide/workdir)
[INFO] [stderr]     Finished `release` profile [optimized] target(s) in 24.04s
[INFO] running `Command { std: "docker" "inspect" "c5bda25cb881660fbeebf2b03f329f77f2afab54cc283648f6baacc574ea303e", kill_on_drop: false }`
[INFO] running `Command { std: "docker" "exec" "-e" "SOURCE_DIR=/opt/rustwide/workdir" "-e" "CARGO_HOME=/opt/rustwide/cargo-home" "-e" "RUSTUP_HOME=/opt/rustwide/rustup-home" "-e" "CARGO_TARGET_DIR=/opt/rustwide/target" "-e" "CARGO_INCREMENTAL=0" "-e" "RUST_BACKTRACE=full" "-e" "RUSTFLAGS=--cap-lints=warn" "-e" "RUSTDOCFLAGS=--cap-lints=warn" "-w" "/opt/rustwide/workdir" "--user" "0:0" "c5bda25cb881660fbeebf2b03f329f77f2afab54cc283648f6baacc574ea303e" "/opt/rustwide/cargo-home/bin/cargo" "+1.99.0-beta.8" "test" "--frozen" "--release", kill_on_drop: false }`
[INFO] [stderr]     Finished `release` profile [optimized] target(s) in 0.11s
[INFO] [stderr]      Running unittests src/lib.rs (/opt/rustwide/target/release/deps/stackrun-b43c469a3ed84215)
[INFO] [stdout] 
[INFO] [stdout] running 57 tests
[INFO] [stdout] test config::load::tests::dry_run_keeps_path_and_omits_process_env ... ok
[INFO] [stdout] test cli::tests::default_config_path_matches_node ... ok
[INFO] [stdout] test config::discover::tests::js_wins_over_yaml_when_both_exist ... ok
[INFO] [stdout] test cli::tests::dry_run_flag_parses ... ok
[INFO] [stdout] test cli::tests::jiti_defaults_to_local ... ok
[INFO] [stdout] test config::load::tests::command_override_does_not_need_file ... ok
[INFO] [stdout] test config::load::tests::spec_keys_load ... ok
[INFO] [stdout] test cli::tests::clap_definition_is_valid ... ok
[INFO] [stdout] test config::discover::tests::stack_config_is_bare ... ok
[INFO] [stdout] test cli::tests::short_c_wins_over_positional ... ok
[INFO] [stdout] test cli::tests::positional_config_used_when_flag_absent ... ok
[INFO] [stdout] test config::dotenv::tests::interpolates_braces ... ok
[INFO] [stdout] test cli::tests::jiti_npx_flag_parses ... ok
[INFO] [stdout] test config::load::tests::missing_file_errors ... ok
[INFO] [stdout] test config::rc::tests::unflattens_and_parses_json_values ... ok
[INFO] [stdout] test config::parse::tests::json_commands ... ok
[INFO] [stdout] test config::parse::tests::jsonc_allows_comments_and_trailing_commas ... ok
[INFO] [stdout] test config::merge::tests::env_overlay_development ... ok
[INFO] [stdout] test config::merge::tests::objects_deep_merge_preferred_wins ... ok
[INFO] [stdout] test config::rc::tests::array_suffix ... ok
[INFO] [stdout] test config::parse::tests::json5_commands ... ok
[INFO] [stdout] test config::parse::tests::toml_commands ... ok
[INFO] [stdout] test config::discover::tests::discovers_yaml_and_config_dir ... ok
[INFO] [stdout] test config::load::tests::stack_tunnel_false_is_ignored_when_command_has_local ... ok
[INFO] [stdout] test config::merge::tests::arrays_concat_unique ... ok
[INFO] [stdout] test config::parse::tests::yaml_commands ... ok
[INFO] [stdout] test config::parse::tests::unknown_extension_errors ... ok
[INFO] [stdout] test config::types::tests::sibling_log_prefix_uses_command_name ... ok
[INFO] [stdout] test config::types::tests::stack_tunnel_key_is_ignored ... ok
[INFO] [stdout] test config::load::tests::yaml_file_and_tunnel_env ... ok
[INFO] [stdout] test logging::tests::host_color_follows_process_colors_false ... ok
[INFO] [stdout] test logging::tests::host_line_plain_matches_child_shape ... ok
[INFO] [stdout] test config::types::tests::command_prefix_wins_over_name_for_sibling ... ok
[INFO] [stdout] test config::types::tests::command_tunnel_resource_field ... ok
[INFO] [stdout] test process::tests::prefix_color_paints_only_bracket_token ... ok
[INFO] [stdout] test process::tests::prefix_is_brackets_then_space ... ok
[INFO] [stdout] test process::tests::prefix_no_color_has_no_ansi ... ok
[INFO] [stdout] test logging::tests::host_rainbow_paints_name_letters_only ... ok
[INFO] [stdout] test process::tests::prefix_truncates_name_inside_brackets ... ok
[INFO] [stdout] test process::tests::tunnel_env_merges_only_when_enabled ... ok
[INFO] [stdout] test stack::tests::command_start_line_name_run_and_optional_cwd ... ok
[INFO] [stdout] test stack::tests::named_sibling_log_prefix_includes_command_name ... ok
[INFO] [stdout] test process::tests::auto_prefix_cycles ... ok
[INFO] [stdout] test stack::tests::sibling_prefix_and_resource_resolve ... ok
[INFO] [stdout] test stack::tests::tunnel_start_line_named_includes_public ... ok
[INFO] [stdout] test stack::tests::tunnel_start_line_quick_mentions_trycloudflare ... ok
[INFO] [stdout] test tunnel::cloudflared::tests::parses_created_id ... ok
[INFO] [stdout] test tunnel::session::tests::run_lines ... ok
[INFO] [stdout] test tunnel::cloudflared::tests::parses_list_rows ... ok
[INFO] [stdout] test tunnel::session::tests::setup_creates_and_routes_with_overwrite ... ok
[INFO] [stdout] test tunnel::tests::duplicate_named_names_error ... ok
[INFO] [stdout] test tunnel::tests::strips_scheme ... ok
[INFO] [stdout] test process::tests::ctrl_c_is_stopped_not_errored ... ok
[INFO] [stdout] test tunnel::session::tests::existing_tunnel_errors_without_remove_flag ... ok
[INFO] [stdout] test tunnel::session::tests::missing_cert_errors ... ok
[INFO] [stdout] test config::discover::tests::explicit_yaml_ignores_sibling_ts ... ok
[INFO] [stdout] test config::load::tests::omitted_tunnel_follows_local ... ok
[INFO] [stdout] 
[INFO] [stdout] test result: ok. 57 passed; 0 failed; 0 ignored; 0 measured; 0 filtered out; finished in 0.14s
[INFO] [stdout] 
[INFO] [stderr]      Running unittests src/main.rs (/opt/rustwide/target/release/deps/stackrun-f2cf3de10b90bb26)
[INFO] [stdout] 
[INFO] [stdout] running 0 tests
[INFO] [stdout] 
[INFO] [stdout] test result: ok. 0 passed; 0 failed; 0 ignored; 0 measured; 0 filtered out; finished in 0.00s
[INFO] [stdout] 
[INFO] [stderr]      Running tests/cli_flags.rs (/opt/rustwide/target/release/deps/cli_flags-028db2d17516ddf2)
[INFO] [stdout] 
[INFO] [stdout] running 16 tests
[INFO] [stdout] test tunnel_env_true_only ... ok
[INFO] [stdout] test command_replaces_commands ... ok
[INFO] [stdout] test dry_run_does_not_spawn_hooks_or_commands ... ok
[INFO] [stdout] test tunnel_with_json_and_command ... ok
[INFO] [stdout] test host_prefix_on_lifecycle_lines ... ok
[INFO] [stdout] test dry_run_command_without_file ... ok
[INFO] [stdout] test dry_run_json_without_file ... ok
[INFO] [stdout] test dry_run_omits_process_env_secrets ... ok
[INFO] [stdout] test positional_config ... ok
[INFO] [stdout] test missing_config_exits_1 ... ok
[INFO] [stdout] test json_overlay_wins_over_file ... ok
[INFO] [stdout] test short_c_wins_over_positional ... ok
[INFO] [stdout] test short_c_and_long_config ... ok
[INFO] [stdout] test tunnel_short_and_long ... ok
[INFO] [stdout] test version_short_and_long ... ok
[INFO] [stdout] test help_short_and_long ... ok
[INFO] [stdout] 
[INFO] [stdout] test result: ok. 16 passed; 0 failed; 0 ignored; 0 measured; 0 filtered out; finished in 0.02s
[INFO] [stdout] 
[INFO] [stderr]      Running tests/config_formats.rs (/opt/rustwide/target/release/deps/config_formats-da8332e00fe33613)
[INFO] [stdout] 
[INFO] [stdout] running 20 tests
[INFO] [stdout] test loads_json5 ... ok
[INFO] [stdout] test loads_yml ... ok
[INFO] [stdout] test discovers_config_dir_stack_yaml ... ok
[INFO] [stdout] test loads_yaml ... ok
[INFO] [stdout] test dotenv_loaded_without_dumping_env_into_dry_run ... ok
[INFO] [stdout] test cwd_stackrc_merges ... ok
[INFO] [stdout] test loads_json ... ok
[INFO] [stdout] test loads_toml ... ok
[INFO] [stdout] test omitted_tunnel_enabled_with_ingress_enables ... ok
[INFO] [stdout] test stack_tunnel_false_is_ignored_when_command_has_local ... ok
[INFO] [stdout] test local_extends ... ok
[INFO] [stdout] test node_env_overlay ... ok
[INFO] [stdout] test loads_jsonc ... ok
[INFO] [stderr] node:internal/modules/package_json_reader:314
[INFO] [stderr]   throw new ERR_MODULE_NOT_FOUND(packageName, fileURLToPath(base), null);
[INFO] [stderr]         ^
[INFO] [stderr] 
[INFO] [stderr] Error [ERR_MODULE_NOT_FOUND]: Cannot find package 'jiti' imported from /opt/rustwide/workdir/[eval1]
[INFO] [stderr]     at Object.getPackageJSONURL (node:internal/modules/package_json_reader:314:9)
[INFO] [stderr]     at packageResolve (node:internal/modules/esm/resolve:768:81)
[INFO] [stderr]     at moduleResolve (node:internal/modules/esm/resolve:855:18)
[INFO] [stderr]     at defaultResolve (node:internal/modules/esm/resolve:985:11)
[INFO] [stderr]     at #cachedDefaultResolve (node:internal/modules/esm/loader:731:20)
[INFO] [stderr]     at ModuleLoader.resolve (node:internal/modules/esm/loader:708:38)
[INFO] [stderr]     at ModuleLoader.getModuleJobForImport (node:internal/modules/esm/loader:310:38)
[INFO] [stderr]     at onImport.tracePromise.__proto__ (node:internal/modules/esm/loader:664:36)
[INFO] [stderr]     at TracingChannel.tracePromise (node:diagnostics_channel:350:14)
[INFO] [stderr]     at ModuleLoader.import (node:internal/modules/esm/loader:663:21) {
[INFO] [stderr]   code: 'ERR_MODULE_NOT_FOUND'
[INFO] [stderr] }
[INFO] [stderr] 
[INFO] [stderr] Node.js v22.22.1
[INFO] [stderr] node:internal/modules/package_json_reader:314
[INFO] [stderr]   throw new ERR_MODULE_NOT_FOUND(packageName, fileURLToPath(base), null);
[INFO] [stderr]         ^
[INFO] [stderr] 
[INFO] [stderr] Error [ERR_MODULE_NOT_FOUND]: Cannot find package 'jiti' imported from /opt/rustwide/workdir/[eval1]
[INFO] [stderr]     at Object.getPackageJSONURL (node:internal/modules/package_json_reader:314:9)
[INFO] [stderr]     at packageResolve (node:internal/modules/esm/resolve:768:81)
[INFO] [stderr]     at moduleResolve (node:internal/modules/esm/resolve:855:18)
[INFO] [stderr]     at defaultResolve (node:internal/modules/esm/resolve:985:11)
[INFO] [stderr]     at #cachedDefaultResolve (node:internal/modules/esm/loader:731:20)
[INFO] [stderr]     at ModuleLoader.resolve (node:internal/modules/esm/loader:708:38)
[INFO] [stderr]     at ModuleLoader.getModuleJobForImport (node:internal/modules/esm/loader:310:38)
[INFO] [stderr]     at onImport.tracePromise.__proto__ (node:internal/modules/esm/loader:664:36)
[INFO] [stderr]     at TracingChannel.tracePromise (node:diagnostics_channel:350:14)
[INFO] [stderr]     at ModuleLoader.import (node:internal/modules/esm/loader:663:21) {
[INFO] [stderr]   code: 'ERR_MODULE_NOT_FOUND'
[INFO] [stderr] }
[INFO] [stderr] 
[INFO] [stderr] Node.js v22.22.1
[INFO] [stdout] test loads_js_via_jiti ... ok
[INFO] [stdout] test loads_mts_via_jiti ... ok
[INFO] [stderr] node:internal/modules/package_json_reader:314
[INFO] [stderr]   throw new ERR_MODULE_NOT_FOUND(packageName, fileURLToPath(base), null);
[INFO] [stderr]         ^
[INFO] [stderr] 
[INFO] [stderr] Error [ERR_MODULE_NOT_FOUND]: Cannot find package 'jiti' imported from /opt/rustwide/workdir/[eval1]
[INFO] [stderr]     at Object.getPackageJSONURL (node:internal/modules/package_json_reader:314:9)
[INFO] [stderr]     at packageResolve (node:internal/modules/esm/resolve:768:81)
[INFO] [stderr]     at moduleResolve (node:internal/modules/esm/resolve:855:18)
[INFO] [stderr]     at defaultResolve (node:internal/modules/esm/resolve:985:11)
[INFO] [stderr]     at #cachedDefaultResolve (node:internal/modules/esm/loader:731:20)
[INFO] [stderr]     at ModuleLoader.resolve (node:internal/modules/esm/loader:708:38)
[INFO] [stderr]     at ModuleLoader.getModuleJobForImport (node:internal/modules/esm/loader:310:38)
[INFO] [stderr]     at onImport.tracePromise.__proto__ (node:internal/modules/esm/loader:664:36)
[INFO] [stderr]     at TracingChannel.tracePromise (node:diagnostics_channel:350:14)
[INFO] [stderr]     at ModuleLoader.import (node:internal/modules/esm/loader:663:21) {
[INFO] [stderr]   code: 'ERR_MODULE_NOT_FOUND'
[INFO] [stderr] }
[INFO] [stderr] 
[INFO] [stderr] Node.js v22.22.1
[INFO] [stderr] node:internal/modules/package_json_reader:314
[INFO] [stderr]   throw new ERR_MODULE_NOT_FOUND(packageName, fileURLToPath(base), null);
[INFO] [stderr]         ^
[INFO] [stderr] 
[INFO] [stderr] Error [ERR_MODULE_NOT_FOUND]: Cannot find package 'jiti' imported from /opt/rustwide/workdir/[eval1]
[INFO] [stderr]     at Object.getPackageJSONURL (node:internal/modules/package_json_reader:314:9)
[INFO] [stderr]     at packageResolve (node:internal/modules/esm/resolve:768:81)
[INFO] [stderr]     at moduleResolve (node:internal/modules/esm/resolve:855:18)
[INFO] [stderr]     at defaultResolve (node:internal/modules/esm/resolve:985:11)
[INFO] [stderr]     at #cachedDefaultResolve (node:internal/modules/esm/loader:731:20)
[INFO] [stderr]     at ModuleLoader.resolve (node:internal/modules/esm/loader:708:38)
[INFO] [stderr]     at ModuleLoader.getModuleJobForImport (node:internal/modules/esm/loader:310:38)
[INFO] [stderr]     at onImport.tracePromise.__proto__ (node:internal/modules/esm/loader:664:36)
[INFO] [stderr]     at TracingChannel.tracePromise (node:diagnostics_channel:350:14)
[INFO] [stderr]     at ModuleLoader.import (node:internal/modules/esm/loader:663:21) {
[INFO] [stderr]   code: 'ERR_MODULE_NOT_FOUND'
[INFO] [stderr] }
[INFO] [stderr] 
[INFO] [stderr] Node.js v22.22.1
[INFO] [stdout] test loads_cts_via_jiti ... ok
[INFO] [stdout] test loads_mjs_via_jiti ... ok
[INFO] [stderr] node:internal/modules/package_json_reader:314
[INFO] [stderr]   throw new ERR_MODULE_NOT_FOUND(packageName, fileURLToPath(base), null);
[INFO] [stderr]         ^
[INFO] [stderr] 
[INFO] [stderr] Error [ERR_MODULE_NOT_FOUND]: Cannot find package 'jiti' imported from /opt/rustwide/workdir/[eval1]
[INFO] [stderr]     at Object.getPackageJSONURL (node:internal/modules/package_json_reader:314:9)
[INFO] [stderr]     at packageResolve (node:internal/modules/esm/resolve:768:81)
[INFO] [stderr]     at moduleResolve (node:internal/modules/esm/resolve:855:18)
[INFO] [stderr]     at defaultResolve (node:internal/modules/esm/resolve:985:11)
[INFO] [stderr]     at #cachedDefaultResolve (node:internal/modules/esm/loader:731:20)
[INFO] [stderr]     at ModuleLoader.resolve (node:internal/modules/esm/loader:708:38)
[INFO] [stderr]     at ModuleLoader.getModuleJobForImport (node:internal/modules/esm/loader:310:38)
[INFO] [stderr]     at onImport.tracePromise.__proto__ (node:internal/modules/esm/loader:664:36)
[INFO] [stderr]     at TracingChannel.tracePromise (node:diagnostics_channel:350:14)
[INFO] [stderr]     at ModuleLoader.import (node:internal/modules/esm/loader:663:21) {
[INFO] [stderr]   code: 'ERR_MODULE_NOT_FOUND'
[INFO] [stderr] }
[INFO] [stderr] 
[INFO] [stderr] Node.js v22.22.1
[INFO] [stdout] test jiti_config_sees_interpolated_dotenv ... ok
[INFO] [stderr] node:internal/modules/package_json_reader:314
[INFO] [stderr]   throw new ERR_MODULE_NOT_FOUND(packageName, fileURLToPath(base), null);
[INFO] [stderr]         ^
[INFO] [stderr] 
[INFO] [stderr] Error [ERR_MODULE_NOT_FOUND]: Cannot find package 'jiti' imported from /opt/rustwide/workdir/[eval1]
[INFO] [stderr]     at Object.getPackageJSONURL (node:internal/modules/package_json_reader:314:9)
[INFO] [stderr]     at packageResolve (node:internal/modules/esm/resolve:768:81)
[INFO] [stderr]     at moduleResolve (node:internal/modules/esm/resolve:855:18)
[INFO] [stderr]     at defaultResolve (node:internal/modules/esm/resolve:985:11)
[INFO] [stderr]     at #cachedDefaultResolve (node:internal/modules/esm/loader:731:20)
[INFO] [stderr]     at ModuleLoader.resolve (node:internal/modules/esm/loader:708:38)
[INFO] [stderr]     at ModuleLoader.getModuleJobForImport (node:internal/modules/esm/loader:310:38)
[INFO] [stderr]     at onImport.tracePromise.__proto__ (node:internal/modules/esm/loader:664:36)
[INFO] [stderr]     at TracingChannel.tracePromise (node:diagnostics_channel:350:14)
[INFO] [stderr]     at ModuleLoader.import (node:internal/modules/esm/loader:663:21) {
[INFO] [stderr]   code: 'ERR_MODULE_NOT_FOUND'
[INFO] [stderr] }
[INFO] [stderr] node:internal/modules/package_json_reader:314
[INFO] [stderr]   throw new ERR_MODULE_NOT_FOUND(packageName, fileURLToPath(base), null);
[INFO] [stderr]         ^
[INFO] [stderr] 
[INFO] [stderr] Error [ERR_MODULE_NOT_FOUND]: Cannot find package 'jiti' imported from /opt/rustwide/workdir/[eval1]
[INFO] [stderr]     at Object.getPackageJSONURL (node:internal/modules/package_json_reader:314:9)
[INFO] [stderr]     at packageResolve (node:internal/modules/esm/resolve:768:81)
[INFO] [stderr]     at moduleResolve (node:internal/modules/esm/resolve:855:18)
[INFO] [stderr]     at defaultResolve (node:internal/modules/esm/resolve:985:11)
[INFO] [stderr]     at #cachedDefaultResolve (node:internal/modules/esm/loader:731:20)
[INFO] [stderr]     at ModuleLoader.resolve (node:internal/modules/esm/loader:708:38)
[INFO] [stderr]     at ModuleLoader.getModuleJobForImport (node:internal/modules/esm/loader:310:38)
[INFO] [stderr]     at onImport.tracePromise.__proto__ (node:internal/modules/esm/loader:664:36)
[INFO] [stderr]     at TracingChannel.tracePromise (node:diagnostics_channel:350:14)
[INFO] [stderr]     at ModuleLoader.import (node:internal/modules/esm/loader:663:21) {
[INFO] [stderr]   code: 'ERR_MODULE_NOT_FOUND'
[INFO] [stderr] }
[INFO] [stderr] 
[INFO] [stderr] Node.js v22.22.1
[INFO] [stderr] 
[INFO] [stderr] Node.js v22.22.1
[INFO] [stdout] test loads_ts_via_jiti ... ok
[INFO] [stderr]      Running tests/config_native.rs (/opt/rustwide/target/release/deps/config_native-205a005ca7c7ea85)
[INFO] [stdout] test loads_cjs_via_jiti ... ok
[INFO] [stdout] 
[INFO] [stdout] test result: ok. 20 passed; 0 failed; 0 ignored; 0 measured; 0 filtered out; finished in 1.32s
[INFO] [stdout] 
[INFO] [stdout] 
[INFO] [stdout] running 13 tests
[INFO] [stdout] test discovers_stack_config_yaml_without_node ... ok
[INFO] [stdout] test explicit_config_path ... ok
[INFO] [stdout] test loads_json_jsonc_json5_yaml_toml ... ok
[INFO] [stdout] test local_extends ... ok
[INFO] [stdout] test rc_beats_extends_when_main_omits_key ... ok
[INFO] [stdout] test env_specific_overlay ... ok
[INFO] [stdout] test config_dir_stack_yaml ... ok
[INFO] [stdout] test filters_entries_without_command ... ok
[INFO] [stdout] test json_cli_overlay_wins ... ok
[INFO] [stdout] test rc_file_merges_under_main ... ok
[INFO] [stdout] test dotenv_does_not_override_existing_env ... ok
[INFO] [stdout] test command_flag_replaces_commands ... ok
[INFO] [stdout] test spec_tunnel_shape_maps_namable_tunnel ... ok
[INFO] [stdout] 
[INFO] [stdout] test result: ok. 13 passed; 0 failed; 0 ignored; 0 measured; 0 filtered out; finished in 0.01s
[INFO] [stdout] 
[INFO] [stderr]      Running tests/docker_stack.rs (/opt/rustwide/target/release/deps/docker_stack-37c215d938e9156e)
[INFO] [stdout] 
[INFO] [stdout] running 4 tests
[INFO] [stdout] test fixtures_dry_run_without_docker ... ok
[INFO] [stdout] test multi_stack_up_probe_down ... ok
[INFO] [stdout] test redis_stack_up_probe_down ... ok
[INFO] [stdout] test web_stack_up_probe_down ... ok
[INFO] [stdout] 
[INFO] [stdout] test result: ok. 4 passed; 0 failed; 0 ignored; 0 measured; 0 filtered out; finished in 0.22s
[INFO] [stdout] 
[INFO] [stderr]      Running tests/dummy_servers.rs (/opt/rustwide/target/release/deps/dummy_servers-458a1ebb7d1532e1)
[INFO] [stdout] 
[INFO] [stdout] running 3 tests
[INFO] [stderr] sh: 1: cannot create index.html: Read-only file system
[INFO] [stdout] test load_applies_kill_others_default_for_two_servers ... ok
[INFO] [stdout] test two_http_servers_serve_then_sigint_stops_groups ... ok
[INFO] [stdout] test two_http_servers_serve_then_kill_others_on_failure ... FAILED
[INFO] [stdout] 
[INFO] [stdout] failures:
[INFO] [stdout] 
[INFO] [stdout] ---- two_http_servers_serve_then_kill_others_on_failure stdout ----
[INFO] [stdout] [[31ms[39m[32mt[39m[33ma[39m[34mc[39m[35mk[39m[36mr[39m[31mu[39m[32mn[39m] Tunneling is disabled
[INFO] [stdout] [[31ms[39m[32mt[39m[33ma[39m[34mc[39m[35mk[39m[36mr[39m[31mu[39m[32mn[39m] Running before hooks
[INFO] [stdout] [[31ms[39m[32mt[39m[33ma[39m[34mc[39m[35mk[39m[36mr[39m[31mu[39m[32mn[39m] Running before hook: printf 'ok' > index.html
[INFO] [stdout] 
[INFO] [stdout] thread 'two_http_servers_serve_then_kill_others_on_failure' (1703) panicked at tests/dummy_servers.rs:169:5:
[INFO] [stdout] api never served
[INFO] [stdout] stack backtrace:
[INFO] [stdout]    0:     0x5d6a8b8da3a1 - <<std[70759c8f55707aa4]::sys::backtrace::BacktraceLock>::print::DisplayBacktrace as core[df12db4294e9bfd3]::fmt::Display>::fmt
[INFO] [stdout]    1:     0x5d6a8b8f14ea - core[df12db4294e9bfd3]::fmt::write
[INFO] [stdout]    2:     0x5d6a8b8df4fc - <alloc[2182bb758b4b3781]::vec::Vec<u8> as core[df12db4294e9bfd3]::io::write::Write>::write_fmt
[INFO] [stdout]    3:     0x5d6a8b8b2eb6 - std[70759c8f55707aa4]::panicking::default_hook::{closure#0}
[INFO] [stdout]    4:     0x5d6a8b8d1349 - std[70759c8f55707aa4]::panicking::default_hook
[INFO] [stdout]    5:     0x5d6a8b7c35a0 - test[9d35eded1c95d3be]::test_main_inner::<test[9d35eded1c95d3be]::test_main_static::{closure#0}>::{closure#0}
[INFO] [stdout]    6:     0x5d6a8b8d1502 - std[70759c8f55707aa4]::panicking::panic_with_hook
[INFO] [stdout]    7:     0x5d6a8b8b2f94 - std[70759c8f55707aa4]::panicking::panic_handler::{closure#0}
[INFO] [stdout]    8:     0x5d6a8b8ab7f9 - std[70759c8f55707aa4]::sys::backtrace::__rust_end_short_backtrace::<std[70759c8f55707aa4]::panicking::panic_handler::{closure#0}, !>
[INFO] [stderr] error: test failed, to rerun pass `--test dummy_servers`
[INFO] [stdout]    9:     0x5d6a8b8b3ded - __rustc[8fa7c3cbc660c2b3]::rust_begin_unwind
[INFO] [stdout]   10:     0x5d6a8b8f1c4c - core[df12db4294e9bfd3]::panicking::panic_fmt
[INFO] [stdout]   11:     0x5d6a8b7ac693 - <dummy_servers[ae8b1e140435cf39]::two_http_servers_serve_then_kill_others_on_failure::{closure#0} as core[df12db4294e9bfd3]::ops::function::FnOnce<()>>::call_once
[INFO] [stdout]   12:     0x5d6a8b7b688b - test[9d35eded1c95d3be]::__rust_begin_short_backtrace::<core[df12db4294e9bfd3]::result::Result<(), alloc[2182bb758b4b3781]::string::String>, fn() -> core[df12db4294e9bfd3]::result::Result<(), alloc[2182bb758b4b3781]::string::String>>
[INFO] [stdout]   13:     0x5d6a8b7c3ef5 - test[9d35eded1c95d3be]::run_test::{closure#0}
[INFO] [stdout]   14:     0x5d6a8b7bd7b4 - std[70759c8f55707aa4]::sys::backtrace::__rust_begin_short_backtrace::<test[9d35eded1c95d3be]::run_test::{closure#1}, ()>
[INFO] [stdout]   15:     0x5d6a8b7c7052 - <std[70759c8f55707aa4]::thread::lifecycle::spawn_unchecked<test[9d35eded1c95d3be]::run_test::{closure#1}, ()>::{closure#1} as core[df12db4294e9bfd3]::ops::function::FnOnce<()>>::call_once::{shim:vtable#0}
[INFO] [stdout]   16:     0x5d6a8b8d8f79 - <std[70759c8f55707aa4]::sys::thread::unix::Thread>::new::thread_start
[INFO] [stdout]   17:     0x7807ccda2dfa - <unknown>
[INFO] [stdout]   18:     0x7807cce363d4 - clone
[INFO] [stdout]   19:                0x0 - <unknown>
[INFO] [stdout] 
[INFO] [stdout] 
[INFO] [stdout] failures:
[INFO] [stdout]     two_http_servers_serve_then_kill_others_on_failure
[INFO] [stdout] 
[INFO] [stdout] test result: FAILED. 2 passed; 1 failed; 0 ignored; 0 measured; 0 filtered out; finished in 8.28s
[INFO] [stdout] 
[INFO] running `Command { std: "docker" "inspect" "c5bda25cb881660fbeebf2b03f329f77f2afab54cc283648f6baacc574ea303e", kill_on_drop: false }`
[INFO] running `Command { std: "docker" "rm" "-f" "c5bda25cb881660fbeebf2b03f329f77f2afab54cc283648f6baacc574ea303e", kill_on_drop: false }`
[INFO] [stdout] c5bda25cb881660fbeebf2b03f329f77f2afab54cc283648f6baacc574ea303e
