[INFO] fetching crate stabilizer_qec 1.9.0...
[INFO] testing stabilizer_qec-1.9.0 against 1.100.0-beta.1+cargoflags=--release for beta-release-1.100-2
[INFO] extracting crate stabilizer_qec 1.9.0 into /workspace/builds/worker-2-tc2/source
[INFO] started tweaking crates.io crate stabilizer_qec 1.9.0
[INFO] finished tweaking crates.io crate stabilizer_qec 1.9.0
[INFO] tweaked toml for crates.io crate stabilizer_qec 1.9.0 written to /workspace/builds/worker-2-tc2/source/Cargo.toml
[INFO] validating manifest of crates.io crate stabilizer_qec 1.9.0 on toolchain 1.100.0-beta.1
[INFO] running `Command { std: CARGO_HOME="/workspace/cargo-home" RUSTUP_HOME="/workspace/rustup-home" "/workspace/cargo-home/bin/cargo" "+1.100.0-beta.1" "metadata" "--manifest-path" "Cargo.toml" "--no-deps", kill_on_drop: false }`
[INFO] crate crates.io crate stabilizer_qec 1.9.0 already has a lockfile, it will not be regenerated
[INFO] running `Command { std: CARGO_HOME="/workspace/cargo-home" RUSTUP_HOME="/workspace/rustup-home" "/workspace/cargo-home/bin/cargo" "+1.100.0-beta.1" "fetch" "--manifest-path" "Cargo.toml", kill_on_drop: false }`
[INFO] running `Command { std: "docker" "create" "-v" "/var/lib/crater-agent-workspace/builds/worker-2-tc2/source:/opt/rustwide/workdir:ro,Z" "-v" "/var/lib/crater-agent-workspace/builds/worker-2-tc2/target:/opt/rustwide/target:rw,Z" "-v" "/var/lib/crater-agent-workspace/cargo-home:/opt/rustwide/cargo-home:ro,Z" "-v" "/var/lib/crater-agent-workspace/rustup-home:/opt/rustwide/rustup-home:ro,Z" "-m" "1610612736" "--network" "none" "ghcr.io/rust-lang/crates-build-env/linux@sha256:77db811e55d90add9212f6832c23229e3de5f1c1f9905e8cb07319ea15df73ac" "sleep" "infinity", kill_on_drop: false }`
[INFO] [stdout] b3c20db1dfc6a6d9ab0be5cfa292800a7e9ae9bb6ce195af8e8672478652d6e9
[INFO] running `Command { std: "docker" "start" "b3c20db1dfc6a6d9ab0be5cfa292800a7e9ae9bb6ce195af8e8672478652d6e9", kill_on_drop: false }`
[INFO] running `Command { std: "docker" "inspect" "b3c20db1dfc6a6d9ab0be5cfa292800a7e9ae9bb6ce195af8e8672478652d6e9", kill_on_drop: false }`
[INFO] running `Command { std: "docker" "exec" "-e" "SOURCE_DIR=/opt/rustwide/workdir" "-e" "CARGO_HOME=/opt/rustwide/cargo-home" "-e" "RUSTUP_HOME=/opt/rustwide/rustup-home" "-e" "CARGO_TARGET_DIR=/opt/rustwide/target" "-w" "/opt/rustwide/workdir" "--user" "0:0" "b3c20db1dfc6a6d9ab0be5cfa292800a7e9ae9bb6ce195af8e8672478652d6e9" "/opt/rustwide/cargo-home/bin/cargo" "+1.100.0-beta.1" "metadata" "--no-deps" "--format-version=1", kill_on_drop: false }`
[INFO] running `Command { std: "docker" "inspect" "b3c20db1dfc6a6d9ab0be5cfa292800a7e9ae9bb6ce195af8e8672478652d6e9", kill_on_drop: false }`
[INFO] running `Command { std: "docker" "exec" "-e" "SOURCE_DIR=/opt/rustwide/workdir" "-e" "CARGO_HOME=/opt/rustwide/cargo-home" "-e" "RUSTUP_HOME=/opt/rustwide/rustup-home" "-e" "CARGO_TARGET_DIR=/opt/rustwide/target" "-e" "CARGO_INCREMENTAL=0" "-e" "RUST_BACKTRACE=full" "-e" "RUSTFLAGS=--cap-lints=warn" "-e" "RUSTDOCFLAGS=--cap-lints=warn" "-w" "/opt/rustwide/workdir" "--user" "0:0" "b3c20db1dfc6a6d9ab0be5cfa292800a7e9ae9bb6ce195af8e8672478652d6e9" "/opt/rustwide/cargo-home/bin/cargo" "+1.100.0-beta.1" "build" "--frozen" "--message-format=json" "--release", kill_on_drop: false }`
[INFO] [stderr]    Compiling stabilizer_qec v1.9.0 (/opt/rustwide/workdir)
[INFO] [stderr]     Finished `release` profile [optimized] target(s) in 1m 09s
[INFO] running `Command { std: "docker" "inspect" "b3c20db1dfc6a6d9ab0be5cfa292800a7e9ae9bb6ce195af8e8672478652d6e9", kill_on_drop: false }`
[INFO] running `Command { std: "docker" "exec" "-e" "SOURCE_DIR=/opt/rustwide/workdir" "-e" "CARGO_HOME=/opt/rustwide/cargo-home" "-e" "RUSTUP_HOME=/opt/rustwide/rustup-home" "-e" "CARGO_TARGET_DIR=/opt/rustwide/target" "-e" "CARGO_INCREMENTAL=0" "-e" "RUST_BACKTRACE=full" "-e" "RUSTFLAGS=--cap-lints=warn" "-e" "RUSTDOCFLAGS=--cap-lints=warn" "-w" "/opt/rustwide/workdir" "--user" "0:0" "b3c20db1dfc6a6d9ab0be5cfa292800a7e9ae9bb6ce195af8e8672478652d6e9" "/opt/rustwide/cargo-home/bin/cargo" "+1.100.0-beta.1" "test" "--frozen" "--no-run" "--message-format=json" "--release", kill_on_drop: false }`
[INFO] [stderr]    Compiling stabilizer_qec v1.9.0 (/opt/rustwide/workdir)
[INFO] [stderr]     Finished `release` profile [optimized] target(s) in 1m 31s
[INFO] running `Command { std: "docker" "inspect" "b3c20db1dfc6a6d9ab0be5cfa292800a7e9ae9bb6ce195af8e8672478652d6e9", kill_on_drop: false }`
[INFO] running `Command { std: "docker" "exec" "-e" "SOURCE_DIR=/opt/rustwide/workdir" "-e" "CARGO_HOME=/opt/rustwide/cargo-home" "-e" "RUSTUP_HOME=/opt/rustwide/rustup-home" "-e" "CARGO_TARGET_DIR=/opt/rustwide/target" "-e" "CARGO_INCREMENTAL=0" "-e" "RUST_BACKTRACE=full" "-e" "RUSTFLAGS=--cap-lints=warn" "-e" "RUSTDOCFLAGS=--cap-lints=warn" "-w" "/opt/rustwide/workdir" "--user" "0:0" "b3c20db1dfc6a6d9ab0be5cfa292800a7e9ae9bb6ce195af8e8672478652d6e9" "/opt/rustwide/cargo-home/bin/cargo" "+1.100.0-beta.1" "test" "--frozen" "--release", kill_on_drop: false }`
[INFO] [stderr]     Finished `release` profile [optimized] target(s) in 0.05s
[INFO] [stderr]      Running unittests src/lib.rs (/opt/rustwide/target/release/build/stabilizer_qec/648f95c9ac4fc38d/out/stabilizer_qec-648f95c9ac4fc38d)
[INFO] [stdout] 
[INFO] [stdout] running 244 tests
[INFO] [stdout] test batch_sampler::tests::batch_timing ... ignored
[INFO] [stdout] test batch_sampler::tests::lookbacks_before_the_first_measurement_are_errors ... ok
[INFO] [stdout] test batch_sampler::tests::a_loop_that_never_runs_is_not_checked ... ok
[INFO] [stdout] test bb::tests::the_checks_commute_and_encode_twelve_qubits ... ok
[INFO] [stdout] test batch_sampler::tests::seeded_calls_continue_batch_by_batch ... ok
[INFO] [stdout] test bb::tests::every_round_uses_each_data_qubit_at_most_once ... ok
[INFO] [stdout] test bb_auto::tests::the_papers_operators_are_weight_twelve_logicals ... ok
[INFO] [stdout] test batch_sampler::tests::repeat_blocks_run_without_flattening ... FAILED
[INFO] [stdout] test bb_circuit::tests::the_merged_cycle_is_a_schedule ... ok
[INFO] [stdout] test batch_sampler::tests::noiseless_circuits_never_fire ... ok
[INFO] [stdout] test bb::tests::logical_operators_pair_and_commute_with_the_checks ... ok
[INFO] [stdout] test batch_sampler::tests::seeded_shots_do_not_depend_on_threads ... ok
[INFO] [stdout] test bb_gauge::tests::expansion_brings_the_cheeger_constant_to_one ... ok
[INFO] [stdout] test bb_gauge::tests::the_ancilla_systems_have_the_expected_sizes ... ok
[INFO] [stdout] test bb::tests::no_single_fault_is_an_undetectable_logical_error ... ok
[INFO] [stdout] test bb_gauge::tests::the_flux_basis_is_light ... ok
[INFO] [stdout] test bb_auto::tests::actions_compose ... ok
[INFO] [stdout] test bb_gauge::tests::the_deformed_code_measures_the_operator ... ok
[INFO] [stdout] test bb::tests::the_memory_circuit_measures_the_stabilizers ... ok
[INFO] [stdout] test bb_gauge::tests::z_logicals_route_through_the_edges ... ok
[INFO] [stdout] test bp::tests::a_converged_decision_explains_the_syndrome ... ok
[INFO] [stdout] test bp::tests::a_lone_check_sends_the_largest_finite_message ... ok
[INFO] [stdout] test bp::tests::a_zero_syndrome_converges_at_once ... ok
[INFO] [stdout] test bb_circuit::tests::the_writers_memory_is_the_papers ... ok
[INFO] [stdout] test bp::tests::min_sum_messages_are_scaled_minima ... ok
[INFO] [stdout] test bp::tests::one_fault_is_found ... ok
[INFO] [stdout] test bp::tests::product_sum_is_exact_on_trees ... ok
[INFO] [stdout] test chacha::tests::chacha20_known_answer ... ok
[INFO] [stdout] test chacha::tests::std_rng_and_uniform_are_rands ... ok
[INFO] [stdout] test circuit::tests::classical_bits_are_z_type_controls ... ok
[INFO] [stdout] test chacha::tests::uniform_stays_in_range ... ok
[INFO] [stdout] test circuit::tests::loops_too_large_to_unroll_are_errors ... ok
[INFO] [stdout] test circuit::tests::malformed_targets_are_errors ... ok
[INFO] [stdout] test circuit::tests::measurement_flips_and_aliases_parse ... ok
[INFO] [stdout] test circuit::tests::parses_every_supported_construct ... ok
[INFO] [stdout] test circuit::tests::records_before_the_first_measurement_are_errors ... ok
[INFO] [stdout] test circuit::tests::sweep_controls_and_pauli_gates_parse_and_round_trip ... ok
[INFO] [stdout] test circuit::tests::text_round_trips ... ok
[INFO] [stdout] test circuit::tests::unsupported_instructions_are_named_with_their_line ... ok
[INFO] [stdout] test coherent::exact::tests::one_rotation ... ok
[INFO] [stdout] test bb_circuit::tests::the_x_basis_memory_is_deterministic ... ok
[INFO] [stdout] test belief::tests::decoding_with_the_models_weights_is_plain_decoding ... ok
[INFO] [stdout] test coherent::exact::tests::rotations_that_add ... ok
[INFO] [stdout] test coherent::exact::tests::rotations_through_gates ... ok
[INFO] [stdout] test coherent::exact::tests::rotations_with_noise_and_mid_circuit_measurement ... ok
[INFO] [stdout] test coherent::kernel::diagnose::local_against_full ... ignored
[INFO] [stdout] test batch_sampler::tests::vanishing_probabilities_never_fire ... ok
[INFO] [stdout] test coherent::kernel::merged::merged_groups_are_exact ... ok
[INFO] [stdout] test coherent::kernel::tests::local_generators_are_found ... ok
[INFO] [stdout] test coherent::sampler::tests::threads_do_not_change_the_shots ... ok
[INFO] [stdout] test coherent::sampler::tests::without_rotations_the_shots_are_the_frame_samplers ... ok
[INFO] [stdout] test coherent::tests::elements_of_small_circuits ... ok
[INFO] [stdout] test coherent::tests::flips_follow_the_frame ... ok
[INFO] [stdout] test coherent::tests::locations_are_numbered_in_order ... ok
[INFO] [stdout] test color::tests::a_composite_fault_splits_into_known_pieces ... ok
[INFO] [stdout] test color::tests::a_triplet_is_a_triangle_across_the_subgraphs ... ok
[INFO] [stdout] test css::tests::bad_codes_are_refused ... ok
[INFO] [stdout] test css::tests::colour_codes_are_properly_coloured ... ok
[INFO] [stdout] test css::tests::hypergraph_products_of_repetition_codes_are_surface_codes ... ok
[INFO] [stdout] test css::tests::logicals_pair_and_commute_with_the_checks ... ok
[INFO] [stdout] test css::tests::the_hamming_product_and_colour_codes ... ok
[INFO] [stdout] test dem::tests::comparison_counts_differences ... ok
[INFO] [stdout] test dem::tests::conflicting_pieces_split_as_stim_splits_them ... ok
[INFO] [stdout] test bb_circuit::tests::the_outcome_needs_two_merged_cycles ... ok
[INFO] [stdout] test dem::tests::depolarizing_channels_match_stim ... ok
[INFO] [stdout] test dem::tests::gates_propagate_errors_backwards_correctly ... ok
[INFO] [stdout] test dem::tests::parse_reads_pieces_repeats_and_shifts ... ok
[INFO] [stdout] test dem::tests::nondeterministic_detectors_are_errors ... ok
[INFO] [stdout] test batch_sampler::tests::marginals_match_the_error_model ... ok
[INFO] [stdout] test dem::tests::pauli_gates_and_sweep_bits_leave_the_model_alone ... ok
[INFO] [stdout] test dem::tests::sample_and_rep3_build ... ok
[INFO] [stdout] test dem::tests::pauli_channel_and_flips_match_stim ... ok
[INFO] [stdout] test dem::tests::stim_text_round_trips ... ok
[INFO] [stdout] test dem::tests::undetectable_logical_errors_are_errors ... ok
[INFO] [stdout] test dem_decoder::tests::a_piece_of_observables_alone_is_no_edge ... ok
[INFO] [stdout] test dem_decoder::tests::conflicting_parallel_edges_are_counted ... ok
[INFO] [stdout] test dem_decoder::tests::corrects_every_single_fault_of_the_repetition_code ... ok
[INFO] [stdout] test dem_decoder::tests::empty_syndrome_predicts_nothing ... ok
[INFO] [stdout] test dem_decoder::tests::integer_weights_are_even_and_reported ... ok
[INFO] [stdout] test dem_decoder::tests::parallel_edges_merge_like_pymatching ... ok
[INFO] [stdout] test dem_decoder::tests::rejects_probabilities_above_one_half ... ok
[INFO] [stdout] test dem_decoder::tests::repeated_detectors_cancel ... ok
[INFO] [stdout] test dem_decoder::tests::subnormal_probabilities_weigh_finitely ... ok
[INFO] [stdout] test dem_decoder::tests::too_many_defects_is_an_error_not_a_fallback ... ok
[INFO] [stdout] test dem_decoder::tests::undecomposed_hyperedges_are_refused ... ok
[INFO] [stdout] test batch_sampler::tests::a_million_rounds_cost_the_loop_body ... ok
[INFO] [stdout] test batch_sampler::tests::matches_frame_sampler_on_deterministic_noise ... ok
[INFO] [stdout] test dem_decoder::tests::unmatchable_syndromes_are_errors ... ok
[INFO] [stdout] test dem_program::tests::numbers_print_as_stims_do ... ok
[INFO] [stdout] test diagram::tests::a_bell_pair_timeline ... ok
[INFO] [stdout] test diagram::tests::slices_of_a_repetition_code ... ok
[INFO] [stdout] test distance::tests::a_repetition_code_has_its_distance ... ok
[INFO] [stdout] test distance::tests::no_logical_and_hyperedges ... ok
[INFO] [stdout] test diagram::tests::loops_are_drawn_once_and_numbered_through ... ok
[INFO] [stdout] test equivalence::current_rates_old_decoder_vs_new_decoder ... ignored
[INFO] [stdout] test distance::tests::parallel_edges_make_a_short_cycle ... ok
[INFO] [stdout] test equivalence::old_and_new_paths_agree_d7 ... ignored
[INFO] [stdout] test dem_sampler::tests::rates_and_replay ... ok
[INFO] [stdout] test frame_sampler::tests::noiseless_circuits_never_fire ... ok
[INFO] [stdout] test fuzzing::tests::fuzz_random_inputs_at_length ... ignored, a longer fuzzing run: cargo test --release -- --ignored fuzz
[INFO] [stdout] test coherent::exact::tests::repetition_code_rounds ... ok
[INFO] [stdout] test generated::tests::bad_parameters_are_refused ... ok
[INFO] [stdout] test generated::tests::every_task_parses_and_has_its_detectors ... ok
[INFO] [stdout] test gf2::tests::an_inverse_is_an_inverse ... ok
[INFO] [stdout] test batch_sampler::tests::bernoulli_words_have_the_right_rate ... ok
[INFO] [stdout] test gf2::tests::the_kernel_is_annihilated_and_has_the_right_dimension ... ok
[INFO] [stdout] test gf2::tests::row_reduction_keeps_the_rowspace ... ok
[INFO] [stdout] test lsd::tests::an_unexplainable_syndrome_is_reported ... ok
[INFO] [stdout] test frame_sampler::tests::detector_marginals_match_the_error_model ... ok
[INFO] [stdout] test lsd::tests::one_fault_is_found ... ok
[INFO] [stdout] test m2d::tests::a_sweep_bit_moves_the_reference ... ok
[INFO] [stdout] test lsd::tests::every_correction_explains_its_syndrome ... ok
[INFO] [stdout] test m2d::tests::b8_conversion_matches_the_bool_path ... ok
[INFO] [stdout] test m2d::tests::circuits_too_wide_for_the_tableau_are_refused ... ok
[INFO] [stdout] test lsd::tests::higher_orders_explain_the_syndrome ... ok
[INFO] [stdout] test m2d::tests::noiseless_runs_convert_to_silence ... ok
[INFO] [stdout] test m2d::tests::nondeterministic_detectors_are_refused ... ok
[INFO] [stdout] test m2d::tests::transpose64_transposes ... ok
[INFO] [stdout] test belief::tests::every_single_fault_is_corrected ... ok
[INFO] [stdout] test memory::tests::detector_counts_follow_the_conventions ... ok
[INFO] [stdout] test bb_circuit::tests::retired_flux_checks_close_their_comparisons ... ok
[INFO] [stdout] test dem_decoder::tests::matches_brute_force_on_small_graphs ... ok
[INFO] [stdout] test memory::tests::every_single_fault_is_corrected_d7 ... ignored
[INFO] [stdout] test memory::tests::layers_are_the_round_program ... ok
[INFO] [stdout] test coherent::kernel::tests::small_circuits_are_exact_or_nearly ... ok
[INFO] [stdout] test memory::tests::the_folded_circuit_is_the_flat_one ... ok
[INFO] [stdout] test memory::tests::xzzx_is_the_rotated_code_under_a_checkerboard_of_hadamards ... ok
[INFO] [stdout] test nonpauli::tests::rotations_parse ... ok
[INFO] [stdout] test nonpauli::tests::unknown_tags_are_inert_and_bad_known_ones_are_errors ... ok
[INFO] [stdout] test memory::tests::rotated_pieces_never_join_x_and_z_checks ... ok
[INFO] [stdout] test osd::tests::every_correction_explains_its_syndrome ... ok
[INFO] [stdout] test plu::tests::full_rref_solves_the_image ... ok
[INFO] [stdout] test plu::tests::image_check_is_exact ... ok
[INFO] [stdout] test plu::tests::the_check_resumes ... ok
[INFO] [stdout] test memory::tests::every_memory_circuit_has_a_deterministic_decomposable_model ... ok
[INFO] [stdout] test robin::tests::its_order_is_robin_maps ... ok
[INFO] [stdout] test search::tests::mt19937_64_is_the_standards ... ok
[INFO] [stdout] test search::tests::the_queues_are_priority_queues ... ok
[INFO] [stdout] test memory::tests::every_single_fault_is_corrected_d3_d5 ... ok
[INFO] [stdout] test shots::tests::b8_round_trips_and_is_little_endian_within_bytes ... ok
[INFO] [stdout] test shots::tests::defects_from_b8_equals_the_bitwise_scan ... ok
[INFO] [stdout] test shots::tests::malformed_input_is_an_error ... ok
[INFO] [stdout] test shots::tests::zero_one_round_trips ... ok
[INFO] [stdout] test sparse::correlated_tests::a_piece_of_observables_alone_names_no_edge ... ok
[INFO] [stdout] test sparse::correlated_tests::a_piece_repeated_within_one_error_takes_p_twice_more ... ok
[INFO] [stdout] test sparse::correlated_tests::circuit_models_have_rules ... ok
[INFO] [stdout] test robin::tests::it_is_a_set ... ok
[INFO] [stdout] test sparse::correlated_tests::errors_that_cannot_happen_add_no_rules ... ok
[INFO] [stdout] test sparse::correlated_tests::every_pair_of_pieces_is_correlated ... ok
[INFO] [stdout] test sparse::correlated_tests::models_the_rules_cannot_use_are_refused ... ok
[INFO] [stdout] test sparse::correlated_tests::pass_two_from_given_edges_is_the_full_decode ... ok
[INFO] [stdout] test dem_build::tests::folding_agrees_with_walking_every_pass ... ok
[INFO] [stdout] test sparse::correlated_tests::rules_follow_the_joint_probabilities ... ok
[INFO] [stdout] test sparse::correlated_tests::traced_edges_are_a_minimum_weight_correction ... ok
[INFO] [stdout] test sparse::correlated_tests::traces_paths_through_empty_nodes_and_to_the_boundary ... ok
[INFO] [stdout] test osd::tests::higher_orders_are_no_heavier_and_full_search_is_optimal ... ok
[INFO] [stdout] test sparse::correlated_tests::weights_are_restored_after_every_decode ... ok
[INFO] [stdout] test equivalence::old_and_new_paths_agree_d3_d5 ... ok
[INFO] [stdout] test sparse::tests::a_reused_scratch_keeps_no_more_than_one_shot_needs ... ok
[INFO] [stdout] test m2d::tests::a_walk_that_never_settles_is_refused_not_endless ... ok
[INFO] [stdout] test sparse::tests::edge_ids_name_both_halves ... ok
[INFO] [stdout] test sparse::correlated_tests::correlated_matching_beats_plain_matching_under_sd6 ... ok
[INFO] [stdout] test sparse::tests::one_scratch_decodes_many_shots ... ok
[INFO] [stdout] test sparse::tracker::tests::clear_empties_and_restarts_time ... ok
[INFO] [stdout] test m2d::tests::long_loops_convert_without_unrolling ... ok
[INFO] [stdout] test sparse::tracker::tests::pops_in_exactly_the_binary_heaps_order ... ok
[INFO] [stdout] test sparse::union_find::tests::every_single_fault_is_corrected ... ok
[INFO] [stdout] test sparse::union_find::tests::corrections_explain_every_detection_event ... ok
[INFO] [stdout] test sparse::union_find::tests::scratch_is_reset_between_decodes ... ok
[INFO] [stdout] test statevec::tests::a_rotation_flips_with_sin_squared ... ok
[INFO] [stdout] test statevec::tests::amplitude_damping_decays_one ... ok
[INFO] [stdout] test statevec::tests::noise_matches_its_channel ... ok
[INFO] [stdout] test statevec::tests::noiseless_detectors_never_fire ... ok
[INFO] [stdout] test statevec::tests::samples_follow_the_distribution ... ok
[INFO] [stdout] test statevec::tests::t_gates_rotate_the_plus_state ... ok
[INFO] [stdout] test statevec::tests::too_many_qubits_is_an_error ... ok
[INFO] [stdout] test sparse::tests::decodes_shots_far_beyond_the_dense_limit ... ok
[INFO] [stdout] test stream::tests::a_template_decodes_exactly_as_the_full_model ... ok
[INFO] [stdout] test bb_auto::tests::all_144_maps_are_automorphisms_with_symplectic_actions ... ok
[INFO] [stdout] test stream::tests::defects_left_behind_are_counted ... ok
[INFO] [stdout] test stream::tests::bulk_windows_are_the_same_graph ... ok
[INFO] [stdout] test surgery::tests::a_line_of_three_measures_each_seam ... ok
[INFO] [stdout] test surgery::tests::a_seam_split_and_merged_again_at_once ... ok
[INFO] [stdout] test surgery::tests::every_detector_and_observable_is_deterministic ... ok
[INFO] [stdout] test surgery::tests::malformed_programs_are_errors ... ok
[INFO] [stdout] test surgery::tests::programs_are_deterministic ... ok
[INFO] [stdout] test surgery::tests::every_program_corrects_every_single_fault ... ok
[INFO] [stdout] test sparse::union_find::tests::nearly_as_good_as_matching_and_better_with_distance ... ok
[INFO] [stdout] test surgery::tests::the_cnot_s_outcomes_are_random ... ok
[INFO] [stdout] test surgery::tests::the_codes_have_the_right_number_of_checks ... ok
[INFO] [stdout] test bb_auto::tests::the_report_is_a_group ... ok
[INFO] [stdout] test coherent::kernel::survey::exact_over_random_circuits ... ok
[INFO] [stdout] test surgery::tests::single_faults_need_more_than_one_merged_round ... ok
[INFO] [stdout] test tests::blossom_speed ... ignored
[INFO] [stdout] test tests::count_parallel_edges ... ignored
[INFO] [stdout] test tests::derived_logicals_are_valid_at_every_distance ... ok
[INFO] [stdout] test tests::logical_classification_matches_the_rotated_code ... ok
[INFO] [stdout] test surgery::tests::the_z_z_experiment_is_unchanged ... ok
[INFO] [stdout] test tests::test_bell_state ... ok
[INFO] [stdout] test tests::test_circuit_level_noise_zero_noise ... ok
[INFO] [stdout] test tests::test_dijkstra_erasure ... ok
[INFO] [stdout] test tests::test_ghz_state ... ok
[INFO] [stdout] test tests::test_greedy_decoder ... ok
[INFO] [stdout] test tests::test_mwpm_decoder ... ok
[INFO] [stdout] test tests::test_single_qubit_gates ... ok
[INFO] [stdout] test tests::blossom_agrees_with_brute_force ... ok
[INFO] [stdout] test tests::test_surface_code_zero_noise ... ok
[INFO] [stdout] test tests::test_teleportation_x_basis ... ok
[INFO] [stdout] test tests::test_teleportation_y_basis ... ok
[INFO] [stdout] test tests::test_xzzx_commutation ... ok
[INFO] [stdout] test tests::test_surface_code_low_noise ... ok
[INFO] [stdout] test tests::union_find_is_deterministic ... ok
[INFO] [stdout] test tests::xzzx_extraction_circuit_measures_commuting_stabilizers ... ok
[INFO] [stdout] test surgery::tests::the_cnot_is_a_cnot ... ok
[INFO] [stdout] test tests::xzzx_search_schedules ... ignored
[INFO] [stdout] test tests::xzzx_frame_propagation_agrees_with_the_tableau ... ok
[INFO] [stdout] test wasm_bb::tests::a_batch_decodes ... ok
[INFO] [stdout] test wasm_hw::tests::readouts_to_predictions ... ok
[INFO] [stdout] test wasm_ls::tests::a_batch_decodes ... ok
[INFO] [stdout] test wasm_rt::tests::a_small_stream_decodes_like_the_global_decoder ... ok
[INFO] [stdout] test window::tests::a_window_over_everything_is_the_whole_graph ... ok
[INFO] [stdout] test window::tests::edge_ids_are_the_traced_edges ... ok
[INFO] [stdout] test window::tests::edges_leaving_a_window_become_its_own_boundaries ... ok
[INFO] [stdout] test fuzzing::tests::random_inputs_never_panic ... ok
[INFO] [stdout] test window::tests::layers_follow_the_time_coordinate ... ok
[INFO] [stdout] test window::tests::one_window_is_exactly_global_decoding ... ok
[INFO] [stdout] test window::tests::pass_two_edges_are_its_optimal_correction ... ok
[INFO] [stdout] test window::tests::unsound_schedules_are_refused ... ok
[INFO] [stdout] test stream::tests::a_template_decodes_exactly_as_the_full_model_at_d5_and_unequal_windows ... ok
[INFO] [stdout] test search::tests::unlimited_search_is_the_most_likely_error ... ok
[INFO] [stdout] test window::tests::every_defect_is_explained ... ok
[INFO] [stdout] test tests::matching_decoder_is_never_heavier_than_the_others ... ok
[INFO] [stdout] test tests::xzzx_detector_model_is_graphlike ... ok
[INFO] [stdout] test bb_circuit::tests::the_logical_measurement_is_deterministic ... ok
[INFO] [stdout] test tests::rotated_circuit_frame_tracks_the_tableau ... ok
[INFO] [stdout] test sparse::tests::matches_brute_force_on_small_graphs ... ok
[INFO] [stdout] test sparse::tests::agrees_with_the_dense_matcher_on_random_graphs ... ok
[INFO] [stdout] test sparse::correlated_tests::pass_two_is_exact_on_the_reweighted_graph ... ok
[INFO] [stdout] test window::tests::windows_of_size_d_decode_as_well_as_global ... ok
[INFO] [stdout] test m2d::tests::word_wide_conversion_equals_shot_by_shot ... ok
[INFO] [stdout] test coherent::exact::tests::random_circuits ... ok
[INFO] [stdout] test sparse::tests::agrees_with_the_dense_matcher_on_surface_code_shots ... ok
[INFO] [stdout] test belief::tests::belief_matching_does_not_lose_to_matching ... ok
[INFO] [stdout] test tests::xzzx_survives_every_single_circuit_fault ... ok
[INFO] [stdout] 
[INFO] [stdout] failures:
[INFO] [stdout] 
[INFO] [stdout] ---- batch_sampler::tests::repeat_blocks_run_without_flattening stdout ----
[INFO] [stdout] 
[INFO] [stdout] thread 'batch_sampler::tests::repeat_blocks_run_without_flattening' (171) panicked at src/batch_sampler.rs:842:14:
[INFO] [stdout] called `Result::unwrap()` on an `Err` value: Os { code: 2, kind: NotFound, message: "No such file or directory" }
[INFO] [stdout] stack backtrace:
[INFO] [stdout]    0:     0x55e6393e4d17 - <<std[617be2ca0a6fd877]::sys::backtrace::BacktraceLock>::print::DisplayBacktrace as core[a373ad73a504971]::fmt::Display>::fmt
[INFO] [stdout]    1:     0x55e6393ca64a - core[a373ad73a504971]::fmt::write
[INFO] [stdout]    2:     0x55e6393e42cb - <alloc[2e1b2a31b91974c5]::vec::Vec<u8> as core[a373ad73a504971]::io::write::Write>::write_fmt
[INFO] [stdout]    3:     0x55e6393e3daf - std[617be2ca0a6fd877]::panicking::default_hook::{closure#0}
[INFO] [stdout]    4:     0x55e6393e39da - std[617be2ca0a6fd877]::panicking::default_hook
[INFO] [stdout]    5:     0x55e6393e3515 - std[617be2ca0a6fd877]::panicking::panic_with_hook
[INFO] [stdout]    6:     0x55e63940a2c1 - std[617be2ca0a6fd877]::panicking::panic_handler::{closure#0}
[INFO] [stdout]    7:     0x55e63940a279 - std[617be2ca0a6fd877]::sys::backtrace::__rust_end_short_backtrace::<std[617be2ca0a6fd877]::panicking::panic_handler::{closure#0}, !>
[INFO] [stdout]    8:     0x55e63940a77c - __rustc[ea4f61d10b84890b]::rust_begin_unwind
[INFO] [stdout]    9:     0x55e6393ca4db - core[a373ad73a504971]::panicking::panic_fmt
[INFO] [stdout]   10:     0x55e6393ce551 - core[a373ad73a504971]::result::unwrap_failed
[INFO] [stdout]   11:     0x55e639363fd1 - <stabilizer_qec[9c9ed037e64459c4]::batch_sampler::tests::repeat_blocks_run_without_flattening::{closure#0} as core[a373ad73a504971]::ops::function::FnOnce<()>>::call_once
[INFO] [stdout]   12:     0x55e63942383b - test[aada8e7e76ba119b]::__rust_begin_short_backtrace::<core[a373ad73a504971]::result::Result<(), alloc[2e1b2a31b91974c5]::string::String>, fn() -> core[a373ad73a504971]::result::Result<(), alloc[2e1b2a31b91974c5]::string::String>>
[INFO] [stdout]   13:     0x55e63941ec9f - test[aada8e7e76ba119b]::run_test::{closure#0}
[INFO] [stdout]   14:     0x55e63941e71c - std[617be2ca0a6fd877]::sys::backtrace::__rust_begin_short_backtrace::<test[aada8e7e76ba119b]::run_test::{closure#1}, ()>
[INFO] [stdout]   15:     0x55e63943e45c - <std[617be2ca0a6fd877]::thread::lifecycle::spawn_unchecked<test[aada8e7e76ba119b]::run_test::{closure#1}, ()>::{closure#1} as core[a373ad73a504971]::ops::function::FnOnce<()>>::call_once::{shim:vtable#0}
[INFO] [stdout]   16:     0x55e63940bfe4 - <std[617be2ca0a6fd877]::sys::thread::unix::Thread>::new::thread_start
[INFO] [stdout]   17:     0x7f77413e3dfa - <unknown>
[INFO] [stdout]   18:     0x7f77414773d4 - clone
[INFO] [stdout]   19:                0x0 - <unknown>
[INFO] [stdout] 
[INFO] [stdout] 
[INFO] [stdout] failures:
[INFO] [stdout]     batch_sampler::tests::repeat_blocks_run_without_flattening
[INFO] [stdout] 
[INFO] [stdout] test result: FAILED. 234 passed; 1 failed; 9 ignored; 0 measured; 0 filtered out; finished in 37.86s
[INFO] [stdout] 
[INFO] [stderr] error: test failed, to rerun pass `--lib`
[INFO] running `Command { std: "docker" "inspect" "b3c20db1dfc6a6d9ab0be5cfa292800a7e9ae9bb6ce195af8e8672478652d6e9", kill_on_drop: false }`
[INFO] running `Command { std: "docker" "rm" "-f" "b3c20db1dfc6a6d9ab0be5cfa292800a7e9ae9bb6ce195af8e8672478652d6e9", kill_on_drop: false }`
[INFO] [stdout] b3c20db1dfc6a6d9ab0be5cfa292800a7e9ae9bb6ce195af8e8672478652d6e9
