[INFO] fetching crate st-protocol 0.1.0...
[INFO] testing st-protocol-0.1.0 against 1.100.0-beta.1+cargoflags=--release for beta-release-1.100-2
[INFO] extracting crate st-protocol 0.1.0 into /workspace/builds/worker-4-tc2/source
[INFO] started tweaking crates.io crate st-protocol 0.1.0
[INFO] finished tweaking crates.io crate st-protocol 0.1.0
[INFO] tweaked toml for crates.io crate st-protocol 0.1.0 written to /workspace/builds/worker-4-tc2/source/Cargo.toml
[INFO] validating manifest of crates.io crate st-protocol 0.1.0 on toolchain 1.100.0-beta.1
[INFO] running `Command { std: CARGO_HOME="/workspace/cargo-home" RUSTUP_HOME="/workspace/rustup-home" "/workspace/cargo-home/bin/cargo" "+1.100.0-beta.1" "metadata" "--manifest-path" "Cargo.toml" "--no-deps", kill_on_drop: false }`
[INFO] crate crates.io crate st-protocol 0.1.0 already has a lockfile, it will not be regenerated
[INFO] running `Command { std: CARGO_HOME="/workspace/cargo-home" RUSTUP_HOME="/workspace/rustup-home" "/workspace/cargo-home/bin/cargo" "+1.100.0-beta.1" "fetch" "--manifest-path" "Cargo.toml", kill_on_drop: false }`
[INFO] running `Command { std: "docker" "create" "-v" "/var/lib/crater-agent-workspace/builds/worker-4-tc2/source:/opt/rustwide/workdir:ro,Z" "-v" "/var/lib/crater-agent-workspace/builds/worker-4-tc2/target:/opt/rustwide/target:rw,Z" "-v" "/var/lib/crater-agent-workspace/cargo-home:/opt/rustwide/cargo-home:ro,Z" "-v" "/var/lib/crater-agent-workspace/rustup-home:/opt/rustwide/rustup-home:ro,Z" "-m" "1610612736" "--network" "none" "ghcr.io/rust-lang/crates-build-env/linux@sha256:77db811e55d90add9212f6832c23229e3de5f1c1f9905e8cb07319ea15df73ac" "sleep" "infinity", kill_on_drop: false }`
[INFO] [stdout] 4bc5881e185166c06635db80299cbcd39e74ce7ecdb56a6b49335f89106d02c7
[INFO] running `Command { std: "docker" "start" "4bc5881e185166c06635db80299cbcd39e74ce7ecdb56a6b49335f89106d02c7", kill_on_drop: false }`
[INFO] running `Command { std: "docker" "inspect" "4bc5881e185166c06635db80299cbcd39e74ce7ecdb56a6b49335f89106d02c7", kill_on_drop: false }`
[INFO] running `Command { std: "docker" "exec" "-e" "SOURCE_DIR=/opt/rustwide/workdir" "-e" "CARGO_HOME=/opt/rustwide/cargo-home" "-e" "RUSTUP_HOME=/opt/rustwide/rustup-home" "-e" "CARGO_TARGET_DIR=/opt/rustwide/target" "-w" "/opt/rustwide/workdir" "--user" "0:0" "4bc5881e185166c06635db80299cbcd39e74ce7ecdb56a6b49335f89106d02c7" "/opt/rustwide/cargo-home/bin/cargo" "+1.100.0-beta.1" "metadata" "--no-deps" "--format-version=1", kill_on_drop: false }`
[INFO] running `Command { std: "docker" "inspect" "4bc5881e185166c06635db80299cbcd39e74ce7ecdb56a6b49335f89106d02c7", kill_on_drop: false }`
[INFO] running `Command { std: "docker" "exec" "-e" "SOURCE_DIR=/opt/rustwide/workdir" "-e" "CARGO_HOME=/opt/rustwide/cargo-home" "-e" "RUSTUP_HOME=/opt/rustwide/rustup-home" "-e" "CARGO_TARGET_DIR=/opt/rustwide/target" "-e" "CARGO_INCREMENTAL=0" "-e" "RUST_BACKTRACE=full" "-e" "RUSTFLAGS=--cap-lints=warn" "-e" "RUSTDOCFLAGS=--cap-lints=warn" "-w" "/opt/rustwide/workdir" "--user" "0:0" "4bc5881e185166c06635db80299cbcd39e74ce7ecdb56a6b49335f89106d02c7" "/opt/rustwide/cargo-home/bin/cargo" "+1.100.0-beta.1" "build" "--frozen" "--message-format=json" "--release", kill_on_drop: false }`
[INFO] [stderr]    Compiling thiserror v2.0.18
[INFO] [stderr]    Compiling syn v2.0.117
[INFO] [stderr]    Compiling thiserror-impl v2.0.18
[INFO] [stderr]    Compiling st-protocol v0.1.0 (/opt/rustwide/workdir)
[INFO] [stderr] warning: unused dependency `thiserror`
[INFO] [stderr]  --> Cargo.toml:5:15
[INFO] [stderr]   |
[INFO] [stderr] 5 | [dependencies.thiserror]
[INFO] [stderr]   |               ^^^^^^^^^^
[INFO] [stderr]   |
[INFO] [stderr]   = note: `cargo::unused_dependencies` is set to `warn` by default
[INFO] [stderr] help: consider removing the dependency on `thiserror`
[INFO] [stderr] warning: `st-protocol` (manifest) generated 1 warning
[INFO] [stderr]     Finished `release` profile [optimized] target(s) in 4.71s
[INFO] running `Command { std: "docker" "inspect" "4bc5881e185166c06635db80299cbcd39e74ce7ecdb56a6b49335f89106d02c7", kill_on_drop: false }`
[INFO] running `Command { std: "docker" "exec" "-e" "SOURCE_DIR=/opt/rustwide/workdir" "-e" "CARGO_HOME=/opt/rustwide/cargo-home" "-e" "RUSTUP_HOME=/opt/rustwide/rustup-home" "-e" "CARGO_TARGET_DIR=/opt/rustwide/target" "-e" "CARGO_INCREMENTAL=0" "-e" "RUST_BACKTRACE=full" "-e" "RUSTFLAGS=--cap-lints=warn" "-e" "RUSTDOCFLAGS=--cap-lints=warn" "-w" "/opt/rustwide/workdir" "--user" "0:0" "4bc5881e185166c06635db80299cbcd39e74ce7ecdb56a6b49335f89106d02c7" "/opt/rustwide/cargo-home/bin/cargo" "+1.100.0-beta.1" "test" "--frozen" "--no-run" "--message-format=json" "--release", kill_on_drop: false }`
[INFO] [stderr]    Compiling libc v0.2.183
[INFO] [stderr]    Compiling zerocopy v0.8.42
[INFO] [stderr]    Compiling bitflags v2.11.0
[INFO] [stderr]    Compiling quick-error v1.2.3
[INFO] [stderr]    Compiling bit-vec v0.8.0
[INFO] [stderr]    Compiling unarray v0.1.4
[INFO] [stderr]    Compiling regex-syntax v0.8.10
[INFO] [stderr]    Compiling rustix v1.1.4
[INFO] [stderr]    Compiling bit-set v0.8.0
[INFO] [stderr]    Compiling getrandom v0.3.4
[INFO] [stderr]    Compiling getrandom v0.4.2
[INFO] [stderr]    Compiling wait-timeout v0.2.1
[INFO] [stderr]    Compiling rand_core v0.9.5
[INFO] [stderr]    Compiling rand_xorshift v0.4.0
[INFO] [stderr]    Compiling rand v0.9.2
[INFO] [stderr]    Compiling tempfile v3.27.0
[INFO] [stderr]    Compiling rusty-fork v0.3.1
[INFO] [stderr]    Compiling ppv-lite86 v0.2.21
[INFO] [stderr]    Compiling rand_chacha v0.9.0
[INFO] [stderr]    Compiling proptest v1.10.0
[INFO] [stderr]    Compiling st-protocol v0.1.0 (/opt/rustwide/workdir)
[INFO] [stderr] warning: unused dependency `thiserror`
[INFO] [stderr]  --> Cargo.toml:5:15
[INFO] [stderr]   |
[INFO] [stderr] 5 | [dependencies.thiserror]
[INFO] [stderr]   |               ^^^^^^^^^^
[INFO] [stderr]   |
[INFO] [stderr]   = note: `cargo::unused_dependencies` is set to `warn` by default
[INFO] [stderr] help: consider removing the dependency on `thiserror`
[INFO] [stderr] warning: `st-protocol` (manifest) generated 1 warning
[INFO] [stderr]     Finished `release` profile [optimized] target(s) in 33.94s
[INFO] running `Command { std: "docker" "inspect" "4bc5881e185166c06635db80299cbcd39e74ce7ecdb56a6b49335f89106d02c7", kill_on_drop: false }`
[INFO] running `Command { std: "docker" "exec" "-e" "SOURCE_DIR=/opt/rustwide/workdir" "-e" "CARGO_HOME=/opt/rustwide/cargo-home" "-e" "RUSTUP_HOME=/opt/rustwide/rustup-home" "-e" "CARGO_TARGET_DIR=/opt/rustwide/target" "-e" "CARGO_INCREMENTAL=0" "-e" "RUST_BACKTRACE=full" "-e" "RUSTFLAGS=--cap-lints=warn" "-e" "RUSTDOCFLAGS=--cap-lints=warn" "-w" "/opt/rustwide/workdir" "--user" "0:0" "4bc5881e185166c06635db80299cbcd39e74ce7ecdb56a6b49335f89106d02c7" "/opt/rustwide/cargo-home/bin/cargo" "+1.100.0-beta.1" "test" "--frozen" "--release", kill_on_drop: false }`
[INFO] [stderr] warning: unused dependency `thiserror`
[INFO] [stderr]  --> Cargo.toml:5:15
[INFO] [stderr]   |
[INFO] [stderr] 5 | [dependencies.thiserror]
[INFO] [stderr]   |               ^^^^^^^^^^
[INFO] [stderr]   |
[INFO] [stderr]   = note: `cargo::unused_dependencies` is set to `warn` by default
[INFO] [stderr] help: consider removing the dependency on `thiserror`
[INFO] [stderr] warning: `st-protocol` (manifest) generated 1 warning
[INFO] [stderr]     Finished `release` profile [optimized] target(s) in 0.13s
[INFO] [stderr]      Running unittests src/lib.rs (/opt/rustwide/target/release/build/st-protocol/151a1ce65c0c3487/out/st_protocol-151a1ce65c0c3487)
[INFO] [stdout] 
[INFO] [stdout] running 27 tests
[INFO] [stdout] test address::tests::test_cached_address ... ok
[INFO] [stdout] test address::tests::test_host_cache ... ok
[INFO] [stdout] test auth::tests::test_protected_paths ... ok
[INFO] [stdout] test auth::tests::test_auth_block_roundtrip ... ok
[INFO] [stdout] test auth::tests::test_path_auth_level ... ok
[INFO] [stdout] test address::tests::test_inline_address ... FAILED
[INFO] [stdout] test address::tests::test_local_address ... ok
[INFO] [stdout] test frame::tests::test_error_frame ... ok
[INFO] [stdout] test frame::tests::test_frame_roundtrip ... ok
[INFO] [stdout] test address::tests::test_broadcast ... ok
[INFO] [stdout] test payload::tests::test_extended_length ... ok
[INFO] [stdout] test payload::tests::test_short_length_prefix ... ok
[INFO] [stdout] test payload::tests::test_string_encoding ... ok
[INFO] [stdout] test tests::test_escape_sequence ... ok
[INFO] [stdout] test tests::test_ping_frame ... ok
[INFO] [stdout] test auth::tests::test_auth_levels ... ok
[INFO] [stdout] test tests::test_roundtrip ... ok
[INFO] [stdout] test tests::test_scan_frame ... ok
[INFO] [stdout] test payload::tests::test_escape_roundtrip ... ok
[INFO] [stdout] test auth::tests::test_security_context ... ok
[INFO] [stdout] test frame::tests::test_builder ... ok
[INFO] [stdout] test frame::tests::test_ping_frame ... ok
[INFO] [stdout] test frame::tests::test_find_end ... ok
[INFO] [stdout] test frame::tests::test_find_end_with_escape ... ok
[INFO] [stdout] test verb::tests::test_ping_is_0x05 ... ok
[INFO] [stdout] test verb::tests::test_verb_roundtrip ... ok
[INFO] [stderr] error: test failed, to rerun pass `--lib`
[INFO] [stdout] test verb::tests::test_security_levels ... ok
[INFO] [stdout] 
[INFO] [stdout] failures:
[INFO] [stdout] 
[INFO] [stdout] ---- address::tests::test_inline_address stdout ----
[INFO] [stdout] 
[INFO] [stdout] thread 'address::tests::test_inline_address' (540) panicked at src/address.rs:277:9:
[INFO] [stdout] assertion `left == right` failed
[INFO] [stdout]   left: 145
[INFO] [stdout]  right: 144
[INFO] [stdout] stack backtrace:
[INFO] [stdout]    0:     0x5bc934da7661 - <<std[617be2ca0a6fd877]::sys::backtrace::BacktraceLock>::print::DisplayBacktrace as core[a373ad73a504971]::fmt::Display>::fmt
[INFO] [stdout]    1:     0x5bc934dbb65a - core[a373ad73a504971]::fmt::write
[INFO] [stdout]    2:     0x5bc934dab87c - <alloc[2e1b2a31b91974c5]::vec::Vec<u8> as core[a373ad73a504971]::io::write::Write>::write_fmt
[INFO] [stdout]    3:     0x5bc934d83ac6 - std[617be2ca0a6fd877]::panicking::default_hook::{closure#0}
[INFO] [stdout]    4:     0x5bc934d9fcf9 - std[617be2ca0a6fd877]::panicking::default_hook
[INFO] [stdout]    5:     0x5bc934d3c3a0 - test[aada8e7e76ba119b]::test_main_inner::{closure#0}
[INFO] [stdout]    6:     0x5bc934d9feb2 - std[617be2ca0a6fd877]::panicking::panic_with_hook
[INFO] [stdout]    7:     0x5bc934d83b72 - std[617be2ca0a6fd877]::panicking::panic_handler::{closure#0}
[INFO] [stdout]    8:     0x5bc934d7c889 - std[617be2ca0a6fd877]::sys::backtrace::__rust_end_short_backtrace::<std[617be2ca0a6fd877]::panicking::panic_handler::{closure#0}, !>
[INFO] [stdout]    9:     0x5bc934d8477d - __rustc[ea4f61d10b84890b]::rust_begin_unwind
[INFO] [stdout]   10:     0x5bc934dbbd8c - core[a373ad73a504971]::panicking::panic_fmt
[INFO] [stdout]   11:     0x5bc934dbbca3 - core[a373ad73a504971]::panicking::assert_failed_inner
[INFO] [stdout]   12:     0x5bc934d29fc5 - core[a373ad73a504971]::panicking::assert_failed::<u8, u8>
[INFO] [stdout]   13:     0x5bc934d2dc5b - <st_protocol[f625b54ac6932668]::address::tests::test_inline_address::{closure#0} as core[a373ad73a504971]::ops::function::FnOnce<()>>::call_once
[INFO] [stdout]   14:     0x5bc934d2f7eb - test[aada8e7e76ba119b]::__rust_begin_short_backtrace::<core[a373ad73a504971]::result::Result<(), alloc[2e1b2a31b91974c5]::string::String>, fn() -> core[a373ad73a504971]::result::Result<(), alloc[2e1b2a31b91974c5]::string::String>>
[INFO] [stdout]   15:     0x5bc934d3c9c5 - test[aada8e7e76ba119b]::run_test::{closure#0}
[INFO] [stdout]   16:     0x5bc934d362b4 - std[617be2ca0a6fd877]::sys::backtrace::__rust_begin_short_backtrace::<test[aada8e7e76ba119b]::run_test::{closure#1}, ()>
[INFO] [stdout]   17:     0x5bc934d3fa52 - <std[617be2ca0a6fd877]::thread::lifecycle::spawn_unchecked<test[aada8e7e76ba119b]::run_test::{closure#1}, ()>::{closure#1} as core[a373ad73a504971]::ops::function::FnOnce<()>>::call_once::{shim:vtable#0}
[INFO] [stdout]   18:     0x5bc934da6ebf - <std[617be2ca0a6fd877]::sys::thread::unix::Thread>::new::thread_start
[INFO] [stdout]   19:     0x7825b94fcdfa - <unknown>
[INFO] [stdout]   20:     0x7825b95903d4 - clone
[INFO] [stdout]   21:                0x0 - <unknown>
[INFO] [stdout] 
[INFO] [stdout] 
[INFO] [stdout] failures:
[INFO] [stdout]     address::tests::test_inline_address
[INFO] [stdout] 
[INFO] [stdout] test result: FAILED. 26 passed; 1 failed; 0 ignored; 0 measured; 0 filtered out; finished in 0.01s
[INFO] [stdout] 
[INFO] running `Command { std: "docker" "inspect" "4bc5881e185166c06635db80299cbcd39e74ce7ecdb56a6b49335f89106d02c7", kill_on_drop: false }`
[INFO] running `Command { std: "docker" "rm" "-f" "4bc5881e185166c06635db80299cbcd39e74ce7ecdb56a6b49335f89106d02c7", kill_on_drop: false }`
[INFO] [stdout] 4bc5881e185166c06635db80299cbcd39e74ce7ecdb56a6b49335f89106d02c7
