[INFO] fetching crate sssui-mpc-rs 0.2.0...
[INFO] testing sssui-mpc-rs-0.2.0 against 1.100.0-beta.1+cargoflags=--release for beta-release-1.100-2
[INFO] extracting crate sssui-mpc-rs 0.2.0 into /workspace/builds/worker-5-tc2/source
[INFO] started tweaking crates.io crate sssui-mpc-rs 0.2.0
[INFO] finished tweaking crates.io crate sssui-mpc-rs 0.2.0
[INFO] tweaked toml for crates.io crate sssui-mpc-rs 0.2.0 written to /workspace/builds/worker-5-tc2/source/Cargo.toml
[INFO] validating manifest of crates.io crate sssui-mpc-rs 0.2.0 on toolchain 1.100.0-beta.1
[INFO] running `Command { std: CARGO_HOME="/workspace/cargo-home" RUSTUP_HOME="/workspace/rustup-home" "/workspace/cargo-home/bin/cargo" "+1.100.0-beta.1" "metadata" "--manifest-path" "Cargo.toml" "--no-deps", kill_on_drop: false }`
[INFO] crate crates.io crate sssui-mpc-rs 0.2.0 already has a lockfile, it will not be regenerated
[INFO] running `Command { std: CARGO_HOME="/workspace/cargo-home" RUSTUP_HOME="/workspace/rustup-home" "/workspace/cargo-home/bin/cargo" "+1.100.0-beta.1" "fetch" "--manifest-path" "Cargo.toml", kill_on_drop: false }`
[INFO] running `Command { std: "docker" "create" "-v" "/var/lib/crater-agent-workspace/builds/worker-5-tc2/source:/opt/rustwide/workdir:ro,Z" "-v" "/var/lib/crater-agent-workspace/builds/worker-5-tc2/target:/opt/rustwide/target:rw,Z" "-v" "/var/lib/crater-agent-workspace/cargo-home:/opt/rustwide/cargo-home:ro,Z" "-v" "/var/lib/crater-agent-workspace/rustup-home:/opt/rustwide/rustup-home:ro,Z" "-m" "1610612736" "--network" "none" "ghcr.io/rust-lang/crates-build-env/linux@sha256:77db811e55d90add9212f6832c23229e3de5f1c1f9905e8cb07319ea15df73ac" "sleep" "infinity", kill_on_drop: false }`
[INFO] [stdout] bd3669f69d9fa4a702fa202b1050628b2f5a0afe833c49f3594e4da76f5cc50c
[INFO] running `Command { std: "docker" "start" "bd3669f69d9fa4a702fa202b1050628b2f5a0afe833c49f3594e4da76f5cc50c", kill_on_drop: false }`
[INFO] running `Command { std: "docker" "inspect" "bd3669f69d9fa4a702fa202b1050628b2f5a0afe833c49f3594e4da76f5cc50c", kill_on_drop: false }`
[INFO] running `Command { std: "docker" "exec" "-e" "SOURCE_DIR=/opt/rustwide/workdir" "-e" "CARGO_HOME=/opt/rustwide/cargo-home" "-e" "RUSTUP_HOME=/opt/rustwide/rustup-home" "-e" "CARGO_TARGET_DIR=/opt/rustwide/target" "-w" "/opt/rustwide/workdir" "--user" "0:0" "bd3669f69d9fa4a702fa202b1050628b2f5a0afe833c49f3594e4da76f5cc50c" "/opt/rustwide/cargo-home/bin/cargo" "+1.100.0-beta.1" "metadata" "--no-deps" "--format-version=1", kill_on_drop: false }`
[INFO] running `Command { std: "docker" "inspect" "bd3669f69d9fa4a702fa202b1050628b2f5a0afe833c49f3594e4da76f5cc50c", kill_on_drop: false }`
[INFO] running `Command { std: "docker" "exec" "-e" "SOURCE_DIR=/opt/rustwide/workdir" "-e" "CARGO_HOME=/opt/rustwide/cargo-home" "-e" "RUSTUP_HOME=/opt/rustwide/rustup-home" "-e" "CARGO_TARGET_DIR=/opt/rustwide/target" "-e" "CARGO_INCREMENTAL=0" "-e" "RUST_BACKTRACE=full" "-e" "RUSTFLAGS=--cap-lints=warn" "-e" "RUSTDOCFLAGS=--cap-lints=warn" "-w" "/opt/rustwide/workdir" "--user" "0:0" "bd3669f69d9fa4a702fa202b1050628b2f5a0afe833c49f3594e4da76f5cc50c" "/opt/rustwide/cargo-home/bin/cargo" "+1.100.0-beta.1" "build" "--frozen" "--message-format=json" "--release", kill_on_drop: false }`
[INFO] [stderr]    Compiling proc-macro2 v1.0.101
[INFO] [stderr]    Compiling unicode-ident v1.0.19
[INFO] [stderr]    Compiling libc v0.2.175
[INFO] [stderr]    Compiling typenum v1.18.0
[INFO] [stderr]    Compiling subtle v2.6.1
[INFO] [stderr]    Compiling cfg-if v1.0.3
[INFO] [stderr]    Compiling serde_core v1.0.225
[INFO] [stderr]    Compiling base64ct v1.8.0
[INFO] [stderr]    Compiling serde v1.0.225
[INFO] [stderr]    Compiling thiserror v2.0.16
[INFO] [stderr]    Compiling semver v1.0.27
[INFO] [stderr]    Compiling num-traits v0.2.19
[INFO] [stderr]    Compiling paste v1.0.15
[INFO] [stderr]    Compiling either v1.15.0
[INFO] [stderr]    Compiling litrs v0.4.2
[INFO] [stderr]    Compiling debugless-unwrap v0.0.4
[INFO] [stderr]    Compiling hex v0.4.3
[INFO] [stderr]    Compiling const-crc32-nostd v1.3.1
[INFO] [stderr]    Compiling keccak v0.1.5
[INFO] [stderr]    Compiling once_cell v1.21.3
[INFO] [stderr]    Compiling auto_ops v0.3.0
[INFO] [stderr]    Compiling rustc_version v0.4.1
[INFO] [stderr]    Compiling itertools v0.14.0
[INFO] [stderr]    Compiling curve25519-dalek v4.1.3
[INFO] [stderr]    Compiling pem-rfc7468 v0.7.0
[INFO] [stderr]    Compiling document-features v0.2.11
[INFO] [stderr]    Compiling rmp v0.8.14
[INFO] [stderr]    Compiling quote v1.0.40
[INFO] [stderr]    Compiling syn v2.0.106
[INFO] [stderr]    Compiling getrandom v0.2.16
[INFO] [stderr]    Compiling rand_core v0.6.4
[INFO] [stderr]    Compiling ff v0.13.1
[INFO] [stderr]    Compiling group v0.13.0
[INFO] [stderr]    Compiling zeroize_derive v1.4.2
[INFO] [stderr]    Compiling serde_derive v1.0.225
[INFO] [stderr]    Compiling thiserror-impl v2.0.16
[INFO] [stderr]    Compiling derive-getters v0.5.0
[INFO] [stderr]    Compiling visibility v0.1.1
[INFO] [stderr]    Compiling curve25519-dalek-derive v0.1.1
[INFO] [stderr]    Compiling zeroize v1.8.1
[INFO] [stderr]    Compiling generic-array v0.14.7
[INFO] [stderr]    Compiling der v0.7.10
[INFO] [stderr]    Compiling ck-meow v0.1.0
[INFO] [stderr]    Compiling magikitten v0.2.0
[INFO] [stderr]    Compiling frost-core v2.2.0
[INFO] [stderr]    Compiling crypto-common v0.1.6
[INFO] [stderr]    Compiling block-buffer v0.10.4
[INFO] [stderr]    Compiling crypto-bigint v0.5.5
[INFO] [stderr]    Compiling frost-rerandomized v2.2.0
[INFO] [stderr]    Compiling digest v0.10.7
[INFO] [stderr]    Compiling hmac v0.12.1
[INFO] [stderr]    Compiling signature v2.2.0
[INFO] [stderr]    Compiling sha2 v0.10.9
[INFO] [stderr]    Compiling rfc6979 v0.4.0
[INFO] [stderr]    Compiling spki v0.7.3
[INFO] [stderr]    Compiling pkcs8 v0.10.2
[INFO] [stderr]    Compiling frost-ed25519 v2.2.0
[INFO] [stderr]    Compiling serdect v0.2.0
[INFO] [stderr]    Compiling rmp-serde v1.3.0
[INFO] [stderr]    Compiling sec1 v0.7.3
[INFO] [stderr]    Compiling elliptic-curve v0.13.8
[INFO] [stderr]    Compiling ecdsa v0.16.9
[INFO] [stderr]    Compiling primeorder v0.13.6
[INFO] [stderr]    Compiling p256 v0.13.2
[INFO] [stderr]    Compiling k256 v0.13.4
[INFO] [stderr]    Compiling sssui-mpc-rs v0.2.0 (/opt/rustwide/workdir)
[INFO] [stderr] warning: unused dependency `auto_ops`
[INFO] [stderr]  --> Cargo.toml:1:15
[INFO] [stderr]   |
[INFO] [stderr] 1 | [dependencies.auto_ops]
[INFO] [stderr]   |               ^^^^^^^^^
[INFO] [stderr]   |
[INFO] [stderr]   = note: `cargo::unused_dependencies` is set to `warn` by default
[INFO] [stderr] help: consider removing the dependency on `auto_ops`
[INFO] [stderr] warning: unused dependency `magikitten`
[INFO] [stderr]   --> Cargo.toml:35:15
[INFO] [stderr]    |
[INFO] [stderr] 35 | [dependencies.magikitten]
[INFO] [stderr]    |               ^^^^^^^^^^^
[INFO] [stderr]    |
[INFO] [stderr] help: consider removing the dependency on `magikitten`
[INFO] [stderr] warning: `sssui-mpc-rs` (manifest) generated 2 warnings
[INFO] [stderr]     Finished `release` profile [optimized] target(s) in 29.36s
[INFO] running `Command { std: "docker" "inspect" "bd3669f69d9fa4a702fa202b1050628b2f5a0afe833c49f3594e4da76f5cc50c", kill_on_drop: false }`
[INFO] running `Command { std: "docker" "exec" "-e" "SOURCE_DIR=/opt/rustwide/workdir" "-e" "CARGO_HOME=/opt/rustwide/cargo-home" "-e" "RUSTUP_HOME=/opt/rustwide/rustup-home" "-e" "CARGO_TARGET_DIR=/opt/rustwide/target" "-e" "CARGO_INCREMENTAL=0" "-e" "RUST_BACKTRACE=full" "-e" "RUSTFLAGS=--cap-lints=warn" "-e" "RUSTDOCFLAGS=--cap-lints=warn" "-w" "/opt/rustwide/workdir" "--user" "0:0" "bd3669f69d9fa4a702fa202b1050628b2f5a0afe833c49f3594e4da76f5cc50c" "/opt/rustwide/cargo-home/bin/cargo" "+1.100.0-beta.1" "test" "--frozen" "--no-run" "--message-format=json" "--release", kill_on_drop: false }`
[INFO] [stderr]    Compiling crossbeam-utils v0.8.21
[INFO] [stderr]    Compiling proc-macro-error-attr v1.0.4
[INFO] [stderr]    Compiling indexmap v1.9.3
[INFO] [stderr]    Compiling proc-macro-error v1.0.4
[INFO] [stderr]    Compiling rayon-core v1.13.0
[INFO] [stderr]    Compiling serde_json v1.0.145
[INFO] [stderr]    Compiling syn v1.0.109
[INFO] [stderr]    Compiling atty v0.2.14
[INFO] [stderr]    Compiling half v2.6.0
[INFO] [stderr]    Compiling os_str_bytes v6.6.1
[INFO] [stderr]    Compiling ryu v1.0.20
[INFO] [stderr]    Compiling unicode-width v0.1.14
[INFO] [stderr]    Compiling regex-syntax v0.8.6
[INFO] [stderr]    Compiling hashbrown v0.12.3
[INFO] [stderr]    Compiling memchr v2.7.5
[INFO] [stderr]    Compiling itoa v1.0.15
[INFO] [stderr]    Compiling plotters-backend v0.3.7
[INFO] [stderr]    Compiling unicode-segmentation v1.12.0
[INFO] [stderr]    Compiling ciborium-io v0.2.2
[INFO] [stderr]    Compiling itertools v0.10.5
[INFO] [stderr]    Compiling lazy_static v1.5.0
[INFO] [stderr]    Compiling textwrap v0.16.2
[INFO] [stderr]    Compiling plotters-svg v0.3.7
[INFO] [stderr]    Compiling ciborium-ll v0.2.2
[INFO] [stderr]    Compiling cast v0.3.0
[INFO] [stderr]    Compiling textwrap v0.11.0
[INFO] [stderr]    Compiling clap_lex v0.2.4
[INFO] [stderr]    Compiling ansi_term v0.12.1
[INFO] [stderr]    Compiling strsim v0.8.0
[INFO] [stderr]    Compiling same-file v1.0.6
[INFO] [stderr]    Compiling vec_map v0.8.2
[INFO] [stderr]    Compiling ciborium v0.2.2
[INFO] [stderr]    Compiling walkdir v2.5.0
[INFO] [stderr]    Compiling plotters v0.3.7
[INFO] [stderr]    Compiling heck v0.3.3
[INFO] [stderr]    Compiling anes v0.1.6
[INFO] [stderr]    Compiling oorandom v11.1.5
[INFO] [stderr]    Compiling easy-parallel v3.3.1
[INFO] [stderr]    Compiling clap v2.34.0
[INFO] [stderr]    Compiling crossbeam-epoch v0.9.18
[INFO] [stderr]    Compiling crossbeam-deque v0.8.6
[INFO] [stderr]    Compiling clap v3.2.25
[INFO] [stderr]    Compiling rayon v1.11.0
[INFO] [stderr]    Compiling tinytemplate v1.2.1
[INFO] [stderr]    Compiling regex-automata v0.4.10
[INFO] [stderr]    Compiling criterion-plot v0.5.0
[INFO] [stderr]    Compiling structopt-derive v0.4.18
[INFO] [stderr]    Compiling structopt v0.3.26
[INFO] [stderr]    Compiling regex v1.11.2
[INFO] [stderr]    Compiling criterion v0.4.0
[INFO] [stderr]    Compiling sssui-mpc-rs v0.2.0 (/opt/rustwide/workdir)
[INFO] [stdout] warning: unused variable: `ret`
[INFO] [stdout]   --> src/sss/test.rs:47:9
[INFO] [stdout]    |
[INFO] [stdout] 47 |     let ret = split::split::<Secp256k1>(
[INFO] [stdout]    |         ^^^ help: if this is intentional, prefix it with an underscore: `_ret`
[INFO] [stdout]    |
[INFO] [stdout]    = note: `#[warn(unused_variables)]` (part of `#[warn(unused)]`) on by default
[INFO] [stdout] 
[INFO] [stdout] 
[INFO] [stderr] warning: unused dependency `auto_ops`
[INFO] [stderr]  --> Cargo.toml:1:15
[INFO] [stderr]   |
[INFO] [stderr] 1 | [dependencies.auto_ops]
[INFO] [stderr]   |               ^^^^^^^^^
[INFO] [stderr]   |
[INFO] [stderr]   = note: `cargo::unused_dependencies` is set to `warn` by default
[INFO] [stderr] help: consider removing the dependency on `auto_ops`
[INFO] [stderr] warning: unused dependency `magikitten`
[INFO] [stderr]   --> Cargo.toml:35:15
[INFO] [stderr]    |
[INFO] [stderr] 35 | [dependencies.magikitten]
[INFO] [stderr]    |               ^^^^^^^^^^^
[INFO] [stderr]    |
[INFO] [stderr] help: consider removing the dependency on `magikitten`
[INFO] [stderr] warning: `sssui-mpc-rs` (manifest) generated 2 warnings
[INFO] [stderr]     Finished `release` profile [optimized] target(s) in 51.19s
[INFO] running `Command { std: "docker" "inspect" "bd3669f69d9fa4a702fa202b1050628b2f5a0afe833c49f3594e4da76f5cc50c", kill_on_drop: false }`
[INFO] running `Command { std: "docker" "exec" "-e" "SOURCE_DIR=/opt/rustwide/workdir" "-e" "CARGO_HOME=/opt/rustwide/cargo-home" "-e" "RUSTUP_HOME=/opt/rustwide/rustup-home" "-e" "CARGO_TARGET_DIR=/opt/rustwide/target" "-e" "CARGO_INCREMENTAL=0" "-e" "RUST_BACKTRACE=full" "-e" "RUSTFLAGS=--cap-lints=warn" "-e" "RUSTDOCFLAGS=--cap-lints=warn" "-w" "/opt/rustwide/workdir" "--user" "0:0" "bd3669f69d9fa4a702fa202b1050628b2f5a0afe833c49f3594e4da76f5cc50c" "/opt/rustwide/cargo-home/bin/cargo" "+1.100.0-beta.1" "test" "--frozen" "--release", kill_on_drop: false }`
[INFO] [stderr] warning: unused variable: `ret`
[INFO] [stderr]   --> src/sss/test.rs:47:9
[INFO] [stderr]    |
[INFO] [stderr] 47 |     let ret = split::split::<Secp256k1>(
[INFO] [stderr]    |         ^^^ help: if this is intentional, prefix it with an underscore: `_ret`
[INFO] [stderr]    |
[INFO] [stderr]    = note: `#[warn(unused_variables)]` (part of `#[warn(unused)]`) on by default
[INFO] [stderr] 
[INFO] [stderr] warning: `sssui-mpc-rs` (lib test) generated 1 warning (run `cargo fix --lib -p sssui-mpc-rs --tests` to apply 1 suggestion)
[INFO] [stderr] warning: unused dependency `auto_ops`
[INFO] [stderr]  --> Cargo.toml:1:15
[INFO] [stderr]   |
[INFO] [stderr] 1 | [dependencies.auto_ops]
[INFO] [stderr]   |               ^^^^^^^^^
[INFO] [stderr]   |
[INFO] [stderr]   = note: `cargo::unused_dependencies` is set to `warn` by default
[INFO] [stderr] help: consider removing the dependency on `auto_ops`
[INFO] [stderr] warning: unused dependency `magikitten`
[INFO] [stderr]   --> Cargo.toml:35:15
[INFO] [stderr]    |
[INFO] [stderr] 35 | [dependencies.magikitten]
[INFO] [stderr]    |               ^^^^^^^^^^^
[INFO] [stderr]    |
[INFO] [stderr] help: consider removing the dependency on `magikitten`
[INFO] [stderr] warning: `sssui-mpc-rs` (manifest) generated 2 warnings
[INFO] [stderr]     Finished `release` profile [optimized] target(s) in 0.17s
[INFO] [stderr]      Running unittests src/lib.rs (/opt/rustwide/target/release/build/sssui-mpc-rs/008e0b6df34f0591/out/sssui_mpc_rs-008e0b6df34f0591)
[INFO] [stdout] 
[INFO] [stdout] running 18 tests
[INFO] [stdout] test math::test::test_evaluation ... ok
[INFO] [stdout] test point::point::tests::test_point256 ... ok
[INFO] [stdout] test math::test::test_addition ... ok
[INFO] [stdout] test sss_ed25519::test::test_sss_combine_ed25519 ... ok
[INFO] [stdout] test sss::test::test_t_too_small ... ok
[INFO] [stdout] test sss_ed25519::split::tests::test_sss_split_ed25519 ... ok
[INFO] [stderr] error: test failed, to rerun pass `--lib`
[INFO] [stdout] test sss_ed25519::split::tests::test_secret_key_endian ... FAILED
[INFO] [stdout] test sss::test::test_simple_lagrange_coeffs ... ok
[INFO] [stdout] test keyshares::keyshares::tests::test_check_duplicate_x ... ok
[INFO] [stdout] test sss::test::test_split_and_combine ... ok
[INFO] [stdout] test sss::test::test_no_ks_node_hashes ... ok
[INFO] [stdout] test math::test::test_scaling ... ok
[INFO] [stdout] test sss::test::test_combine_zero_x_point ... ok
[INFO] [stdout] test sss::test::test_hashes_overflow_split - should panic ... ok
[INFO] [stdout] test sss::test::test_combine_insufficient_points ... ok
[INFO] [stdout] test sss::test::test_secret_overflow_split - should panic ... ok
[INFO] [stdout] test sss::test::test_keyshares_points_duplicate_x ... ok
[INFO] [stdout] test sss::test::test_split_success ... ok
[INFO] [stdout] 
[INFO] [stdout] failures:
[INFO] [stdout] 
[INFO] [stdout] ---- sss_ed25519::split::tests::test_secret_key_endian stdout ----
[INFO] [stdout] test_secret_key_endian
[INFO] [stdout] 
[INFO] [stdout] thread 'sss_ed25519::split::tests::test_secret_key_endian' (2185) panicked at src/sss_ed25519/split.rs:109:14:
[INFO] [stdout] Failed to deserialize signing key: FieldError(MalformedScalar)
[INFO] [stdout] stack backtrace:
[INFO] [stdout]    0:     0x6256833dbbd1 - <<std[617be2ca0a6fd877]::sys::backtrace::BacktraceLock>::print::DisplayBacktrace as core[a373ad73a504971]::fmt::Display>::fmt
[INFO] [stdout]    1:     0x6256833efdaa - core[a373ad73a504971]::fmt::write
[INFO] [stdout]    2:     0x6256833dfdec - <alloc[2e1b2a31b91974c5]::vec::Vec<u8> as core[a373ad73a504971]::io::write::Write>::write_fmt
[INFO] [stdout]    3:     0x6256833b8036 - std[617be2ca0a6fd877]::panicking::default_hook::{closure#0}
[INFO] [stdout]    4:     0x6256833d4269 - std[617be2ca0a6fd877]::panicking::default_hook
[INFO] [stdout]    5:     0x625683361380 - test[aada8e7e76ba119b]::test_main_inner::{closure#0}
[INFO] [stdout]    6:     0x6256833d4422 - std[617be2ca0a6fd877]::panicking::panic_with_hook
[INFO] [stdout]    7:     0x6256833b80e2 - std[617be2ca0a6fd877]::panicking::panic_handler::{closure#0}
[INFO] [stdout]    8:     0x6256833b0df9 - std[617be2ca0a6fd877]::sys::backtrace::__rust_end_short_backtrace::<std[617be2ca0a6fd877]::panicking::panic_handler::{closure#0}, !>
[INFO] [stdout]    9:     0x6256833b8ced - __rustc[ea4f61d10b84890b]::rust_begin_unwind
[INFO] [stdout]   10:     0x6256833f04dc - core[a373ad73a504971]::panicking::panic_fmt
[INFO] [stdout]   11:     0x6256833f02b2 - core[a373ad73a504971]::result::unwrap_failed
[INFO] [stdout]   12:     0x62568334e94c - <sssui_mpc_rs[5d6c079b08acd816]::sss_ed25519::split::tests::test_secret_key_endian::{closure#0} as core[a373ad73a504971]::ops::function::FnOnce<()>>::call_once
[INFO] [stdout]   13:     0x6256833547cb - test[aada8e7e76ba119b]::__rust_begin_short_backtrace::<core[a373ad73a504971]::result::Result<(), alloc[2e1b2a31b91974c5]::string::String>, fn() -> core[a373ad73a504971]::result::Result<(), alloc[2e1b2a31b91974c5]::string::String>>
[INFO] [stdout]   14:     0x6256833619a5 - test[aada8e7e76ba119b]::run_test::{closure#0}
[INFO] [stdout]   15:     0x62568335b294 - std[617be2ca0a6fd877]::sys::backtrace::__rust_begin_short_backtrace::<test[aada8e7e76ba119b]::run_test::{closure#1}, ()>
[INFO] [stdout]   16:     0x625683364a32 - <std[617be2ca0a6fd877]::thread::lifecycle::spawn_unchecked<test[aada8e7e76ba119b]::run_test::{closure#1}, ()>::{closure#1} as core[a373ad73a504971]::ops::function::FnOnce<()>>::call_once::{shim:vtable#0}
[INFO] [stdout]   17:     0x6256833db42f - <std[617be2ca0a6fd877]::sys::thread::unix::Thread>::new::thread_start
[INFO] [stdout]   18:     0x70eb6be1edfa - <unknown>
[INFO] [stdout]   19:     0x70eb6beb23d4 - clone
[INFO] [stdout]   20:                0x0 - <unknown>
[INFO] [stdout] 
[INFO] [stdout] 
[INFO] [stdout] failures:
[INFO] [stdout]     sss_ed25519::split::tests::test_secret_key_endian
[INFO] [stdout] 
[INFO] [stdout] test result: FAILED. 17 passed; 1 failed; 0 ignored; 0 measured; 0 filtered out; finished in 0.01s
[INFO] [stdout] 
[INFO] running `Command { std: "docker" "inspect" "bd3669f69d9fa4a702fa202b1050628b2f5a0afe833c49f3594e4da76f5cc50c", kill_on_drop: false }`
[INFO] running `Command { std: "docker" "rm" "-f" "bd3669f69d9fa4a702fa202b1050628b2f5a0afe833c49f3594e4da76f5cc50c", kill_on_drop: false }`
[INFO] [stdout] bd3669f69d9fa4a702fa202b1050628b2f5a0afe833c49f3594e4da76f5cc50c
